000
CDUS46 KBOI 020931
CLIREO


CLIMATE REPORT
NATIONAL WEATHER SERVICE BOISE ID
330 AM MDT TUE JUN 2 2015


...................................

...THE ROME OR CLIMATE SUMMARY FOR JUNE 1 2015...

CLIMATE NORMAL PERIOD 1981 TO 2010
CLIMATE RECORD PERIOD 9999 TO 9999


WEATHER ITEM   OBSERVED TIME   NORMAL DEPARTURE LAST
                VALUE   (LST)  VALUE  FROM      YEAR
                                      NORMAL
......................................................
TEMPERATURE (F)
 YESTERDAY
  MAXIMUM         82    116 PM  75      7       79
  MINIMUM         54   1159 PM  41     13       42
  AVERAGE         68            58     10       61

PRECIPITATION (IN)
  YESTERDAY        0.00          0.06  -0.06     0.00
  MONTH TO DATE    0.00          0.06  -0.06     0.00
  SINCE OCT 1      7.10          7.05   0.05     1.91
  SINCE JAN 1      5.10          4.86   0.24     1.72

DEGREE DAYS
 HEATING
  YESTERDAY        0             8     -8        4
  MONTH TO DATE    0             8     -8        4
  SINCE JUN 1      0             8     -8        4
  SINCE JUL 1   5148          6464  -1316     5851

 COOLING
  YESTERDAY        3             1      2        0
  MONTH TO DATE    3             1      2        0
  SINCE JUN 1      3             1      2        0
  SINCE JAN 1     18            11      7       11
......................................................


WIND (MPH)
  RESULTANT WIND SPEED  10   RESULTANT WIND DIRECTION  SW (220)
  HIGHEST WIND SPEED    26   HIGHEST WIND DIRECTION     W (250)
  HIGHEST GUST SPEED    35   HIGHEST GUST DIRECTION     W (260)
  AVERAGE WIND SPEED    12.4


SKY COVER
  AVERAGE SKY COVER 0.0


WEATHER CONDITIONS
 THE FOLLOWING WEATHER WAS RECORDED YESTERDAY.
  NO SIGNIFICANT WEATHER WAS OBSERVED.


RELATIVE HUMIDITY (PERCENT)
 HIGHEST    53          1100 PM
 LOWEST     11          1000 AM
 AVERAGE    32

..........................................................


THE ROME OR CLIMATE NORMALS FOR TODAY
                         NORMAL    RECORD    YEAR
 MAXIMUM TEMPERATURE (F)   75        MM        MM
 MINIMUM TEMPERATURE (F)   41        MM        MM


SUNRISE AND SUNSET
JUNE  2 2015..........SUNRISE   516 AM PDT   SUNSET   823 PM PDT
JUNE  3 2015..........SUNRISE   516 AM PDT   SUNSET   824 PM PDT


-  INDICATES NEGATIVE NUMBERS.
R  INDICATES RECORD WAS SET OR TIED.
MM INDICATES DATA IS MISSING.
T  INDICATES TRACE AMOUNT.




$$
