306
CDUS46 KBOI 300931
CLIREO


CLIMATE REPORT
NATIONAL WEATHER SERVICE BOISE ID
330 AM MDT SAT APR 30 2016


...................................

...THE ROME OR CLIMATE SUMMARY FOR APRIL 29 2016...

CLIMATE NORMAL PERIOD 1981 TO 2010
CLIMATE RECORD PERIOD 9999 TO 9999


WEATHER ITEM   OBSERVED TIME   NORMAL DEPARTURE LAST
                VALUE   (LST)  VALUE  FROM      YEAR
                                      NORMAL
......................................................
TEMPERATURE (F)
 YESTERDAY
  MAXIMUM         55   1102 AM  65    -10       73
  MINIMUM         40   1159 PM  34      6       44
  AVERAGE         48            49     -1       59

PRECIPITATION (IN)
  YESTERDAY        0.15          0.03   0.12     0.01
  MONTH TO DATE    0.85          0.95  -0.10     0.90
  SINCE OCT 1      6.45          5.53   0.92     3.62
  SINCE JAN 1      2.02          3.34  -1.32     1.62

DEGREE DAYS
 HEATING
  YESTERDAY       17            16      1        6
  MONTH TO DATE  366           564   -198      513
  SINCE MAR 1    987          1345   -358     1097
  SINCE JUL 1   5083          6079   -996     4904

 COOLING
  YESTERDAY        0             0      0        0
  MONTH TO DATE    0             0      0        0
  SINCE MAR 1      0             0      0        0
  SINCE JAN 1      0             0      0        0
......................................................


WIND (MPH)
  RESULTANT WIND SPEED   2   RESULTANT WIND DIRECTION   W (280)
  HIGHEST WIND SPEED    16   HIGHEST WIND DIRECTION    NW (300)
  HIGHEST GUST SPEED    21   HIGHEST GUST DIRECTION    SW (230)
  AVERAGE WIND SPEED     6.5


SKY COVER
  AVERAGE SKY COVER 0.0


WEATHER CONDITIONS
 THE FOLLOWING WEATHER WAS RECORDED YESTERDAY.
  NO SIGNIFICANT WEATHER WAS OBSERVED.


RELATIVE HUMIDITY (PERCENT)
 HIGHEST    86           200 AM
 LOWEST     45          1100 AM
 AVERAGE    66

..........................................................


THE ROME OR CLIMATE NORMALS FOR TODAY
                         NORMAL    RECORD    YEAR
 MAXIMUM TEMPERATURE (F)   65        MM        MM
 MINIMUM TEMPERATURE (F)   34        MM        MM


SUNRISE AND SUNSET
APRIL 30 2016.........SUNRISE   547 AM PDT   SUNSET   751 PM PDT
MAY  1 2016...........SUNRISE   545 AM PDT   SUNSET   752 PM PDT


-  INDICATES NEGATIVE NUMBERS.
R  INDICATES RECORD WAS SET OR TIED.
MM INDICATES DATA IS MISSING.
T  INDICATES TRACE AMOUNT.




$$
