000
CDUS46 KBOI 220931
CLIREO


CLIMATE REPORT
NATIONAL WEATHER SERVICE BOISE ID
331 AM MDT MON SEP 22 2014


...................................

...THE ROME OR CLIMATE SUMMARY FOR SEPTEMBER 21 2014...

CLIMATE NORMAL PERIOD 1981 TO 2010
CLIMATE RECORD PERIOD 9999 TO 9999


WEATHER ITEM   OBSERVED TIME   NORMAL DEPARTURE LAST
                VALUE   (LST)  VALUE  FROM      YEAR
                                      NORMAL
......................................................
TEMPERATURE (F)
 YESTERDAY
  MAXIMUM         78    153 PM  77      1       69
  MINIMUM         55    517 AM  39     16       47
  AVERAGE         67            58      9       58

PRECIPITATION (IN)
  YESTERDAY        0.00          0.02  -0.02     0.10
  MONTH TO DATE    0.07          0.24  -0.17     0.73
  SINCE OCT 1      2.56          8.76  -6.20     5.42
  SINCE JAN 1      2.37          6.57  -4.20     3.96

DEGREE DAYS
 HEATING
  YESTERDAY        0             7     -7        7
  MONTH TO DATE   49            97    -48       39
  SINCE SEP 1     49            97    -48       39
  SINCE JUL 1     59           138    -79       39

 COOLING
  YESTERDAY        2             0      2        0
  MONTH TO DATE   45            39      6       78
  SINCE SEP 1     45            39      6       78
  SINCE JAN 1    671           505    166      878
......................................................


WIND (MPH)
  RESULTANT WIND SPEED   7   RESULTANT WIND DIRECTION  SE (130)
  HIGHEST WIND SPEED    28   HIGHEST WIND DIRECTION    SE (140)
  HIGHEST GUST SPEED    33   HIGHEST GUST DIRECTION    SE (140)
  AVERAGE WIND SPEED     8.5


SKY COVER
  AVERAGE SKY COVER 0.0


WEATHER CONDITIONS
 THE FOLLOWING WEATHER WAS RECORDED YESTERDAY.
  NO SIGNIFICANT WEATHER WAS OBSERVED.


RELATIVE HUMIDITY (PERCENT)
 HIGHEST    56           600 AM
 LOWEST     29           100 PM
 AVERAGE    43

..........................................................


THE ROME OR CLIMATE NORMALS FOR TODAY
                         NORMAL    RECORD    YEAR
 MAXIMUM TEMPERATURE (F)   77        MM        MM
 MINIMUM TEMPERATURE (F)   38        MM        MM


SUNRISE AND SUNSET
SEPTEMBER 22 2014.....SUNRISE   639 AM PDT   SUNSET   649 PM PDT
SEPTEMBER 23 2014.....SUNRISE   640 AM PDT   SUNSET   647 PM PDT


-  INDICATES NEGATIVE NUMBERS.
R  INDICATES RECORD WAS SET OR TIED.
MM INDICATES DATA IS MISSING.
T  INDICATES TRACE AMOUNT.




$$
