000
CDUS46 KBOI 220931
CLIREO


CLIMATE REPORT
NATIONAL WEATHER SERVICE BOISE ID
231 AM MST MON JAN 22 2018


...................................

...THE ROME OR CLIMATE SUMMARY FOR JANUARY 21 2018...

CLIMATE NORMAL PERIOD 1981 TO 2010
CLIMATE RECORD PERIOD 9999 TO 9999


WEATHER ITEM   OBSERVED TIME   NORMAL DEPARTURE LAST
                VALUE   (LST)  VALUE  FROM      YEAR
                                      NORMAL
......................................................
TEMPERATURE (F)
 YESTERDAY
  MAXIMUM         44    301 PM  39      5       42
  MINIMUM         23   1222 AM  20      3       24
  AVERAGE         34            30      4       33

PRECIPITATION (IN)
  YESTERDAY        0.04          0.02   0.02     0.01
  MONTH TO DATE    0.49          0.46   0.03     1.76
  SINCE OCT 1      2.37          2.65  -0.28     4.14
  SINCE JAN 1      0.49          0.46   0.03     1.76

DEGREE DAYS
 HEATING
  YESTERDAY       31            35     -4       32
  MONTH TO DATE  591           755   -164      873
  SINCE DEC 1   1794          1889    -95     2162
  SINCE JUL 1   3216          3502   -286     3397

 COOLING
  YESTERDAY        0             0      0        0
  MONTH TO DATE    0             0      0        0
  SINCE DEC 1      0             0      0        0
  SINCE JAN 1      0             0      0        0
......................................................


WIND (MPH)
  RESULTANT WIND SPEED  12   RESULTANT WIND DIRECTION   S (160)
  HIGHEST WIND SPEED    24   HIGHEST WIND DIRECTION    SE (150)
  HIGHEST GUST SPEED    29   HIGHEST GUST DIRECTION     S (160)
  AVERAGE WIND SPEED    12.8


SKY COVER
  AVERAGE SKY COVER 0.0


WEATHER CONDITIONS
 THE FOLLOWING WEATHER WAS RECORDED YESTERDAY.
  NO SIGNIFICANT WEATHER WAS OBSERVED.


RELATIVE HUMIDITY (PERCENT)
 HIGHEST    96           600 PM
 LOWEST     41           200 PM
 AVERAGE    69

..........................................................


THE ROME OR CLIMATE NORMALS FOR TODAY
                         NORMAL    RECORD    YEAR
 MAXIMUM TEMPERATURE (F)   39        MM        MM
 MINIMUM TEMPERATURE (F)   20        MM        MM


SUNRISE AND SUNSET
JANUARY 22 2018.......SUNRISE   714 AM PST   SUNSET   452 PM PST
JANUARY 23 2018.......SUNRISE   714 AM PST   SUNSET   454 PM PST


-  INDICATES NEGATIVE NUMBERS.
R  INDICATES RECORD WAS SET OR TIED.
MM INDICATES DATA IS MISSING.
T  INDICATES TRACE AMOUNT.




$$
