000
CDUS46 KBOI 220932
CLIREO


CLIMATE REPORT
NATIONAL WEATHER SERVICE BOISE ID
331 AM MDT WED MAR 22 2017


...................................

...THE ROME OR CLIMATE SUMMARY FOR MARCH 21 2017...

CLIMATE NORMAL PERIOD 1981 TO 2010
CLIMATE RECORD PERIOD 9999 TO 9999


WEATHER ITEM   OBSERVED TIME   NORMAL DEPARTURE LAST
                VALUE   (LST)  VALUE  FROM      YEAR
                                      NORMAL
......................................................
TEMPERATURE (F)
 YESTERDAY
  MAXIMUM         58    306 PM  55      3       60
  MINIMUM         35   1111 PM  27      8       37
  AVERAGE         47            41      6       49

PRECIPITATION (IN)
  YESTERDAY        0.16          0.03   0.13     0.02
  MONTH TO DATE    0.22          0.64  -0.42     0.44
  SINCE OCT 1      5.87          4.24   1.63     5.60
  SINCE JAN 1      3.49          2.05   1.44     1.17

DEGREE DAYS
 HEATING
  YESTERDAY       18            24     -6       16
  MONTH TO DATE  348           548   -200      392
  SINCE MAR 1    348           548   -200      392
  SINCE JUL 1   4928          5282   -354     4488

 COOLING
  YESTERDAY        0             0      0        0
  MONTH TO DATE    0             0      0        0
  SINCE MAR 1      0             0      0        0
  SINCE JAN 1      0             0      0        0
......................................................


WIND (MPH)
  RESULTANT WIND SPEED   6   RESULTANT WIND DIRECTION   S (180)
  HIGHEST WIND SPEED    33   HIGHEST WIND DIRECTION    SE (150)
  HIGHEST GUST SPEED    41   HIGHEST GUST DIRECTION    SE (140)
  AVERAGE WIND SPEED     9.3


SKY COVER
  AVERAGE SKY COVER 0.0


WEATHER CONDITIONS
 THE FOLLOWING WEATHER WAS RECORDED YESTERDAY.
  NO SIGNIFICANT WEATHER WAS OBSERVED.


RELATIVE HUMIDITY (PERCENT)
 HIGHEST    93           700 AM
 LOWEST     50          1200 AM
 AVERAGE    72

..........................................................


THE ROME OR CLIMATE NORMALS FOR TODAY
                         NORMAL    RECORD    YEAR
 MAXIMUM TEMPERATURE (F)   55        MM        MM
 MINIMUM TEMPERATURE (F)   27        MM        MM


SUNRISE AND SUNSET
MARCH 22 2017.........SUNRISE   651 AM PDT   SUNSET   706 PM PDT
MARCH 23 2017.........SUNRISE   649 AM PDT   SUNSET   708 PM PDT


-  INDICATES NEGATIVE NUMBERS.
R  INDICATES RECORD WAS SET OR TIED.
MM INDICATES DATA IS MISSING.
T  INDICATES TRACE AMOUNT.




$$
