000
CDUS43 KLOT 300639
CLIRFD


CLIMATE REPORT
NATIONAL WEATHER SERVICE CHICAGO IL
136 AM CDT TUE SEP 30 2014


...................................

...THE ROCKFORD IL CLIMATE SUMMARY FOR SEPTEMBER 29 2014...

CLIMATE NORMAL PERIOD 1981 TO 2010
CLIMATE RECORD PERIOD 1905 TO 2014


WEATHER ITEM   OBSERVED TIME   RECORD YEAR NORMAL DEPARTURE LAST
                VALUE   (LST)  VALUE       VALUE  FROM      YEAR
                                                  NORMAL
..................................................................
TEMPERATURE (F)
 YESTERDAY
  MAXIMUM         84    137 PM  94    1953  70     14       73
  MINIMUM         53   1159 PM  28    1949  46      7       49
  AVERAGE         69                        58     11       61

PRECIPITATION (IN)
  YESTERDAY        0.00          3.92 1906   0.10  -0.10     0.00
  MONTH TO DATE    2.00                      3.25  -1.25     1.61
  SINCE SEP 1      2.00                      3.25  -1.25     1.61
  SINCE JAN 1     28.25                     28.91  -0.66    33.61

SNOWFALL (IN)
  YESTERDAY        0.0           0.0    MM   0.0    0.0      0.0
  MONTH TO DATE    0.0                       0.0    0.0      0.0
  SINCE SEP 1      0.0                       0.0    0.0      0.0
  SINCE JUL 1      T                         0.0    0.0      0.0
  SNOW DEPTH       0

DEGREE DAYS
 HEATING
  YESTERDAY        0                         8     -8        4
  MONTH TO DATE  120                       108     12       66
  SINCE SEP 1    120                       108     12       66
  SINCE JUL 1    130                       122      8       77

 COOLING
  YESTERDAY        4                         1      3        0
  MONTH TO DATE   70                        83    -13      125
  SINCE SEP 1     70                        83    -13      125
  SINCE JAN 1    726                       810    -84      874
..................................................................


WIND (MPH)
  HIGHEST WIND SPEED    21   HIGHEST WIND DIRECTION    NE (30)
  HIGHEST GUST SPEED    24   HIGHEST GUST DIRECTION    NE (50)
  AVERAGE WIND SPEED     6.7


SKY COVER
  POSSIBLE SUNSHINE  MM
  AVERAGE SKY COVER 0.4


WEATHER CONDITIONS
 THE FOLLOWING WEATHER WAS RECORDED YESTERDAY.
  FOG


RELATIVE HUMIDITY (PERCENT)
 HIGHEST    93           500 AM
 LOWEST     40          1200 PM
 AVERAGE    67

..........................................................


THE ROCKFORD IL CLIMATE NORMALS FOR TODAY
                         NORMAL    RECORD    YEAR
 MAXIMUM TEMPERATURE (F)   70        92      1971
 MINIMUM TEMPERATURE (F)   46        27      1984


SUNRISE AND SUNSET
SEPTEMBER 30 2014.....SUNRISE   652 AM CDT   SUNSET   640 PM CDT
OCTOBER  1 2014.......SUNRISE   653 AM CDT   SUNSET   638 PM CDT


-  INDICATES NEGATIVE NUMBERS.
R  INDICATES RECORD WAS SET OR TIED.
MM INDICATES DATA IS MISSING.
T  INDICATES TRACE AMOUNT.




$$
