000
CDUS43 KGRB 010702
CLIRHI


CLIMATE REPORT
NATIONAL WEATHER SERVICE GREEN BAY
202 AM CDT WED JUN 1 2016


...................................

...THE RHINELANDER WI CLIMATE SUMMARY FOR MAY 31 2016...

CLIMATE NORMAL PERIOD 1981 TO 2010
CLIMATE RECORD PERIOD 1908 TO 2016


WEATHER ITEM   OBSERVED TIME   RECORD YEAR NORMAL DEPARTURE LAST
                VALUE   (LST)  VALUE       VALUE  FROM      YEAR
                                                  NORMAL
..................................................................
TEMPERATURE (F)
 YESTERDAY
  MAXIMUM         74    122 PM  99    1934  70      4       62
  MINIMUM         51    626 AM  29    2009  46      5       32
  AVERAGE         63                        58      5       47

PRECIPITATION (IN)
  YESTERDAY        0.32          3.26 1958   0.13   0.19     0.00
  MONTH TO DATE    2.90                      3.49  -0.59     3.69
  SINCE MAR 1      9.35                      7.64   1.71     7.71
  SINCE JAN 1     11.08                      9.68   1.40     8.60

SNOWFALL (IN)
  YESTERDAY        0.0           T    1946  MM     MM        0.0
  MONTH TO DATE    T                        MM     MM         T
  SINCE MAR 1     21.2                      MM     MM       20.4
  SINCE JUL 1     55.7                      MM     MM       89.3
  SNOW DEPTH       0

DEGREE DAYS
 HEATING
  YESTERDAY        2                         8     -6       18
  MONTH TO DATE  343                       387    -44      317
  SINCE MAR 1   2018                      2264   -246     2132
  SINCE JUL 1   7701                      8886  -1185     9473

 COOLING
  YESTERDAY        0                         1     -1        0
  MONTH TO DATE   15                        11      4        5
  SINCE MAR 1     15                        12      3        5
  SINCE JAN 1     15                        12      3        5
..................................................................


WIND (MPH)
  HIGHEST WIND SPEED    22   HIGHEST WIND DIRECTION    SE (130)
  HIGHEST GUST SPEED    30   HIGHEST GUST DIRECTION     S (160)
  AVERAGE WIND SPEED    10.8


SKY COVER
  POSSIBLE SUNSHINE  MM
  AVERAGE SKY COVER 0.4


WEATHER CONDITIONS
 THE FOLLOWING WEATHER WAS RECORDED YESTERDAY.
  HEAVY RAIN
  RAIN
  LIGHT RAIN
  FOG


RELATIVE HUMIDITY (PERCENT)
 HIGHEST    93          1100 PM
 LOWEST     46           100 PM
 AVERAGE    70

..........................................................


THE RHINELANDER WI CLIMATE NORMALS FOR TODAY
                         NORMAL    RECORD    YEAR
 MAXIMUM TEMPERATURE (F)   70        91      1988
 MINIMUM TEMPERATURE (F)   46        27      2003


SUNRISE AND SUNSET
JUNE  1 2016..........SUNRISE   512 AM CDT   SUNSET   840 PM CDT
JUNE  2 2016..........SUNRISE   511 AM CDT   SUNSET   841 PM CDT


-  INDICATES NEGATIVE NUMBERS.
R  INDICATES RECORD WAS SET OR TIED.
MM INDICATES DATA IS MISSING.
T  INDICATES TRACE AMOUNT.




$$
