000
CDUS43 KGRB 240748
CLIRHI


CLIMATE REPORT
NATIONAL WEATHER SERVICE GREEN BAY
247 AM CDT THU APR 24 2014


...................................

...THE RHINELANDER WI CLIMATE SUMMARY FOR APRIL 23 2014...

CLIMATE NORMAL PERIOD 1981 TO 2010
CLIMATE RECORD PERIOD 1908 TO 2014


WEATHER ITEM   OBSERVED TIME   RECORD YEAR NORMAL DEPARTURE LAST
                VALUE   (LST)  VALUE       VALUE  FROM      YEAR
                                                  NORMAL
..................................................................
TEMPERATURE (F)
 YESTERDAY
  MAXIMUM         53    359 PM  84    1925  58     -5       36
  MINIMUM         18    427 AM  16    1909  33    -15       21
  AVERAGE         36                        45     -9       29

PRECIPITATION (IN)
  YESTERDAY        0.00          1.29 1975   0.09  -0.09     0.23
  MONTH TO DATE    3.08                      1.88   1.20     3.49
  SINCE MAR 1      3.84                      3.45   0.39     5.50
  SINCE JAN 1      6.45                      5.49   0.96     8.30

SNOWFALL (IN)
  YESTERDAY        0.0           3.0  1910  MM     MM         T
  MONTH TO DATE   25.7                      MM     MM       12.9
  SINCE MAR 1     35.3                      MM     MM       29.1
  SINCE JUL 1    107.8                      MM     MM       81.7
  SNOW DEPTH       0

DEGREE DAYS
 HEATING
  YESTERDAY       29                        20      9       36
  MONTH TO DATE  714                       574    140      780
  SINCE MAR 1   2153                      1747    406     2109
  SINCE JUL 1   9782                      8369   1413     8509

 COOLING
  YESTERDAY        0                         0      0        0
  MONTH TO DATE    0                         0      0        0
  SINCE MAR 1      0                         0      0        0
  SINCE JAN 1      0                         0      0        0
..................................................................


WIND (MPH)
  HIGHEST WIND SPEED    14   HIGHEST WIND DIRECTION     S (160)
  HIGHEST GUST SPEED    18   HIGHEST GUST DIRECTION     S (170)
  AVERAGE WIND SPEED     5.2


SKY COVER
  POSSIBLE SUNSHINE  MM
  AVERAGE SKY COVER 0.1


WEATHER CONDITIONS
 THE FOLLOWING WEATHER WAS RECORDED YESTERDAY.
  NO SIGNIFICANT WEATHER WAS OBSERVED.


RELATIVE HUMIDITY (PERCENT)
 HIGHEST   100           500 AM
 LOWEST     28           300 PM
 AVERAGE    64

..........................................................


THE RHINELANDER WI CLIMATE NORMALS FOR TODAY
                         NORMAL    RECORD    YEAR
 MAXIMUM TEMPERATURE (F)   58        85      1915
 MINIMUM TEMPERATURE (F)   33        15      1909


SUNRISE AND SUNSET
APRIL 24 2014.........SUNRISE   557 AM CDT   SUNSET   756 PM CDT
APRIL 25 2014.........SUNRISE   555 AM CDT   SUNSET   757 PM CDT


-  INDICATES NEGATIVE NUMBERS.
R  INDICATES RECORD WAS SET OR TIED.
MM INDICATES DATA IS MISSING.
T  INDICATES TRACE AMOUNT.

$$
