000
CDUS43 KGRB 252227
CLIRHI


CLIMATE REPORT
NATIONAL WEATHER SERVICE GREEN BAY
426 PM CST SUN FEB 25 2018


...................................

...THE RHINELANDER WI CLIMATE SUMMARY FOR FEBRUARY 25 2018...
VALID TODAY AS OF 0400 PM LOCAL TIME.

CLIMATE NORMAL PERIOD 1981 TO 2010
CLIMATE RECORD PERIOD 1908 TO 2018


WEATHER ITEM   OBSERVED TIME   RECORD YEAR NORMAL DEPARTURE LAST
                VALUE   (LST)  VALUE       VALUE  FROM      YEAR
                                                  NORMAL
..................................................................
TEMPERATURE (F)
 TODAY
  MAXIMUM         31    404 AM  54    1936  30      1       24
  MINIMUM         19    949 AM -35    1928  10      9       13
  AVERAGE         25                        20      5       19

PRECIPITATION (IN)
  TODAY           MM             0.61 1930   0.04  MM        0.02
  MONTH TO DATE    0.90                      0.81   0.09     1.41
  SINCE DEC 1      3.82                      3.36   0.46     5.41
  SINCE JAN 1      2.09                      1.92   0.17     3.34

SNOWFALL (IN)
  TODAY           MM             6.0  1975  MM     MM        0.3
  MONTH TO DATE    9.6                      MM     MM        7.6
  SINCE DEC 1     38.3                      MM     MM       44.3
  SINCE JUL 1     52.1                      MM     MM       50.9
  SNOW DEPTH      MM

DEGREE DAYS
 HEATING
  TODAY           40                        45     -5       46
  MONTH TO DATE 1334                      1226    108      994
  SINCE DEC 1   4509                      4353    156     3909
  SINCE JUL 1   6482                      6487     -5     5391

 COOLING
  TODAY            0                         0      0        0
  MONTH TO DATE    0                         0      0        0
  SINCE DEC 1      0                         0      0        0
  SINCE JAN 1      0                         0      0        0
..................................................................


WIND (MPH)
  HIGHEST WIND SPEED    30   HIGHEST WIND DIRECTION     W (250)
  HIGHEST GUST SPEED    41   HIGHEST GUST DIRECTION     W (270)
  AVERAGE WIND SPEED    16.9


SKY COVER
  POSSIBLE SUNSHINE  MM
  AVERAGE SKY COVER 1.0


WEATHER CONDITIONS
 THE FOLLOWING WEATHER WAS RECORDED TODAY.
  SNOW
  LIGHT SNOW
  FOG
  HAZE


RELATIVE HUMIDITY (PERCENT)
 HIGHEST   100          1200 AM
 LOWEST     68           400 PM
 AVERAGE    84

..........................................................


THE RHINELANDER WI CLIMATE NORMALS FOR TOMORROW
                         NORMAL    RECORD    YEAR
 MAXIMUM TEMPERATURE (F)   30        56      2000
                                             1958
 MINIMUM TEMPERATURE (F)   10       -34      1928


SUNRISE AND SUNSET
FEBRUARY 25 2018......SUNRISE   643 AM CST   SUNSET   539 PM CST
FEBRUARY 26 2018......SUNRISE   641 AM CST   SUNSET   540 PM CST


-  INDICATES NEGATIVE NUMBERS.
R  INDICATES RECORD WAS SET OR TIED.
MM INDICATES DATA IS MISSING.
T  INDICATES TRACE AMOUNT.




$$
