722
CDUS43 KGRB 292147
CLIRHI


CLIMATE REPORT
NATIONAL WEATHER SERVICE GREEN BAY
447 PM CDT THU SEP 29 2016


...................................

...THE RHINELANDER WI CLIMATE SUMMARY FOR SEPTEMBER 29 2016...
VALID TODAY AS OF 0400 PM LOCAL TIME.

CLIMATE NORMAL PERIOD 1981 TO 2010
CLIMATE RECORD PERIOD 1908 TO 2016


WEATHER ITEM   OBSERVED TIME   RECORD YEAR NORMAL DEPARTURE LAST
                VALUE   (LST)  VALUE       VALUE  FROM      YEAR
                                                  NORMAL
..................................................................
TEMPERATURE (F)
 TODAY
  MAXIMUM         69    248 PM  84    1922  61      8       57
  MINIMUM         45    339 AM  24    1945  39      6       32
  AVERAGE         57                        50      7       45

PRECIPITATION (IN)
  TODAY            0.00          1.36 1985   0.13  -0.13     0.00
  MONTH TO DATE    5.62                      4.07   1.55     2.76
  SINCE SEP 1      5.62                      4.07   1.55     2.76
  SINCE JAN 1     33.21                     24.95   8.26    21.44

SNOWFALL (IN)
  TODAY            0.0           T    1947  MM     MM        0.0
  MONTH TO DATE    0.0                      MM     MM        0.0
  SINCE SEP 1      0.0                      MM     MM        0.0
  SINCE JUL 1      0.0                      MM     MM        0.0
  SNOW DEPTH       0

DEGREE DAYS
 HEATING
  TODAY            8                        15     -7       20
  MONTH TO DATE  153                       288   -135      124
  SINCE SEP 1    153                       288   -135      124
  SINCE JUL 1    214                       415   -201      261

 COOLING
  TODAY            0                         0      0        0
  MONTH TO DATE   13                        16     -3       71
  SINCE SEP 1     13                        16     -3       71
  SINCE JAN 1    321                       257     64      233
..................................................................


WIND (MPH)
  HIGHEST WIND SPEED    10   HIGHEST WIND DIRECTION    NE (50)
  HIGHEST GUST SPEED    16   HIGHEST GUST DIRECTION     N (360)
  AVERAGE WIND SPEED     5.5


SKY COVER
  POSSIBLE SUNSHINE  MM
  AVERAGE SKY COVER 0.4


WEATHER CONDITIONS
 THE FOLLOWING WEATHER WAS RECORDED TODAY.
  FOG


RELATIVE HUMIDITY (PERCENT)
 HIGHEST   100          1200 AM
 LOWEST     59           200 PM
 AVERAGE    80

..........................................................


THE RHINELANDER WI CLIMATE NORMALS FOR TOMORROW
                         NORMAL    RECORD    YEAR
 MAXIMUM TEMPERATURE (F)   60        79      1976
 MINIMUM TEMPERATURE (F)   39        21      1918


SUNRISE AND SUNSET
SEPTEMBER 29 2016.....SUNRISE   654 AM CDT   SUNSET   641 PM CDT
SEPTEMBER 30 2016.....SUNRISE   655 AM CDT   SUNSET   639 PM CDT


-  INDICATES NEGATIVE NUMBERS.
R  INDICATES RECORD WAS SET OR TIED.
MM INDICATES DATA IS MISSING.
T  INDICATES TRACE AMOUNT.




$$
