000
CDUS43 KGRB 280643
CLIRHI


CLIMATE REPORT
NATIONAL WEATHER SERVICE GREEN BAY
141 AM CDT SAT MAR 28 2015


...................................

...THE RHINELANDER WI CLIMATE SUMMARY FOR MARCH 27 2015...

CLIMATE NORMAL PERIOD 1981 TO 2010
CLIMATE RECORD PERIOD 1908 TO 2015


WEATHER ITEM   OBSERVED TIME   RECORD YEAR NORMAL DEPARTURE LAST
                VALUE   (LST)  VALUE       VALUE  FROM      YEAR
                                                  NORMAL
..................................................................
TEMPERATURE (F)
 YESTERDAY
  MAXIMUM         30    429 PM  77    1910  42    -12       34
  MINIMUM          7    407 AM -16    1996  22    -15       27
  AVERAGE         19                        32    -13       31

PRECIPITATION (IN)
  YESTERDAY        T             0.80 2003   0.06  -0.06     0.51
  MONTH TO DATE    0.65                      1.33  -0.68     0.76
  SINCE MAR 1      0.65                      1.33  -0.68     0.76
  SINCE JAN 1      1.54                      3.37  -1.83     3.37

SNOWFALL (IN)
  YESTERDAY        T             6.0  2003  MM     MM        4.2
  MONTH TO DATE    6.3                      MM     MM        9.5
  SINCE MAR 1      6.3                      MM     MM        9.5
  SINCE JUL 1     75.2                      MM     MM       82.0
  SNOW DEPTH       2

DEGREE DAYS
 HEATING
  YESTERDAY       46                        33     13       34
  MONTH TO DATE 1005                      1046    -41     1317
  SINCE MAR 1   1005                      1046    -41     1317
  SINCE JUL 1   8346                      7668    678     8946

 COOLING
  YESTERDAY        0                         0      0        0
  MONTH TO DATE    0                         0      0        0
  SINCE MAR 1      0                         0      0        0
  SINCE JAN 1      0                         0      0        0
..................................................................


WIND (MPH)
  HIGHEST WIND SPEED    10   HIGHEST WIND DIRECTION     N (350)
  HIGHEST GUST SPEED    16   HIGHEST GUST DIRECTION     N (10)
  AVERAGE WIND SPEED     3.3


SKY COVER
  POSSIBLE SUNSHINE  MM
  AVERAGE SKY COVER 0.1


WEATHER CONDITIONS
 THE FOLLOWING WEATHER WAS RECORDED YESTERDAY.
  LIGHT SNOW
  FOG
  HAZE


RELATIVE HUMIDITY (PERCENT)
 HIGHEST    83           500 AM
 LOWEST     29           300 PM
 AVERAGE    56

..........................................................


THE RHINELANDER WI CLIMATE NORMALS FOR TODAY
                         NORMAL    RECORD    YEAR
 MAXIMUM TEMPERATURE (F)   43        74      1946
                                             1910
 MINIMUM TEMPERATURE (F)   22        -9      1923


SUNRISE AND SUNSET
MARCH 28 2015.........SUNRISE   646 AM CDT   SUNSET   721 PM CDT
MARCH 29 2015.........SUNRISE   644 AM CDT   SUNSET   722 PM CDT


-  INDICATES NEGATIVE NUMBERS.
R  INDICATES RECORD WAS SET OR TIED.
MM INDICATES DATA IS MISSING.
T  INDICATES TRACE AMOUNT.




$$
