000
CDUS43 KGRB 272142
CLIRHI


CLIMATE REPORT
NATIONAL WEATHER SERVICE GREEN BAY
441 PM CDT MON JUL 27 2015


...................................

...THE RHINELANDER WI CLIMATE SUMMARY FOR JULY 27 2015...
VALID TODAY AS OF 0400 PM LOCAL TIME.

CLIMATE NORMAL PERIOD 1981 TO 2010
CLIMATE RECORD PERIOD 1908 TO 2015


WEATHER ITEM   OBSERVED TIME   RECORD YEAR NORMAL DEPARTURE LAST
                VALUE   (LST)  VALUE       VALUE  FROM      YEAR
                                                  NORMAL
..................................................................
TEMPERATURE (F)
 TODAY
  MAXIMUM         88    205 PM  96    1931  79      9       68
  MINIMUM         52    318 AM  41    1981  54     -2       51
  AVERAGE         70                        67      3       60

PRECIPITATION (IN)
  TODAY            0.00          1.95 1913   0.11  -0.11     0.61
  MONTH TO DATE    3.04                      3.55  -0.51     3.91
  SINCE JUN 1      6.60                      7.44  -0.84    10.64
  SINCE JAN 1     15.20                     17.12  -1.92    21.75

SNOWFALL (IN)
  TODAY            0.0           0.0    MM  MM     MM        0.0
  MONTH TO DATE    0.0                      MM     MM        0.0
  SINCE JUN 1      0.0                      MM     MM        0.0
  SINCE JUL 1      0.0                      MM     MM        0.0
  SNOW DEPTH       0

DEGREE DAYS
 HEATING
  TODAY            0                         1     -1        5
  MONTH TO DATE   49                        53     -4      106
  SINCE JUN 1    181                       187     -6      199
  SINCE JUL 1     49                        53     -4      106

 COOLING
  TODAY            5                         3      2        0
  MONTH TO DATE   74                        92    -18       49
  SINCE JUN 1     77                       145    -68      111
  SINCE JAN 1     82                       157    -75      118
..................................................................


WIND (MPH)
  HIGHEST WIND SPEED    14   HIGHEST WIND DIRECTION     S (160)
  HIGHEST GUST SPEED    20   HIGHEST GUST DIRECTION     S (160)
  AVERAGE WIND SPEED     3.1


SKY COVER
  POSSIBLE SUNSHINE  MM
  AVERAGE SKY COVER 0.1


WEATHER CONDITIONS
 THE FOLLOWING WEATHER WAS RECORDED TODAY.
  FOG
  FOG W/VISIBILITY <= 1/4 MILE
  HAZE


RELATIVE HUMIDITY (PERCENT)
 HIGHEST   100           400 AM
 LOWEST     29           100 PM
 AVERAGE    65

..........................................................


THE RHINELANDER WI CLIMATE NORMALS FOR TOMORROW
                         NORMAL    RECORD    YEAR
 MAXIMUM TEMPERATURE (F)   79        95      1916
 MINIMUM TEMPERATURE (F)   54        43      1978


SUNRISE AND SUNSET
JULY 27 2015..........SUNRISE   535 AM CDT   SUNSET   833 PM CDT
JULY 28 2015..........SUNRISE   536 AM CDT   SUNSET   831 PM CDT


-  INDICATES NEGATIVE NUMBERS.
R  INDICATES RECORD WAS SET OR TIED.
MM INDICATES DATA IS MISSING.
T  INDICATES TRACE AMOUNT.




$$
