000
CDUS43 KGRB 130734
CLIRHI


CLIMATE REPORT
NATIONAL WEATHER SERVICE GREEN BAY
133 AM CST WED DEC 13 2017


...................................

...THE RHINELANDER WI CLIMATE SUMMARY FOR DECEMBER 12 2017...

CLIMATE NORMAL PERIOD 1981 TO 2010
CLIMATE RECORD PERIOD 1908 TO 2017


WEATHER ITEM   OBSERVED TIME   RECORD YEAR NORMAL DEPARTURE LAST
                VALUE   (LST)  VALUE       VALUE  FROM      YEAR
                                                  NORMAL
..................................................................
TEMPERATURE (F)
 YESTERDAY
  MAXIMUM         13   1251 PM  53    1913  26    -13       21
  MINIMUM          8    955 AM -18    1989   9     -1        9
  AVERAGE         11                        18     -7       15

PRECIPITATION (IN)
  YESTERDAY        0.01          0.54 1991   0.05  -0.04     0.04
  MONTH TO DATE    1.10                      0.62   0.48     0.65
  SINCE DEC 1      1.10                      0.62   0.48     0.65
  SINCE JAN 1     39.66                     30.58   9.08    41.53

SNOWFALL (IN)
  YESTERDAY        0.3           8.0  1961  MM     MM        0.7
  MONTH TO DATE    4.4                      MM     MM        8.7
  SINCE DEC 1      4.4                      MM     MM        8.7
  SINCE JUL 1     18.1                      MM     MM       15.3
  SNOW DEPTH       3

DEGREE DAYS
 HEATING
  YESTERDAY       54                        47      7       50
  MONTH TO DATE  499                       542    -43      511
  SINCE DEC 1    499                       542    -43      511
  SINCE JUL 1   2472                      2676   -204     1993

 COOLING
  YESTERDAY        0                         0      0        0
  MONTH TO DATE    0                         0      0        0
  SINCE DEC 1      0                         0      0        0
  SINCE JAN 1    215                       261    -46      321
..................................................................


WIND (MPH)
  HIGHEST WIND SPEED    16   HIGHEST WIND DIRECTION    NW (320)
  HIGHEST GUST SPEED    30   HIGHEST GUST DIRECTION    NW (320)
  AVERAGE WIND SPEED     6.6


SKY COVER
  POSSIBLE SUNSHINE  MM
  AVERAGE SKY COVER 0.8


WEATHER CONDITIONS
 THE FOLLOWING WEATHER WAS RECORDED YESTERDAY.
  LIGHT SNOW
  FOG


RELATIVE HUMIDITY (PERCENT)
 HIGHEST    83          1100 PM
 LOWEST     58           300 PM
 AVERAGE    71

..........................................................


THE RHINELANDER WI CLIMATE NORMALS FOR TODAY
                         NORMAL    RECORD    YEAR
 MAXIMUM TEMPERATURE (F)   26        54      1913
 MINIMUM TEMPERATURE (F)    9       -21      1976


SUNRISE AND SUNSET
DECEMBER 13 2017......SUNRISE   730 AM CST   SUNSET   414 PM CST
DECEMBER 14 2017......SUNRISE   731 AM CST   SUNSET   414 PM CST


-  INDICATES NEGATIVE NUMBERS.
R  INDICATES RECORD WAS SET OR TIED.
MM INDICATES DATA IS MISSING.
T  INDICATES TRACE AMOUNT.




$$
