000
CDUS43 KGRB 270738
CLIRHI


CLIMATE REPORT
NATIONAL WEATHER SERVICE GREEN BAY
236 AM CDT THU APR 27 2017


...................................

...THE RHINELANDER WI CLIMATE SUMMARY FOR APRIL 26 2017...

CLIMATE NORMAL PERIOD 1981 TO 2010
CLIMATE RECORD PERIOD 1908 TO 2017


WEATHER ITEM   OBSERVED TIME   RECORD YEAR NORMAL DEPARTURE LAST
                VALUE   (LST)  VALUE       VALUE  FROM      YEAR
                                                  NORMAL
..................................................................
TEMPERATURE (F)
 YESTERDAY
  MAXIMUM         50   1059 AM  85    1962  59     -9       53
  MINIMUM         34   1159 PM  18    1919  34      0       32
  AVERAGE         42                        46     -4       43

PRECIPITATION (IN)
  YESTERDAY        1.04          1.30 1954   0.10   0.94     0.00
                                      1921
  MONTH TO DATE    6.15                      2.18   3.97     2.75
  SINCE MAR 1      7.36                      3.75   3.61     6.42
  SINCE JAN 1     10.72                      5.79   4.93     8.15

SNOWFALL (IN)
  YESTERDAY        0.0           4.0  1965  MM     MM        0.0
  MONTH TO DATE    5.4                      MM     MM       11.9
  SINCE MAR 1     11.2                      MM     MM       21.2
  SINCE JUL 1     62.7                      MM     MM       55.7
  SNOW DEPTH       0

DEGREE DAYS
 HEATING
  YESTERDAY       23                        19      4       22
  MONTH TO DATE  508                       632   -124      659
  SINCE MAR 1   1660                      1805   -145     1598
  SINCE JUL 1   7171                      8427  -1256     7281

 COOLING
  YESTERDAY        0                         0      0        0
  MONTH TO DATE    0                         0      0        0
  SINCE MAR 1      0                         0      0        0
  SINCE JAN 1      0                         0      0        0
..................................................................


WIND (MPH)
  HIGHEST WIND SPEED    12   HIGHEST WIND DIRECTION    NE (40)
  HIGHEST GUST SPEED    17   HIGHEST GUST DIRECTION    NE (40)
  AVERAGE WIND SPEED     6.4


SKY COVER
  POSSIBLE SUNSHINE  MM
  AVERAGE SKY COVER 1.0


WEATHER CONDITIONS
 THE FOLLOWING WEATHER WAS RECORDED YESTERDAY.
  HEAVY RAIN
  RAIN
  LIGHT RAIN
  FOG


RELATIVE HUMIDITY (PERCENT)
 HIGHEST   100          1200 AM
 LOWEST     92           700 PM
 AVERAGE    96

..........................................................


THE RHINELANDER WI CLIMATE NORMALS FOR TODAY
                         NORMAL    RECORD    YEAR
 MAXIMUM TEMPERATURE (F)   59        83      1986
                                             1952
 MINIMUM TEMPERATURE (F)   34        19      2012


SUNRISE AND SUNSET
APRIL 27 2017.........SUNRISE   551 AM CDT   SUNSET   800 PM CDT
APRIL 28 2017.........SUNRISE   550 AM CDT   SUNSET   801 PM CDT


-  INDICATES NEGATIVE NUMBERS.
R  INDICATES RECORD WAS SET OR TIED.
MM INDICATES DATA IS MISSING.
T  INDICATES TRACE AMOUNT.

$$
