000
CDUS43 KGRB 210632
CLIRHI


CLIMATE REPORT
NATIONAL WEATHER SERVICE GREEN BAY
132 AM CDT MON APR 21 2014


...................................

...THE RHINELANDER WI CLIMATE SUMMARY FOR APRIL 20 2014...

CLIMATE NORMAL PERIOD 1981 TO 2010
CLIMATE RECORD PERIOD 1908 TO 2014


WEATHER ITEM   OBSERVED TIME   RECORD YEAR NORMAL DEPARTURE LAST
                VALUE   (LST)  VALUE       VALUE  FROM      YEAR
                                                  NORMAL
..................................................................
TEMPERATURE (F)
 YESTERDAY
  MAXIMUM         64    345 PM  85    1987  56      8       34
  MINIMUM         38   1112 PM   5    1928  32      6       11
  AVERAGE         51                        44      7       23

PRECIPITATION (IN)
  YESTERDAY        0.03          1.04 1916   0.08  -0.05      T
  MONTH TO DATE    3.08                      1.61   1.47     2.84
  SINCE MAR 1      3.84                      3.18   0.66     4.85
  SINCE JAN 1      6.45                      5.22   1.23     7.65

SNOWFALL (IN)
  YESTERDAY        0.0           6.9  2009  MM     MM        0.1
  MONTH TO DATE   25.7                      MM     MM       12.9
  SINCE MAR 1     35.3                      MM     MM       29.1
  SINCE JUL 1    107.8                      MM     MM       81.7
  SNOW DEPTH       3

DEGREE DAYS
 HEATING
  YESTERDAY       14                        21     -7       42
  MONTH TO DATE  642                       513    129      681
  SINCE MAR 1   2081                      1686    395     2010
  SINCE JUL 1   9710                      8308   1402     8410

 COOLING
  YESTERDAY        0                         0      0        0
  MONTH TO DATE    0                         0      0        0
  SINCE MAR 1      0                         0      0        0
  SINCE JAN 1      0                         0      0        0
..................................................................


WIND (MPH)
  HIGHEST WIND SPEED    14   HIGHEST WIND DIRECTION     S (200)
  HIGHEST GUST SPEED    16   HIGHEST GUST DIRECTION     S (190)
  AVERAGE WIND SPEED     6.2


SKY COVER
  POSSIBLE SUNSHINE  MM
  AVERAGE SKY COVER 0.7


WEATHER CONDITIONS
 THE FOLLOWING WEATHER WAS RECORDED YESTERDAY.
  LIGHT RAIN
  FOG
  FOG W/VISIBILITY <= 1/4 MILE


RELATIVE HUMIDITY (PERCENT)
 HIGHEST   100           900 PM
 LOWEST     60          1200 PM
 AVERAGE    80

..........................................................


THE RHINELANDER WI CLIMATE NORMALS FOR TODAY
                         NORMAL    RECORD    YEAR
 MAXIMUM TEMPERATURE (F)   57        89      1987
 MINIMUM TEMPERATURE (F)   32        15      1928


SUNRISE AND SUNSET
APRIL 21 2014.........SUNRISE   602 AM CDT   SUNSET   752 PM CDT
APRIL 22 2014.........SUNRISE   600 AM CDT   SUNSET   753 PM CDT


-  INDICATES NEGATIVE NUMBERS.
R  INDICATES RECORD WAS SET OR TIED.
MM INDICATES DATA IS MISSING.
T  INDICATES TRACE AMOUNT.




$$
