000
CDUS41 KAKQ 300533
CLIRIC


CLIMATE REPORT
NATIONAL WEATHER SERVICE WAKEFIELD, VA
133 AM EDT SAT MAY 30 2015


...................................

...THE RICHMOND VA CLIMATE SUMMARY FOR MAY 29 2015...

CLIMATE NORMAL PERIOD 1981 TO 2010
CLIMATE RECORD PERIOD 1871 TO 2015


WEATHER ITEM   OBSERVED TIME   RECORD YEAR NORMAL DEPARTURE LAST
                VALUE   (LST)  VALUE       VALUE  FROM      YEAR
                                                  NORMAL
..................................................................
TEMPERATURE (F)
 YESTERDAY
  MAXIMUM         89    130 PM  98    1941  81      8       68
  MINIMUM         68    546 AM  37    1936  59      9       60
  AVERAGE         79                        70      9       64

PRECIPITATION (IN)
  YESTERDAY        0.00          1.71 1984   0.13  -0.13      T
  MONTH TO DATE    1.61                      3.52  -1.91     2.43
  SINCE MAR 1     10.72                     10.83  -0.11     9.72
  SINCE JAN 1     17.98                     16.63   1.35    16.03

SNOWFALL (IN)
  YESTERDAY        0.0           0.0  2002   0.0    0.0
                                      2001
  MONTH TO DATE    0.0                       0.0    0.0
  SINCE NOV 1     12.8                      10.3    2.5
  SINCE JUL 1     12.8                      10.3    2.5
  SNOW DEPTH       0

DEGREE DAYS
 HEATING
  YESTERDAY        0                         1     -1        1
  MONTH TO DATE   28                        72    -44       20
  SINCE MAR 1    744                       828    -84      827
  SINCE JUL 1   3846                      3764     82     3780

 COOLING
  YESTERDAY       14                         6      8        0
  MONTH TO DATE  210                       104    106      173
  SINCE MAR 1    235                       146     89      202
  SINCE JAN 1    235                       146     89      202
..................................................................


WIND (MPH)
  HIGHEST WIND SPEED    16   HIGHEST WIND DIRECTION    SE (150)
  HIGHEST GUST SPEED    21   HIGHEST GUST DIRECTION    SE (150)
  AVERAGE WIND SPEED     5.8


SKY COVER
  POSSIBLE SUNSHINE  MM
  AVERAGE SKY COVER 0.6


WEATHER CONDITIONS
 THE FOLLOWING WEATHER WAS RECORDED YESTERDAY.
  NO SIGNIFICANT WEATHER WAS OBSERVED.


RELATIVE HUMIDITY (PERCENT)
 HIGHEST    90           100 AM
 LOWEST     50           200 PM
 AVERAGE    70

..........................................................


THE RICHMOND VA CLIMATE NORMALS FOR TODAY
                         NORMAL    RECORD    YEAR
 MAXIMUM TEMPERATURE (F)   81        98      1991
 MINIMUM TEMPERATURE (F)   60        42      1932


SUNRISE AND SUNSET
MAY 30 2015...........SUNRISE   551 AM EDT   SUNSET   823 PM EDT
MAY 31 2015...........SUNRISE   550 AM EDT   SUNSET   824 PM EDT


-  INDICATES NEGATIVE NUMBERS.
R  INDICATES RECORD WAS SET OR TIED.
MM INDICATES DATA IS MISSING.
T  INDICATES TRACE AMOUNT.




$$
