000
CDUS41 KAKQ 240545
CLIRIC


CLIMATE REPORT
NATIONAL WEATHER SERVICE WAKEFIELD, VA
145 AM EDT WED MAY 24 2017


...................................

...THE RICHMOND VA CLIMATE SUMMARY FOR MAY 23 2017...

CLIMATE NORMAL PERIOD 1981 TO 2010
CLIMATE RECORD PERIOD 1871 TO 2017


WEATHER ITEM   OBSERVED TIME   RECORD YEAR NORMAL DEPARTURE LAST
                VALUE   (LST)  VALUE       VALUE  FROM      YEAR
                                                  NORMAL
..................................................................
TEMPERATURE (F)
 YESTERDAY
  MAXIMUM         66   1234 PM  99    1941  80    -14       70
  MINIMUM         59   1159 PM  40    1936  57      2       53
  AVERAGE         63                        68     -5       62

PRECIPITATION (IN)
  YESTERDAY        0.47          1.03 1951   0.14   0.33     0.60
  MONTH TO DATE    4.68                      2.74   1.94     8.41
  SINCE MAR 1     10.64                     10.05   0.59    11.60
  SINCE JAN 1     15.64                     15.85  -0.21    19.25

SNOWFALL (IN)
  YESTERDAY        0.0           0.0  2002   0.0    0.0
                                      2001
  MONTH TO DATE    0.0                       0.0    0.0
  SINCE NOV 1      7.1                      10.3   -3.2
  SINCE JUL 1      7.1                      10.3   -3.2
  SNOW DEPTH       0

DEGREE DAYS
 HEATING
  YESTERDAY        2                         2      0        3
  MONTH TO DATE   79                        66     13      110
  SINCE MAR 1    683                       822   -139      737
  SINCE JUL 1   3165                      3758   -593     3325

 COOLING
  YESTERDAY        0                         5     -5        0
  MONTH TO DATE   62                        71     -9       15
  SINCE MAR 1    167                       113     54       45
  SINCE JAN 1    167                       113     54       45
..................................................................


WIND (MPH)
  HIGHEST WIND SPEED    15   HIGHEST WIND DIRECTION     E (70)
  HIGHEST GUST SPEED    19   HIGHEST GUST DIRECTION     E (70)
  AVERAGE WIND SPEED     7.9


SKY COVER
  POSSIBLE SUNSHINE  MM
  AVERAGE SKY COVER 1.0


WEATHER CONDITIONS
 THE FOLLOWING WEATHER WAS RECORDED YESTERDAY.
  RAIN
  LIGHT RAIN
  FOG


RELATIVE HUMIDITY (PERCENT)
 HIGHEST   100          1200 AM
 LOWEST     87           300 PM
 AVERAGE    94

..........................................................


THE RICHMOND VA CLIMATE NORMALS FOR TODAY
                         NORMAL    RECORD    YEAR
 MAXIMUM TEMPERATURE (F)   80        94      1970
 MINIMUM TEMPERATURE (F)   58        42      1963
                                             1931


SUNRISE AND SUNSET
MAY 24 2017...........SUNRISE   554 AM EDT   SUNSET   819 PM EDT
MAY 25 2017...........SUNRISE   553 AM EDT   SUNSET   820 PM EDT


-  INDICATES NEGATIVE NUMBERS.
R  INDICATES RECORD WAS SET OR TIED.
MM INDICATES DATA IS MISSING.
T  INDICATES TRACE AMOUNT.




$$
