000
CDUS41 KAKQ 290536
CLIRIC


CLIMATE REPORT
NATIONAL WEATHER SERVICE WAKEFIELD, VA
136 AM EDT FRI APR 29 2016


...................................

...THE RICHMOND VA CLIMATE SUMMARY FOR APRIL 28 2016...

CLIMATE NORMAL PERIOD 1981 TO 2010
CLIMATE RECORD PERIOD 1871 TO 2016


WEATHER ITEM   OBSERVED TIME   RECORD YEAR NORMAL DEPARTURE LAST
                VALUE   (LST)  VALUE       VALUE  FROM      YEAR
                                                  NORMAL
..................................................................
TEMPERATURE (F)
 YESTERDAY
  MAXIMUM         59    417 PM  93    1957  74    -15       72
  MINIMUM         52   1159 PM  32    1931  50      2       45
  AVERAGE         56                        62     -6       59

PRECIPITATION (IN)
  YESTERDAY        0.37          1.34 1923   0.11   0.26     0.00
  MONTH TO DATE    2.17                      3.06  -0.89     5.33
  SINCE MAR 1      3.19                      7.10  -3.91     9.11
  SINCE JAN 1     10.84                     12.90  -2.06    16.37

SNOWFALL (IN)
  YESTERDAY        0.0           2.0  1898   0.0    0.0
  MONTH TO DATE    0.0                       0.1   -0.1
  SINCE NOV 1     15.1                      10.3    4.8
  SINCE JUL 1     15.1                      10.3    4.8
  SNOW DEPTH       0

DEGREE DAYS
 HEATING
  YESTERDAY        9                         5      4        6
  MONTH TO DATE  251                       230     21      172
  SINCE MAR 1    609                       746   -137      707
  SINCE JUL 1   3197                      3682   -485     3809

 COOLING
  YESTERDAY        0                         2     -2        0
  MONTH TO DATE   24                        34    -10       25
  SINCE MAR 1     30                        40    -10       25
  SINCE JAN 1     30                        40    -10       25
..................................................................


WIND (MPH)
  HIGHEST WIND SPEED    14   HIGHEST WIND DIRECTION    NE (30)
  HIGHEST GUST SPEED    17   HIGHEST GUST DIRECTION     E (80)
  AVERAGE WIND SPEED     6.3


SKY COVER
  POSSIBLE SUNSHINE  MM
  AVERAGE SKY COVER 0.9


WEATHER CONDITIONS
 THE FOLLOWING WEATHER WAS RECORDED YESTERDAY.
  THUNDERSTORM
  RAIN
  LIGHT RAIN
  FOG


RELATIVE HUMIDITY (PERCENT)
 HIGHEST   100           300 AM
 LOWEST     93           700 AM
 AVERAGE    97

..........................................................


THE RICHMOND VA CLIMATE NORMALS FOR TODAY
                         NORMAL    RECORD    YEAR
 MAXIMUM TEMPERATURE (F)   74        94      1974
 MINIMUM TEMPERATURE (F)   50        33      1934


SUNRISE AND SUNSET
APRIL 29 2016.........SUNRISE   616 AM EDT   SUNSET   758 PM EDT
APRIL 30 2016.........SUNRISE   615 AM EDT   SUNSET   759 PM EDT


-  INDICATES NEGATIVE NUMBERS.
R  INDICATES RECORD WAS SET OR TIED.
MM INDICATES DATA IS MISSING.
T  INDICATES TRACE AMOUNT.




$$
