000
CDUS41 KAKQ 270630
CLIRIC


CLIMATE REPORT
NATIONAL WEATHER SERVICE WAKEFIELD, VA
130 AM EST MON FEB 27 2017


...................................

...THE RICHMOND VA CLIMATE SUMMARY FOR FEBRUARY 26 2017...

CLIMATE NORMAL PERIOD 1981 TO 2010
CLIMATE RECORD PERIOD 1871 TO 2017


WEATHER ITEM   OBSERVED TIME   RECORD YEAR NORMAL DEPARTURE LAST
                VALUE   (LST)  VALUE       VALUE  FROM      YEAR
                                                  NORMAL
..................................................................
TEMPERATURE (F)
 YESTERDAY
  MAXIMUM         52    449 PM  77    1977  54     -2       47
  MINIMUM         34   1142 PM  11    1970  32      2       30
  AVERAGE         43                        43      0       39

PRECIPITATION (IN)
  YESTERDAY        0.00          1.66 1891   0.10  -0.10     0.00
  MONTH TO DATE    0.63                      2.56  -1.93     4.35
  SINCE DEC 1      7.72                      8.86  -1.14    13.59
  SINCE JAN 1      4.92                      5.60  -0.68     7.65

SNOWFALL (IN)
  YESTERDAY        0.0           5.3  1963   0.0    0.0
  MONTH TO DATE    0.0                       3.2   -3.2
  SINCE NOV 1      7.1                       9.4   -2.3
  SINCE JUL 1      7.1                       9.4   -2.3
  SNOW DEPTH       0

DEGREE DAYS
 HEATING
  YESTERDAY       22                        22      0       26
  MONTH TO DATE  415                       632   -217      636
  SINCE DEC 1   1867                      2217   -350     1940
  SINCE JUL 1   2457                      2893   -436     2532

 COOLING
  YESTERDAY        0                         0      0        0
  MONTH TO DATE    0                         0      0        0
  SINCE DEC 1      0                         1     -1        8
  SINCE JAN 1      0                         0      0        0
..................................................................


WIND (MPH)
  HIGHEST WIND SPEED    17   HIGHEST WIND DIRECTION     W (290)
  HIGHEST GUST SPEED    22   HIGHEST GUST DIRECTION    NW (300)
  AVERAGE WIND SPEED     6.5


SKY COVER
  POSSIBLE SUNSHINE  MM
  AVERAGE SKY COVER 0.0


WEATHER CONDITIONS
 THE FOLLOWING WEATHER WAS RECORDED YESTERDAY.
  NO SIGNIFICANT WEATHER WAS OBSERVED.


RELATIVE HUMIDITY (PERCENT)
 HIGHEST    64          1000 PM
 LOWEST     26           300 PM
 AVERAGE    45

..........................................................


THE RICHMOND VA CLIMATE NORMALS FOR TODAY
                         NORMAL    RECORD    YEAR
 MAXIMUM TEMPERATURE (F)   54        79      1997
 MINIMUM TEMPERATURE (F)   33         4      1934


SUNRISE AND SUNSET
FEBRUARY 27 2017......SUNRISE   643 AM EST   SUNSET   601 PM EST
FEBRUARY 28 2017......SUNRISE   642 AM EST   SUNSET   602 PM EST


-  INDICATES NEGATIVE NUMBERS.
R  INDICATES RECORD WAS SET OR TIED.
MM INDICATES DATA IS MISSING.
T  INDICATES TRACE AMOUNT.




$$
