000
CDUS41 KAKQ 180545
CLIRIC


CLIMATE REPORT
NATIONAL WEATHER SERVICE WAKEFIELD, VA
145 AM EDT WED OCT 18 2017


...................................

...THE RICHMOND VA CLIMATE SUMMARY FOR OCTOBER 17 2017...

CLIMATE NORMAL PERIOD 1981 TO 2010
CLIMATE RECORD PERIOD 1871 TO 2017


WEATHER ITEM   OBSERVED TIME   RECORD YEAR NORMAL DEPARTURE LAST
                VALUE   (LST)  VALUE       VALUE  FROM      YEAR
                                                  NORMAL
..................................................................
TEMPERATURE (F)
 YESTERDAY
  MAXIMUM         64    200 PM  86    1925  71     -7       81
  MINIMUM         42   1150 PM  32    1937  48     -6       56
                                      1935
  AVERAGE         53                        59     -6       69

PRECIPITATION (IN)
  YESTERDAY        0.00          3.09 1932   0.09  -0.09     0.00
  MONTH TO DATE    2.64                      1.63   1.01     4.17
  SINCE SEP 1      4.12                      5.76  -1.64    15.36
  SINCE JAN 1     33.17                     35.75  -2.58    48.80

SNOWFALL (IN)
  YESTERDAY        0.0           0.0  2002   0.0    0.0
                                      2001
  MONTH TO DATE    0.0                       0.0    0.0
  SINCE NOV 1      7.1                      10.3   -3.2
  SINCE JUL 1      0.0                       0.0    0.0
  SNOW DEPTH       0

DEGREE DAYS
 HEATING
  YESTERDAY       12                         7      5        0
  MONTH TO DATE   29                        83    -54       50
  SINCE SEP 1     41                       111    -70       50
  SINCE JUL 1     41                       112    -71       50

 COOLING
  YESTERDAY        0                         1     -1        4
  MONTH TO DATE   83                        30     53       28
  SINCE SEP 1    285                       227     58      307
  SINCE JAN 1   1698                      1534    164     1661
..................................................................


WIND (MPH)
  HIGHEST WIND SPEED    18   HIGHEST WIND DIRECTION     N (20)
  HIGHEST GUST SPEED    22   HIGHEST GUST DIRECTION     N (20)
  AVERAGE WIND SPEED     6.8


SKY COVER
  POSSIBLE SUNSHINE  MM
  AVERAGE SKY COVER 0.1


WEATHER CONDITIONS
 THE FOLLOWING WEATHER WAS RECORDED YESTERDAY.
  NO SIGNIFICANT WEATHER WAS OBSERVED.


RELATIVE HUMIDITY (PERCENT)
 HIGHEST    83           700 AM
 LOWEST     32           100 PM
 AVERAGE    58

..........................................................


THE RICHMOND VA CLIMATE NORMALS FOR TODAY
                         NORMAL    RECORD    YEAR
 MAXIMUM TEMPERATURE (F)   70        88      1938
 MINIMUM TEMPERATURE (F)   47        28      1977


SUNRISE AND SUNSET
OCTOBER 18 2017.......SUNRISE   721 AM EDT   SUNSET   628 PM EDT
OCTOBER 19 2017.......SUNRISE   721 AM EDT   SUNSET   626 PM EDT


-  INDICATES NEGATIVE NUMBERS.
R  INDICATES RECORD WAS SET OR TIED.
MM INDICATES DATA IS MISSING.
T  INDICATES TRACE AMOUNT.




$$
