000
CDUS41 KAKQ 130638
CLIRIC


CLIMATE REPORT
NATIONAL WEATHER SERVICE WAKEFIELD, VA
127 AM EST SAT FEB 13 2016


...................................

...THE RICHMOND VA CLIMATE SUMMARY FOR FEBRUARY 12 2016...

CLIMATE NORMAL PERIOD 1981 TO 2010
CLIMATE RECORD PERIOD 1871 TO 2016


WEATHER ITEM   OBSERVED TIME   RECORD YEAR NORMAL DEPARTURE LAST
                VALUE   (LST)  VALUE       VALUE  FROM      YEAR
                                                  NORMAL
..................................................................
TEMPERATURE (F)
 YESTERDAY
  MAXIMUM         28    633 PM  74    1999  51    -23       48
  MINIMUM         16    650 AM   1    1936  30    -14       27
  AVERAGE         22                        40    -18       38

PRECIPITATION (IN)
  YESTERDAY        T             1.15 1993   0.10  -0.10     0.03
                                      1985
  MONTH TO DATE    1.40                      1.17   0.23     1.06
  SINCE DEC 1     10.64                      7.47   3.17     7.69
  SINCE JAN 1      4.70                      4.21   0.49     4.55

SNOWFALL (IN)
  YESTERDAY        T             7.5  1899   0.1   -0.1
  MONTH TO DATE    0.4                       1.6   -1.2
  SINCE NOV 1     12.5                       7.8    4.7
  SINCE JUL 1     12.5                       7.8    4.7
  SNOW DEPTH       0

DEGREE DAYS
 HEATING
  YESTERDAY       43                        25     18       27
  MONTH TO DATE  298                       307     -9      309
  SINCE DEC 1   1602                      1892   -290     1806
  SINCE JUL 1   2194                      2568   -374     2476

 COOLING
  YESTERDAY        0                         0      0        0
  MONTH TO DATE    0                         0      0        0
  SINCE DEC 1      8                         1      7        0
  SINCE JAN 1      0                         0      0        0
..................................................................


WIND (MPH)
  HIGHEST WIND SPEED    12   HIGHEST WIND DIRECTION     S (180)
  HIGHEST GUST SPEED    13   HIGHEST GUST DIRECTION     S (180)
  AVERAGE WIND SPEED     3.9


SKY COVER
  POSSIBLE SUNSHINE  MM
  AVERAGE SKY COVER 0.8


WEATHER CONDITIONS
 THE FOLLOWING WEATHER WAS RECORDED YESTERDAY.
  LIGHT SNOW


RELATIVE HUMIDITY (PERCENT)
 HIGHEST    81          1100 PM
 LOWEST     37           100 PM
 AVERAGE    59

..........................................................


THE RICHMOND VA CLIMATE NORMALS FOR TODAY
                         NORMAL    RECORD    YEAR
 MAXIMUM TEMPERATURE (F)   51        75      1951
 MINIMUM TEMPERATURE (F)   30         7      1917
                                             1899


SUNRISE AND SUNSET
FEBRUARY 13 2016......SUNRISE   701 AM EST   SUNSET   546 PM EST
FEBRUARY 14 2016......SUNRISE   700 AM EST   SUNSET   547 PM EST


-  INDICATES NEGATIVE NUMBERS.
R  INDICATES RECORD WAS SET OR TIED.
MM INDICATES DATA IS MISSING.
T  INDICATES TRACE AMOUNT.




$$
