000
CDUS41 KAKQ 291032
CLIRIC


CLIMATE REPORT
NATIONAL WEATHER SERVICE WAKEFIELD, VA
631 AM EDT THU SEP 29 2016


...................................

...THE RICHMOND VA CLIMATE SUMMARY FOR SEPTEMBER 28 2016...

CLIMATE NORMAL PERIOD 1981 TO 2010
CLIMATE RECORD PERIOD 1871 TO 2016


WEATHER ITEM   OBSERVED TIME   RECORD YEAR NORMAL DEPARTURE LAST
                VALUE   (LST)  VALUE       VALUE  FROM      YEAR
                                                  NORMAL
..................................................................
TEMPERATURE (F)
 YESTERDAY
  MAXIMUM         78   1218 PM  93    1954  77      1       83
  MINIMUM         65   1159 PM  39    1947  55     10       70
  AVERAGE         72                        66      6       77

PRECIPITATION (IN)
  YESTERDAY        4.74R         4.16 2016   0.12   4.62     0.04
  MONTH TO DATE    9.14                      3.88   5.26     2.58
  SINCE SEP 1      9.14                      3.88   5.26     2.58
  SINCE JAN 1     42.58                     33.87   8.71    35.13

SNOWFALL (IN)
  YESTERDAY        0.0           0.0  2002   0.0    0.0
                                      2001
  MONTH TO DATE    0.0                       0.0    0.0
  SINCE NOV 1     15.1                      10.3    4.8
  SINCE JUL 1      0.0                       0.0    0.0
  SNOW DEPTH       0

DEGREE DAYS
 HEATING
  YESTERDAY        0                         2     -2        0
  MONTH TO DATE    0                        20    -20        0
  SINCE SEP 1      0                        20    -20        0
  SINCE JUL 1      0                        21    -21        0

 COOLING
  YESTERDAY        7                         3      4       12
  MONTH TO DATE  269                       191     78      271
  SINCE SEP 1    269                       191     78      271
  SINCE JAN 1   1623                      1498    125     1778
..................................................................


WIND (MPH)
  HIGHEST WIND SPEED    20   HIGHEST WIND DIRECTION     E (100)
  HIGHEST GUST SPEED    24   HIGHEST GUST DIRECTION     W (260)
  AVERAGE WIND SPEED     8.1


SKY COVER
  POSSIBLE SUNSHINE  MM
  AVERAGE SKY COVER 1.0


WEATHER CONDITIONS
 THE FOLLOWING WEATHER WAS RECORDED YESTERDAY.
  THUNDERSTORM
  HEAVY RAIN
  RAIN
  LIGHT RAIN
  FOG


RELATIVE HUMIDITY (PERCENT)
 HIGHEST   100          1200 AM
 LOWEST     79          1200 PM
 AVERAGE    90

..........................................................


THE RICHMOND VA CLIMATE NORMALS FOR TODAY
                         NORMAL    RECORD    YEAR
 MAXIMUM TEMPERATURE (F)   76        92      1973
                                             1954
 MINIMUM TEMPERATURE (F)   55        38      1942


SUNRISE AND SUNSET
SEPTEMBER 29 2016.....SUNRISE   703 AM EDT   SUNSET   655 PM EDT
SEPTEMBER 30 2016.....SUNRISE   704 AM EDT   SUNSET   653 PM EDT


-  INDICATES NEGATIVE NUMBERS.
R  INDICATES RECORD WAS SET OR TIED.
MM INDICATES DATA IS MISSING.
T  INDICATES TRACE AMOUNT.




$$
