000
CDUS41 KAKQ 290545
CLIRIC


CLIMATE REPORT
NATIONAL WEATHER SERVICE WAKEFIELD, VA
145 AM EDT WED MAR 29 2017


...................................

...THE RICHMOND VA CLIMATE SUMMARY FOR MARCH 28 2017...

CLIMATE NORMAL PERIOD 1981 TO 2010
CLIMATE RECORD PERIOD 1871 TO 2017


WEATHER ITEM   OBSERVED TIME   RECORD YEAR NORMAL DEPARTURE LAST
                VALUE   (LST)  VALUE       VALUE  FROM      YEAR
                                                  NORMAL
..................................................................
TEMPERATURE (F)
 YESTERDAY
  MAXIMUM         75    303 PM  91    1907  64     11       74
  MINIMUM         59    712 AM  23    2001  41     18       51
  AVERAGE         67                        52     15       63

PRECIPITATION (IN)
  YESTERDAY        0.11          2.04 1942   0.13  -0.02     0.10
  MONTH TO DATE    2.22                      3.64  -1.42     1.01
  SINCE MAR 1      2.22                      3.64  -1.42     1.01
  SINCE JAN 1      7.22                      9.44  -2.22     8.66

SNOWFALL (IN)
  YESTERDAY        0.0           0.6  1947   0.0    0.0
  MONTH TO DATE    T                         0.6   -0.6
  SINCE NOV 1      7.1                      10.2   -3.1
  SINCE JUL 1      7.1                      10.2   -3.1
  SNOW DEPTH       0

DEGREE DAYS
 HEATING
  YESTERDAY        0                        13    -13        2
  MONTH TO DATE  467                       478    -11      333
  SINCE MAR 1    467                       478    -11      333
  SINCE JUL 1   2949                      3414   -465     2921

 COOLING
  YESTERDAY        2                         0      2        0
  MONTH TO DATE    8                         0      8        6
  SINCE MAR 1      8                         0      8        6
  SINCE JAN 1      8                         0      8        6
..................................................................


WIND (MPH)
  HIGHEST WIND SPEED    16   HIGHEST WIND DIRECTION    SW (210)
  HIGHEST GUST SPEED    21   HIGHEST GUST DIRECTION     S (190)
  AVERAGE WIND SPEED     7.3


SKY COVER
  POSSIBLE SUNSHINE  MM
  AVERAGE SKY COVER 0.7


WEATHER CONDITIONS
 THE FOLLOWING WEATHER WAS RECORDED YESTERDAY.
  THUNDERSTORM
  RAIN
  LIGHT RAIN
  FOG


RELATIVE HUMIDITY (PERCENT)
 HIGHEST    90          1000 PM
 LOWEST     61           100 PM
 AVERAGE    76

..........................................................


THE RICHMOND VA CLIMATE NORMALS FOR TODAY
                         NORMAL    RECORD    YEAR
 MAXIMUM TEMPERATURE (F)   65        94      1907
 MINIMUM TEMPERATURE (F)   41        22      1923


SUNRISE AND SUNSET
MARCH 29 2017.........SUNRISE   659 AM EDT   SUNSET   730 PM EDT
MARCH 30 2017.........SUNRISE   657 AM EDT   SUNSET   731 PM EDT


-  INDICATES NEGATIVE NUMBERS.
R  INDICATES RECORD WAS SET OR TIED.
MM INDICATES DATA IS MISSING.
T  INDICATES TRACE AMOUNT.




$$
