470
CDUS41 KAKQ 160629
CLIRIC


CLIMATE REPORT
NATIONAL WEATHER SERVICE WAKEFIELD, VA
128 AM EST SAT DEC 16 2017


...................................

...THE RICHMOND VA CLIMATE SUMMARY FOR DECEMBER 15 2017...

CLIMATE NORMAL PERIOD 1981 TO 2010
CLIMATE RECORD PERIOD 1871 TO 2017


WEATHER ITEM   OBSERVED TIME   RECORD YEAR NORMAL DEPARTURE LAST
                VALUE   (LST)  VALUE       VALUE  FROM      YEAR
                                                  NORMAL
..................................................................
TEMPERATURE (F)
 YESTERDAY
  MAXIMUM         39   1033 AM  73    2008  51    -12       43
                                      1984
                                      1975
  MINIMUM         28   1137 PM   4    1958  31     -3       17
  AVERAGE         34                        41     -7       30

PRECIPITATION (IN)
  YESTERDAY        0.00          1.84 2005   0.11  -0.11     0.00
  MONTH TO DATE    1.02                      1.65  -0.63     2.12
  SINCE DEC 1      1.02                      1.65  -0.63     2.12
  SINCE JAN 1     37.93                     41.99  -4.06    52.07

SNOWFALL (IN)
  YESTERDAY        0.0           3.1  1945   0.1   -0.1
  MONTH TO DATE    3.1                       0.9    2.2
  SINCE NOV 1      3.1                       1.1    2.0
  SINCE JUL 1      3.1                       1.1    2.0
  SNOW DEPTH       0

DEGREE DAYS
 HEATING
  YESTERDAY       31                        24      7       35
  MONTH TO DATE  345                       332     13      352
  SINCE DEC 1    345                       332     13      352
  SINCE JUL 1    957                      1008    -51      942

 COOLING
  YESTERDAY        0                         0      0        0
  MONTH TO DATE    0                         0      0        0
  SINCE DEC 1      0                         0      0        0
  SINCE JAN 1   1706                      1548    158     1699
..................................................................


WIND (MPH)
  HIGHEST WIND SPEED    13   HIGHEST WIND DIRECTION    NW (330)
  HIGHEST GUST SPEED    15   HIGHEST GUST DIRECTION     N (10)
  AVERAGE WIND SPEED     5.7


SKY COVER
  POSSIBLE SUNSHINE  MM
  AVERAGE SKY COVER 0.7


WEATHER CONDITIONS
 THE FOLLOWING WEATHER WAS RECORDED YESTERDAY.
  NO SIGNIFICANT WEATHER WAS OBSERVED.


RELATIVE HUMIDITY (PERCENT)
 HIGHEST    63           900 PM
 LOWEST     48          1000 AM
 AVERAGE    56

..........................................................


THE RICHMOND VA CLIMATE NORMALS FOR TODAY
                         NORMAL    RECORD    YEAR
 MAXIMUM TEMPERATURE (F)   50        80      1971
 MINIMUM TEMPERATURE (F)   31         1      1958


SUNRISE AND SUNSET
DECEMBER 16 2017......SUNRISE   717 AM EST   SUNSET   453 PM EST
DECEMBER 17 2017......SUNRISE   718 AM EST   SUNSET   453 PM EST


-  INDICATES NEGATIVE NUMBERS.
R  INDICATES RECORD WAS SET OR TIED.
MM INDICATES DATA IS MISSING.
T  INDICATES TRACE AMOUNT.




$$
