000
CDUS41 KAKQ 242126
CLIRIC


CLIMATE REPORT
NATIONAL WEATHER SERVICE WAKEFIELD, VA
526 PM EDT SAT JUN 24 2017


...................................

...THE RICHMOND VA CLIMATE SUMMARY FOR JUNE 24 2017...
VALID TODAY AS OF 0500 PM LOCAL TIME.

CLIMATE NORMAL PERIOD 1981 TO 2010
CLIMATE RECORD PERIOD 1871 TO 2017


WEATHER ITEM   OBSERVED TIME   RECORD YEAR NORMAL DEPARTURE LAST
                VALUE   (LST)  VALUE       VALUE  FROM      YEAR
                                                  NORMAL
..................................................................
TEMPERATURE (F)
 TODAY
  MAXIMUM         90    110 PM 102    2010  88      2       85
  MINIMUM         81    727 AM  50    1918  67     14       68
  AVERAGE         86

PRECIPITATION (IN)
  TODAY            0.01          2.27 1916   0.12  -0.11     0.55
  MONTH TO DATE    2.33                      3.15  -0.82     6.92
  SINCE JUN 1      2.33                      3.15  -0.82     6.92
  SINCE JAN 1     20.86                     20.04   0.82    27.55

SNOWFALL (IN)
  TODAY            0.0
  MONTH TO DATE    0.0
  SINCE NOV 1      7.1
  SINCE JUL 1      7.1
  SNOW DEPTH       0

DEGREE DAYS
 HEATING
  TODAY            0                         0      0        0
  MONTH TO DATE    2                         5     -3        0
  SINCE JUN 1      2                         5     -3        0
  SINCE JUL 1   3171                      3771   -600     3325

 COOLING
  TODAY           21                        13      8       12
  MONTH TO DATE  264                       236     28      235
  SINCE JUN 1    264                       236     28      235
  SINCE JAN 1    487                       397     90      344
..................................................................


WIND (MPH)
  RESULTANT WIND SPEED  12   RESULTANT WIND DIRECTION   W (250)
  HIGHEST WIND SPEED    29   HIGHEST WIND DIRECTION    SW (210)
  HIGHEST GUST SPEED    39   HIGHEST GUST DIRECTION     S (200)


SKY COVER
  POSSIBLE SUNSHINE  MM
  AVERAGE SKY COVER 0.6


WEATHER CONDITIONS
 THE FOLLOWING WEATHER WAS RECORDED TODAY.
  NO SIGNIFICANT WEATHER WAS OBSERVED.


RELATIVE HUMIDITY (PERCENT)
 HIGHEST    79
 LOWEST     46
 AVERAGE    63

..........................................................


THE RICHMOND VA CLIMATE NORMALS FOR TOMORROW
                         NORMAL    RECORD    YEAR
 MAXIMUM TEMPERATURE (F)   89       100      1952
 MINIMUM TEMPERATURE (F)   67        51      1979


SUNRISE AND SUNSET
JUNE 24 2017..........SUNRISE   549 AM EDT   SUNSET   834 PM EDT
JUNE 25 2017..........SUNRISE   550 AM EDT   SUNSET   834 PM EDT


-  INDICATES NEGATIVE NUMBERS.
R  INDICATES RECORD WAS SET OR TIED.
MM INDICATES DATA IS MISSING.
T  INDICATES TRACE AMOUNT.




$$
