000
CDUS45 KGJT 182331
CLIRIL


CLIMATE REPORT
NATIONAL WEATHER SERVICE GRAND JUNCTION CO
528 PM MDT THU SEP 18 2014


...................................

...THE RIFLE CO CLIMATE SUMMARY FOR SEPTEMBER 18 2014...
VALID TODAY AS OF 0500 PM LOCAL TIME.

CLIMATE NORMAL PERIOD 1981 TO 2010
CLIMATE RECORD PERIOD 9999 TO 9999


WEATHER ITEM   OBSERVED TIME   RECORD YEAR NORMAL DEPARTURE LAST
                VALUE   (LST)  VALUE       VALUE  FROM      YEAR
                                                  NORMAL
..................................................................
TEMPERATURE (F)
 TODAY
  MAXIMUM         86    359 PM  MM      MM  77      9       78
  MINIMUM         47    624 AM  MM      MM  44      3       53
  AVERAGE         67                        60      7       66

PRECIPITATION (IN)
  TODAY            0.00         MM      MM   0.06  -0.06     0.17
  MONTH TO DATE    1.11                      0.92   0.19     1.21
  SINCE SEP 1      1.11                      0.92   0.19     1.21
  SINCE JAN 1      9.24                      9.89  -0.65     6.30

SNOWFALL (IN)
  TODAY           MM            MM      MM  MM     MM       MM
  MONTH TO DATE   MM                        MM     MM       MM
  SINCE SEP 1     MM                        MM     MM       MM
  SINCE JUL 1     MM                        MM     MM       MM
  SNOW DEPTH      MM

DEGREE DAYS
 HEATING
  TODAY            0                         5     -5        0
  MONTH TO DATE   36                        50    -14        4
  SINCE SEP 1     36                        50    -14        4
  SINCE JUL 1     53                        57     -4        4

 COOLING
  TODAY            2                         0      2        1
  MONTH TO DATE   13                        22     -9       92
  SINCE SEP 1     13                        22     -9       92
  SINCE JAN 1    542                       538      4      798
..................................................................


WIND (MPH)
  HIGHEST WIND SPEED    15   HIGHEST WIND DIRECTION     W (270)
  HIGHEST GUST SPEED    18   HIGHEST GUST DIRECTION     W (260)
  AVERAGE WIND SPEED     3.0


SKY COVER
  POSSIBLE SUNSHINE  MM
  AVERAGE SKY COVER 0.0


WEATHER CONDITIONS
 THE FOLLOWING WEATHER WAS RECORDED TODAY.
  NO SIGNIFICANT WEATHER WAS OBSERVED.


RELATIVE HUMIDITY (PERCENT)
 HIGHEST    71           500 AM
 LOWEST     16           300 PM
 AVERAGE    44

..........................................................


THE RIFLE CO CLIMATE NORMALS FOR TOMORROW
                         NORMAL    RECORD    YEAR
 MAXIMUM TEMPERATURE (F)   77        MM        MM
 MINIMUM TEMPERATURE (F)   43        MM        MM


SUNRISE AND SUNSET
SEPTEMBER 18 2014.....SUNRISE   655 AM MDT   SUNSET   714 PM MDT
SEPTEMBER 19 2014.....SUNRISE   656 AM MDT   SUNSET   713 PM MDT


-  INDICATES NEGATIVE NUMBERS.
R  INDICATES RECORD WAS SET OR TIED.
MM INDICATES DATA IS MISSING.
T  INDICATES TRACE AMOUNT.




$$
