000
CDUS45 KGJT 190725
CLIRIL


CLIMATE REPORT
NATIONAL WEATHER SERVICE GRAND JUNCTION CO
124 AM MDT THU OCT 19 2017


...................................

...THE RIFLE CO CLIMATE SUMMARY FOR OCTOBER 18 2017...

CLIMATE NORMAL PERIOD 1981 TO 2010
CLIMATE RECORD PERIOD 9999 TO 9999


WEATHER ITEM   OBSERVED TIME   RECORD YEAR NORMAL DEPARTURE LAST
                VALUE   (LST)  VALUE       VALUE  FROM      YEAR
                                                  NORMAL
..................................................................
TEMPERATURE (F)
 YESTERDAY
  MAXIMUM         73    346 PM  MM      MM  64      9       68
  MINIMUM         29    625 AM  MM      MM  33     -4       39
  AVERAGE         51                        48      3       54

PRECIPITATION (IN)
  YESTERDAY        0.00         MM      MM   0.07  -0.07     0.03
  MONTH TO DATE    0.30                      1.08  -0.78     0.48
  SINCE SEP 1      1.65                      2.58  -0.93     1.69
  SINCE JAN 1      5.45                     11.55  -6.10     8.77

SNOWFALL (IN)
  YESTERDAY       MM            MM      MM  MM     MM       MM
  MONTH TO DATE   MM                        MM     MM       MM
  SINCE SEP 1     MM                        MM     MM       MM
  SINCE JUL 1     MM                        MM     MM       MM
  SNOW DEPTH      MM

DEGREE DAYS
 HEATING
  YESTERDAY       14                        17     -3       11
  MONTH TO DATE  293                       241     52      185
  SINCE SEP 1    416                       380     36      277
  SINCE JUL 1    416                       387     29      282

 COOLING
  YESTERDAY        0                         0      0        0
  MONTH TO DATE    0                         0      0        0
  SINCE SEP 1    102                        25     77       34
  SINCE JAN 1    872                       541    331      675
..................................................................


WIND (MPH)
  HIGHEST WIND SPEED    12   HIGHEST WIND DIRECTION    SE (140)
  HIGHEST GUST SPEED    13   HIGHEST GUST DIRECTION    SE (150)
  AVERAGE WIND SPEED     2.8


SKY COVER
  POSSIBLE SUNSHINE  MM
  AVERAGE SKY COVER 0.0


WEATHER CONDITIONS
 THE FOLLOWING WEATHER WAS RECORDED YESTERDAY.
  NO SIGNIFICANT WEATHER WAS OBSERVED.


RELATIVE HUMIDITY (PERCENT)
 HIGHEST    58           700 AM
 LOWEST      7           200 PM
 AVERAGE    33

..........................................................


THE RIFLE CO CLIMATE NORMALS FOR TODAY
                         NORMAL    RECORD    YEAR
 MAXIMUM TEMPERATURE (F)   63        MM        MM
 MINIMUM TEMPERATURE (F)   33        MM        MM


SUNRISE AND SUNSET
OCTOBER 19 2017.......SUNRISE   725 AM MDT   SUNSET   626 PM MDT
OCTOBER 20 2017.......SUNRISE   726 AM MDT   SUNSET   624 PM MDT


-  INDICATES NEGATIVE NUMBERS.
R  INDICATES RECORD WAS SET OR TIED.
MM INDICATES DATA IS MISSING.
T  INDICATES TRACE AMOUNT.




$$
