000
CDUS45 KGJT 240730
CLIRIL


CLIMATE REPORT
NATIONAL WEATHER SERVICE GRAND JUNCTION CO
1228 AM MST FRI FEB 24 2017


...................................

...THE RIFLE CO CLIMATE SUMMARY FOR FEBRUARY 23 2017...

CLIMATE NORMAL PERIOD 1981 TO 2010
CLIMATE RECORD PERIOD 9999 TO 9999


WEATHER ITEM   OBSERVED TIME   RECORD YEAR NORMAL DEPARTURE LAST
                VALUE   (LST)  VALUE       VALUE  FROM      YEAR
                                                  NORMAL
..................................................................
TEMPERATURE (F)
 YESTERDAY
  MAXIMUM         51   1245 AM  MM      MM  45      6       43
  MINIMUM         25   1159 PM  MM      MM  21      4       21
  AVERAGE         38                        33      5       32

PRECIPITATION (IN)
  YESTERDAY        0.08         MM      MM   0.02   0.06     0.00
  MONTH TO DATE    0.39                      0.61  -0.22     0.19
  SINCE DEC 1      2.07                      2.26  -0.19     2.39
  SINCE JAN 1      1.14                      1.42  -0.28     1.26

SNOWFALL (IN)
  YESTERDAY       MM            MM      MM  MM     MM       MM
  MONTH TO DATE   MM                        MM     MM       MM
  SINCE DEC 1     MM                        MM     MM       MM
  SINCE JUL 1     MM                        MM     MM       MM
  SNOW DEPTH      MM

DEGREE DAYS
 HEATING
  YESTERDAY       27                        32     -5       33
  MONTH TO DATE  517                       809   -292      867
  SINCE DEC 1   2810                      3318   -508     3563
  SINCE JUL 1   3944                      4844   -900     4751

 COOLING
  YESTERDAY        0                         0      0        0
  MONTH TO DATE    0                         0      0        0
  SINCE DEC 1      0                         0      0        0
  SINCE JAN 1      0                         0      0        0
..................................................................


WIND (MPH)
  HIGHEST WIND SPEED    39   HIGHEST WIND DIRECTION     W (260)
  HIGHEST GUST SPEED    48   HIGHEST GUST DIRECTION     W (250)
  AVERAGE WIND SPEED    13.3


SKY COVER
  POSSIBLE SUNSHINE  MM
  AVERAGE SKY COVER 0.5


WEATHER CONDITIONS
 THE FOLLOWING WEATHER WAS RECORDED YESTERDAY.
  LIGHT RAIN
  LIGHT SNOW
  FOG


RELATIVE HUMIDITY (PERCENT)
 HIGHEST    89           500 AM
 LOWEST     24          1200 AM
 AVERAGE    57

..........................................................


THE RIFLE CO CLIMATE NORMALS FOR TODAY
                         NORMAL    RECORD    YEAR
 MAXIMUM TEMPERATURE (F)   46        MM        MM
 MINIMUM TEMPERATURE (F)   22        MM        MM


SUNRISE AND SUNSET
FEBRUARY 24 2017......SUNRISE   651 AM MST   SUNSET   558 PM MST
FEBRUARY 25 2017......SUNRISE   649 AM MST   SUNSET   559 PM MST


-  INDICATES NEGATIVE NUMBERS.
R  INDICATES RECORD WAS SET OR TIED.
MM INDICATES DATA IS MISSING.
T  INDICATES TRACE AMOUNT.




$$
