000
CDUS45 KGJT 230742
CLIRIL


CLIMATE REPORT
NATIONAL WEATHER SERVICE GRAND JUNCTION CO
138 AM MDT FRI JUN 23 2017


...................................

...THE RIFLE CO CLIMATE SUMMARY FOR JUNE 22 2017...

CLIMATE NORMAL PERIOD 1981 TO 2010
CLIMATE RECORD PERIOD 9999 TO 9999


WEATHER ITEM   OBSERVED TIME   RECORD YEAR NORMAL DEPARTURE LAST
                VALUE   (LST)  VALUE       VALUE  FROM      YEAR
                                                  NORMAL
..................................................................
TEMPERATURE (F)
 YESTERDAY
  MAXIMUM         96   1232 PM  MM      MM  87      9       97
  MINIMUM         58    521 AM  MM      MM  49      9       60
  AVERAGE         77                        68      9       79

PRECIPITATION (IN)
  YESTERDAY        T            MM      MM   0.03  -0.03     0.04
  MONTH TO DATE    0.07                      0.85  -0.78     0.20
  SINCE JUN 1      0.07                      0.85  -0.78     0.20
  SINCE JAN 1      2.30                      6.27  -3.97     4.58

SNOWFALL (IN)
  YESTERDAY       MM            MM      MM  MM     MM       MM
  MONTH TO DATE   MM                        MM     MM       MM
  SINCE JUN 1     MM                        MM     MM       MM
  SINCE JUL 1     MM                        MM     MM       MM
  SNOW DEPTH      MM

DEGREE DAYS
 HEATING
  YESTERDAY        0                         1     -1        0
  MONTH TO DATE    7                        56    -49        8
  SINCE JUN 1      7                        56    -49        8
  SINCE JUL 1   5468                      6622  -1154     6403

 COOLING
  YESTERDAY       12                         4      8       14
  MONTH TO DATE  155                        55    100      127
  SINCE JUN 1    155                        55    100      127
  SINCE JAN 1    161                        62     99      128
..................................................................


WIND (MPH)
  HIGHEST WIND SPEED    59   HIGHEST WIND DIRECTION     W (270)
  HIGHEST GUST SPEED    70   HIGHEST GUST DIRECTION     W (270)
  AVERAGE WIND SPEED     8.5


SKY COVER
  POSSIBLE SUNSHINE  MM
  AVERAGE SKY COVER 0.1


WEATHER CONDITIONS
 THE FOLLOWING WEATHER WAS RECORDED YESTERDAY.
  LIGHT RAIN


RELATIVE HUMIDITY (PERCENT)
 HIGHEST    51           600 AM
 LOWEST     11           100 PM
 AVERAGE    31

..........................................................


THE RIFLE CO CLIMATE NORMALS FOR TODAY
                         NORMAL    RECORD    YEAR
 MAXIMUM TEMPERATURE (F)   88        MM        MM
 MINIMUM TEMPERATURE (F)   50        MM        MM


SUNRISE AND SUNSET
JUNE 23 2017..........SUNRISE   544 AM MDT   SUNSET   842 PM MDT
JUNE 24 2017..........SUNRISE   545 AM MDT   SUNSET   842 PM MDT


-  INDICATES NEGATIVE NUMBERS.
R  INDICATES RECORD WAS SET OR TIED.
MM INDICATES DATA IS MISSING.
T  INDICATES TRACE AMOUNT.




$$
