000
CDUS45 KRIW 110732
CLIRIW


CLIMATE REPORT
NATIONAL WEATHER SERVICE RIVERTON WY
132 AM MDT FRI JUL 11 2014


...................................

...THE RIVERTON WY CLIMATE SUMMARY FOR JULY 10 2014...

CLIMATE NORMAL PERIOD 1981 TO 2010
CLIMATE RECORD PERIOD 1995 TO 2014


WEATHER ITEM   OBSERVED TIME   RECORD YEAR NORMAL DEPARTURE LAST
                VALUE   (LST)  VALUE       VALUE  FROM      YEAR
                                                  NORMAL
..................................................................
TEMPERATURE (F)
 YESTERDAY
  MAXIMUM         86    136 PM  95    2013  87     -1       95
  MINIMUM         65    359 AM  49    1999  56      9       58
  AVERAGE         76                        71      5       77

PRECIPITATION (IN)
  YESTERDAY        T             0.29 2001   0.03  -0.03     0.00
  MONTH TO DATE    0.16                      0.36  -0.20     0.27
  SINCE JUN 1      1.28                      1.64  -0.36     0.32
  SINCE JAN 1      3.60                      5.72  -2.12     3.76

SNOWFALL (IN)
  YESTERDAY        0.0                                       0.0
  MONTH TO DATE    0.0                                       0.0
  SINCE JUN 1      0.0                                       0.0
  SINCE JUL 1      0.0                                       0.0
  SNOW DEPTH       0

DEGREE DAYS
 HEATING
  YESTERDAY        0                         0      0        0
  MONTH TO DATE    4                         8     -4        0
  SINCE JUN 1    130                       127      3       52
  SINCE JUL 1      4                         8     -4        0

 COOLING
  YESTERDAY       11                         7      4       12
  MONTH TO DATE   76                        56     20       95
  SINCE JUN 1     99                       122    -23      232
  SINCE JAN 1    114                       131    -17      245
..................................................................


WIND (MPH)
  HIGHEST WIND SPEED    21   HIGHEST WIND DIRECTION    NW (320)
  HIGHEST GUST SPEED    26   HIGHEST GUST DIRECTION    NW (310)
  AVERAGE WIND SPEED     8.2


SKY COVER
  POSSIBLE SUNSHINE  MM
  AVERAGE SKY COVER 0.3


WEATHER CONDITIONS
 THE FOLLOWING WEATHER WAS RECORDED YESTERDAY.
  THUNDERSTORM


RELATIVE HUMIDITY (PERCENT)
 HIGHEST    57          1100 PM
 LOWEST     26           200 PM
 AVERAGE    42

..........................................................


THE RIVERTON WY CLIMATE NORMALS FOR TODAY
                         NORMAL    RECORD    YEAR
 MAXIMUM TEMPERATURE (F)   87        96      2013
 MINIMUM TEMPERATURE (F)   56        52      2000


SUNRISE AND SUNSET
JULY 11 2014..........SUNRISE   545 AM MDT   SUNSET   853 PM MDT
JULY 12 2014..........SUNRISE   546 AM MDT   SUNSET   853 PM MDT


-  INDICATES NEGATIVE NUMBERS.
R  INDICATES RECORD WAS SET OR TIED.
MM INDICATES DATA IS MISSING.
T  INDICATES TRACE AMOUNT.




$$
