000
CDUS45 KRIW 060738
CLIRIW


CLIMATE REPORT
NATIONAL WEATHER SERVICE RIVERTON WY
1233 AM MST FRI MAR 6 2015


...................................

...THE RIVERTON WY CLIMATE SUMMARY FOR MARCH 5 2015...

CLIMATE NORMAL PERIOD 1981 TO 2010
CLIMATE RECORD PERIOD 1995 TO 2015


WEATHER ITEM   OBSERVED TIME   RECORD YEAR NORMAL DEPARTURE LAST
                VALUE   (LST)  VALUE       VALUE  FROM      YEAR
                                                  NORMAL
..................................................................
TEMPERATURE (F)
 YESTERDAY
  MAXIMUM         25    524 PM  60    2000  43    -18       54
  MINIMUM         -7R   406 AM   4    2003  20    -27       28
  AVERAGE          9                        31    -22       41

PRECIPITATION (IN)
  YESTERDAY        0.00          0.42 2010   0.01  -0.01     0.00
  MONTH TO DATE    0.31                      0.06   0.25     0.07
  SINCE MAR 1      0.31                      0.06   0.25     0.07
  SINCE JAN 1      1.38                      0.57   0.81     0.97

SNOWFALL (IN)
  YESTERDAY        0.0                                       0.0
  MONTH TO DATE    5.2                                       0.1
  SINCE MAR 1      5.2                                       0.1
  SINCE JUL 1     33.8                                      49.3
  SNOW DEPTH       3

DEGREE DAYS
 HEATING
  YESTERDAY       56                        34     22       24
  MONTH TO DATE  268                       172     96      202
  SINCE MAR 1    268                       172     96      202
  SINCE JUL 1   5661                      6026   -365     6083

 COOLING
  YESTERDAY        0                         0      0        0
  MONTH TO DATE    0                         0      0        0
  SINCE MAR 1      0                         0      0        0
  SINCE JAN 1      0                         0      0        0
..................................................................


WIND (MPH)
  HIGHEST WIND SPEED    12   HIGHEST WIND DIRECTION    SW (230)
  HIGHEST GUST SPEED    13   HIGHEST GUST DIRECTION    SW (220)
  AVERAGE WIND SPEED     3.7


SKY COVER
  POSSIBLE SUNSHINE  MM
  AVERAGE SKY COVER 0.0


WEATHER CONDITIONS
 THE FOLLOWING WEATHER WAS RECORDED YESTERDAY.
  NO SIGNIFICANT WEATHER WAS OBSERVED.


RELATIVE HUMIDITY (PERCENT)
 HIGHEST    87           800 AM
 LOWEST     59           500 PM
 AVERAGE    73

..........................................................


THE RIVERTON WY CLIMATE NORMALS FOR TODAY
                         NORMAL    RECORD    YEAR
 MAXIMUM TEMPERATURE (F)   44        63      2005
 MINIMUM TEMPERATURE (F)   20         0      1996


SUNRISE AND SUNSET
MARCH  6 2015.........SUNRISE   642 AM MST   SUNSET   609 PM MST
MARCH  7 2015.........SUNRISE   640 AM MST   SUNSET   610 PM MST


-  INDICATES NEGATIVE NUMBERS.
R  INDICATES RECORD WAS SET OR TIED.
MM INDICATES DATA IS MISSING.
T  INDICATES TRACE AMOUNT.




$$
