000
CDUS45 KRIW 010736
CLIRIW


CLIMATE REPORT
NATIONAL WEATHER SERVICE RIVERTON WY
136 AM MDT SAT AUG 1 2015


...................................

...THE RIVERTON WY CLIMATE SUMMARY FOR JULY 31 2015...

CLIMATE NORMAL PERIOD 1981 TO 2010
CLIMATE RECORD PERIOD 1995 TO 2015


WEATHER ITEM   OBSERVED TIME   RECORD YEAR NORMAL DEPARTURE LAST
                VALUE   (LST)  VALUE       VALUE  FROM      YEAR
                                                  NORMAL
..................................................................
TEMPERATURE (F)
 YESTERDAY
  MAXIMUM         92    437 PM  98    2003  89      3       83
  MINIMUM         53    504 AM  49    2009  57     -4       53
  AVERAGE         73                        73      0       68

PRECIPITATION (IN)
  YESTERDAY        0.00          0.27 1998   0.02  -0.02     0.00
  MONTH TO DATE    1.10                      0.89   0.21     0.78
  SINCE JUN 1      1.89                      2.17  -0.28     1.90
  SINCE JAN 1      8.74                      6.25   2.49     4.22

SNOWFALL (IN)
  YESTERDAY        0.0                                       0.0
  MONTH TO DATE    0.0                                       0.0
  SINCE JUN 1      T                                         0.0
  SINCE JUL 1      0.0                                       0.0
  SNOW DEPTH       0

DEGREE DAYS
 HEATING
  YESTERDAY        0                         0      0        0
  MONTH TO DATE   10                         8      2        4
  SINCE JUN 1     33                       131    -98      130
  SINCE JUL 1     10                        12     -2        4

 COOLING
  YESTERDAY        8                         8      0        3
  MONTH TO DATE  154                       220    -66      238
  SINCE JUN 1    285                       286     -1      261
  SINCE JAN 1    285                       295    -10      276
..................................................................


WIND (MPH)
  HIGHEST WIND SPEED    15   HIGHEST WIND DIRECTION    NE (30)
  HIGHEST GUST SPEED    20   HIGHEST GUST DIRECTION    NE (30)
  AVERAGE WIND SPEED     7.2


SKY COVER
  POSSIBLE SUNSHINE  MM
  AVERAGE SKY COVER 0.0


WEATHER CONDITIONS
 THE FOLLOWING WEATHER WAS RECORDED YESTERDAY.
  NO SIGNIFICANT WEATHER WAS OBSERVED.


RELATIVE HUMIDITY (PERCENT)
 HIGHEST    46           400 AM
 LOWEST      9           600 PM
 AVERAGE    28

..........................................................


THE RIVERTON WY CLIMATE NORMALS FOR TODAY
                         NORMAL    RECORD    YEAR
 MAXIMUM TEMPERATURE (F)   89        99      2008
 MINIMUM TEMPERATURE (F)   57        47      2009


SUNRISE AND SUNSET
AUGUST  1 2015........SUNRISE   604 AM MDT   SUNSET   835 PM MDT
AUGUST  2 2015........SUNRISE   605 AM MDT   SUNSET   834 PM MDT


-  INDICATES NEGATIVE NUMBERS.
R  INDICATES RECORD WAS SET OR TIED.
MM INDICATES DATA IS MISSING.
T  INDICATES TRACE AMOUNT.




$$
