342
CDUS45 KRIW 230035
CLIRIW


CLIMATE REPORT
NATIONAL WEATHER SERVICE RIVERTON WY
535 PM MST WED FEB 22 2017


...................................

...THE RIVERTON WY CLIMATE SUMMARY FOR FEBRUARY 22 2017...
VALID TODAY AS OF 0500 PM LOCAL TIME.

CLIMATE NORMAL PERIOD 1981 TO 2010
CLIMATE RECORD PERIOD 1995 TO 2017


WEATHER ITEM   OBSERVED TIME   RECORD YEAR NORMAL DEPARTURE LAST
                VALUE   (LST)  VALUE       VALUE  FROM      YEAR
                                                  NORMAL
..................................................................
TEMPERATURE (F)
 TODAY
  MAXIMUM         42        MM  60    2002  38      4       43
  MINIMUM         29        MM  -6    2010  15     14       27
  AVERAGE         36                        27      9       35

PRECIPITATION (IN)
  TODAY            0.00          0.13 2014   0.01  -0.01     0.00
  MONTH TO DATE    0.17                      0.20  -0.03     0.28
  SINCE DEC 1      1.95                      0.76   1.19     0.76
  SINCE JAN 1      1.18                      0.44   0.74     0.68

SNOWFALL (IN)
  TODAY            0.0                                       0.0
  MONTH TO DATE    1.4                                       2.6
  SINCE DEC 1     30.4                                      10.1
  SINCE JUL 1     34.8                                      28.2
  SNOW DEPTH       0

DEGREE DAYS
 HEATING
  TODAY           29                        38     -9       30
  MONTH TO DATE  832                       919    -87      746
  SINCE DEC 1   3985                      3718    267     3588
  SINCE JUL 1   5581                      5634    -53     5127

 COOLING
  TODAY            0                         0      0        0
  MONTH TO DATE    0                         0      0        0
  SINCE DEC 1      0                         0      0        0
  SINCE JAN 1      0                         0      0        0
..................................................................


WIND (MPH)
  HIGHEST WIND SPEED    21   HIGHEST WIND DIRECTION    NW (300)
  HIGHEST GUST SPEED    29   HIGHEST GUST DIRECTION    NW (300)
  AVERAGE WIND SPEED    11.6


SKY COVER
  POSSIBLE SUNSHINE  MM
  AVERAGE SKY COVER 0.1


WEATHER CONDITIONS
 THE FOLLOWING WEATHER WAS RECORDED TODAY.
  NO SIGNIFICANT WEATHER WAS OBSERVED.


RELATIVE HUMIDITY (PERCENT)
 HIGHEST    92           100 AM
 LOWEST     24           300 PM
 AVERAGE    58

..........................................................


THE RIVERTON WY CLIMATE NORMALS FOR TOMORROW
                         NORMAL    RECORD    YEAR
 MAXIMUM TEMPERATURE (F)   39        62      2002
 MINIMUM TEMPERATURE (F)   15       -11      2003


SUNRISE AND SUNSET
FEBRUARY 22 2017......SUNRISE   700 AM MST   SUNSET   555 PM MST
FEBRUARY 23 2017......SUNRISE   659 AM MST   SUNSET   556 PM MST


-  INDICATES NEGATIVE NUMBERS.
R  INDICATES RECORD WAS SET OR TIED.
MM INDICATES DATA IS MISSING.
T  INDICATES TRACE AMOUNT.




$$
