000
CDUS45 KRIW 240735
CLIRIW


CLIMATE REPORT
NATIONAL WEATHER SERVICE RIVERTON WY
133 AM MDT SAT JUN 24 2017


...................................

...THE RIVERTON WY CLIMATE SUMMARY FOR JUNE 23 2017...

CLIMATE NORMAL PERIOD 1981 TO 2010
CLIMATE RECORD PERIOD 1995 TO 2017


WEATHER ITEM   OBSERVED TIME   RECORD YEAR NORMAL DEPARTURE LAST
                VALUE   (LST)  VALUE       VALUE  FROM      YEAR
                                                  NORMAL
..................................................................
TEMPERATURE (F)
 YESTERDAY
  MAXIMUM         69    546 PM  98    2007  81    -12       93
  MINIMUM         43    457 AM  41    2013  51     -8       55
  AVERAGE         56                        66    -10       74

PRECIPITATION (IN)
  YESTERDAY        0.00          0.66 2003   0.04  -0.04     0.00
  MONTH TO DATE    0.18                      1.03  -0.85     0.32
  SINCE JUN 1      0.18                      1.03  -0.85     0.32
  SINCE JAN 1     10.34                      5.11   5.23     9.21

SNOWFALL (IN)
  YESTERDAY        0.0                                       0.0
  MONTH TO DATE    0.0                                       0.0
  SINCE JUN 1      0.0                                       0.0
  SINCE JUL 1     66.4                                      62.4
  SNOW DEPTH       0

DEGREE DAYS
 HEATING
  YESTERDAY        9                         2      7        0
  MONTH TO DATE   47                       107    -60       14
  SINCE JUN 1     47                       107    -60       14
  SINCE JUL 1   7619                      7858   -239     7102

 COOLING
  YESTERDAY        0                         3     -3        9
  MONTH TO DATE   43                        40      3      123
  SINCE JUN 1     43                        40      3      123
  SINCE JAN 1     43                        49     -6      123
..................................................................


WIND (MPH)
  HIGHEST WIND SPEED    20   HIGHEST WIND DIRECTION     N (20)
  HIGHEST GUST SPEED    26   HIGHEST GUST DIRECTION    NE (30)
  AVERAGE WIND SPEED     6.1


SKY COVER
  POSSIBLE SUNSHINE  MM
  AVERAGE SKY COVER 0.1


WEATHER CONDITIONS
 THE FOLLOWING WEATHER WAS RECORDED YESTERDAY.
  NO SIGNIFICANT WEATHER WAS OBSERVED.


RELATIVE HUMIDITY (PERCENT)
 HIGHEST    65           500 AM
 LOWEST     22           500 PM
 AVERAGE    44

..........................................................


THE RIVERTON WY CLIMATE NORMALS FOR TODAY
                         NORMAL    RECORD    YEAR
 MAXIMUM TEMPERATURE (F)   81        99      2012
 MINIMUM TEMPERATURE (F)   51        41      2003


SUNRISE AND SUNSET
JUNE 24 2017..........SUNRISE   535 AM MDT   SUNSET   857 PM MDT
JUNE 25 2017..........SUNRISE   536 AM MDT   SUNSET   857 PM MDT


-  INDICATES NEGATIVE NUMBERS.
R  INDICATES RECORD WAS SET OR TIED.
MM INDICATES DATA IS MISSING.
T  INDICATES TRACE AMOUNT.




$$
