000
CDUS45 KRIW 040032
CLIRIW


CLIMATE REPORT
NATIONAL WEATHER SERVICE RIVERTON WY
632 PM MDT FRI JUL 3 2015


...................................

...THE RIVERTON WY CLIMATE SUMMARY FOR JULY 3 2015...
VALID TODAY AS OF 0500 PM LOCAL TIME.

CLIMATE NORMAL PERIOD 1981 TO 2010
CLIMATE RECORD PERIOD 1995 TO 2015


WEATHER ITEM   OBSERVED TIME   RECORD YEAR NORMAL DEPARTURE LAST
                VALUE   (LST)  VALUE       VALUE  FROM      YEAR
                                                  NORMAL
..................................................................
TEMPERATURE (F)
 TODAY
  MAXIMUM         93        MM  99    1996  84      9       90
  MINIMUM         58        MM  43    1997  54      4       53
  AVERAGE         76                        69      7       72

PRECIPITATION (IN)
  TODAY            0.00          0.19 2013   0.04  -0.04     0.00
  MONTH TO DATE    T                         0.12  -0.12     0.00
  SINCE JUN 1      0.79                      1.40  -0.61     1.12
  SINCE JAN 1      7.64                      5.48   2.16     3.44

SNOWFALL (IN)
  TODAY            0.0                                       0.0
  MONTH TO DATE    0.0                                       0.0
  SINCE JUN 1      T                                         0.0
  SINCE JUL 1      0.0                                       0.0
  SNOW DEPTH       0

DEGREE DAYS
 HEATING
  TODAY            0                         1     -1        0
  MONTH TO DATE    0                         3     -3        4
  SINCE JUN 1     23                       122    -99      130
  SINCE JUL 1      0                         3     -3        4

 COOLING
  TODAY           11                         5      6        7
  MONTH TO DATE   30                        15     15        7
  SINCE JUN 1    161                        81     80       30
  SINCE JAN 1    161                        90     71       45
..................................................................


WIND (MPH)
  HIGHEST WIND SPEED    10   HIGHEST WIND DIRECTION    NE (50)
  HIGHEST GUST SPEED    MM   HIGHEST GUST DIRECTION    MM
  AVERAGE WIND SPEED     6.3


SKY COVER
  POSSIBLE SUNSHINE  MM
  AVERAGE SKY COVER 0.1


WEATHER CONDITIONS
 THE FOLLOWING WEATHER WAS RECORDED TODAY.
  NO SIGNIFICANT WEATHER WAS OBSERVED.


RELATIVE HUMIDITY (PERCENT)
 HIGHEST    75           400 AM
 LOWEST     18           400 PM
 AVERAGE    47

..........................................................


THE RIVERTON WY CLIMATE NORMALS FOR TOMORROW
                         NORMAL    RECORD    YEAR
 MAXIMUM TEMPERATURE (F)   85        98      2001
 MINIMUM TEMPERATURE (F)   54        45      1997


SUNRISE AND SUNSET
JULY  3 2015..........SUNRISE   539 AM MDT   SUNSET   856 PM MDT
JULY  4 2015..........SUNRISE   540 AM MDT   SUNSET   856 PM MDT


-  INDICATES NEGATIVE NUMBERS.
R  INDICATES RECORD WAS SET OR TIED.
MM INDICATES DATA IS MISSING.
T  INDICATES TRACE AMOUNT.




$$
