000
CDUS45 KRIW 270031
CLIRIW


CLIMATE REPORT
NATIONAL WEATHER SERVICE RIVERTON WY
631 PM MDT THU MAR 26 2015


...................................

...THE RIVERTON WY CLIMATE SUMMARY FOR MARCH 26 2015...
VALID TODAY AS OF 0500 PM LOCAL TIME.

CLIMATE NORMAL PERIOD 1981 TO 2010
CLIMATE RECORD PERIOD 1995 TO 2015


WEATHER ITEM   OBSERVED TIME   RECORD YEAR NORMAL DEPARTURE LAST
                VALUE   (LST)  VALUE       VALUE  FROM      YEAR
                                                  NORMAL
..................................................................
TEMPERATURE (F)
 TODAY
  MAXIMUM         61        MM  69    2012  51     10       53
  MINIMUM         37        MM   1    1996  27     10       25
  AVERAGE         49                        39     10       39

PRECIPITATION (IN)
  TODAY            0.00          0.05 2003   0.03  -0.03     0.00
  MONTH TO DATE    0.41                      0.41   0.00     0.46
  SINCE MAR 1      0.41                      0.41   0.00     0.46
  SINCE JAN 1      1.48                      0.92   0.56     1.36

SNOWFALL (IN)
  TODAY            0.0                                       0.0
  MONTH TO DATE    6.7                                       3.1
  SINCE MAR 1      6.7                                       3.1
  SINCE JUL 1     35.3                                      52.3
  SNOW DEPTH       0

DEGREE DAYS
 HEATING
  TODAY           16                        26    -10       26
  MONTH TO DATE  733                       790    -57      792
  SINCE MAR 1    733                       790    -57      792
  SINCE JUL 1   6126                      6644   -518     6673

 COOLING
  TODAY            0                         0      0        0
  MONTH TO DATE    0                         0      0        0
  SINCE MAR 1      0                         0      0        0
  SINCE JAN 1      0                         0      0        0
..................................................................


WIND (MPH)
  HIGHEST WIND SPEED    30   HIGHEST WIND DIRECTION    NW (310)
  HIGHEST GUST SPEED    38   HIGHEST GUST DIRECTION    NW (310)
  AVERAGE WIND SPEED    15.2


SKY COVER
  POSSIBLE SUNSHINE  MM
  AVERAGE SKY COVER 0.0


WEATHER CONDITIONS
 THE FOLLOWING WEATHER WAS RECORDED TODAY.
  NO SIGNIFICANT WEATHER WAS OBSERVED.


RELATIVE HUMIDITY (PERCENT)
 HIGHEST    48           600 AM
 LOWEST     25           400 PM
 AVERAGE    37

..........................................................


THE RIVERTON WY CLIMATE NORMALS FOR TOMORROW
                         NORMAL    RECORD    YEAR
 MAXIMUM TEMPERATURE (F)   51        71      2007
 MINIMUM TEMPERATURE (F)   27         2      2009


SUNRISE AND SUNSET
MARCH 26 2015.........SUNRISE   707 AM MDT   SUNSET   733 PM MDT
MARCH 27 2015.........SUNRISE   705 AM MDT   SUNSET   734 PM MDT


-  INDICATES NEGATIVE NUMBERS.
R  INDICATES RECORD WAS SET OR TIED.
MM INDICATES DATA IS MISSING.
T  INDICATES TRACE AMOUNT.




$$
