000
CDUS45 KRIW 220806
CLIRKS


CLIMATE REPORT
NATIONAL WEATHER SERVICE RIVERTON WY
204 AM MDT WED MAR 22 2017


...................................

...THE ROCK SPRINGS WY CLIMATE SUMMARY FOR MARCH 21 2017...

CLIMATE NORMAL PERIOD 1981 TO 2010
CLIMATE RECORD PERIOD 1948 TO 2017


WEATHER ITEM   OBSERVED TIME   RECORD YEAR NORMAL DEPARTURE LAST
                VALUE   (LST)  VALUE       VALUE  FROM      YEAR
                                                  NORMAL
..................................................................
TEMPERATURE (F)
 YESTERDAY
  MAXIMUM         65    200 PM  68    2004  46     19       61
  MINIMUM         40    247 AM  -3    1955  25     15       37
  AVERAGE         53                        35     18       49

PRECIPITATION (IN)
  YESTERDAY        T             0.06 1975   0.02  -0.02     0.00
  MONTH TO DATE    0.03                      0.42  -0.39     0.04
  SINCE MAR 1      0.03                      0.42  -0.39     0.04
  SINCE JAN 1      0.93                      1.35  -0.42     0.26

DEGREE DAYS
 HEATING
  YESTERDAY       12                        30    -18       16
  MONTH TO DATE  549                       694   -145      586
  SINCE MAR 1    549                       694   -145      586
  SINCE JUL 1   6287                      6546   -259     6103

 COOLING
  YESTERDAY        0                         0      0        0
  MONTH TO DATE    0                         0      0        0
  SINCE MAR 1      0                         0      0        0
  SINCE JAN 1      0                         0      0        0
..................................................................


WIND (MPH)
  HIGHEST WIND SPEED    25   HIGHEST WIND DIRECTION     S (180)
  HIGHEST GUST SPEED    32   HIGHEST GUST DIRECTION     S (180)
  AVERAGE WIND SPEED     6.8


SKY COVER
  POSSIBLE SUNSHINE  MM
  AVERAGE SKY COVER 0.3


WEATHER CONDITIONS
 THE FOLLOWING WEATHER WAS RECORDED YESTERDAY.
  LIGHT RAIN


RELATIVE HUMIDITY (PERCENT)
 HIGHEST    73           100 AM
 LOWEST     24           200 PM
 AVERAGE    49

..........................................................


THE ROCK SPRINGS WY CLIMATE NORMALS FOR TODAY
                         NORMAL    RECORD    YEAR
 MAXIMUM TEMPERATURE (F)   46        71      2004
 MINIMUM TEMPERATURE (F)   25         2      1952


SUNRISE AND SUNSET
MARCH 22 2017.........SUNRISE   716 AM MDT   SUNSET   731 PM MDT
MARCH 23 2017.........SUNRISE   714 AM MDT   SUNSET   732 PM MDT


-  INDICATES NEGATIVE NUMBERS.
R  INDICATES RECORD WAS SET OR TIED.
MM INDICATES DATA IS MISSING.
T  INDICATES TRACE AMOUNT.




$$
