000
CDUS45 KRIW 230735
CLIRKS


CLIMATE REPORT
NATIONAL WEATHER SERVICE RIVERTON WY
127 AM MDT SAT AUG 23 2014


...................................

...THE ROCK SPRINGS WY CLIMATE SUMMARY FOR AUGUST 22 2014...

CLIMATE NORMAL PERIOD 1981 TO 2010
CLIMATE RECORD PERIOD 1948 TO 2014


WEATHER ITEM   OBSERVED TIME   RECORD YEAR NORMAL DEPARTURE LAST
                VALUE   (LST)  VALUE       VALUE  FROM      YEAR
                                                  NORMAL
..................................................................
TEMPERATURE (F)
 YESTERDAY
  MAXIMUM         77   1250 PM  93    2009  80     -3       75
  MINIMUM         45   1159 PM  37    1966  51     -6       56
  AVERAGE         61                        66     -5       66

PRECIPITATION (IN)
  YESTERDAY        0.04          0.37 1968   0.02   0.02      T
  MONTH TO DATE    0.34                      0.43  -0.09     0.27
  SINCE JUN 1      0.99                      1.86  -0.87     0.48
  SINCE JAN 1      2.30                      5.59  -3.29     1.97

DEGREE DAYS
 HEATING
  YESTERDAY        4                         2      2        0
  MONTH TO DATE   22                        17      5        0
  SINCE JUN 1    183                       208    -25       62
  SINCE JUL 1     36                        41     -5        0

 COOLING
  YESTERDAY        0                         2     -2        1
  MONTH TO DATE   70                        83    -13      121
  SINCE JUN 1    292                       262     30      438
  SINCE JAN 1    299                       263     36      439
..................................................................


WIND (MPH)
  HIGHEST WIND SPEED    25   HIGHEST WIND DIRECTION     W (260)
  HIGHEST GUST SPEED    30   HIGHEST GUST DIRECTION     W (270)
  AVERAGE WIND SPEED     7.6


SKY COVER
  POSSIBLE SUNSHINE  MM
  AVERAGE SKY COVER 0.4


WEATHER CONDITIONS
 THE FOLLOWING WEATHER WAS RECORDED YESTERDAY.
  THUNDERSTORM
  LIGHT RAIN
  FOG


RELATIVE HUMIDITY (PERCENT)
 HIGHEST    93          1000 PM
 LOWEST     27           100 PM
 AVERAGE    60

..........................................................


THE ROCK SPRINGS WY CLIMATE NORMALS FOR TODAY
                         NORMAL    RECORD    YEAR
 MAXIMUM TEMPERATURE (F)   80        90      2011
 MINIMUM TEMPERATURE (F)   51        36      1960


SUNRISE AND SUNSET
AUGUST 23 2014........SUNRISE   633 AM MDT   SUNSET   804 PM MDT
AUGUST 24 2014........SUNRISE   634 AM MDT   SUNSET   802 PM MDT


-  INDICATES NEGATIVE NUMBERS.
R  INDICATES RECORD WAS SET OR TIED.
MM INDICATES DATA IS MISSING.
T  INDICATES TRACE AMOUNT.




$$
