000
CDUS45 KRIW 220735
CLIRKS


CLIMATE REPORT
NATIONAL WEATHER SERVICE RIVERTON WY
1233 AM MST WED FEB 22 2017


...................................

...THE ROCK SPRINGS WY CLIMATE SUMMARY FOR FEBRUARY 21 2017...

CLIMATE NORMAL PERIOD 1981 TO 2010
CLIMATE RECORD PERIOD 1948 TO 2017


WEATHER ITEM   OBSERVED TIME   RECORD YEAR NORMAL DEPARTURE LAST
                VALUE   (LST)  VALUE       VALUE  FROM      YEAR
                                                  NORMAL
..................................................................
TEMPERATURE (F)
 YESTERDAY
  MAXIMUM         53    152 PM  59    1982  35     18       39
  MINIMUM         28   1159 PM  -3    1973  16     12       19
  AVERAGE         41                        26     15       29

PRECIPITATION (IN)
  YESTERDAY        0.03          0.19 1979   0.02   0.01     0.00
  MONTH TO DATE    0.18                      0.36  -0.18     0.12
  SINCE DEC 1      0.75                      1.31  -0.56     0.19
  SINCE JAN 1      0.67                      0.81  -0.14     0.15

DEGREE DAYS
 HEATING
  YESTERDAY       24                        40    -16       36
  MONTH TO DATE  720                       880   -160      760
  SINCE DEC 1   3683                      3591     92     3599
  SINCE JUL 1   5403                      5584   -181     5265

 COOLING
  YESTERDAY        0                         0      0        0
  MONTH TO DATE    0                         0      0        0
  SINCE DEC 1      0                         0      0        0
  SINCE JAN 1      0                         0      0        0
..................................................................


WIND (MPH)
  HIGHEST WIND SPEED    35   HIGHEST WIND DIRECTION    SW (210)
  HIGHEST GUST SPEED    44   HIGHEST GUST DIRECTION    SW (210)
  AVERAGE WIND SPEED    17.3


SKY COVER
  POSSIBLE SUNSHINE  MM
  AVERAGE SKY COVER 0.3


WEATHER CONDITIONS
 THE FOLLOWING WEATHER WAS RECORDED YESTERDAY.
  SNOW
  LIGHT SNOW
  FOG


RELATIVE HUMIDITY (PERCENT)
 HIGHEST    85           900 PM
 LOWEST     38           200 PM
 AVERAGE    62

..........................................................


THE ROCK SPRINGS WY CLIMATE NORMALS FOR TODAY
                         NORMAL    RECORD    YEAR
 MAXIMUM TEMPERATURE (F)   35        54      1982
 MINIMUM TEMPERATURE (F)   17       -10      1973


SUNRISE AND SUNSET
FEBRUARY 22 2017......SUNRISE   701 AM MST   SUNSET   559 PM MST
FEBRUARY 23 2017......SUNRISE   700 AM MST   SUNSET   600 PM MST


-  INDICATES NEGATIVE NUMBERS.
R  INDICATES RECORD WAS SET OR TIED.
MM INDICATES DATA IS MISSING.
T  INDICATES TRACE AMOUNT.




$$
