000
CDUS45 KRIW 280740
CLIRKS


CLIMATE REPORT
NATIONAL WEATHER SERVICE RIVERTON WY
128 AM MDT SAT MAY 28 2016


...................................

...THE ROCK SPRINGS WY CLIMATE SUMMARY FOR MAY 27 2016...

CLIMATE NORMAL PERIOD 1981 TO 2010
CLIMATE RECORD PERIOD 1948 TO 2016


WEATHER ITEM   OBSERVED TIME   RECORD YEAR NORMAL DEPARTURE LAST
                VALUE   (LST)  VALUE       VALUE  FROM      YEAR
                                                  NORMAL
..................................................................
TEMPERATURE (F)
 YESTERDAY
  MAXIMUM         62    138 PM  85    1969  68     -6       63
  MINIMUM         42    600 AM  27    1973  41      1       43
  AVERAGE         52                        54     -2       53

PRECIPITATION (IN)
  YESTERDAY        0.01          0.51 1995   0.04  -0.03     0.45
  MONTH TO DATE    2.20                      1.06   1.14     3.09
  SINCE MAR 1      4.24                      2.65   1.59     3.98
  SINCE JAN 1      4.46                      3.58   0.88     4.07

DEGREE DAYS
 HEATING
  YESTERDAY       13                        11      2       12
  MONTH TO DATE  466                       402     64      471
  SINCE MAR 1   2024                      2082    -58     1916
  SINCE JUL 1   7541                      7934   -393     7029

 COOLING
  YESTERDAY        0                         0      0        0
  MONTH TO DATE    0                         0      0        0
  SINCE MAR 1      0                         0      0        0
  SINCE JAN 1      0                         0      0        0
..................................................................


WIND (MPH)
  HIGHEST WIND SPEED    28   HIGHEST WIND DIRECTION     W (270)
  HIGHEST GUST SPEED    34   HIGHEST GUST DIRECTION     W (270)
  AVERAGE WIND SPEED    10.1


SKY COVER
  POSSIBLE SUNSHINE  MM
  AVERAGE SKY COVER 0.4


WEATHER CONDITIONS
 THE FOLLOWING WEATHER WAS RECORDED YESTERDAY.
  RAIN
  LIGHT RAIN
  FOG


RELATIVE HUMIDITY (PERCENT)
 HIGHEST   100           700 AM
 LOWEST     36           600 PM
 AVERAGE    68

..........................................................


THE ROCK SPRINGS WY CLIMATE NORMALS FOR TODAY
                         NORMAL    RECORD    YEAR
 MAXIMUM TEMPERATURE (F)   68        89      2003
 MINIMUM TEMPERATURE (F)   41        29      1954


SUNRISE AND SUNSET
MAY 28 2016...........SUNRISE   546 AM MDT   SUNSET   841 PM MDT
MAY 29 2016...........SUNRISE   546 AM MDT   SUNSET   842 PM MDT


-  INDICATES NEGATIVE NUMBERS.
R  INDICATES RECORD WAS SET OR TIED.
MM INDICATES DATA IS MISSING.
T  INDICATES TRACE AMOUNT.




$$
