000
CDUS45 KRIW 070732
CLIRKS


CLIMATE REPORT
NATIONAL WEATHER SERVICE RIVERTON WY
1230 AM MST WED DEC 7 2016


...................................

...THE ROCK SPRINGS WY CLIMATE SUMMARY FOR DECEMBER 6 2016...

CLIMATE NORMAL PERIOD 1981 TO 2010
CLIMATE RECORD PERIOD 1948 TO 2016


WEATHER ITEM   OBSERVED TIME   RECORD YEAR NORMAL DEPARTURE LAST
                VALUE   (LST)  VALUE       VALUE  FROM      YEAR
                                                  NORMAL
..................................................................
TEMPERATURE (F)
 YESTERDAY
  MAXIMUM         18    209 PM  54    1981  31    -13       30
  MINIMUM         -7    733 AM -19    2013  13    -20       11
  AVERAGE          6                        22    -16       21

PRECIPITATION (IN)
  YESTERDAY        T             0.17 1956   0.02  -0.02     0.00
  MONTH TO DATE    T                         0.10  -0.10     0.00
  SINCE DEC 1      T                         0.10  -0.10     0.00
  SINCE JAN 1      7.36                      8.16  -0.80     8.58

DEGREE DAYS
 HEATING
  YESTERDAY       59                        43     16       44
  MONTH TO DATE  282                       253     29      255
  SINCE DEC 1    282                       253     29      255
  SINCE JUL 1   2002                      2246   -244     1921

 COOLING
  YESTERDAY        0                         0      0        0
  MONTH TO DATE    0                         0      0        0
  SINCE DEC 1      0                         0      0        0
  SINCE JAN 1    354                       286     68      270
..................................................................


WIND (MPH)
  HIGHEST WIND SPEED     9   HIGHEST WIND DIRECTION     W (260)
  HIGHEST GUST SPEED    11   HIGHEST GUST DIRECTION    SE (120)
  AVERAGE WIND SPEED     3.1


SKY COVER
  POSSIBLE SUNSHINE  MM
  AVERAGE SKY COVER 0.5


WEATHER CONDITIONS
 THE FOLLOWING WEATHER WAS RECORDED YESTERDAY.
  LIGHT SNOW
  FOG


RELATIVE HUMIDITY (PERCENT)
 HIGHEST    88           900 PM
 LOWEST     37           200 PM
 AVERAGE    63

..........................................................


THE ROCK SPRINGS WY CLIMATE NORMALS FOR TODAY
                         NORMAL    RECORD    YEAR
 MAXIMUM TEMPERATURE (F)   30        51      1981
 MINIMUM TEMPERATURE (F)   13       -18      2005


SUNRISE AND SUNSET
DECEMBER  7 2016......SUNRISE   730 AM MST   SUNSET   446 PM MST
DECEMBER  8 2016......SUNRISE   731 AM MST   SUNSET   446 PM MST


-  INDICATES NEGATIVE NUMBERS.
R  INDICATES RECORD WAS SET OR TIED.
MM INDICATES DATA IS MISSING.
T  INDICATES TRACE AMOUNT.




$$
