000
CDUS45 KRIW 230741
CLIRKS


CLIMATE REPORT
NATIONAL WEATHER SERVICE RIVERTON WY
137 AM MDT WED AUG 23 2017


...................................

...THE ROCK SPRINGS WY CLIMATE SUMMARY FOR AUGUST 22 2017...

CLIMATE NORMAL PERIOD 1981 TO 2010
CLIMATE RECORD PERIOD 1948 TO 2017


WEATHER ITEM   OBSERVED TIME   RECORD YEAR NORMAL DEPARTURE LAST
                VALUE   (LST)  VALUE       VALUE  FROM      YEAR
                                                  NORMAL
..................................................................
TEMPERATURE (F)
 YESTERDAY
  MAXIMUM         86    158 PM  93    2009  80      6       84
  MINIMUM         51    504 AM  37    1966  51      0       53
  AVERAGE         69                        66      3       69

PRECIPITATION (IN)
  YESTERDAY        0.00          0.37 1968   0.02  -0.02     0.00
  MONTH TO DATE    0.70                      0.43   0.27     0.20
  SINCE JUN 1      0.86                      1.86  -1.00     0.71
  SINCE JAN 1      4.38                      5.59  -1.21     5.17

DEGREE DAYS
 HEATING
  YESTERDAY        0                         2     -2        0
  MONTH TO DATE   16                        17     -1       28
  SINCE JUN 1    102                       208   -106       80
  SINCE JUL 1     16                        41    -25       41

 COOLING
  YESTERDAY        4                         2      2        4
  MONTH TO DATE   64                        83    -19       75
  SINCE JUN 1    342                       262     80      330
  SINCE JAN 1    342                       263     79      330
..................................................................


WIND (MPH)
  HIGHEST WIND SPEED    23   HIGHEST WIND DIRECTION    SW (240)
  HIGHEST GUST SPEED    29   HIGHEST GUST DIRECTION     W (250)
  AVERAGE WIND SPEED     7.8


SKY COVER
  POSSIBLE SUNSHINE  MM
  AVERAGE SKY COVER 0.0


WEATHER CONDITIONS
 THE FOLLOWING WEATHER WAS RECORDED YESTERDAY.
  NO SIGNIFICANT WEATHER WAS OBSERVED.


RELATIVE HUMIDITY (PERCENT)
 HIGHEST    50           500 AM
 LOWEST     11           200 PM
 AVERAGE    31

..........................................................


THE ROCK SPRINGS WY CLIMATE NORMALS FOR TODAY
                         NORMAL    RECORD    YEAR
 MAXIMUM TEMPERATURE (F)   80        90      2011
 MINIMUM TEMPERATURE (F)   51        36      1960


SUNRISE AND SUNSET
AUGUST 23 2017........SUNRISE   633 AM MDT   SUNSET   803 PM MDT
AUGUST 24 2017........SUNRISE   634 AM MDT   SUNSET   802 PM MDT


-  INDICATES NEGATIVE NUMBERS.
R  INDICATES RECORD WAS SET OR TIED.
MM INDICATES DATA IS MISSING.
T  INDICATES TRACE AMOUNT.




$$
