000
CDUS45 KRIW 050739
CLIRKS


CLIMATE REPORT
NATIONAL WEATHER SERVICE RIVERTON WY
1237 AM MST FRI FEB 5 2016


...................................

...THE ROCK SPRINGS WY CLIMATE SUMMARY FOR FEBRUARY 4 2016...

CLIMATE NORMAL PERIOD 1981 TO 2010
CLIMATE RECORD PERIOD 1948 TO 2016


WEATHER ITEM   OBSERVED TIME   RECORD YEAR NORMAL DEPARTURE LAST
                VALUE   (LST)  VALUE       VALUE  FROM      YEAR
                                                  NORMAL
..................................................................
TEMPERATURE (F)
 YESTERDAY
  MAXIMUM         23    424 PM  56    1963  31     -8       42
  MINIMUM          5    345 AM -23    1989  13     -8       31
  AVERAGE         14                        22     -8       37

PRECIPITATION (IN)
  YESTERDAY        T             0.21 1959   0.02  -0.02     0.04
  MONTH TO DATE    0.01                      0.07  -0.06     0.05
  SINCE DEC 1      0.08                      1.02  -0.94     0.17
  SINCE JAN 1      0.04                      0.52  -0.48     0.06

DEGREE DAYS
 HEATING
  YESTERDAY       51                        43      8       28
  MONTH TO DATE  214                       172     42      119
  SINCE DEC 1   3053                      2883    170     2481
  SINCE JUL 1   4719                      4876   -157     4297

 COOLING
  YESTERDAY        0                         0      0        0
  MONTH TO DATE    0                         0      0        0
  SINCE DEC 1      0                         0      0        0
  SINCE JAN 1      0                         0      0        0
..................................................................


WIND (MPH)
  HIGHEST WIND SPEED    32   HIGHEST WIND DIRECTION     W (260)
  HIGHEST GUST SPEED    39   HIGHEST GUST DIRECTION     W (260)
  AVERAGE WIND SPEED    18.1


SKY COVER
  POSSIBLE SUNSHINE  MM
  AVERAGE SKY COVER 0.4


WEATHER CONDITIONS
 THE FOLLOWING WEATHER WAS RECORDED YESTERDAY.
  FOG
  HAZE


RELATIVE HUMIDITY (PERCENT)
 HIGHEST    84          1000 AM
 LOWEST     66           600 AM
 AVERAGE    75

..........................................................


THE ROCK SPRINGS WY CLIMATE NORMALS FOR TODAY
                         NORMAL    RECORD    YEAR
 MAXIMUM TEMPERATURE (F)   31        53      2015
                                             1963
 MINIMUM TEMPERATURE (F)   13       -22      1982


SUNRISE AND SUNSET
FEBRUARY  5 2016......SUNRISE   724 AM MST   SUNSET   537 PM MST
FEBRUARY  6 2016......SUNRISE   723 AM MST   SUNSET   538 PM MST


-  INDICATES NEGATIVE NUMBERS.
R  INDICATES RECORD WAS SET OR TIED.
MM INDICATES DATA IS MISSING.
T  INDICATES TRACE AMOUNT.




$$
