000
CDUS42 KFFC 280816
CLIRMG


CLIMATE REPORT
NATIONAL WEATHER SERVICE PEACHTREE CITY GA
416 AM EDT TUE MAR 28 2017


...................................

...THE ROME  CLIMATE SUMMARY FOR MARCH 27 2017...

CLIMATE NORMAL PERIOD 1981 TO 2010
CLIMATE RECORD PERIOD 9999 TO 9999


WEATHER ITEM   OBSERVED TIME   RECORD YEAR NORMAL DEPARTURE LAST
                VALUE   (LST)  VALUE       VALUE  FROM      YEAR
                                                  NORMAL
..................................................................
TEMPERATURE (F)
 YESTERDAY
  MAXIMUM         77    242 PM  MM      MM  68      9       63
  MINIMUM         54    438 AM  MM      MM  42     12       58
  AVERAGE         66                        55     11       61

PRECIPITATION (IN)
  YESTERDAY        0.30         MM      MM   0.14   0.16     0.60
  MONTH TO DATE    3.51                      4.39  -0.88     3.21
  SINCE MAR 1      3.51                      4.39  -0.88     3.21
  SINCE JAN 1     14.77                     14.08   0.69    12.22

SNOWFALL (IN)
  YESTERDAY        0.0          MM      MM  MM     MM       MM
  MONTH TO DATE    0.0                      MM     MM        0.0
  SINCE MAR 1      0.0                      MM     MM        0.0
  SINCE JUL 1      T                        MM     MM         T
  SNOW DEPTH      MM

DEGREE DAYS
 HEATING
  YESTERDAY        0                        10    -10        4
  MONTH TO DATE  312                       367    -55      233
  SINCE MAR 1    312                       367    -55      233
  SINCE JUL 1   2021                      2989   -968     2291

 COOLING
  YESTERDAY        1                         0      1        0
  MONTH TO DATE   15                         0     15       12
  SINCE MAR 1     15                         0     15       12
  SINCE JAN 1     15                         0     15       12
..................................................................


WIND (MPH)
  RESULTANT WIND SPEED   3   RESULTANT WIND DIRECTION   S (200)
  HIGHEST WIND SPEED    22   HIGHEST WIND DIRECTION    NW (330)
  HIGHEST GUST SPEED    29   HIGHEST GUST DIRECTION     N (340)
  AVERAGE WIND SPEED     3.7


SKY COVER
  AVERAGE SKY COVER 0.5


WEATHER CONDITIONS
 THE FOLLOWING WEATHER WAS RECORDED YESTERDAY.
  THUNDERSTORM
  HEAVY RAIN
  LIGHT RAIN
  FOG


RELATIVE HUMIDITY (PERCENT)
 HIGHEST    90          1100 PM
 LOWEST     47           200 PM
 AVERAGE    69

..........................................................


THE ROME  CLIMATE NORMALS FOR TODAY
                         NORMAL    RECORD    YEAR
 MAXIMUM TEMPERATURE (F)   68        MM        MM
 MINIMUM TEMPERATURE (F)   43        MM        MM


SUNRISE AND SUNSET
MARCH 28 2017.........SUNRISE   733 AM EDT   SUNSET   759 PM EDT
MARCH 29 2017.........SUNRISE   732 AM EDT   SUNSET   800 PM EDT


-  INDICATES NEGATIVE NUMBERS.
R  INDICATES RECORD WAS SET OR TIED.
MM INDICATES DATA IS MISSING.
T  INDICATES TRACE AMOUNT.




$$
