000
CDUS42 KFFC 290822
CLIRMG


CLIMATE REPORT
NATIONAL WEATHER SERVICE PEACHTREE CITY GA
419 AM EDT THU SEP 29 2016


...................................

...THE ROME  CLIMATE SUMMARY FOR SEPTEMBER 28 2016...

CLIMATE NORMAL PERIOD 1981 TO 2010
CLIMATE RECORD PERIOD 9999 TO 9999


WEATHER ITEM   OBSERVED TIME   RECORD YEAR NORMAL DEPARTURE LAST
                VALUE   (LST)  VALUE       VALUE  FROM      YEAR
                                                  NORMAL
..................................................................
TEMPERATURE (F)
 YESTERDAY
  MAXIMUM         87    418 PM  MM      MM  80      7       76
  MINIMUM         55    652 AM  MM      MM  56     -1       67
  AVERAGE         71                        68      3       72

PRECIPITATION (IN)
  YESTERDAY        0.00         MM      MM   0.15  -0.15      T
  MONTH TO DATE    0.24                      3.13  -2.89     3.00
  SINCE SEP 1      0.24                      3.13  -2.89     3.00
  SINCE JAN 1     27.51                     38.55 -11.04    32.94

DEGREE DAYS
 HEATING
  YESTERDAY        0                         1     -1        0
  MONTH TO DATE    0                         9     -9        6
  SINCE SEP 1      0                         9     -9        6
  SINCE JUL 1      0                         9     -9        6

 COOLING
  YESTERDAY        6                         4      2        7
  MONTH TO DATE  388                       216    172      235
  SINCE SEP 1    388                       216    172      235
  SINCE JAN 1   2133                      1582    551     1823
..................................................................


WIND (MPH)
  RESULTANT WIND SPEED   0   RESULTANT WIND DIRECTION   W (270)
  HIGHEST WIND SPEED    13   HIGHEST WIND DIRECTION     W (270)
  HIGHEST GUST SPEED    30   HIGHEST GUST DIRECTION     N (340)
  AVERAGE WIND SPEED     2.5


SKY COVER
  AVERAGE SKY COVER 0.0


WEATHER CONDITIONS
 THE FOLLOWING WEATHER WAS RECORDED YESTERDAY.
  NO SIGNIFICANT WEATHER WAS OBSERVED.


RELATIVE HUMIDITY (PERCENT)
 HIGHEST    93           200 AM
 LOWEST     15           300 PM
 AVERAGE    54

..........................................................


THE ROME  CLIMATE NORMALS FOR TODAY
                         NORMAL    RECORD    YEAR
 MAXIMUM TEMPERATURE (F)   79        MM        MM
 MINIMUM TEMPERATURE (F)   55        MM        MM


SUNRISE AND SUNSET
SEPTEMBER 29 2016.....SUNRISE   734 AM EDT   SUNSET   727 PM EDT
SEPTEMBER 30 2016.....SUNRISE   735 AM EDT   SUNSET   725 PM EDT


-  INDICATES NEGATIVE NUMBERS.
R  INDICATES RECORD WAS SET OR TIED.
MM INDICATES DATA IS MISSING.
T  INDICATES TRACE AMOUNT.




$$
