000
CDUS42 KFFC 270822
CLIRMG


CLIMATE REPORT
NATIONAL WEATHER SERVICE PEACHTREE CITY GA
421 AM EDT FRI MAY 27 2016


...................................

...THE ROME  CLIMATE SUMMARY FOR MAY 26 2016...

CLIMATE NORMAL PERIOD 1981 TO 2010
CLIMATE RECORD PERIOD 9999 TO 9999


WEATHER ITEM   OBSERVED TIME   RECORD YEAR NORMAL DEPARTURE LAST
                VALUE   (LST)  VALUE       VALUE  FROM      YEAR
                                                  NORMAL
..................................................................
TEMPERATURE (F)
 YESTERDAY
  MAXIMUM         91    255 PM  MM      MM  83      8       82
  MINIMUM         65    626 AM  MM      MM  59      6       64
  AVERAGE         78                        71      7       73

PRECIPITATION (IN)
  YESTERDAY        0.02         MM      MM   0.12  -0.10     0.04
  MONTH TO DATE    1.35                      3.58  -2.23     1.91
  SINCE MAR 1      8.11                     12.58  -4.47    10.48
  SINCE JAN 1     17.12                     22.27  -5.15    18.56

DEGREE DAYS
 COOLING
  YESTERDAY       13                         7      6        8
  MONTH TO DATE  107                        99      8      157
  SINCE MAR 1    167                       132     35      211
  SINCE JAN 1    167                       132     35      211
..................................................................


WIND (MPH)
  RESULTANT WIND SPEED   2   RESULTANT WIND DIRECTION   S (180)
  HIGHEST WIND SPEED    13   HIGHEST WIND DIRECTION     S (180)
  HIGHEST GUST SPEED    15   HIGHEST GUST DIRECTION     S (160)
  AVERAGE WIND SPEED     2.8


SKY COVER
  AVERAGE SKY COVER 0.2


WEATHER CONDITIONS
 THE FOLLOWING WEATHER WAS RECORDED YESTERDAY.
  FOG


RELATIVE HUMIDITY (PERCENT)
 HIGHEST    87           400 AM
 LOWEST     36           100 PM
 AVERAGE    62

..........................................................


THE ROME  CLIMATE NORMALS FOR TODAY
                         NORMAL    RECORD    YEAR
 MAXIMUM TEMPERATURE (F)   84        MM        MM
 MINIMUM TEMPERATURE (F)   59        MM        MM


SUNRISE AND SUNSET
MAY 27 2016...........SUNRISE   631 AM EDT   SUNSET   845 PM EDT
MAY 28 2016...........SUNRISE   631 AM EDT   SUNSET   846 PM EDT


-  INDICATES NEGATIVE NUMBERS.
R  INDICATES RECORD WAS SET OR TIED.
MM INDICATES DATA IS MISSING.
T  INDICATES TRACE AMOUNT.




$$
