000
CDUS42 KFFC 230820
CLIRMG


CLIMATE REPORT
NATIONAL WEATHER SERVICE PEACHTREE CITY GA
419 AM EDT WED JUL 23 2014


...................................

...THE ROME  CLIMATE SUMMARY FOR JULY 22 2014...

CLIMATE NORMAL PERIOD 1981 TO 2010
CLIMATE RECORD PERIOD 9999 TO 9999


WEATHER ITEM   OBSERVED TIME   RECORD YEAR NORMAL DEPARTURE LAST
                VALUE   (LST)  VALUE       VALUE  FROM      YEAR
                                                  NORMAL
..................................................................
TEMPERATURE (F)
 YESTERDAY
  MAXIMUM         86    331 PM  MM      MM  90     -4       86
  MINIMUM         71    443 AM  MM      MM  69      2       70
  AVERAGE         79                        80     -1       78

PRECIPITATION (IN)
  YESTERDAY        0.10         MM      MM   0.11  -0.01      T
  MONTH TO DATE    1.43                      3.36  -1.93     4.80
  SINCE JUN 1      6.39                      7.46  -1.07    10.22
  SINCE JAN 1     30.88                     30.33   0.55    25.02

DEGREE DAYS
 COOLING
  YESTERDAY       14                        15     -1       13
  MONTH TO DATE  267                       316    -49      282
  SINCE JUN 1    636                       646    -10      648
  SINCE JAN 1    837                       814     23      791
..................................................................


WIND (MPH)
  RESULTANT WIND SPEED   1   RESULTANT WIND DIRECTION  SE (130)
  HIGHEST WIND SPEED    12   HIGHEST WIND DIRECTION    SW (210)
  HIGHEST GUST SPEED    14   HIGHEST GUST DIRECTION    SW (210)
  AVERAGE WIND SPEED     2.9


SKY COVER
  AVERAGE SKY COVER 0.5


WEATHER CONDITIONS
 THE FOLLOWING WEATHER WAS RECORDED YESTERDAY.
  THUNDERSTORM
  HEAVY RAIN
  LIGHT RAIN
  FOG


RELATIVE HUMIDITY (PERCENT)
 HIGHEST   100           300 AM
 LOWEST     65          1200 PM
 AVERAGE    83

..........................................................


THE ROME  CLIMATE NORMALS FOR TODAY
                         NORMAL    RECORD    YEAR
 MAXIMUM TEMPERATURE (F)   90        MM        MM
 MINIMUM TEMPERATURE (F)   69        MM        MM


SUNRISE AND SUNSET
JULY 23 2014..........SUNRISE   645 AM EDT   SUNSET   849 PM EDT
JULY 24 2014..........SUNRISE   646 AM EDT   SUNSET   848 PM EDT


-  INDICATES NEGATIVE NUMBERS.
R  INDICATES RECORD WAS SET OR TIED.
MM INDICATES DATA IS MISSING.
T  INDICATES TRACE AMOUNT.




$$
