530
CDUS42 KFFC 200819
CLIRMG


CLIMATE REPORT
NATIONAL WEATHER SERVICE PEACHTREE CITY GA
419 AM EDT THU JUL 20 2017


...................................

...THE ROME  CLIMATE SUMMARY FOR JULY 19 2017...

CLIMATE NORMAL PERIOD 1981 TO 2010
CLIMATE RECORD PERIOD 9999 TO 9999


WEATHER ITEM   OBSERVED TIME   RECORD YEAR NORMAL DEPARTURE LAST
                VALUE   (LST)  VALUE       VALUE  FROM      YEAR
                                                  NORMAL
..................................................................
TEMPERATURE (F)
 YESTERDAY
  MAXIMUM         94    451 PM  MM      MM  90      4       98
  MINIMUM         71    541 AM  MM      MM  69      2       70
  AVERAGE         83                        80      3       84

PRECIPITATION (IN)
  YESTERDAY        0.00         MM      MM   0.14  -0.14     0.27
  MONTH TO DATE    2.69                      3.00  -0.31     0.84
  SINCE JUN 1      7.21                      7.10   0.11     3.12
  SINCE JAN 1     35.16                     29.97   5.19    20.24

DEGREE DAYS
 COOLING
  YESTERDAY       18                        15      3       19
  MONTH TO DATE  287                       271     16      322
  SINCE JUN 1    637                       601     36      761
  SINCE JAN 1    963                       769    194      986
..................................................................


WIND (MPH)
  RESULTANT WIND SPEED   2   RESULTANT WIND DIRECTION   N (350)
  HIGHEST WIND SPEED    10   HIGHEST WIND DIRECTION     N (350)
  HIGHEST GUST SPEED    14   HIGHEST GUST DIRECTION     N (350)
  AVERAGE WIND SPEED     2.7


SKY COVER
  AVERAGE SKY COVER 0.1


WEATHER CONDITIONS
 THE FOLLOWING WEATHER WAS RECORDED YESTERDAY.
  FOG
  FOG W/VISIBILITY <= 1/4 MILE


RELATIVE HUMIDITY (PERCENT)
 HIGHEST   100          1200 AM
 LOWEST     41           300 PM
 AVERAGE    71

..........................................................


THE ROME  CLIMATE NORMALS FOR TODAY
                         NORMAL    RECORD    YEAR
 MAXIMUM TEMPERATURE (F)   90        MM        MM
 MINIMUM TEMPERATURE (F)   69        MM        MM


SUNRISE AND SUNSET
JULY 20 2017..........SUNRISE   643 AM EDT   SUNSET   851 PM EDT
JULY 21 2017..........SUNRISE   644 AM EDT   SUNSET   850 PM EDT


-  INDICATES NEGATIVE NUMBERS.
R  INDICATES RECORD WAS SET OR TIED.
MM INDICATES DATA IS MISSING.
T  INDICATES TRACE AMOUNT.




$$
