000
CDUS42 KFFC 300817
CLIRMG


CLIMATE REPORT
NATIONAL WEATHER SERVICE PEACHTREE CITY GA
416 AM EDT TUE AUG 30 2016


...................................

...THE ROME  CLIMATE SUMMARY FOR AUGUST 29 2016...

CLIMATE NORMAL PERIOD 1981 TO 2010
CLIMATE RECORD PERIOD 9999 TO 9999


WEATHER ITEM   OBSERVED TIME   RECORD YEAR NORMAL DEPARTURE LAST
                VALUE   (LST)  VALUE       VALUE  FROM      YEAR
                                                  NORMAL
..................................................................
TEMPERATURE (F)
 YESTERDAY
  MAXIMUM         92    434 PM  MM      MM  88      4       84
  MINIMUM         69    629 AM  MM      MM  66      3       67
  AVERAGE         81                        77      4       76

PRECIPITATION (IN)
  YESTERDAY        0.00         MM      MM   0.13  -0.13     0.02
  MONTH TO DATE    6.42                      3.89   2.53     4.30
  SINCE JUN 1     10.15                     12.31  -2.16    10.22
  SINCE JAN 1     27.27                     35.18  -7.91    29.86

DEGREE DAYS
 COOLING
  YESTERDAY       16                        12      4       11
  MONTH TO DATE  501                       398    103      404
  SINCE JUN 1   1488                      1174    314     1311
  SINCE JAN 1   1713                      1342    371     1568
..................................................................


WIND (MPH)
  RESULTANT WIND SPEED   2   RESULTANT WIND DIRECTION  NE (50)
  HIGHEST WIND SPEED    10   HIGHEST WIND DIRECTION     E (70)
  HIGHEST GUST SPEED    13   HIGHEST GUST DIRECTION     E (80)
  AVERAGE WIND SPEED     2.6


SKY COVER
  AVERAGE SKY COVER 0.1


WEATHER CONDITIONS
 THE FOLLOWING WEATHER WAS RECORDED YESTERDAY.
  NO SIGNIFICANT WEATHER WAS OBSERVED.


RELATIVE HUMIDITY (PERCENT)
 HIGHEST    93          1200 AM
 LOWEST     44           500 PM
 AVERAGE    69

..........................................................


THE ROME  CLIMATE NORMALS FOR TODAY
                         NORMAL    RECORD    YEAR
 MAXIMUM TEMPERATURE (F)   88        MM        MM
 MINIMUM TEMPERATURE (F)   66        MM        MM


SUNRISE AND SUNSET
AUGUST 30 2016........SUNRISE   713 AM EDT   SUNSET   809 PM EDT
AUGUST 31 2016........SUNRISE   714 AM EDT   SUNSET   807 PM EDT


-  INDICATES NEGATIVE NUMBERS.
R  INDICATES RECORD WAS SET OR TIED.
MM INDICATES DATA IS MISSING.
T  INDICATES TRACE AMOUNT.




$$
