000
CDUS41 KRNK 232106
CLIRNK


CLIMATE REPORT
NATIONAL WEATHER SERVICE BLACKSBURG VA
505 PM EDT TUE MAY 23 2017


...................................

...THE BLACKSBURG VA CLIMATE SUMMARY FOR MAY 23 2017...
VALID TODAY AS OF 0500 PM LOCAL TIME.

CLIMATE NORMAL PERIOD 1981 TO 2010
CLIMATE RECORD PERIOD 1952 TO 2017


WEATHER ITEM   OBSERVED RECORD YEAR NORMAL DEPARTURE LAST
                VALUE   VALUE       VALUE  FROM      YEAR
                                           NORMAL
...........................................................
TEMPERATURE (F)
 TODAY
  MAXIMUM         58     87    1953  73    -15       67
  MINIMUM         54     30    2002  49      5       46
  AVERAGE         56                 61     -5       57

PRECIPITATION (IN)
  TODAY            0.16   1.90 1984   0.15   0.01     0.03
  MONTH TO DATE    3.97               3.07   0.90     4.22
  SINCE MAR 1     13.13              10.19   2.94     8.54
  SINCE JAN 1     18.91              16.08   2.83    15.68

SNOWFALL (IN)
  TODAY            0.0                                0.0
  MONTH TO DATE    0.0                                0.0
  SINCE MAR 1      1.1                                1.6
  SINCE JUL 1      7.7                               25.6
  SNOW DEPTH       0

DEGREE DAYS
 HEATING
  TODAY            9                  5      4        8
  MONTH TO DATE  138                170    -32      168
  SINCE MAR 1   1056               1327   -271     1015
  SINCE JUL 1   4148               5375  -1227     4450

 COOLING
  TODAY            0                  1     -1        0
  MONTH TO DATE   27                 12     15       11
  SINCE MAR 1     46                 15     31       21
  SINCE JAN 1     46                 15     31       21
...........................................................


WIND (MPH)
  HIGHEST WIND SPEED    14   HIGHEST WIND DIRECTION     E (70)
  HIGHEST GUST SPEED    20   HIGHEST GUST DIRECTION     E (70)
  AVERAGE WIND SPEED     4.0


SKY COVER
  AVERAGE SKY COVER 0.9


WEATHER CONDITIONS
 THE FOLLOWING WEATHER WAS RECORDED TODAY.
  RAIN
  LIGHT RAIN


RELATIVE HUMIDITY (PERCENT)
 HIGHEST    93          1200 AM
 LOWEST     83           400 AM
 AVERAGE    88

..........................................................


THE BLACKSBURG VA CLIMATE NORMALS FOR TOMORROW
                         NORMAL    RECORD    YEAR
 MAXIMUM TEMPERATURE (F)   73        84      1994
 MINIMUM TEMPERATURE (F)   50        31      1967


SUNRISE AND SUNSET
MAY 23 2017...........SUNRISE   607 AM EDT   SUNSET   830 PM EDT
MAY 24 2017...........SUNRISE   607 AM EDT   SUNSET   831 PM EDT


-  INDICATES NEGATIVE NUMBERS.
R  INDICATES RECORD WAS SET OR TIED.
MM INDICATES DATA IS MISSING.
T  INDICATES TRACE AMOUNT.




$$
