000
CDUS41 KRNK 280723
CLIRNK


CLIMATE REPORT
NATIONAL WEATHER SERVICE BLACKSBURG VA
322 AM EDT SAT MAR 28 2015


...................................

...THE BLACKSBURG VA CLIMATE SUMMARY FOR MARCH 27 2015...

CLIMATE NORMAL PERIOD 1981 TO 2010
CLIMATE RECORD PERIOD 1952 TO 2015


WEATHER ITEM   OBSERVED TIME   RECORD YEAR NORMAL DEPARTURE LAST
                VALUE   (LST)  VALUE       VALUE  FROM      YEAR
                                                  NORMAL
..................................................................
TEMPERATURE (F)
 YESTERDAY
  MAXIMUM         46        MM  79    2007  57    -11       53
  MINIMUM         30        MM  12    1955  33     -3       18
  AVERAGE         38                        45     -7       36

PRECIPITATION (IN)
  YESTERDAY        0.18          1.17 1959   0.13   0.05     0.00
  MONTH TO DATE    4.54                      3.12   1.42     1.95
  SINCE MAR 1      4.54                      3.12   1.42     1.95
  SINCE JAN 1      7.96                      9.01  -1.05     7.58

SNOWFALL (IN)
  YESTERDAY        T
  MONTH TO DATE    4.4
  SINCE MAR 1      4.4
  SINCE JUL 1     27.8
  SNOW DEPTH       0

DEGREE DAYS
 HEATING
  YESTERDAY       27                        20      7       29
  MONTH TO DATE  558                       649    -91      711
  SINCE MAR 1    558                       649    -91      711
  SINCE JUL 1   4684                      4697    -13     4892

 COOLING
  YESTERDAY        0                         0      0        0
  MONTH TO DATE    0                         0      0        0
  SINCE MAR 1      0                         0      0        0
  SINCE JAN 1      0                         0      0        0
..................................................................


WIND (MPH)
  HIGHEST WIND SPEED    16   HIGHEST WIND DIRECTION    NW (330)
  HIGHEST GUST SPEED    21   HIGHEST GUST DIRECTION    NW (330)
  AVERAGE WIND SPEED     8.0


SKY COVER
  POSSIBLE SUNSHINE  MM
  AVERAGE SKY COVER 1.0


WEATHER CONDITIONS
 THE FOLLOWING WEATHER WAS RECORDED YESTERDAY.
  RAIN
  LIGHT RAIN
  LIGHT SNOW


RELATIVE HUMIDITY (PERCENT)
 HIGHEST    92           200 AM
 LOWEST     46           600 PM
 AVERAGE    69

..........................................................


THE BLACKSBURG VA CLIMATE NORMALS FOR TODAY
                         NORMAL    RECORD    YEAR
 MAXIMUM TEMPERATURE (F)   57        81      2007
 MINIMUM TEMPERATURE (F)   33        10      1982


SUNRISE AND SUNSET
MARCH 28 2015.........SUNRISE   714 AM EDT   SUNSET   740 PM EDT
MARCH 29 2015.........SUNRISE   712 AM EDT   SUNSET   741 PM EDT


-  INDICATES NEGATIVE NUMBERS.
R  INDICATES RECORD WAS SET OR TIED.
MM INDICATES DATA IS MISSING.
T  INDICATES TRACE AMOUNT.




$$
