000
CDUS41 KRNK 290533
CLIRNK


CLIMATE REPORT
NATIONAL WEATHER SERVICE BLACKSBURG VA
130 AM EDT THU JUN 29 2017


...................................

...THE BLACKSBURG VA CLIMATE SUMMARY FOR JUNE 28 2017...

CLIMATE NORMAL PERIOD 1981 TO 2010
CLIMATE RECORD PERIOD 1952 TO 2017


WEATHER ITEM   OBSERVED RECORD YEAR NORMAL DEPARTURE LAST
                VALUE   VALUE       VALUE  FROM      YEAR
                                           NORMAL
...........................................................
TEMPERATURE (F)
 YESTERDAY
  MAXIMUM         78     91    1954  82     -4       85
  MINIMUM         46     40    1970  59    -13       62
  AVERAGE         62                 70     -8       74

PRECIPITATION (IN)
  YESTERDAY        0.00   2.18 2000   0.12  -0.12     0.01
  MONTH TO DATE    2.88               3.75  -0.87     3.28
  SINCE JUN 1      2.88               3.75  -0.87     3.28
  SINCE JAN 1     24.12              21.09   3.03    19.30

SNOWFALL (IN)
  YESTERDAY        0.0                                0.0
  MONTH TO DATE    0.0                                0.0
  SINCE JUN 1      0.0                                0.0
  SINCE JUL 1      7.7                               25.6
  SNOW DEPTH       0

DEGREE DAYS
 HEATING
  YESTERDAY        3                  0      3        0
  MONTH TO DATE   34                 37     -3       12
  SINCE JUN 1     34                 37     -3       12
  SINCE JUL 1   4200               5445  -1245     4466

 COOLING
  YESTERDAY        0                  6     -6        9
  MONTH TO DATE   87                106    -19      148
  SINCE JUN 1     87                106    -19      148
  SINCE JAN 1    141                135      6      194
...........................................................


WIND (MPH)
  HIGHEST WIND SPEED    10   HIGHEST WIND DIRECTION     S (160)
  HIGHEST GUST SPEED    MM   HIGHEST GUST DIRECTION    MM
  AVERAGE WIND SPEED     2.1


SKY COVER
  AVERAGE SKY COVER 0.1


WEATHER CONDITIONS
 THE FOLLOWING WEATHER WAS RECORDED YESTERDAY.
  NO SIGNIFICANT WEATHER WAS OBSERVED.


RELATIVE HUMIDITY (PERCENT)
 HIGHEST    96           500 AM
 LOWEST     36           300 PM
 AVERAGE    66

..........................................................


THE BLACKSBURG VA CLIMATE NORMALS FOR TODAY
                         NORMAL    RECORD    YEAR
 MAXIMUM TEMPERATURE (F)   82        97      2012
 MINIMUM TEMPERATURE (F)   59        42      1974


SUNRISE AND SUNSET
JUNE 29 2017..........SUNRISE   604 AM EDT   SUNSET   846 PM EDT
JUNE 30 2017..........SUNRISE   605 AM EDT   SUNSET   846 PM EDT


-  INDICATES NEGATIVE NUMBERS.
R  INDICATES RECORD WAS SET OR TIED.
MM INDICATES DATA IS MISSING.
T  INDICATES TRACE AMOUNT.




$$
