000
CDUS41 KRNK 010629
CLIRNK


CLIMATE REPORT
NATIONAL WEATHER SERVICE BLACKSBURG VA
226 AM EDT SUN MAY 1 2016


...................................

...THE BLACKSBURG VA CLIMATE SUMMARY FOR APRIL 30 2016...

CLIMATE NORMAL PERIOD 1981 TO 2010
CLIMATE RECORD PERIOD 1952 TO 2016


WEATHER ITEM   OBSERVED RECORD YEAR NORMAL DEPARTURE LAST
                VALUE   VALUE       VALUE  FROM      YEAR
                                           NORMAL
...........................................................
TEMPERATURE (F)
 YESTERDAY
  MAXIMUM         58     85    1994  68    -10       66
  MINIMUM         51     28    1971  42      9       45
  AVERAGE         55                 55      0       56

PRECIPITATION (IN)
  YESTERDAY        0.20   1.37 1994   0.11   0.09     0.16
  MONTH TO DATE    1.75               3.48  -1.73     5.31
  SINCE MAR 1      4.32               7.12  -2.80     9.87
  SINCE JAN 1     11.46              13.01  -1.55    13.29

SNOWFALL (IN)
  YESTERDAY        0.0                                0.0
  MONTH TO DATE    0.6                                 T
  SINCE MAR 1      1.6                                4.4
  SINCE JUL 1     25.6                               27.8
  SNOW DEPTH       0

DEGREE DAYS
 HEATING
  YESTERDAY       10                 10      0        9
  MONTH TO DATE  362                430    -68      342
  SINCE MAR 1    847               1157   -310     1005
  SINCE JUL 1   4282               5205   -923     5131

 COOLING
  YESTERDAY        0                  0      0        0
  MONTH TO DATE   10                  3      7        0
  SINCE MAR 1     10                  3      7        0
  SINCE JAN 1     10                  3      7        0
...........................................................


WIND (MPH)
  HIGHEST WIND SPEED     9   HIGHEST WIND DIRECTION     E (90)
  HIGHEST GUST SPEED    MM   HIGHEST GUST DIRECTION    MM
  AVERAGE WIND SPEED     6.4


SKY COVER
  AVERAGE SKY COVER 1.0


WEATHER CONDITIONS
 THE FOLLOWING WEATHER WAS RECORDED YESTERDAY.
  RAIN
  LIGHT RAIN
  FOG
  FOG W/VISIBILITY <= 1/4 MILE


RELATIVE HUMIDITY (PERCENT)
 HIGHEST   100           600 AM
 LOWEST     90           100 PM
 AVERAGE    95

..........................................................


THE BLACKSBURG VA CLIMATE NORMALS FOR TODAY
                         NORMAL    RECORD    YEAR
 MAXIMUM TEMPERATURE (F)   68        86      2007
 MINIMUM TEMPERATURE (F)   43        28      1971


SUNRISE AND SUNSET
MAY  1 2016...........SUNRISE   626 AM EDT   SUNSET   812 PM EDT
MAY  2 2016...........SUNRISE   625 AM EDT   SUNSET   812 PM EDT


-  INDICATES NEGATIVE NUMBERS.
R  INDICATES RECORD WAS SET OR TIED.
MM INDICATES DATA IS MISSING.
T  INDICATES TRACE AMOUNT.

$$

RAB
