000
CDUS41 KRNK 010729
CLIRNK


CLIMATE REPORT
NATIONAL WEATHER SERVICE BLACKSBURG VA
325 AM EDT TUE SEP 1 2015


...................................

...THE BLACKSBURG VA CLIMATE SUMMARY FOR AUGUST 31 2015...

CLIMATE NORMAL PERIOD 1981 TO 2010
CLIMATE RECORD PERIOD 1952 TO 2015


WEATHER ITEM   OBSERVED RECORD YEAR NORMAL DEPARTURE LAST
                VALUE   VALUE       VALUE  FROM      YEAR
                                           NORMAL
...........................................................
TEMPERATURE (F)
 YESTERDAY
  MAXIMUM         84     95    1953  80      4       85
  MINIMUM         62     39    1986  57      5       65
  AVERAGE         73                 68      5       75

PRECIPITATION (IN)
  YESTERDAY        0.01   2.98 1964   0.10  -0.09      T
  MONTH TO DATE    4.09               3.59   0.50     5.95
  SINCE JUN 1     11.83              11.85  -0.02    10.94
  SINCE JAN 1     27.36              29.19  -1.83    25.77

SNOWFALL (IN)
  YESTERDAY        0.0                                0.0
  MONTH TO DATE    0.0                                0.0
  SINCE JUN 1      T                                   T
  SINCE JUL 1      T                                  0.0
  SNOW DEPTH       0

DEGREE DAYS
 HEATING
  YESTERDAY        0                  1     -1        0
  MONTH TO DATE    1                  6     -5        3
  SINCE JUN 1     12                 56    -44       14
  SINCE JUL 1      1                 18    -17       11

 COOLING
  YESTERDAY        8                  4      4       10
  MONTH TO DATE  193                168     25      126
  SINCE JUN 1    651                483    168      472
  SINCE JAN 1    727                512    215      530
...........................................................


WIND (MPH)
  HIGHEST WIND SPEED     7   HIGHEST WIND DIRECTION     N (10)
  HIGHEST GUST SPEED    MM   HIGHEST GUST DIRECTION    MM
  AVERAGE WIND SPEED     2.0


SKY COVER
  AVERAGE SKY COVER 0.7


WEATHER CONDITIONS
 THE FOLLOWING WEATHER WAS RECORDED YESTERDAY.
  LIGHT RAIN


RELATIVE HUMIDITY (PERCENT)
 HIGHEST   100           200 AM
 LOWEST     43           100 PM
 AVERAGE    72

..........................................................


THE BLACKSBURG VA CLIMATE NORMALS FOR TODAY
                         NORMAL    RECORD    YEAR
 MAXIMUM TEMPERATURE (F)   80        95      1953
 MINIMUM TEMPERATURE (F)   56        41      1999


SUNRISE AND SUNSET
SEPTEMBER  1 2015.....SUNRISE   652 AM EDT   SUNSET   751 PM EDT
SEPTEMBER  2 2015.....SUNRISE   653 AM EDT   SUNSET   749 PM EDT


-  INDICATES NEGATIVE NUMBERS.
R  INDICATES RECORD WAS SET OR TIED.
MM INDICATES DATA IS MISSING.
T  INDICATES TRACE AMOUNT.

$$

RAB
