000
CDUS41 KRNK 030908
CLIRNK


CLIMATE REPORT
NATIONAL WEATHER SERVICE BLACKSBURG VA
506 AM EDT MON AUG 3 2015


...................................

...THE BLACKSBURG VA CLIMATE SUMMARY FOR AUGUST 2 2015...

CLIMATE NORMAL PERIOD 1981 TO 2010
CLIMATE RECORD PERIOD 1952 TO 2015


WEATHER ITEM   OBSERVED RECORD YEAR NORMAL DEPARTURE LAST
                VALUE   VALUE       VALUE  FROM      YEAR
                                           NORMAL
...........................................................
TEMPERATURE (F)
 YESTERDAY
  MAXIMUM         81     92    1953  82     -1       72
  MINIMUM         55     49    1998  60     -5       59
  AVERAGE         68                 71     -3       66

PRECIPITATION (IN)
  YESTERDAY        0.00   0.65 1971   0.12  -0.12     0.05
  MONTH TO DATE    0.00               0.25  -0.25     0.36
  SINCE JUN 1      7.74               8.51  -0.77     5.35
  SINCE JAN 1     23.27              25.85  -2.58    20.18

SNOWFALL (IN)
  YESTERDAY        0.0                                0.0
  MONTH TO DATE    0.0                                0.0
  SINCE JUN 1      T                                   T
  SINCE JUL 1      T                                  0.0
  SNOW DEPTH       0

DEGREE DAYS
 HEATING
  YESTERDAY        0                  0      0        0
  MONTH TO DATE    0                  0      0        0
  SINCE JUN 1     11                 44    -33       11
  SINCE JUL 1      0                  6     -6        8

 COOLING
  YESTERDAY        3                  6     -3        1
  MONTH TO DATE    8                 12     -4        1
  SINCE JUN 1    466                327    139      347
  SINCE JAN 1    542                356    186      405
...........................................................


WIND (MPH)
  HIGHEST WIND SPEED     7   HIGHEST WIND DIRECTION    NE (60)
  HIGHEST GUST SPEED    MM   HIGHEST GUST DIRECTION    MM
  AVERAGE WIND SPEED     1.5


SKY COVER
  AVERAGE SKY COVER 0.1


WEATHER CONDITIONS
 THE FOLLOWING WEATHER WAS RECORDED YESTERDAY.
  NO SIGNIFICANT WEATHER WAS OBSERVED.


RELATIVE HUMIDITY (PERCENT)
 HIGHEST   100           400 AM
 LOWEST     41           300 PM
 AVERAGE    71

..........................................................


THE BLACKSBURG VA CLIMATE NORMALS FOR TODAY
                         NORMAL    RECORD    YEAR
 MAXIMUM TEMPERATURE (F)   82        92      1975
 MINIMUM TEMPERATURE (F)   60        46      1976


SUNRISE AND SUNSET
AUGUST  3 2015........SUNRISE   628 AM EDT   SUNSET   827 PM EDT
AUGUST  4 2015........SUNRISE   629 AM EDT   SUNSET   826 PM EDT


-  INDICATES NEGATIVE NUMBERS.
R  INDICATES RECORD WAS SET OR TIED.
MM INDICATES DATA IS MISSING.
T  INDICATES TRACE AMOUNT.




$$
