000
CDUS41 KRNK 250805
CLIRNK

CLIMATE REPORT
NATIONAL WEATHER SERVICE BLACKSBURG VA
241 AM EST SAT NOV 25 2017


...................................

...THE BLACKSBURG VA CLIMATE SUMMARY FOR NOVEMBER 24 2017...

CLIMATE NORMAL PERIOD 1981 TO 2010
CLIMATE RECORD PERIOD 1952 TO 2017


WEATHER ITEM   OBSERVED RECORD YEAR NORMAL DEPARTURE LAST
                VALUE   VALUE       VALUE  FROM      YEAR
                                           NORMAL
...........................................................
TEMPERATURE (F)
 YESTERDAY
  MAXIMUM         59     69    1998  52      7       64
  MINIMUM         22      8    1971  29     -7       35
  AVERAGE         41                 40      1       50

PRECIPITATION (IN)
  YESTERDAY        0.00   1.43 1959   0.10  -0.10      T
  MONTH TO DATE    1.19               2.28  -1.09     0.07
  SINCE SEP 1     10.36               8.16   2.20     8.93
  SINCE JAN 1     40.32              37.35   2.97    37.60

SNOWFALL (IN)
  YESTERDAY        0.0                                0.0
  MONTH TO DATE    T                                   T
  SINCE SEP 1      T                                   T
  SINCE JUL 1      T                                   T
  SNOW DEPTH       0

DEGREE DAYS
 HEATING
  YESTERDAY       24                 25     -1       15
  MONTH TO DATE  509                496     13      433
  SINCE SEP 1    851               1005   -154      662
  SINCE JUL 1    860               1023   -163      662

 COOLING
  YESTERDAY        0                  0      0        0
  MONTH TO DATE    0                  0      0        0
  SINCE SEP 1     96                 61     35      137
  SINCE JAN 1    632                573     59      914
...........................................................


WIND (MPH)
  HIGHEST WIND SPEED     7   HIGHEST WIND DIRECTION     E (100)
  HIGHEST GUST SPEED    MM   HIGHEST GUST DIRECTION    MM
  AVERAGE WIND SPEED     0.8


SKY COVER
  AVERAGE SKY COVER 0.0


WEATHER CONDITIONS
 THE FOLLOWING WEATHER WAS RECORDED YESTERDAY.
  NO SIGNIFICANT WEATHER WAS OBSERVED.


RELATIVE HUMIDITY (PERCENT)
 HIGHEST    92           700 AM
 LOWEST     25           300 PM
 AVERAGE    59

..........................................................


THE BLACKSBURG VA CLIMATE NORMALS FOR TODAY
                         NORMAL    RECORD    YEAR
 MAXIMUM TEMPERATURE (F)   51        75      1973
 MINIMUM TEMPERATURE (F)   29         0      1970


SUNRISE AND SUNSET
NOVEMBER 25 2017......SUNRISE   711 AM EST   SUNSET   506 PM EST
NOVEMBER 26 2017......SUNRISE   712 AM EST   SUNSET   506 PM EST


-  INDICATES NEGATIVE NUMBERS.
R  INDICATES RECORD WAS SET OR TIED.
MM INDICATES DATA IS MISSING.
T  INDICATES TRACE AMOUNT.

REMARKS:
DUE TO MISSING TEMPERATURES ON SEPTEMBER 8-10...ALL TEMPERATURE AND
DEGREE DAY INFORMATION WILL BE CALCULATED WITHOUT DATA FROM THESE
DATES.


$$
