000
CDUS46 KSGX 231426
CLIRNM


CLIMATE REPORT
NATIONAL WEATHER SERVICE SAN DIEGO, CA
726 AM PDT SAT JUL 23 2016


...................................

...THE RAMONA AIRPORT CA CLIMATE SUMMARY FOR JULY 22 2016...

CLIMATE NORMAL PERIOD 1981 TO 2010
CLIMATE RECORD PERIOD 1974 TO 2016


WEATHER ITEM   OBSERVED TIME   RECORD YEAR NORMAL DEPARTURE LAST
                VALUE   (LST)  VALUE       VALUE  FROM      YEAR
                                                  NORMAL
..................................................................
TEMPERATURE (F)
 YESTERDAY
  MAXIMUM        105   1213 PM 111    2006  89     16       82
  MINIMUM         61    443 AM  46    2001  57      4       64
  AVERAGE         83                        73     10       73

PRECIPITATION (IN)
  YESTERDAY        0.00          0.04 1986   0.01  -0.01     0.00
  MONTH TO DATE    0.00                      0.08  -0.08     2.38
  SINCE OCT 1     13.19                     15.55  -2.36    12.02
  SINCE JAN 1      9.66                     11.41  -1.75     7.42

DEGREE DAYS
 HEATING
  YESTERDAY        0                         0      0        0
  MONTH TO DATE    0                         0      0        0
  SINCE JUN 1      4                        27    -23        8
  SINCE JUL 1      0                         0      0        0

 COOLING
  YESTERDAY       18                         8     10        8
  MONTH TO DATE  168                       149     19      138
  SINCE JUN 1    362                       235    127      330
  SINCE JAN 1    374                       262    112      365
..................................................................


WIND (MPH)
  RESULTANT WIND SPEED   4   RESULTANT WIND DIRECTION   W (290)
  HIGHEST WIND SPEED    16   HIGHEST WIND DIRECTION     W (270)
  HIGHEST GUST SPEED    23   HIGHEST GUST DIRECTION     W (280)
  AVERAGE WIND SPEED     4.9


SKY COVER
  POSSIBLE SUNSHINE  MM
  AVERAGE SKY COVER 0.0


WEATHER CONDITIONS
 THE FOLLOWING WEATHER WAS RECORDED YESTERDAY.
  NO SIGNIFICANT WEATHER WAS OBSERVED.


RELATIVE HUMIDITY (PERCENT)
 HIGHEST    56           100 AM
 LOWEST      8          1100 AM
 AVERAGE    32

..........................................................


THE RAMONA AIRPORT CA CLIMATE NORMALS FOR TODAY
                         NORMAL    RECORD    YEAR
 MAXIMUM TEMPERATURE (F)   89       102      2006
 MINIMUM TEMPERATURE (F)   57        48      1995


SUNRISE AND SUNSET
JULY 23 2016..........SUNRISE   555 AM PDT   SUNSET   753 PM PDT
JULY 24 2016..........SUNRISE   556 AM PDT   SUNSET   752 PM PDT


-  INDICATES NEGATIVE NUMBERS.
R  INDICATES RECORD WAS SET OR TIED.
MM INDICATES DATA IS MISSING.
T  INDICATES TRACE AMOUNT.




$$
