000
CDUS46 KSGX 300017
CLIRNM


CLIMATE REPORT
NATIONAL WEATHER SERVICE SAN DIEGO, CA
517 PM PDT SUN MAR 29 2015


...................................

...THE RAMONA AIRPORT CA CLIMATE SUMMARY FOR MARCH 29 2015...
VALID TODAY AS OF 0500 PM LOCAL TIME.

CLIMATE NORMAL PERIOD 1981 TO 2010
CLIMATE RECORD PERIOD 1974 TO 2015


WEATHER ITEM   OBSERVED TIME   RECORD YEAR NORMAL DEPARTURE LAST
                VALUE   (LST)  VALUE       VALUE  FROM      YEAR
                                                  NORMAL
..................................................................
TEMPERATURE (F)
 TODAY
  MAXIMUM         84    104 PM  91    2004  67     17       78
  MINIMUM         43    308 AM  28    1975  40      3       39
  AVERAGE         64                        54     10       59

PRECIPITATION (IN)
  TODAY            0.00          0.82 1998   0.06  -0.06     0.00
  MONTH TO DATE    1.23                      2.97  -1.74     0.98
  SINCE OCT 1      7.44                     13.54  -6.10     6.77
  SINCE JAN 1      2.84                      9.40  -6.56     4.10

SNOWFALL (IN)
  TODAY            0.0
  MONTH TO DATE    0.0
  SINCE MAR 1      0.0
  SINCE JUL 1      0.0
  SNOW DEPTH       0

DEGREE DAYS
 HEATING
  TODAY            1                        11    -10        6
  MONTH TO DATE  183                       354   -171      220
  SINCE MAR 1    183                       354   -171      220
  SINCE JUL 1   1367                      2095   -728     1641

 COOLING
  TODAY            0                         0      0        0
  MONTH TO DATE    7                         0      7        0
  SINCE MAR 1      7                         0      7        0
  SINCE JAN 1      9                         1      8        0
..................................................................


WIND (MPH)
  RESULTANT WIND SPEED   4   RESULTANT WIND DIRECTION   W (280)
  HIGHEST WIND SPEED    15   HIGHEST WIND DIRECTION     W (270)
  HIGHEST GUST SPEED    20   HIGHEST GUST DIRECTION     W (260)
  AVERAGE WIND SPEED     4.0


SKY COVER
  POSSIBLE SUNSHINE  MM
  AVERAGE SKY COVER 0.0


WEATHER CONDITIONS
 THE FOLLOWING WEATHER WAS RECORDED TODAY.
  NO SIGNIFICANT WEATHER WAS OBSERVED.


RELATIVE HUMIDITY (PERCENT)
 HIGHEST    71           300 AM
 LOWEST     15          1000 AM
 AVERAGE    43

..........................................................


THE RAMONA AIRPORT CA CLIMATE NORMALS FOR TOMORROW
                         NORMAL    RECORD    YEAR
 MAXIMUM TEMPERATURE (F)   68        85      2004
 MINIMUM TEMPERATURE (F)   40        29      1977


SUNRISE AND SUNSET
MARCH 29 2015.........SUNRISE   640 AM PDT   SUNSET   706 PM PDT
MARCH 30 2015.........SUNRISE   638 AM PDT   SUNSET   706 PM PDT


-  INDICATES NEGATIVE NUMBERS.
R  INDICATES RECORD WAS SET OR TIED.
MM INDICATES DATA IS MISSING.
T  INDICATES TRACE AMOUNT.




$$
