000
CDUS46 KSGX 241232
CLIRNM


CLIMATE REPORT
NATIONAL WEATHER SERVICE SAN DIEGO, CA
432 AM PST SAT FEB 24 2018


...................................

...THE RAMONA AIRPORT CA CLIMATE SUMMARY FOR FEBRUARY 23 2018...

CLIMATE NORMAL PERIOD 1981 TO 2010
CLIMATE RECORD PERIOD 1974 TO 2018


WEATHER ITEM   OBSERVED TIME   RECORD YEAR NORMAL DEPARTURE LAST
                VALUE   (LST)  VALUE       VALUE  FROM      YEAR
                                                  NORMAL
..................................................................
TEMPERATURE (F)
 YESTERDAY
  MAXIMUM         53    204 PM  83    1990  65    -12       55
                                      1989
  MINIMUM         29   1159 PM  23    2006  38     -9       36
  AVERAGE         41                        52    -11       46

PRECIPITATION (IN)
  YESTERDAY        0.05          0.86 2005   0.13  -0.08     0.00
  MONTH TO DATE    0.12                      2.48  -2.36     2.00
  SINCE OCT 1      3.45                      9.94  -6.49    16.36
  SINCE JAN 1      3.41                      5.80  -2.39     9.34

DEGREE DAYS
 HEATING
  YESTERDAY       24                        13     11       19
  MONTH TO DATE  276                       329    -53      241
  SINCE DEC 1    833                      1265   -432     1097
  SINCE JUL 1   1014                      1676   -662     1348

 COOLING
  YESTERDAY        0                         0      0        0
  MONTH TO DATE    0                         0      0        0
  SINCE DEC 1     17                         1     16        1
  SINCE JAN 1     16                         1     15        0
..................................................................


WIND (MPH)
  RESULTANT WIND SPEED   6   RESULTANT WIND DIRECTION   W (270)
  HIGHEST WIND SPEED    21   HIGHEST WIND DIRECTION     W (270)
  HIGHEST GUST SPEED    28   HIGHEST GUST DIRECTION     W (270)
  AVERAGE WIND SPEED     7.7


SKY COVER
  POSSIBLE SUNSHINE  MM
  AVERAGE SKY COVER 0.4


WEATHER CONDITIONS
 THE FOLLOWING WEATHER WAS RECORDED YESTERDAY.
  LIGHT RAIN
  FOG


RELATIVE HUMIDITY (PERCENT)
 HIGHEST    93           400 AM
 LOWEST     35           200 PM
 AVERAGE    64

..........................................................


THE RAMONA AIRPORT CA CLIMATE NORMALS FOR TODAY
                         NORMAL    RECORD    YEAR
 MAXIMUM TEMPERATURE (F)   65        88      1986
 MINIMUM TEMPERATURE (F)   38        26      2006


SUNRISE AND SUNSET
FEBRUARY 24 2018......SUNRISE   621 AM PST   SUNSET   541 PM PST
FEBRUARY 25 2018......SUNRISE   620 AM PST   SUNSET   542 PM PST


-  INDICATES NEGATIVE NUMBERS.
R  INDICATES RECORD WAS SET OR TIED.
MM INDICATES DATA IS MISSING.
T  INDICATES TRACE AMOUNT.




$$
