000
CDUS46 KSGX 251435
CLIRNM


CLIMATE REPORT
NATIONAL WEATHER SERVICE SAN DIEGO, CA
735 AM PDT TUE APR 25 2017


...................................

...THE RAMONA AIRPORT CA CLIMATE SUMMARY FOR APRIL 24 2017...

CLIMATE NORMAL PERIOD 1981 TO 2010
CLIMATE RECORD PERIOD 1974 TO 2017


WEATHER ITEM   OBSERVED TIME   RECORD YEAR NORMAL DEPARTURE LAST
                VALUE   (LST)  VALUE       VALUE  FROM      YEAR
                                                  NORMAL
..................................................................
TEMPERATURE (F)
 YESTERDAY
  MAXIMUM         72    200 PM  89    2001  72      0       75
  MINIMUM         54    150 AM  35    1980  43     11       41
  AVERAGE         63                        57      6       58

PRECIPITATION (IN)
  YESTERDAY        0.00          0.42 1994   0.05  -0.05     0.00
  MONTH TO DATE    T                         1.14  -1.14     1.33
  SINCE OCT 1     21.58                     14.79   6.79    12.92
  SINCE JAN 1     14.56                     10.65   3.91     9.39

DEGREE DAYS
 HEATING
  YESTERDAY        2                         8     -6        7
  MONTH TO DATE  128                       233   -105      135
  SINCE MAR 1    355                       608   -253      449
  SINCE JUL 1   1790                      2349   -559     1952

 COOLING
  YESTERDAY        0                         0      0        0
  MONTH TO DATE    9                         0      9        1
  SINCE MAR 1     12                         0     12        1
  SINCE JAN 1     12                         1     11        6
..................................................................


WIND (MPH)
  RESULTANT WIND SPEED   3   RESULTANT WIND DIRECTION  SW (210)
  HIGHEST WIND SPEED    20   HIGHEST WIND DIRECTION    SE (130)
  HIGHEST GUST SPEED    31   HIGHEST GUST DIRECTION     W (260)
  AVERAGE WIND SPEED     7.0


SKY COVER
  POSSIBLE SUNSHINE  MM
  AVERAGE SKY COVER 0.8


WEATHER CONDITIONS
 THE FOLLOWING WEATHER WAS RECORDED YESTERDAY.
  FOG


RELATIVE HUMIDITY (PERCENT)
 HIGHEST    93          1200 AM
 LOWEST     49           200 PM
 AVERAGE    71

..........................................................


THE RAMONA AIRPORT CA CLIMATE NORMALS FOR TODAY
                         NORMAL    RECORD    YEAR
 MAXIMUM TEMPERATURE (F)   72        93      2004
 MINIMUM TEMPERATURE (F)   43        34      1974


SUNRISE AND SUNSET
APRIL 25 2017.........SUNRISE   606 AM PDT   SUNSET   726 PM PDT
APRIL 26 2017.........SUNRISE   605 AM PDT   SUNSET   726 PM PDT


-  INDICATES NEGATIVE NUMBERS.
R  INDICATES RECORD WAS SET OR TIED.
MM INDICATES DATA IS MISSING.
T  INDICATES TRACE AMOUNT.




$$
