000
CDUS46 KSGX 041423
CLIRNM


CLIMATE REPORT
NATIONAL WEATHER SERVICE SAN DIEGO, CA
722 AM PDT TUE AUG 4 2015


...................................

...THE RAMONA AIRPORT CA CLIMATE SUMMARY FOR AUGUST 3 2015...

CLIMATE NORMAL PERIOD 1981 TO 2010
CLIMATE RECORD PERIOD 1974 TO 2015


WEATHER ITEM   OBSERVED TIME   RECORD YEAR NORMAL DEPARTURE LAST
                VALUE   (LST)  VALUE       VALUE  FROM      YEAR
                                                  NORMAL
..................................................................
TEMPERATURE (F)
 YESTERDAY
  MAXIMUM         91    105 PM 102    1998  90      1       83
  MINIMUM         59    143 AM  48    1999  58      1       68
  AVERAGE         75                        74      1       76

PRECIPITATION (IN)
  YESTERDAY        0.00          0.17 2014   0.01  -0.01     0.17
  MONTH TO DATE    0.00                      0.02  -0.02     0.25
  SINCE OCT 1     12.02                     15.62  -3.60     8.17
  SINCE JAN 1      7.42                     11.48  -4.06     5.50

DEGREE DAYS
 HEATING
  YESTERDAY        0                         0      0        0
  MONTH TO DATE    0                         0      0        0
  SINCE JUN 1      8                        29    -21        7
  SINCE JUL 1      0                         2     -2        0

 COOLING
  YESTERDAY       10                         9      1       11
  MONTH TO DATE   28                        26      2       32
  SINCE JUN 1    441                       334    107      411
  SINCE JAN 1    476                       361    115      494
..................................................................


WIND (MPH)
  RESULTANT WIND SPEED   4   RESULTANT WIND DIRECTION   W (280)
  HIGHEST WIND SPEED    15   HIGHEST WIND DIRECTION     W (270)
  HIGHEST GUST SPEED    20   HIGHEST GUST DIRECTION     W (260)
  AVERAGE WIND SPEED     4.9


SKY COVER
  POSSIBLE SUNSHINE  MM
  AVERAGE SKY COVER 0.4


WEATHER CONDITIONS
 THE FOLLOWING WEATHER WAS RECORDED YESTERDAY.
  FOG
  FOG W/VISIBILITY <= 1/4 MILE


RELATIVE HUMIDITY (PERCENT)
 HIGHEST   100           100 AM
 LOWEST     40           100 PM
 AVERAGE    70

..........................................................


THE RAMONA AIRPORT CA CLIMATE NORMALS FOR TODAY
                         NORMAL    RECORD    YEAR
 MAXIMUM TEMPERATURE (F)   90       101      1998
 MINIMUM TEMPERATURE (F)   58        46      1999


SUNRISE AND SUNSET
AUGUST  4 2015........SUNRISE   603 AM PDT   SUNSET   744 PM PDT
AUGUST  5 2015........SUNRISE   604 AM PDT   SUNSET   743 PM PDT


-  INDICATES NEGATIVE NUMBERS.
R  INDICATES RECORD WAS SET OR TIED.
MM INDICATES DATA IS MISSING.
T  INDICATES TRACE AMOUNT.




$$
