000
CDUS46 KSGX 251421
CLIRNM


CLIMATE REPORT
NATIONAL WEATHER SERVICE SAN DIEGO, CA
721 AM PDT SAT MAR 25 2017


...................................

...THE RAMONA AIRPORT CA CLIMATE SUMMARY FOR MARCH 24 2017...

CLIMATE NORMAL PERIOD 1981 TO 2010
CLIMATE RECORD PERIOD 1974 TO 2017


WEATHER ITEM   OBSERVED TIME   RECORD YEAR NORMAL DEPARTURE LAST
                VALUE   (LST)  VALUE       VALUE  FROM      YEAR
                                                  NORMAL
..................................................................
TEMPERATURE (F)
 YESTERDAY
  MAXIMUM         71    156 PM  88    1988  67      4       78
  MINIMUM         35    603 AM  29    2009  40     -5       32
  AVERAGE         53                        53      0       55

PRECIPITATION (IN)
  YESTERDAY        0.00          0.64 1983   0.05  -0.05     0.00
  MONTH TO DATE    0.09                      2.69  -2.60     1.19
  SINCE OCT 1     21.58                     13.26   8.32    11.37
  SINCE JAN 1     14.56                      9.12   5.44     7.84

DEGREE DAYS
 HEATING
  YESTERDAY       12                        12      0       10
  MONTH TO DATE  143                       296   -153      229
  SINCE MAR 1    143                       296   -153      229
  SINCE JUL 1   1578                      2037   -459     1732

 COOLING
  YESTERDAY        0                         0      0        0
  MONTH TO DATE    3                         0      3        0
  SINCE MAR 1      3                         0      3        0
  SINCE JAN 1      3                         1      2        5
..................................................................


WIND (MPH)
  RESULTANT WIND SPEED   3   RESULTANT WIND DIRECTION   W (290)
  HIGHEST WIND SPEED    17   HIGHEST WIND DIRECTION     W (280)
  HIGHEST GUST SPEED    21   HIGHEST GUST DIRECTION     W (280)
  AVERAGE WIND SPEED     4.6


SKY COVER
  POSSIBLE SUNSHINE  MM
  AVERAGE SKY COVER 0.0


WEATHER CONDITIONS
 THE FOLLOWING WEATHER WAS RECORDED YESTERDAY.
  FOG


RELATIVE HUMIDITY (PERCENT)
 HIGHEST   100          1200 AM
 LOWEST     40           100 PM
 AVERAGE    70

..........................................................


THE RAMONA AIRPORT CA CLIMATE NORMALS FOR TODAY
                         NORMAL    RECORD    YEAR
 MAXIMUM TEMPERATURE (F)   67        90      1988
 MINIMUM TEMPERATURE (F)   40        30      1995


SUNRISE AND SUNSET
MARCH 25 2017.........SUNRISE   644 AM PDT   SUNSET   703 PM PDT
MARCH 26 2017.........SUNRISE   643 AM PDT   SUNSET   704 PM PDT


-  INDICATES NEGATIVE NUMBERS.
R  INDICATES RECORD WAS SET OR TIED.
MM INDICATES DATA IS MISSING.
T  INDICATES TRACE AMOUNT.




$$
