000
CDUS46 KSGX 191135
CLIRNM


CLIMATE REPORT
NATIONAL WEATHER SERVICE SAN DIEGO, CA
435 AM PDT TUE SEP 19 2017


...................................

...THE RAMONA AIRPORT CA CLIMATE SUMMARY FOR SEPTEMBER 18 2017...

CLIMATE NORMAL PERIOD 1981 TO 2010
CLIMATE RECORD PERIOD 1974 TO 2017


WEATHER ITEM   OBSERVED TIME   RECORD YEAR NORMAL DEPARTURE LAST
                VALUE   (LST)  VALUE       VALUE  FROM      YEAR
                                                  NORMAL
..................................................................
TEMPERATURE (F)
 YESTERDAY
  MAXIMUM         81    211 PM 105    1981  87     -6      100
  MINIMUM         54    914 PM  39    2010  54      0       50
  AVERAGE         68                        70     -2       75

PRECIPITATION (IN)
  YESTERDAY        0.00          0.92 1985   0.01  -0.01     0.00
  MONTH TO DATE    0.05                      0.19  -0.14     0.00
  SINCE OCT 1     22.96                     15.94   7.02    13.19
  SINCE JAN 1     15.94                     11.80   4.14     9.66

DEGREE DAYS
 HEATING
  YESTERDAY        0                         0      0        0
  MONTH TO DATE    0                         0      0        8
  SINCE SEP 1      0                         0      0        8
  SINCE JUL 1      0                         3     -3        8

 COOLING
  YESTERDAY        3                         5     -2       10
  MONTH TO DATE  178                       128     50       63
  SINCE SEP 1    178                       128     50       63
  SINCE JAN 1   1113                       741    372      859
..................................................................


WIND (MPH)
  RESULTANT WIND SPEED   4   RESULTANT WIND DIRECTION   W (290)
  HIGHEST WIND SPEED    16   HIGHEST WIND DIRECTION     W (270)
  HIGHEST GUST SPEED    21   HIGHEST GUST DIRECTION     W (280)
  AVERAGE WIND SPEED     4.9


SKY COVER
  POSSIBLE SUNSHINE  MM
  AVERAGE SKY COVER 0.5


WEATHER CONDITIONS
 THE FOLLOWING WEATHER WAS RECORDED YESTERDAY.
  FOG


RELATIVE HUMIDITY (PERCENT)
 HIGHEST   100           800 PM
 LOWEST     49           100 PM
 AVERAGE    75

..........................................................


THE RAMONA AIRPORT CA CLIMATE NORMALS FOR TODAY
                         NORMAL    RECORD    YEAR
 MAXIMUM TEMPERATURE (F)   86       102      1979
 MINIMUM TEMPERATURE (F)   53        43      2010
                                             2006


SUNRISE AND SUNSET
SEPTEMBER 19 2017.....SUNRISE   634 AM PDT   SUNSET   648 PM PDT
SEPTEMBER 20 2017.....SUNRISE   635 AM PDT   SUNSET   647 PM PDT


-  INDICATES NEGATIVE NUMBERS.
R  INDICATES RECORD WAS SET OR TIED.
MM INDICATES DATA IS MISSING.
T  INDICATES TRACE AMOUNT.




$$
