000
CDUS46 KSGX 221417
CLIRNM


CLIMATE REPORT
NATIONAL WEATHER SERVICE SAN DIEGO, CA
717 AM PDT FRI MAY 22 2015


...................................

...THE RAMONA AIRPORT CA CLIMATE SUMMARY FOR MAY 21 2015...

CLIMATE NORMAL PERIOD 1981 TO 2010
CLIMATE RECORD PERIOD 1974 TO 2015


WEATHER ITEM   OBSERVED TIME   RECORD YEAR NORMAL DEPARTURE LAST
                VALUE   (LST)  VALUE       VALUE  FROM      YEAR
                                                  NORMAL
..................................................................
TEMPERATURE (F)
 YESTERDAY
  MAXIMUM         63    406 PM  96    2000  76    -13       71
  MINIMUM         53   1159 PM  29    1974  48      5       49
  AVERAGE         58                        62     -4       60

PRECIPITATION (IN)
  YESTERDAY        T             0.02 1975   0.00   0.00     0.00
  MONTH TO DATE    1.31                      0.29   1.02      T
  SINCE OCT 1      9.24                     15.34  -6.10     7.76
  SINCE JAN 1      4.64                     11.20  -6.56     5.09

SNOWFALL (IN)
  YESTERDAY        0.0
  MONTH TO DATE    0.0
  SINCE MAR 1      0.0
  SINCE JUL 1      0.0
  SNOW DEPTH       0

DEGREE DAYS
 HEATING
  YESTERDAY        7                         4      3        5
  MONTH TO DATE  119                       103     16       62
  SINCE MAR 1    507                       754   -247      503
  SINCE JUL 1   1691                      2495   -804     1924

 COOLING
  YESTERDAY        0                         1     -1        0
  MONTH TO DATE    6                         9     -3       47
  SINCE MAR 1     25                        13     12       56
  SINCE JAN 1     27                        14     13       56
..................................................................


WIND (MPH)
  RESULTANT WIND SPEED   7   RESULTANT WIND DIRECTION  SW (240)
  HIGHEST WIND SPEED    16   HIGHEST WIND DIRECTION     W (260)
  HIGHEST GUST SPEED    19   HIGHEST GUST DIRECTION     W (270)
  AVERAGE WIND SPEED     7.7


SKY COVER
  POSSIBLE SUNSHINE  MM
  AVERAGE SKY COVER 1.0


WEATHER CONDITIONS
 THE FOLLOWING WEATHER WAS RECORDED YESTERDAY.
  LIGHT RAIN


RELATIVE HUMIDITY (PERCENT)
 HIGHEST    83          1200 AM
 LOWEST     55           100 PM
 AVERAGE    69

..........................................................


THE RAMONA AIRPORT CA CLIMATE NORMALS FOR TODAY
                         NORMAL    RECORD    YEAR
 MAXIMUM TEMPERATURE (F)   77        93      2001
 MINIMUM TEMPERATURE (F)   48        40      1987


SUNRISE AND SUNSET
MAY 22 2015...........SUNRISE   544 AM PDT   SUNSET   745 PM PDT
MAY 23 2015...........SUNRISE   543 AM PDT   SUNSET   746 PM PDT


-  INDICATES NEGATIVE NUMBERS.
R  INDICATES RECORD WAS SET OR TIED.
MM INDICATES DATA IS MISSING.
T  INDICATES TRACE AMOUNT.




$$
