000
CDUS45 KREV 230848
CLIRNO


CLIMATE REPORT
NATIONAL WEATHER SERVICE RENO NV
147 AM PDT WED JUL 23 2014


...................................

...THE RENO TAHOE AIRPORT NV CLIMATE SUMMARY FOR JULY 22 2014...

CLIMATE NORMAL PERIOD 1981 TO 2010
CLIMATE RECORD PERIOD 1888 TO 2014


WEATHER ITEM   OBSERVED TIME   RECORD YEAR NORMAL DEPARTURE LAST
                VALUE   (LST)  VALUE       VALUE  FROM      YEAR
                                                  NORMAL
..................................................................
TEMPERATURE (F)
 YESTERDAY
  MAXIMUM         90    331 PM 104    2003  94     -4      101
  MINIMUM         63    546 AM  37    1987  59      4       69
  AVERAGE         77                        76      1       85

PRECIPITATION (IN)
  YESTERDAY        0.00          0.69 1986   0.01  -0.01     0.00
  MONTH TO DATE    0.20                      0.12   0.08     0.21
  SINCE OCT 1      3.16                      6.76  -3.60     4.72
  SINCE JAN 1      2.20                      4.40  -2.20     1.68

SNOWFALL (IN)
  YESTERDAY        0.0           0.0    MM   0.0    0.0      0.0
  MONTH TO DATE    0.0                       0.0    0.0      0.0
  SINCE JUN 1      0.0                       T      0.0      0.0
  SINCE JUL 1      0.0                       0.0    0.0      0.0
  SNOW DEPTH       0

DEGREE DAYS
 HEATING
  YESTERDAY        0                         0      0        0
  MONTH TO DATE    0                         0      0        0
  SINCE JUN 1     10                        56    -46       16
  SINCE JUL 1      0                         0      0        0

 COOLING
  YESTERDAY       12                        11      1       20
  MONTH TO DATE  366                       215    151      348
  SINCE JUN 1    578                       351    227      575
  SINCE JAN 1    625                       388    237      611
..................................................................


WIND (MPH)
  RESULTANT WIND SPEED   4   RESULTANT WIND DIRECTION   W (290)
  HIGHEST WIND SPEED    18   HIGHEST WIND DIRECTION    NW (300)
  HIGHEST GUST SPEED    25   HIGHEST GUST DIRECTION     W (290)
  AVERAGE WIND SPEED     6.2



WEATHER CONDITIONS
 THE FOLLOWING WEATHER WAS RECORDED YESTERDAY.
  NO SIGNIFICANT WEATHER WAS OBSERVED.


RELATIVE HUMIDITY (PERCENT)
 HIGHEST    67           500 AM
 LOWEST     17           400 PM
 AVERAGE    42

..........................................................


THE RENO TAHOE AIRPORT NV CLIMATE NORMALS FOR TODAY
                         NORMAL    RECORD    YEAR
 MAXIMUM TEMPERATURE (F)   94       103      1942
 MINIMUM TEMPERATURE (F)   59        38      1965
                                             1947


SUNRISE AND SUNSET
JULY 23 2014..........SUNRISE   551 AM PDT   SUNSET   820 PM PDT
JULY 24 2014..........SUNRISE   552 AM PDT   SUNSET   819 PM PDT


-  INDICATES NEGATIVE NUMBERS.
R  INDICATES RECORD WAS SET OR TIED.
MM INDICATES DATA IS MISSING.
T  INDICATES TRACE AMOUNT.




$$
