000
CDUS45 KREV 180836
CLIRNO


CLIMATE REPORT
NATIONAL WEATHER SERVICE RENO NV
135 AM PDT THU SEP 18 2014


...................................

...THE RENO TAHOE AIRPORT NV CLIMATE SUMMARY FOR SEPTEMBER 17 2014...

CLIMATE NORMAL PERIOD 1981 TO 2010
CLIMATE RECORD PERIOD 1888 TO 2014


WEATHER ITEM   OBSERVED TIME   RECORD YEAR NORMAL DEPARTURE LAST
                VALUE   (LST)  VALUE       VALUE  FROM      YEAR
                                                  NORMAL
..................................................................
TEMPERATURE (F)
 YESTERDAY
  MAXIMUM         91    207 PM  96    1929  82      9       79
  MINIMUM         65    600 AM  23    1965  48     17       55
  AVERAGE         78                        65     13       67

PRECIPITATION (IN)
  YESTERDAY        0.00          0.46 1957   0.01  -0.01     0.00
  MONTH TO DATE    T                         0.15  -0.15      T
  SINCE OCT 1      4.24                      7.20  -2.96     6.08
  SINCE JAN 1      3.28                      4.84  -1.56     3.04

SNOWFALL (IN)
  YESTERDAY        0.0           0.0    MM   0.0    0.0      0.0
  MONTH TO DATE    0.0                       0.0    0.0      0.0
  SINCE SEP 1      0.0                       0.0    0.0      0.0
  SINCE JUL 1      0.0                       0.0    0.0       T
  SNOW DEPTH       0

DEGREE DAYS
 HEATING
  YESTERDAY        0                         3     -3        0
  MONTH TO DATE    0                        27    -27        0
  SINCE SEP 1      0                        27    -27        0
  SINCE JUL 1      4                        37    -33        0

 COOLING
  YESTERDAY       13                         3     10        2
  MONTH TO DATE  132                        67     65      138
  SINCE SEP 1    132                        67     65      138
  SINCE JAN 1   1168                       813    355     1171
..................................................................


WIND (MPH)
  RESULTANT WIND SPEED  10   RESULTANT WIND DIRECTION  SW (220)
  HIGHEST WIND SPEED    29   HIGHEST WIND DIRECTION    SW (230)
  HIGHEST GUST SPEED    39   HIGHEST GUST DIRECTION    SW (220)
  AVERAGE WIND SPEED    13.5



WEATHER CONDITIONS
 THE FOLLOWING WEATHER WAS RECORDED YESTERDAY.
  HAZE


RELATIVE HUMIDITY (PERCENT)
 HIGHEST    34           600 AM
 LOWEST     14           100 PM
 AVERAGE    24

..........................................................


THE RENO TAHOE AIRPORT NV CLIMATE NORMALS FOR TODAY
                         NORMAL    RECORD    YEAR
 MAXIMUM TEMPERATURE (F)   81        93      2009
                                             1991
                                             1929
 MINIMUM TEMPERATURE (F)   48        20      1965


SUNRISE AND SUNSET
SEPTEMBER 18 2014.....SUNRISE   643 AM PDT   SUNSET   703 PM PDT
SEPTEMBER 19 2014.....SUNRISE   644 AM PDT   SUNSET   701 PM PDT


-  INDICATES NEGATIVE NUMBERS.
R  INDICATES RECORD WAS SET OR TIED.
MM INDICATES DATA IS MISSING.
T  INDICATES TRACE AMOUNT.




$$
