000
CDUS45 KREV 200836
CLIRNO


CLIMATE REPORT
NATIONAL WEATHER SERVICE RENO NV
135 AM PDT MON OCT 20 2014


...................................

...THE RENO TAHOE AIRPORT NV CLIMATE SUMMARY FOR OCTOBER 19 2014...

CLIMATE NORMAL PERIOD 1981 TO 2010
CLIMATE RECORD PERIOD 1888 TO 2014


WEATHER ITEM   OBSERVED TIME   RECORD YEAR NORMAL DEPARTURE LAST
                VALUE   (LST)  VALUE       VALUE  FROM      YEAR
                                                  NORMAL
..................................................................
TEMPERATURE (F)
 YESTERDAY
  MAXIMUM         79    315 PM  85    1921  68     11       75
  MINIMUM         40    636 AM  19    1966  38      2       33
  AVERAGE         60                        53      7       54

PRECIPITATION (IN)
  YESTERDAY        0.00          0.70 2004   0.02  -0.02     0.00
  MONTH TO DATE    0.00                      0.31  -0.31     0.01
  SINCE OCT 1      0.00                      0.31  -0.31     0.01
  SINCE JAN 1      3.57                      5.35  -1.78     3.07

SNOWFALL (IN)
  YESTERDAY        0.0           0.2  1920   0.0    0.0      0.0
  MONTH TO DATE    0.0                       0.1   -0.1      0.0
  SINCE SEP 1      0.0                       0.2   -0.2      0.0
  SINCE JUL 1      0.0                       0.2   -0.2       T
  SNOW DEPTH       0

DEGREE DAYS
 HEATING
  YESTERDAY        5                        12     -7       11
  MONTH TO DATE   75                       171    -96      247
  SINCE SEP 1    124                       251   -127      332
  SINCE JUL 1    128                       261   -133      332

 COOLING
  YESTERDAY        0                         0      0        0
  MONTH TO DATE    5                         4      1        0
  SINCE SEP 1    175                        92     83      141
  SINCE JAN 1   1211                       838    373     1174
..................................................................


WIND (MPH)
  RESULTANT WIND SPEED   1   RESULTANT WIND DIRECTION   W (250)
  HIGHEST WIND SPEED    18   HIGHEST WIND DIRECTION     W (290)
  HIGHEST GUST SPEED    24   HIGHEST GUST DIRECTION    SW (220)
  AVERAGE WIND SPEED     2.4



WEATHER CONDITIONS
 THE FOLLOWING WEATHER WAS RECORDED YESTERDAY.
  NO SIGNIFICANT WEATHER WAS OBSERVED.


RELATIVE HUMIDITY (PERCENT)
 HIGHEST    62           200 AM
 LOWEST     13           300 PM
 AVERAGE    38

..........................................................


THE RENO TAHOE AIRPORT NV CLIMATE NORMALS FOR TODAY
                         NORMAL    RECORD    YEAR
 MAXIMUM TEMPERATURE (F)   67        85      2003
 MINIMUM TEMPERATURE (F)   38        18      1996


SUNRISE AND SUNSET
OCTOBER 20 2014.......SUNRISE   714 AM PDT   SUNSET   613 PM PDT
OCTOBER 21 2014.......SUNRISE   715 AM PDT   SUNSET   611 PM PDT


-  INDICATES NEGATIVE NUMBERS.
R  INDICATES RECORD WAS SET OR TIED.
MM INDICATES DATA IS MISSING.
T  INDICATES TRACE AMOUNT.




$$
