000
CDUS45 KREV 160839
CLIRNO


CLIMATE REPORT
NATIONAL WEATHER SERVICE RENO NV
1237 AM PST MON JAN 16 2017


...................................

...THE RENO TAHOE AIRPORT NV CLIMATE SUMMARY FOR JANUARY 15 2017...

CLIMATE NORMAL PERIOD 1981 TO 2010
CLIMATE RECORD PERIOD 1888 TO 2017


WEATHER ITEM   OBSERVED TIME   RECORD YEAR NORMAL DEPARTURE LAST
                VALUE   (LST)  VALUE       VALUE  FROM      YEAR
                                                  NORMAL
..................................................................
TEMPERATURE (F)
 YESTERDAY
  MAXIMUM         31    450 PM  70    1967  45    -14       44
  MINIMUM         28   1017 AM -12    1949  25      3       32
  AVERAGE         30                        35     -5       38

PRECIPITATION (IN)
  YESTERDAY        0.00          0.85 1913   0.04  -0.04     0.12
  MONTH TO DATE    4.56                      0.56   4.00     0.38
  SINCE OCT 1      8.35                      2.92   5.43     4.33
  SINCE JAN 1      4.56                      0.56   4.00     0.38

SNOWFALL (IN)
  YESTERDAY        0.0           9.0  1913   0.1   -0.1      0.3
  MONTH TO DATE    9.4                       3.4    6.0      3.1
  SINCE DEC 1     10.2                       8.3    1.9      9.4
  SINCE JUL 1     10.8                      11.8   -1.0     14.5
  SNOW DEPTH       2

DEGREE DAYS
 HEATING
  YESTERDAY       35                        30      5       27
  MONTH TO DATE  470                       452     18      487
  SINCE DEC 1   1333                      1373    -40     1382
  SINCE JUL 1   2211                      2476   -265     2375

 COOLING
  YESTERDAY        0                         0      0        0
  MONTH TO DATE    0                         0      0        0
  SINCE DEC 1      0                         0      0        0
  SINCE JAN 1      0                         0      0        0
..................................................................


WIND (MPH)
  RESULTANT WIND SPEED   3   RESULTANT WIND DIRECTION   S (170)
  HIGHEST WIND SPEED     9   HIGHEST WIND DIRECTION    SE (120)
  HIGHEST GUST SPEED    MM   HIGHEST GUST DIRECTION    MM
  AVERAGE WIND SPEED     4.3



WEATHER CONDITIONS
 THE FOLLOWING WEATHER WAS RECORDED YESTERDAY.
  NO SIGNIFICANT WEATHER WAS OBSERVED.


RELATIVE HUMIDITY (PERCENT)
 HIGHEST    85           700 AM
 LOWEST     78          1200 AM
 AVERAGE    82

..........................................................


THE RENO TAHOE AIRPORT NV CLIMATE NORMALS FOR TODAY
                         NORMAL    RECORD    YEAR
 MAXIMUM TEMPERATURE (F)   46        67      2011
 MINIMUM TEMPERATURE (F)   25        -9      1960


SUNRISE AND SUNSET
JANUARY 16 2017.......SUNRISE   717 AM PST   SUNSET   501 PM PST
JANUARY 17 2017.......SUNRISE   717 AM PST   SUNSET   502 PM PST


-  INDICATES NEGATIVE NUMBERS.
R  INDICATES RECORD WAS SET OR TIED.
MM INDICATES DATA IS MISSING.
T  INDICATES TRACE AMOUNT.




$$
