000
CDUS45 KREV 041220
CLIRNO


CLIMATE REPORT
NATIONAL WEATHER SERVICE RENO NV
519 AM PDT SAT JUL 4 2015


...................................

...THE RENO TAHOE AIRPORT NV CLIMATE SUMMARY FOR JULY 3 2015...

CLIMATE NORMAL PERIOD 1981 TO 2010
CLIMATE RECORD PERIOD 1888 TO 2015


WEATHER ITEM   OBSERVED TIME   RECORD YEAR NORMAL DEPARTURE LAST
                VALUE   (LST)  VALUE       VALUE  FROM      YEAR
                                                  NORMAL
..................................................................
TEMPERATURE (F)
 YESTERDAY
  MAXIMUM         93   1249 PM 101    1937  90      3       97
  MINIMUM         69    434 AM  35    1966  56     13       61
  AVERAGE         81                        73      8       79

PRECIPITATION (IN)
  YESTERDAY        0.04R         0.04 1961   0.01   0.03     0.00
                                      1961
                                      2015
  MONTH TO DATE    0.04                      0.02   0.02     0.00
  SINCE OCT 1      5.25                      6.66  -1.41     2.96
  SINCE JAN 1      3.83                      4.30  -0.47     2.00

SNOWFALL (IN)
  YESTERDAY        0.0           0.0    MM   0.0    0.0      0.0
  MONTH TO DATE    0.0                       0.0    0.0      0.0
  SINCE JUN 1      0.0                       T      0.0      0.0
  SINCE JUL 1      0.0                       0.0    0.0      0.0
  SNOW DEPTH       0

DEGREE DAYS
 HEATING
  YESTERDAY        0                         0      0        0
  MONTH TO DATE    0                         0      0        0
  SINCE JUN 1      7                        56    -49       10
  SINCE JUL 1      0                         0      0        0

 COOLING
  YESTERDAY       16                         8      8       14
  MONTH TO DATE   57                        24     33       48
  SINCE JUN 1    342                       160    182      260
  SINCE JAN 1    376                       197    179      307
..................................................................


WIND (MPH)
  RESULTANT WIND SPEED   3   RESULTANT WIND DIRECTION   N (0)
  HIGHEST WIND SPEED    26   HIGHEST WIND DIRECTION     W (280)
  HIGHEST GUST SPEED    33   HIGHEST GUST DIRECTION     W (290)
  AVERAGE WIND SPEED     7.2



WEATHER CONDITIONS
 THE FOLLOWING WEATHER WAS RECORDED YESTERDAY.
  THUNDERSTORM
  LIGHT RAIN


RELATIVE HUMIDITY (PERCENT)
 HIGHEST    68           400 AM
 LOWEST     27          1200 PM
 AVERAGE    48

..........................................................


THE RENO TAHOE AIRPORT NV CLIMATE NORMALS FOR TODAY
                         NORMAL    RECORD    YEAR
 MAXIMUM TEMPERATURE (F)   90       106      2007
 MINIMUM TEMPERATURE (F)   56        35      1963


SUNRISE AND SUNSET
JULY  4 2015..........SUNRISE   537 AM PDT   SUNSET   830 PM PDT
JULY  5 2015..........SUNRISE   538 AM PDT   SUNSET   830 PM PDT


-  INDICATES NEGATIVE NUMBERS.
R  INDICATES RECORD WAS SET OR TIED.
MM INDICATES DATA IS MISSING.
T  INDICATES TRACE AMOUNT.




$$
