000
CDUS41 KRNK 301003
CLIROA


CLIMATE REPORT
NATIONAL WEATHER SERVICE BLACKSBURG VA
502 AM EST FRI JAN 30 2015


...................................

...THE ROANOKE VA CLIMATE SUMMARY FOR JANUARY 29 2015...

CLIMATE NORMAL PERIOD 1981 TO 2010
CLIMATE RECORD PERIOD 1912 TO 2015


WEATHER ITEM   OBSERVED TIME   RECORD YEAR NORMAL DEPARTURE LAST
                VALUE   (LST)  VALUE       VALUE  FROM      YEAR
                                                  NORMAL
..................................................................
TEMPERATURE (F)
 YESTERDAY
  MAXIMUM         44   1159 PM  75    1975  46     -2       25
  MINIMUM         21    535 AM   4    1977  28     -7        7
                                      1940
  AVERAGE         33                        37     -4       16

PRECIPITATION (IN)
  YESTERDAY        0.01          1.05 1957   0.10  -0.09      T
  MONTH TO DATE    1.31                      2.73  -1.42     1.81
  SINCE DEC 1      3.85                      5.67  -1.82     6.19
  SINCE JAN 1      1.31                      2.73  -1.42     1.81

SNOWFALL (IN)
  YESTERDAY        T
  MONTH TO DATE    0.2
  SINCE DEC 1      0.2
  SINCE JUL 1      0.7
  SNOW DEPTH       0

DEGREE DAYS
 HEATING
  YESTERDAY       32                        28      4       49
  MONTH TO DATE  834                       829      5      998
  SINCE DEC 1   1531                      1635   -104     1693
  SINCE JUL 1   2409                      2439    -30     2565

 COOLING
  YESTERDAY        0                         0      0        0
  MONTH TO DATE    0                         0      0        0
  SINCE DEC 1      0                         0      0        0
  SINCE JAN 1      0                         0      0        0
..................................................................


WIND (MPH)
  HIGHEST WIND SPEED    13   HIGHEST WIND DIRECTION     S (170)
  HIGHEST GUST SPEED    15   HIGHEST GUST DIRECTION     S (170)
  AVERAGE WIND SPEED     1.7


SKY COVER
  POSSIBLE SUNSHINE  MM
  AVERAGE SKY COVER 0.5


WEATHER CONDITIONS
 THE FOLLOWING WEATHER WAS RECORDED YESTERDAY.
  LIGHT RAIN
  SLEET


RELATIVE HUMIDITY (PERCENT)
 HIGHEST    74           800 AM
 LOWEST     40          1200 PM
 AVERAGE    57

..........................................................


THE ROANOKE VA CLIMATE NORMALS FOR TODAY
                         NORMAL    RECORD    YEAR
 MAXIMUM TEMPERATURE (F)   46        79      2002
 MINIMUM TEMPERATURE (F)   28         3      1966


SUNRISE AND SUNSET
JANUARY 30 2015.......SUNRISE   725 AM EST   SUNSET   542 PM EST
JANUARY 31 2015.......SUNRISE   724 AM EST   SUNSET   543 PM EST


-  INDICATES NEGATIVE NUMBERS.
R  INDICATES RECORD WAS SET OR TIED.
MM INDICATES DATA IS MISSING.
T  INDICATES TRACE AMOUNT.




$$
