000
CDUS41 KRNK 270739
CLIROA


CLIMATE REPORT
NATIONAL WEATHER SERVICE BLACKSBURG VA
235 AM EST SAT DEC 27 2014


...................................

...THE ROANOKE VA CLIMATE SUMMARY FOR DECEMBER 26 2014...

CLIMATE NORMAL PERIOD 1981 TO 2010
CLIMATE RECORD PERIOD 1912 TO 2014


WEATHER ITEM   OBSERVED TIME   RECORD YEAR NORMAL DEPARTURE LAST
                VALUE   (LST)  VALUE       VALUE  FROM      YEAR
                                                  NORMAL
..................................................................
TEMPERATURE (F)
 YESTERDAY
  MAXIMUM         59    403 PM  70    1964  46     13       48
                                      1922
  MINIMUM         29    811 AM   3    1980  28      1       19
  AVERAGE         44                        37      7       34

PRECIPITATION (IN)
  YESTERDAY        0.00          1.74 1943   0.08  -0.08     0.00
  MONTH TO DATE    2.22                      2.51  -0.29     3.35
  SINCE DEC 1      2.22                      2.51  -0.29     3.35
  SINCE JAN 1     39.11                     40.82  -1.71    52.07

SNOWFALL (IN)
  YESTERDAY        0.0
  MONTH TO DATE    T
  SINCE DEC 1      T
  SINCE JUL 1      0.5
  SNOW DEPTH       0

DEGREE DAYS
 HEATING
  YESTERDAY       21                        28     -7       31
  MONTH TO DATE  582                       666    -84      575
  SINCE DEC 1    582                       666    -84      575
  SINCE JUL 1   1460                      1470    -10     1447

 COOLING
  YESTERDAY        0                         0      0        0
  MONTH TO DATE    0                         0      0        0
  SINCE DEC 1      0                         0      0        0
  SINCE JAN 1   1128                      1208    -80     1227
..................................................................


WIND (MPH)
  HIGHEST WIND SPEED     9   HIGHEST WIND DIRECTION     N (350)
  HIGHEST GUST SPEED    11   HIGHEST GUST DIRECTION    NW (330)
  AVERAGE WIND SPEED     3.3


SKY COVER
  POSSIBLE SUNSHINE  MM
  AVERAGE SKY COVER 0.3


WEATHER CONDITIONS
 THE FOLLOWING WEATHER WAS RECORDED YESTERDAY.
  NO SIGNIFICANT WEATHER WAS OBSERVED.


RELATIVE HUMIDITY (PERCENT)
 HIGHEST    85           600 AM
 LOWEST     22           500 PM
 AVERAGE    54

..........................................................


THE ROANOKE VA CLIMATE NORMALS FOR TODAY
                         NORMAL    RECORD    YEAR
 MAXIMUM TEMPERATURE (F)   46        69      1984
                                             1971
 MINIMUM TEMPERATURE (F)   28        -3      1914


SUNRISE AND SUNSET
DECEMBER 27 2014......SUNRISE   733 AM EST   SUNSET   509 PM EST
DECEMBER 28 2014......SUNRISE   733 AM EST   SUNSET   510 PM EST


-  INDICATES NEGATIVE NUMBERS.
R  INDICATES RECORD WAS SET OR TIED.
MM INDICATES DATA IS MISSING.
T  INDICATES TRACE AMOUNT.

$$
