000
CDUS41 KRNK 230715
CLIROA


CLIMATE REPORT
NATIONAL WEATHER SERVICE BLACKSBURG VA
307 AM EDT MON OCT 23 2017


...................................

...THE ROANOKE VA CLIMATE SUMMARY FOR OCTOBER 22 2017...

CLIMATE NORMAL PERIOD 1981 TO 2010
CLIMATE RECORD PERIOD 1912 TO 2017


WEATHER ITEM   OBSERVED TIME   RECORD YEAR NORMAL DEPARTURE LAST
                VALUE   (LST)  VALUE       VALUE  FROM      YEAR
                                                  NORMAL
..................................................................
TEMPERATURE (F)
 YESTERDAY
  MAXIMUM         74    337 PM  85    1920  67      7       55
  MINIMUM         48    657 AM  22    1930  45      3       48
  AVERAGE         61                        56      5       52

PRECIPITATION (IN)
  YESTERDAY        0.00          2.51 1929   0.10  -0.10     0.00
  MONTH TO DATE    2.33                      2.01   0.32     4.42
  SINCE SEP 1      4.71                      5.90  -1.19     9.17
  SINCE JAN 1     34.61                     34.03   0.58    42.94

SNOWFALL (IN)
  YESTERDAY        0.0                                       0.0
  MONTH TO DATE    0.0                                       0.0
  SINCE SEP 1      0.0                                       0.0
  SINCE JUL 1      0.0                                       0.0
  SNOW DEPTH       0

DEGREE DAYS
 HEATING
  YESTERDAY        4                         9     -5       13
  MONTH TO DATE   73                       151    -78       81
  SINCE SEP 1    110                       199    -89       81
  SINCE JUL 1    110                       200    -90       81

 COOLING
  YESTERDAY        0                         0      0        0
  MONTH TO DATE   77                        18     59       36
  SINCE SEP 1    237                       157     80      300
  SINCE JAN 1   1414                      1204    210     1549
..................................................................


WIND (MPH)
  HIGHEST WIND SPEED    15   HIGHEST WIND DIRECTION    SE (120)
  HIGHEST GUST SPEED    20   HIGHEST GUST DIRECTION    SE (150)
  AVERAGE WIND SPEED     3.1


SKY COVER
  AVERAGE SKY COVER 0.2


WEATHER CONDITIONS
 THE FOLLOWING WEATHER WAS RECORDED YESTERDAY.
  NO SIGNIFICANT WEATHER WAS OBSERVED.


RELATIVE HUMIDITY (PERCENT)
 HIGHEST   100           300 AM
 LOWEST     46           100 PM
 AVERAGE    73

..........................................................


THE ROANOKE VA CLIMATE NORMALS FOR TODAY
                         NORMAL    RECORD    YEAR
 MAXIMUM TEMPERATURE (F)   67        84      1941
 MINIMUM TEMPERATURE (F)   44        26      1987
                                             1924


SUNRISE AND SUNSET
OCTOBER 23 2017.......SUNRISE   736 AM EDT   SUNSET   632 PM EDT
OCTOBER 24 2017.......SUNRISE   737 AM EDT   SUNSET   631 PM EDT


-  INDICATES NEGATIVE NUMBERS.
R  INDICATES RECORD WAS SET OR TIED.
MM INDICATES DATA IS MISSING.
T  INDICATES TRACE AMOUNT.


$$
