000
CDUS41 KRNK 262214
CLIROA


CLIMATE REPORT
NATIONAL WEATHER SERVICE BLACKSBURG VA
510 PM EST WED NOV 26 2014


...................................

...THE ROANOKE VA CLIMATE SUMMARY FOR NOVEMBER 26 2014...
VALID TODAY AS OF 0500 PM LOCAL TIME.

CLIMATE NORMAL PERIOD 1981 TO 2010
CLIMATE RECORD PERIOD 1912 TO 2014


WEATHER ITEM   OBSERVED TIME   RECORD YEAR NORMAL DEPARTURE LAST
                VALUE   (LST)  VALUE       VALUE  FROM      YEAR
                                                  NORMAL
..................................................................
TEMPERATURE (F)
 TODAY
  MAXIMUM         45    146 AM  74    1990  54     -9       42
  MINIMUM         32   1130 AM  10    1950  35     -3       31
  AVERAGE         39                        44     -5       37

PRECIPITATION (IN)
  TODAY            1.45          2.08 2013   0.11   1.34     2.08
  MONTH TO DATE    3.51                      2.95   0.56     2.71
  SINCE SEP 1      8.30                      9.73  -1.43     6.38
  SINCE JAN 1     36.88                     37.86  -0.98    48.69

SNOWFALL (IN)
  TODAY            0.5
  MONTH TO DATE    0.5
  SINCE SEP 1      0.5
  SINCE JUL 1      0.5
  SNOW DEPTH       T

DEGREE DAYS
 HEATING
  TODAY           26                        21      5       28
  MONTH TO DATE  547                       422    125      499
  SINCE SEP 1    771                       718     53      746
  SINCE JUL 1    771                       719     52      747

 COOLING
  TODAY            0                         0      0        0
  MONTH TO DATE    0                         0      0        2
  SINCE SEP 1    158                       160     -2      167
  SINCE JAN 1   1128                      1207    -79     1227
..................................................................


WIND (MPH)
  HIGHEST WIND SPEED    15   HIGHEST WIND DIRECTION     N (20)
  HIGHEST GUST SPEED    19   HIGHEST GUST DIRECTION     N (10)
  AVERAGE WIND SPEED     2.5


SKY COVER
  POSSIBLE SUNSHINE  MM
  AVERAGE SKY COVER 1.0


WEATHER CONDITIONS
 THE FOLLOWING WEATHER WAS RECORDED TODAY.
  HEAVY RAIN
  RAIN
  LIGHT RAIN
  SNOW
  LIGHT SNOW
  FOG


RELATIVE HUMIDITY (PERCENT)
 HIGHEST   100          1100 AM
 LOWEST     58          1200 AM
 AVERAGE    79

..........................................................


THE ROANOKE VA CLIMATE NORMALS FOR TOMORROW
                         NORMAL    RECORD    YEAR
 MAXIMUM TEMPERATURE (F)   54        72      1990
 MINIMUM TEMPERATURE (F)   35        14      1938
                                             1930


SUNRISE AND SUNSET
NOVEMBER 26 2014......SUNRISE   710 AM EST   SUNSET   504 PM EST
NOVEMBER 27 2014......SUNRISE   711 AM EST   SUNSET   503 PM EST


-  INDICATES NEGATIVE NUMBERS.
R  INDICATES RECORD WAS SET OR TIED.
MM INDICATES DATA IS MISSING.
T  INDICATES TRACE AMOUNT.




$$
