000
CDUS41 KRNK 302113
CLIROA


CLIMATE REPORT
NATIONAL WEATHER SERVICE BLACKSBURG VA
513 PM EDT TUE AUG 30 2016


...................................

...THE ROANOKE VA CLIMATE SUMMARY FOR AUGUST 30 2016...
VALID TODAY AS OF 0500 PM LOCAL TIME.

CLIMATE NORMAL PERIOD 1981 TO 2010
CLIMATE RECORD PERIOD 1912 TO 2016


WEATHER ITEM   OBSERVED TIME   RECORD YEAR NORMAL DEPARTURE LAST
                VALUE   (LST)  VALUE       VALUE  FROM      YEAR
                                                  NORMAL
..................................................................
TEMPERATURE (F)
 TODAY
  MAXIMUM         89    400 PM 102    1932  84      5       84
  MINIMUM         68    550 AM  42    1986  63      5       66
  AVERAGE         79                        73      6       75

PRECIPITATION (IN)
  TODAY            0.00          2.56 1940   0.12  -0.12     0.00
  MONTH TO DATE    3.65                      3.44   0.21     3.09
  SINCE JUN 1     15.23                     11.31   3.92    16.45
  SINCE JAN 1     32.96                     28.01   4.95    31.43

SNOWFALL (IN)
  TODAY            0.0                                       0.0
  MONTH TO DATE    0.0                                       0.0
  SINCE JUN 1      0.0                                        T
  SINCE JUL 1      0.0                                       0.0
  SNOW DEPTH       0

DEGREE DAYS
 HEATING
  TODAY            0                         0      0        0
  MONTH TO DATE    0                         0      0        0
  SINCE JUN 1      0                        11    -11        7
  SINCE JUL 1      0                         0      0        0

 COOLING
  TODAY           14                         9      5       10
  MONTH TO DATE  384                       314     70      318
  SINCE JUN 1   1109                       921    188     1036
  SINCE JAN 1   1234                      1037    197     1204
..................................................................


WIND (MPH)
  HIGHEST WIND SPEED    10   HIGHEST WIND DIRECTION     S (160)
  HIGHEST GUST SPEED    13   HIGHEST GUST DIRECTION    SE (150)
  AVERAGE WIND SPEED     2.9


SKY COVER
  AVERAGE SKY COVER 0.3


WEATHER CONDITIONS
 THE FOLLOWING WEATHER WAS RECORDED TODAY.
  NO SIGNIFICANT WEATHER WAS OBSERVED.


RELATIVE HUMIDITY (PERCENT)
 HIGHEST    97           500 AM
 LOWEST     47           400 PM
 AVERAGE    72

..........................................................


THE ROANOKE VA CLIMATE NORMALS FOR TOMORROW
                         NORMAL    RECORD    YEAR
 MAXIMUM TEMPERATURE (F)   84       104      1932
 MINIMUM TEMPERATURE (F)   63        45      1976


SUNRISE AND SUNSET
AUGUST 30 2016........SUNRISE   649 AM EDT   SUNSET   751 PM EDT
AUGUST 31 2016........SUNRISE   650 AM EDT   SUNSET   749 PM EDT


-  INDICATES NEGATIVE NUMBERS.
R  INDICATES RECORD WAS SET OR TIED.
MM INDICATES DATA IS MISSING.
T  INDICATES TRACE AMOUNT.




$$
