000
CDUS41 KRNK 242121
CLIROA


CLIMATE REPORT
NATIONAL WEATHER SERVICE BLACKSBURG VA
519 PM EDT THU APR 24 2014


...................................

...THE ROANOKE VA CLIMATE SUMMARY FOR APRIL 24 2014...
VALID TODAY AS OF 0500 PM LOCAL TIME.

CLIMATE NORMAL PERIOD 1981 TO 2010
CLIMATE RECORD PERIOD 1912 TO 2014


WEATHER ITEM   OBSERVED TIME   RECORD YEAR NORMAL DEPARTURE LAST
                VALUE   (LST)  VALUE       VALUE  FROM      YEAR
                                                  NORMAL
..................................................................
TEMPERATURE (F)
 TODAY
  MAXIMUM         69    401 PM  95    1925  71     -2       78
  MINIMUM         40    418 AM  28    1927  48     -8       47
  AVERAGE         55                        59     -4       63

PRECIPITATION (IN)
  TODAY            0.00          2.76 1987   0.12  -0.12     0.03
  MONTH TO DATE    2.18                      2.70  -0.52     2.63
  SINCE MAR 1      4.94                      6.16  -1.22     6.03
  SINCE JAN 1     11.22                     11.97  -0.75    15.32

SNOWFALL (IN)
  TODAY            0.0
  MONTH TO DATE    0.0
  SINCE MAR 1      5.6
  SINCE JUL 1     28.0
  SNOW DEPTH       0

DEGREE DAYS
 HEATING
  TODAY           10                         7      3        2
  MONTH TO DATE  221                       237    -16      195
  SINCE MAR 1    871                       789     82      894
  SINCE JUL 1   4273                      3994    279     3836

 COOLING
  TODAY            0                         1     -1        0
  MONTH TO DATE    8                        16     -8       43
  SINCE MAR 1      8                        21    -13       43
  SINCE JAN 1      8                        21    -13       43
..................................................................


WIND (MPH)
  HIGHEST WIND SPEED    13   HIGHEST WIND DIRECTION     E (110)
  HIGHEST GUST SPEED    24   HIGHEST GUST DIRECTION    SE (140)
  AVERAGE WIND SPEED     2.5


SKY COVER
  POSSIBLE SUNSHINE  MM
  AVERAGE SKY COVER 0.5


WEATHER CONDITIONS
 THE FOLLOWING WEATHER WAS RECORDED TODAY.
  NO SIGNIFICANT WEATHER WAS OBSERVED.


RELATIVE HUMIDITY (PERCENT)
 HIGHEST    67           500 AM
 LOWEST     15          1200 PM
 AVERAGE    41

..........................................................


THE ROANOKE VA CLIMATE NORMALS FOR TOMORROW
                         NORMAL    RECORD    YEAR
 MAXIMUM TEMPERATURE (F)   71        95      1925
 MINIMUM TEMPERATURE (F)   48        30      1956


SUNRISE AND SUNSET
APRIL 24 2014.........SUNRISE   633 AM EDT   SUNSET   803 PM EDT
APRIL 25 2014.........SUNRISE   632 AM EDT   SUNSET   804 PM EDT


-  INDICATES NEGATIVE NUMBERS.
R  INDICATES RECORD WAS SET OR TIED.
MM INDICATES DATA IS MISSING.
T  INDICATES TRACE AMOUNT.

REMARKS

DUE TO A PROBLEM WITH THE ASOS TEMPERATURE SENSOR ON AUGUST
26-28 AND SEPTEMBER 23...THE SEASONAL TOTAL AND DEPARTURE FROM
NORMAL FOR HDD WILL BE CALCULATED WITHOUT DATA FROM THOSE DATES.

$$

MBS
