000
CDUS41 KRNK 240922
CLIROA


CLIMATE REPORT
NATIONAL WEATHER SERVICE BLACKSBURG VA
518 AM EDT FRI OCT 24 2014


...................................

...THE ROANOKE VA CLIMATE SUMMARY FOR OCTOBER 23 2014...

CLIMATE NORMAL PERIOD 1981 TO 2010
CLIMATE RECORD PERIOD 1912 TO 2014


WEATHER ITEM   OBSERVED TIME   RECORD YEAR NORMAL DEPARTURE LAST
                VALUE   (LST)  VALUE       VALUE  FROM      YEAR
                                                  NORMAL
..................................................................
TEMPERATURE (F)
 YESTERDAY
  MAXIMUM         63    318 PM  84    1941  67     -4       59
  MINIMUM         47   1151 PM  26    1987  44      3       42
                                      1924
  AVERAGE         55                        56     -1       51

PRECIPITATION (IN)
  YESTERDAY        0.00          2.38 1971   0.10  -0.10      T
  MONTH TO DATE    3.42                      2.11   1.31     2.46
  SINCE SEP 1      4.65                      6.00  -1.35     3.59
  SINCE JAN 1     33.23                     34.13  -0.90    45.90

SNOWFALL (IN)
  YESTERDAY        0.0
  MONTH TO DATE    0.0
  SINCE SEP 1      0.0
  SINCE JUL 1      0.0
  SNOW DEPTH       0

DEGREE DAYS
 HEATING
  YESTERDAY       10                        10      0       14
  MONTH TO DATE  133                       161    -28      110
  SINCE SEP 1    152                       209    -57      143
  SINCE JUL 1    152                       210    -58      144

 COOLING
  YESTERDAY        0                         0      0        0
  MONTH TO DATE   17                        18     -1       38
  SINCE SEP 1    157                       157      0      165
  SINCE JAN 1   1127                      1204    -77     1225
..................................................................


WIND (MPH)
  HIGHEST WIND SPEED    25   HIGHEST WIND DIRECTION    NW (320)
  HIGHEST GUST SPEED    32   HIGHEST GUST DIRECTION    NW (300)
  AVERAGE WIND SPEED    12.6


SKY COVER
  POSSIBLE SUNSHINE  MM
  AVERAGE SKY COVER 0.2


WEATHER CONDITIONS
 THE FOLLOWING WEATHER WAS RECORDED YESTERDAY.
  NO SIGNIFICANT WEATHER WAS OBSERVED.


RELATIVE HUMIDITY (PERCENT)
 HIGHEST    66           100 AM
 LOWEST     43           300 PM
 AVERAGE    55

..........................................................


THE ROANOKE VA CLIMATE NORMALS FOR TODAY
                         NORMAL    RECORD    YEAR
 MAXIMUM TEMPERATURE (F)   67        85      2001
 MINIMUM TEMPERATURE (F)   44        24      1969


SUNRISE AND SUNSET
OCTOBER 24 2014.......SUNRISE   736 AM EDT   SUNSET   631 PM EDT
OCTOBER 25 2014.......SUNRISE   737 AM EDT   SUNSET   630 PM EDT


-  INDICATES NEGATIVE NUMBERS.
R  INDICATES RECORD WAS SET OR TIED.
MM INDICATES DATA IS MISSING.
T  INDICATES TRACE AMOUNT.



$$
