000
CDUS41 KBUF 292042
CLIROC


CLIMATE REPORT
NATIONAL WEATHER SERVICE BUFFALO NY
441 PM EDT SUN MAR 29 2015


...................................

...THE ROCHESTER NY CLIMATE SUMMARY FOR MARCH 29 2015...
VALID TODAY AS OF 0400 PM LOCAL TIME.

CLIMATE NORMAL PERIOD 1981 TO 2010
CLIMATE RECORD PERIOD 1871 TO 2015


WEATHER ITEM   OBSERVED TIME   RECORD YEAR NORMAL DEPARTURE LAST
                VALUE   (LST)  VALUE       VALUE  FROM      YEAR
                                                  NORMAL
..................................................................
TEMPERATURE (F)
 TODAY
  MAXIMUM         42    259 PM  86    1905  48     -6       39
  MINIMUM         17    523 AM   5    1923  30    -13       31
  AVERAGE         30                        39     -9       35

PRECIPITATION (IN)
  TODAY            0.00          2.01 1873   0.09  -0.09     0.55
  MONTH TO DATE    1.31                      2.33  -1.02     2.06
  SINCE MAR 1      1.31                      2.33  -1.02     2.06
  SINCE JAN 1      5.56                      6.69  -1.13     5.68

SNOWFALL (IN)
  TODAY            0.0          14.5  1954   0.3   -0.3      4.8
  MONTH TO DATE   12.8                      15.7   -2.9     25.5
  SINCE MAR 1     12.8                      15.7   -2.9     25.5
  SINCE JUL 1    101.4                      94.6    6.8    108.6
  SNOW DEPTH       0

DEGREE DAYS
 HEATING
  TODAY           35                        26      9       30
  MONTH TO DATE 1022                       902    120     1087
  SINCE MAR 1   1022                       902    120     1087
  SINCE JUL 1   6116                      5688    428     6172

 COOLING
  TODAY            0                         0      0        0
  MONTH TO DATE    0                         0      0        0
  SINCE MAR 1      0                         0      0        0
  SINCE JAN 1      0                         0      0        0
..................................................................


WIND (MPH)
  HIGHEST WIND SPEED    18   HIGHEST WIND DIRECTION     W (250)
  HIGHEST GUST SPEED    23   HIGHEST GUST DIRECTION     W (250)
  AVERAGE WIND SPEED     9.6


SKY COVER
  AVERAGE SKY COVER 0.1


WEATHER CONDITIONS
 THE FOLLOWING WEATHER WAS RECORDED TODAY.
  NO SIGNIFICANT WEATHER WAS OBSERVED.


RELATIVE HUMIDITY (PERCENT)
 HIGHEST    80           600 AM
 LOWEST     30           300 PM
 AVERAGE    55

..........................................................


THE ROCHESTER NY CLIMATE NORMALS FOR TOMORROW
                         NORMAL    RECORD    YEAR
 MAXIMUM TEMPERATURE (F)   48        83      1986
 MINIMUM TEMPERATURE (F)   31        13      1887


SUNRISE AND SUNSET
MARCH 29 2015.........SUNRISE   658 AM EDT   SUNSET   733 PM EDT
MARCH 30 2015.........SUNRISE   657 AM EDT   SUNSET   734 PM EDT


-  INDICATES NEGATIVE NUMBERS.
R  INDICATES RECORD WAS SET OR TIED.
MM INDICATES DATA IS MISSING.
T  INDICATES TRACE AMOUNT.




$$
