000
CDUS41 KBUF 010705
CLIROC


CLIMATE REPORT
NATIONAL WEATHER SERVICE BUFFALO NY
305 AM EDT SAT NOV 1 2014


...................................

...THE ROCHESTER NY CLIMATE SUMMARY FOR OCTOBER 31 2014...

CLIMATE NORMAL PERIOD 1981 TO 2010
CLIMATE RECORD PERIOD 1871 TO 2014


WEATHER ITEM   OBSERVED TIME   RECORD YEAR NORMAL DEPARTURE LAST
                VALUE   (LST)  VALUE       VALUE  FROM      YEAR
                                                  NORMAL
..................................................................
TEMPERATURE (F)
 YESTERDAY
  MAXIMUM         50   1248 PM  80    1971  54     -4       68
  MINIMUM         41    617 AM  21    1988  37      4       40
  AVERAGE         46                        46      0       54

PRECIPITATION (IN)
  YESTERDAY        0.06          0.90 1993   0.09  -0.03     0.49
  MONTH TO DATE    1.89                      2.72  -0.83     3.32
  SINCE SEP 1      3.22                      6.10  -2.88     5.73
  SINCE JAN 1     28.25                     28.70  -0.45    30.94

SNOWFALL (IN)
  YESTERDAY       MM             4.0  1906   0.0   MM        0.0
  MONTH TO DATE    0.0                       0.1   -0.1      0.0
  SINCE SEP 1      0.0                       0.1   -0.1      0.0
  SINCE JUL 1      0.0                       0.1   -0.1      0.0
  SNOW DEPTH       0

DEGREE DAYS
 HEATING
  YESTERDAY       19                        19      0       11
  MONTH TO DATE  348                       452   -104      365
  SINCE SEP 1    472                       599   -127      537
  SINCE JUL 1    497                       633   -136      555

 COOLING
  YESTERDAY        0                         0      0        0
  MONTH TO DATE   10                         5      5       10
  SINCE SEP 1     78                        55     23       69
  SINCE JAN 1    542                       539      3      660
..................................................................


WIND (MPH)
  HIGHEST WIND SPEED    16   HIGHEST WIND DIRECTION    SE (140)
  HIGHEST GUST SPEED    19   HIGHEST GUST DIRECTION    SE (140)
  AVERAGE WIND SPEED     4.8


SKY COVER
  AVERAGE SKY COVER 1.0


WEATHER CONDITIONS
 THE FOLLOWING WEATHER WAS RECORDED YESTERDAY.
  LIGHT RAIN


RELATIVE HUMIDITY (PERCENT)
 HIGHEST    89          1000 PM
 LOWEST     76           600 PM
 AVERAGE    83

..........................................................


THE ROCHESTER NY CLIMATE NORMALS FOR TODAY
                         NORMAL    RECORD    YEAR
 MAXIMUM TEMPERATURE (F)   54        81      1950
 MINIMUM TEMPERATURE (F)   37        22      1879


SUNRISE AND SUNSET
NOVEMBER  1 2014......SUNRISE   745 AM EDT   SUNSET   603 PM EDT
NOVEMBER  2 2014......SUNRISE   647 AM EST   SUNSET   501 PM EST


-  INDICATES NEGATIVE NUMBERS.
R  INDICATES RECORD WAS SET OR TIED.
MM INDICATES DATA IS MISSING.
T  INDICATES TRACE AMOUNT.




$$
