000
CDUS41 KBUF 072149
CLIROC


CLIMATE REPORT
NATIONAL WEATHER SERVICE BUFFALO NY
448 PM EST WED DEC 7 2016


...................................

...THE ROCHESTER NY CLIMATE SUMMARY FOR DECEMBER 7 2016...
VALID TODAY AS OF 0400 PM LOCAL TIME.

CLIMATE NORMAL PERIOD 1981 TO 2010
CLIMATE RECORD PERIOD 1871 TO 2016


WEATHER ITEM   OBSERVED TIME   RECORD YEAR NORMAL DEPARTURE LAST
                VALUE   (LST)  VALUE       VALUE  FROM      YEAR
                                                  NORMAL
..................................................................
TEMPERATURE (F)
 TODAY
  MAXIMUM         41    253 PM  69    1998  39      2       41
  MINIMUM         34   1231 AM   4    1926  26      8       27
                                      1906
  AVERAGE         38                        33      5       34

PRECIPITATION (IN)
  TODAY            0.03          1.13 1959   0.09  -0.06     0.00
  MONTH TO DATE    0.73                      0.64   0.09     0.58
  SINCE DEC 1      0.73                      0.64   0.09     0.58
  SINCE JAN 1     28.54                     32.28  -3.74    34.53

SNOWFALL (IN)
  TODAY            T             7.9  1954   0.6   -0.6      0.0
  MONTH TO DATE    1.0                       4.0   -3.0       T
  SINCE DEC 1      1.0                       4.0   -3.0       T
  SINCE JUL 1     16.9                      11.4    5.5      1.2
  SNOW DEPTH       T

DEGREE DAYS
 HEATING
  TODAY           27                        32     -5       31
  MONTH TO DATE  189                       219    -30      173
  SINCE DEC 1    189                       219    -30      173
  SINCE JUL 1   1167                      1587   -420     1213

 COOLING
  TODAY            0                         0      0        0
  MONTH TO DATE    0                         0      0        0
  SINCE DEC 1      0                         0      0        0
  SINCE JAN 1    978                       539    439      698
..................................................................


WIND (MPH)
  HIGHEST WIND SPEED    20   HIGHEST WIND DIRECTION     W (250)
  HIGHEST GUST SPEED    26   HIGHEST GUST DIRECTION     W (260)
  AVERAGE WIND SPEED    12.0


SKY COVER
  AVERAGE SKY COVER 1.0


WEATHER CONDITIONS
 THE FOLLOWING WEATHER WAS RECORDED TODAY.
  LIGHT RAIN
  SNOW
  FOG


RELATIVE HUMIDITY (PERCENT)
 HIGHEST   100          1200 AM
 LOWEST     64          1100 AM
 AVERAGE    82

..........................................................


THE ROCHESTER NY CLIMATE NORMALS FOR TOMORROW
                         NORMAL    RECORD    YEAR
 MAXIMUM TEMPERATURE (F)   39        68      1966
 MINIMUM TEMPERATURE (F)   26         2      1906


SUNRISE AND SUNSET
DECEMBER  7 2016......SUNRISE   729 AM EST   SUNSET   436 PM EST
DECEMBER  8 2016......SUNRISE   730 AM EST   SUNSET   435 PM EST


-  INDICATES NEGATIVE NUMBERS.
R  INDICATES RECORD WAS SET OR TIED.
MM INDICATES DATA IS MISSING.
T  INDICATES TRACE AMOUNT.




$$
