000
CDUS45 KABQ 230829
CLIROW


CLIMATE REPORT
NATIONAL WEATHER SERVICE ALBUQUERQUE NM
127 AM MST THU FEB 23 2017


...................................

...THE ROSWELL NM CLIMATE SUMMARY FOR FEBRUARY 22 2017...

CLIMATE NORMAL PERIOD 1981 TO 2010
CLIMATE RECORD PERIOD 1893 TO 2017


WEATHER ITEM   OBSERVED TIME   RECORD YEAR NORMAL DEPARTURE
                VALUE   (LST)  VALUE       VALUE  FROM
                                                  NORMAL
...............................................................
TEMPERATURE (F)
 YESTERDAY
  MAXIMUM         85R       MM  85    1996  62     23
  MINIMUM         40        MM   6    1964  32      8
  AVERAGE         63                        47     16

PRECIPITATION (IN)
  YESTERDAY        0.00          0.96 1923   0.02  -0.02
  MONTH TO DATE    0.16                      0.33  -0.17
  SINCE DEC 1      1.55                      1.35   0.20
  SINCE JAN 1      1.25                      0.71   0.54

SNOWFALL (IN)
  YESTERDAY        0.0
  MONTH TO DATE    T
  SINCE DEC 1      2.5
  SINCE JUL 1      2.5

DEGREE DAYS
 HEATING
  YESTERDAY        2                        18    -16
  MONTH TO DATE  303                       440   -137
  SINCE DEC 1   1682                      1960   -278
  SINCE JUL 1   2068                      2606   -538

 COOLING
  YESTERDAY        0                         0      0
  MONTH TO DATE    0                         0      0
  SINCE DEC 1      0                         0      0
  SINCE JAN 1      0                         0      0
...............................................................


WIND (MPH)
  HIGHEST WIND SPEED    16   HIGHEST WIND DIRECTION     W (290)
  HIGHEST GUST SPEED    22   HIGHEST GUST DIRECTION     S (180)
  AVERAGE WIND SPEED     7.2


SKY COVER
  AVERAGE SKY COVER 0.0


WEATHER CONDITIONS
 THE FOLLOWING WEATHER WAS RECORDED YESTERDAY.
  NO SIGNIFICANT WEATHER WAS OBSERVED.


RELATIVE HUMIDITY (PERCENT)
 HIGHEST    62           600 AM
 LOWEST     11           200 PM
 AVERAGE    37

..........................................................


THE ROSWELL NM CLIMATE NORMALS FOR TODAY
                         NORMAL    RECORD    YEAR
 MAXIMUM TEMPERATURE (F)   63        86      1904
 MINIMUM TEMPERATURE (F)   33         6      1965


SUNRISE AND SUNSET
FEBRUARY 23 2017......SUNRISE   633 AM MST   SUNSET   550 PM MST
FEBRUARY 24 2017......SUNRISE   632 AM MST   SUNSET   551 PM MST


-  INDICATES NEGATIVE NUMBERS.
R  INDICATES RECORD WAS SET OR TIED.
MM INDICATES DATA IS MISSING.
T  INDICATES TRACE AMOUNT.




$$
