000
CDUS45 KABQ 050848
CLIROW


CLIMATE REPORT
NATIONAL WEATHER SERVICE ALBUQUERQUE NM
147 AM MST MON DEC 5 2016


...................................

...THE ROSWELL NM CLIMATE SUMMARY FOR DECEMBER 4 2016...

CLIMATE NORMAL PERIOD 1981 TO 2010
CLIMATE RECORD PERIOD 1893 TO 2016


WEATHER ITEM   OBSERVED TIME   RECORD YEAR NORMAL DEPARTURE
                VALUE   (LST)  VALUE       VALUE  FROM
                                                  NORMAL
...............................................................
TEMPERATURE (F)
 YESTERDAY
  MAXIMUM         51    301 PM  84    1958  57     -6
  MINIMUM         28   1158 PM   4    1931  28      0
  AVERAGE         40                        42     -2

PRECIPITATION (IN)
  YESTERDAY        0.00          0.45 1904   0.02  -0.02
  MONTH TO DATE    0.18                      0.08   0.10
  SINCE DEC 1      0.18                      0.08   0.10
  SINCE JAN 1     10.52                     12.35  -1.83

SNOWFALL (IN)
  YESTERDAY        0.0
  MONTH TO DATE    T
  SINCE DEC 1      T
  SINCE JUL 1      T

DEGREE DAYS
 HEATING
  YESTERDAY       25                        23      2
  MONTH TO DATE  104                        89     15
  SINCE DEC 1    104                        89     15
  SINCE JUL 1    490                       735   -245

 COOLING
  YESTERDAY        0                         0      0
  MONTH TO DATE    0                         0      0
  SINCE DEC 1      0                         0      0
  SINCE JAN 1   2066                      1789    277
...............................................................


WIND (MPH)
  HIGHEST WIND SPEED    20   HIGHEST WIND DIRECTION     N (360)
  HIGHEST GUST SPEED    25   HIGHEST GUST DIRECTION     N (360)
  AVERAGE WIND SPEED     8.3


SKY COVER
  AVERAGE SKY COVER 0.1


WEATHER CONDITIONS
 THE FOLLOWING WEATHER WAS RECORDED YESTERDAY.
  FOG


RELATIVE HUMIDITY (PERCENT)
 HIGHEST    92           100 AM
 LOWEST     44           300 PM
 AVERAGE    68

..........................................................


THE ROSWELL NM CLIMATE NORMALS FOR TODAY
                         NORMAL    RECORD    YEAR
 MAXIMUM TEMPERATURE (F)   57        77      1987
 MINIMUM TEMPERATURE (F)   28         8      1992


SUNRISE AND SUNSET
DECEMBER  5 2016......SUNRISE   647 AM MST   SUNSET   450 PM MST
DECEMBER  6 2016......SUNRISE   648 AM MST   SUNSET   450 PM MST


-  INDICATES NEGATIVE NUMBERS.
R  INDICATES RECORD WAS SET OR TIED.
MM INDICATES DATA IS MISSING.
T  INDICATES TRACE AMOUNT.




$$
