000
CDUS45 KABQ 250827
CLIROW


CLIMATE REPORT
NATIONAL WEATHER SERVICE ALBUQUERQUE NM
126 AM MST TUE NOV 25 2014


...................................

...THE ROSWELL NM CLIMATE SUMMARY FOR NOVEMBER 24 2014...

CLIMATE NORMAL PERIOD 1981 TO 2010
CLIMATE RECORD PERIOD 1893 TO 2014


WEATHER ITEM   OBSERVED TIME   RECORD YEAR NORMAL DEPARTURE
                VALUE   (LST)  VALUE       VALUE  FROM
                                                  NORMAL
...............................................................
TEMPERATURE (F)
 YESTERDAY
  MAXIMUM         59    159 PM  84    1990  61     -2
  MINIMUM         26   1230 AM   0    1938  31     -5
  AVERAGE         43                        46     -3

PRECIPITATION (IN)
  YESTERDAY        0.00          0.74 1984   0.02  -0.02
  MONTH TO DATE    0.42                      0.48  -0.06
  SINCE SEP 1      5.66                      3.24   2.42
  SINCE JAN 1     17.90                     12.17   5.73

SNOWFALL (IN)
  YESTERDAY        0.0
  MONTH TO DATE    1.8
  SINCE SEP 1      1.8
  SINCE JUL 1      1.8

DEGREE DAYS
 HEATING
  YESTERDAY       22                        19      3
  MONTH TO DATE  459                       350    109
  SINCE SEP 1    553                       524     29
  SINCE JUL 1    553                       524     29

 COOLING
  YESTERDAY        0                         0      0
  MONTH TO DATE    0                         0      0
  SINCE SEP 1    243                       264    -21
  SINCE JAN 1   1928                      1788    140
...............................................................


WIND (MPH)
  HIGHEST WIND SPEED    28   HIGHEST WIND DIRECTION    NW (320)
  HIGHEST GUST SPEED    35   HIGHEST GUST DIRECTION    NW (330)
  AVERAGE WIND SPEED    10.4


SKY COVER
  AVERAGE SKY COVER 0.0


WEATHER CONDITIONS
 THE FOLLOWING WEATHER WAS RECORDED YESTERDAY.
  NO SIGNIFICANT WEATHER WAS OBSERVED.


RELATIVE HUMIDITY (PERCENT)
 HIGHEST    82          1200 AM
 LOWEST     10          1100 AM
 AVERAGE    46

..........................................................


THE ROSWELL NM CLIMATE NORMALS FOR TODAY
                         NORMAL    RECORD    YEAR
 MAXIMUM TEMPERATURE (F)   60        85      1965
 MINIMUM TEMPERATURE (F)   31        12      1938


SUNRISE AND SUNSET
NOVEMBER 25 2014......SUNRISE   638 AM MST   SUNSET   452 PM MST
NOVEMBER 26 2014......SUNRISE   639 AM MST   SUNSET   451 PM MST


-  INDICATES NEGATIVE NUMBERS.
R  INDICATES RECORD WAS SET OR TIED.
MM INDICATES DATA IS MISSING.
T  INDICATES TRACE AMOUNT.




$$
