000
CDUS45 KABQ 250829
CLIROW


CLIMATE REPORT
NATIONAL WEATHER SERVICE ALBUQUERQUE NM
225 AM MDT SUN SEP 25 2016


...................................

...THE ROSWELL NM CLIMATE SUMMARY FOR SEPTEMBER 24 2016...

CLIMATE NORMAL PERIOD 1981 TO 2010
CLIMATE RECORD PERIOD 1893 TO 2016


WEATHER ITEM   OBSERVED TIME   RECORD YEAR NORMAL DEPARTURE
                VALUE   (LST)  VALUE       VALUE  FROM
                                                  NORMAL
...............................................................
TEMPERATURE (F)
 YESTERDAY
  MAXIMUM         86    320 PM  97    2005  83      3
                                      1953
  MINIMUM         58    622 AM  43    1970  55      3
                                      1924
                                      1909
  AVERAGE         72                        69      3

PRECIPITATION (IN)
  YESTERDAY        0.00          2.01 2004   0.05  -0.05
  MONTH TO DATE    1.21                      1.26  -0.05
  SINCE SEP 1      1.21                      1.26  -0.05
  SINCE JAN 1      9.17                     10.19  -1.02

SNOWFALL (IN)
  YESTERDAY        0.0
  MONTH TO DATE    0.0
  SINCE SEP 1      0.0
  SINCE JUL 1      0.0

DEGREE DAYS
 HEATING
  YESTERDAY        0                         1     -1
  MONTH TO DATE    0                         7     -7
  SINCE SEP 1      0                         7     -7
  SINCE JUL 1      0                         7     -7

 COOLING
  YESTERDAY        7                         5      2
  MONTH TO DATE  222                       202     20
  SINCE SEP 1    222                       202     20
  SINCE JAN 1   1977                      1726    251
...............................................................


WIND (MPH)
  HIGHEST WIND SPEED    13   HIGHEST WIND DIRECTION    NW (320)
  HIGHEST GUST SPEED    21   HIGHEST GUST DIRECTION     W (260)
  AVERAGE WIND SPEED     5.9


SKY COVER
  AVERAGE SKY COVER 0.2


WEATHER CONDITIONS
 THE FOLLOWING WEATHER WAS RECORDED YESTERDAY.
  NO SIGNIFICANT WEATHER WAS OBSERVED.


RELATIVE HUMIDITY (PERCENT)
 HIGHEST    67           600 AM
 LOWEST     25           400 PM
 AVERAGE    46

..........................................................


THE ROSWELL NM CLIMATE NORMALS FOR TODAY
                         NORMAL    RECORD    YEAR
 MAXIMUM TEMPERATURE (F)   83        97      2005
                                             1951
 MINIMUM TEMPERATURE (F)   55        39      1926


SUNRISE AND SUNSET
SEPTEMBER 25 2016.....SUNRISE   649 AM MDT   SUNSET   650 PM MDT
SEPTEMBER 26 2016.....SUNRISE   649 AM MDT   SUNSET   649 PM MDT


-  INDICATES NEGATIVE NUMBERS.
R  INDICATES RECORD WAS SET OR TIED.
MM INDICATES DATA IS MISSING.
T  INDICATES TRACE AMOUNT.

$$
