000
CDUS45 KABQ 160830
CLIROW


CLIMATE REPORT
NATIONAL WEATHER SERVICE ALBUQUERQUE NM
128 AM MST TUE JAN 16 2018


...................................

...THE ROSWELL NM CLIMATE SUMMARY FOR JANUARY 15 2018...

CLIMATE NORMAL PERIOD 1981 TO 2010
CLIMATE RECORD PERIOD 1893 TO 2018


WEATHER ITEM   OBSERVED TIME   RECORD YEAR NORMAL DEPARTURE
                VALUE   (LST)  VALUE       VALUE  FROM
                                                  NORMAL
...............................................................
TEMPERATURE (F)
 YESTERDAY
  MAXIMUM         47   1040 AM  78    1995  55     -8
                                      1943
  MINIMUM         23    519 AM  -3    1964  26     -3
  AVERAGE         35                        40     -5

PRECIPITATION (IN)
  YESTERDAY        0.00          0.33 2017   0.01  -0.01
  MONTH TO DATE    0.07                      0.18  -0.11
  SINCE DEC 1      0.07                      0.82  -0.75
  SINCE JAN 1      0.07                      0.18  -0.11

SNOWFALL (IN)
  YESTERDAY        0.0
  MONTH TO DATE    0.0
  SINCE DEC 1      0.0
  SINCE JUL 1      0.0

DEGREE DAYS
 HEATING
  YESTERDAY       30                        25      5
  MONTH TO DATE  381                       381      0
  SINCE DEC 1   1060                      1145    -85
  SINCE JUL 1   1510                      1791   -281

 COOLING
  YESTERDAY        0                         0      0
  MONTH TO DATE    0                         0      0
  SINCE DEC 1      0                         0      0
  SINCE JAN 1      0                         0      0
...............................................................


WIND (MPH)
  HIGHEST WIND SPEED    32   HIGHEST WIND DIRECTION     N (20)
  HIGHEST GUST SPEED    39   HIGHEST GUST DIRECTION     N (20)
  AVERAGE WIND SPEED    11.7


SKY COVER
  AVERAGE SKY COVER 0.5


WEATHER CONDITIONS
 THE FOLLOWING WEATHER WAS RECORDED YESTERDAY.
  NO SIGNIFICANT WEATHER WAS OBSERVED.


RELATIVE HUMIDITY (PERCENT)
 HIGHEST    75           500 AM
 LOWEST     41          1000 AM
 AVERAGE    58

..........................................................


THE ROSWELL NM CLIMATE NORMALS FOR TODAY
                         NORMAL    RECORD    YEAR
 MAXIMUM TEMPERATURE (F)   55        78      1967
 MINIMUM TEMPERATURE (F)   26         5      1964


SUNRISE AND SUNSET
JANUARY 16 2018.......SUNRISE   702 AM MST   SUNSET   515 PM MST
JANUARY 17 2018.......SUNRISE   701 AM MST   SUNSET   516 PM MST


-  INDICATES NEGATIVE NUMBERS.
R  INDICATES RECORD WAS SET OR TIED.
MM INDICATES DATA IS MISSING.
T  INDICATES TRACE AMOUNT.




$$
