000
CDUS45 KABQ 260831
CLIROW


CLIMATE REPORT
NATIONAL WEATHER SERVICE ALBUQUERQUE NM
230 AM MDT TUE MAY 26 2015


...................................

...THE ROSWELL NM CLIMATE SUMMARY FOR MAY 25 2015...

CLIMATE NORMAL PERIOD 1981 TO 2010
CLIMATE RECORD PERIOD 1893 TO 2015


WEATHER ITEM   OBSERVED TIME   RECORD YEAR NORMAL DEPARTURE
                VALUE   (LST)  VALUE       VALUE  FROM
                                                  NORMAL
...............................................................
TEMPERATURE (F)
 YESTERDAY
  MAXIMUM         84    450 PM 102    2006  88     -4
  MINIMUM         55    530 AM  45    2010  58     -3
                                      1971
  AVERAGE         70                        73     -3

PRECIPITATION (IN)
  YESTERDAY        0.00          0.95 1936   0.04  -0.04
  MONTH TO DATE    2.47                      0.99   1.48
  SINCE MAR 1      4.50                      2.11   2.39
  SINCE JAN 1      6.41                      2.91   3.50

SNOWFALL (IN)
  YESTERDAY        0.0
  MONTH TO DATE    0.0
  SINCE MAR 1      T
  SINCE JUL 1     16.2

DEGREE DAYS
 HEATING
  YESTERDAY        0                         0      0
  MONTH TO DATE   26                        27     -1
  SINCE MAR 1    516                       578    -62
  SINCE JUL 1   3233                      3285    -52

 COOLING
  YESTERDAY        5                         8     -3
  MONTH TO DATE   53                       131    -78
  SINCE MAR 1     69                       171   -102
  SINCE JAN 1     69                       171   -102
...............................................................


WIND (MPH)
  HIGHEST WIND SPEED    23   HIGHEST WIND DIRECTION     N (350)
  HIGHEST GUST SPEED    31   HIGHEST GUST DIRECTION     N (350)
  AVERAGE WIND SPEED     7.8


SKY COVER
  AVERAGE SKY COVER 0.2


WEATHER CONDITIONS
 THE FOLLOWING WEATHER WAS RECORDED YESTERDAY.
  NO SIGNIFICANT WEATHER WAS OBSERVED.


RELATIVE HUMIDITY (PERCENT)
 HIGHEST    55           600 AM
 LOWEST     16           400 PM
 AVERAGE    36

..........................................................


THE ROSWELL NM CLIMATE NORMALS FOR TODAY
                         NORMAL    RECORD    YEAR
 MAXIMUM TEMPERATURE (F)   89       106      1896
 MINIMUM TEMPERATURE (F)   58        36      1913


SUNRISE AND SUNSET
MAY 26 2015...........SUNRISE   552 AM MDT   SUNSET   759 PM MDT
MAY 27 2015...........SUNRISE   552 AM MDT   SUNSET   759 PM MDT


-  INDICATES NEGATIVE NUMBERS.
R  INDICATES RECORD WAS SET OR TIED.
MM INDICATES DATA IS MISSING.
T  INDICATES TRACE AMOUNT.

$$
