000
CDUS45 KABQ 300832
CLIROW


CLIMATE REPORT
NATIONAL WEATHER SERVICE ALBUQUERQUE NM
232 AM MDT THU MAR 30 2017


...................................

...THE ROSWELL NM CLIMATE SUMMARY FOR MARCH 29 2017...

CLIMATE NORMAL PERIOD 1981 TO 2010
CLIMATE RECORD PERIOD 1893 TO 2017


WEATHER ITEM   OBSERVED TIME   RECORD YEAR NORMAL DEPARTURE
                VALUE   (LST)  VALUE       VALUE  FROM
                                                  NORMAL
...............................................................
TEMPERATURE (F)
 YESTERDAY
  MAXIMUM         59    342 PM  92    1967  72    -13
  MINIMUM         41   1155 PM  19    1944  40      1
  AVERAGE         50                        56     -6

PRECIPITATION (IN)
  YESTERDAY        0.02          0.43 2002   0.02   0.00
  MONTH TO DATE    0.32                      0.48  -0.16
  SINCE MAR 1      0.32                      0.48  -0.16
  SINCE JAN 1      1.57                      1.28   0.29

SNOWFALL (IN)
  YESTERDAY       MM
  MONTH TO DATE    0.0
  SINCE MAR 1      0.0
  SINCE JUL 1      2.5

DEGREE DAYS
 HEATING
  YESTERDAY       15                         9      6
  MONTH TO DATE  169                       370   -201
  SINCE MAR 1    169                       370   -201
  SINCE JUL 1   2314                      3077   -763

 COOLING
  YESTERDAY        0                         0      0
  MONTH TO DATE   32                         0     32
  SINCE MAR 1     32                         0     32
  SINCE JAN 1     32                         0     32
...............................................................


WIND (MPH)
  HIGHEST WIND SPEED    25   HIGHEST WIND DIRECTION     N (360)
  HIGHEST GUST SPEED    36   HIGHEST GUST DIRECTION     N (10)
  AVERAGE WIND SPEED    11.5


SKY COVER
  AVERAGE SKY COVER 0.7


WEATHER CONDITIONS
 THE FOLLOWING WEATHER WAS RECORDED YESTERDAY.
  LIGHT RAIN


RELATIVE HUMIDITY (PERCENT)
 HIGHEST    86           200 AM
 LOWEST     47           400 PM
 AVERAGE    67

..........................................................


THE ROSWELL NM CLIMATE NORMALS FOR TODAY
                         NORMAL    RECORD    YEAR
 MAXIMUM TEMPERATURE (F)   72        94      1901
 MINIMUM TEMPERATURE (F)   40        14      1987


SUNRISE AND SUNSET
MARCH 30 2017.........SUNRISE   648 AM MDT   SUNSET   717 PM MDT
MARCH 31 2017.........SUNRISE   647 AM MDT   SUNSET   718 PM MDT


-  INDICATES NEGATIVE NUMBERS.
R  INDICATES RECORD WAS SET OR TIED.
MM INDICATES DATA IS MISSING.
T  INDICATES TRACE AMOUNT.




$$
