000
CDUS45 KABQ 010841
CLIROW


CLIMATE REPORT
NATIONAL WEATHER SERVICE ALBUQUERQUE NM
138 AM MST SUN MAR 1 2015


...................................

...THE ROSWELL NM CLIMATE SUMMARY FOR FEBRUARY 28 2015...

CLIMATE NORMAL PERIOD 1981 TO 2010
CLIMATE RECORD PERIOD 1893 TO 2015


WEATHER ITEM   OBSERVED TIME   RECORD YEAR NORMAL DEPARTURE
                VALUE   (LST)  VALUE       VALUE  FROM
                                                  NORMAL
...............................................................
TEMPERATURE (F)
 YESTERDAY
  MAXIMUM         30    656 PM  87    2006  64    -34
                                      1904
  MINIMUM         20    711 AM   5    1922  34    -14
  AVERAGE         25                        49    -24

PRECIPITATION (IN)
  YESTERDAY        0.00          0.65 1938   0.02  -0.02
  MONTH TO DATE    0.93                      0.42   0.51
  SINCE DEC 1      2.02                      1.44   0.58
  SINCE JAN 1      1.91                      0.80   1.11

SNOWFALL (IN)
  YESTERDAY        0.0
  MONTH TO DATE    4.3
  SINCE DEC 1     14.4
  SINCE JUL 1     16.2

DEGREE DAYS
 HEATING
  YESTERDAY       40                        16     24
  MONTH TO DATE  532                       541     -9
  SINCE DEC 1   2060                      2061     -1
  SINCE JUL 1   2717                      2707     10

 COOLING
  YESTERDAY        0                         0      0
  MONTH TO DATE    0                         0      0
  SINCE DEC 1      0                         0      0
  SINCE JAN 1      0                         0      0
...............................................................


WIND (MPH)
  HIGHEST WIND SPEED    15   HIGHEST WIND DIRECTION     S (160)
  HIGHEST GUST SPEED    18   HIGHEST GUST DIRECTION     S (160)
  AVERAGE WIND SPEED     9.0


SKY COVER
  AVERAGE SKY COVER 1.0


WEATHER CONDITIONS
 THE FOLLOWING WEATHER WAS RECORDED YESTERDAY.
  FOG


RELATIVE HUMIDITY (PERCENT)
 HIGHEST    92           100 AM
 LOWEST     81          1200 PM
 AVERAGE    87

..........................................................


THE ROSWELL NM CLIMATE NORMALS FOR TODAY
                         NORMAL    RECORD    YEAR
 MAXIMUM TEMPERATURE (F)   64        86      2006
                                             1901
 MINIMUM TEMPERATURE (F)   34         2      1922


SUNRISE AND SUNSET
MARCH  1 2015.........SUNRISE   627 AM MST   SUNSET   555 PM MST
MARCH  2 2015.........SUNRISE   625 AM MST   SUNSET   556 PM MST


-  INDICATES NEGATIVE NUMBERS.
R  INDICATES RECORD WAS SET OR TIED.
MM INDICATES DATA IS MISSING.
T  INDICATES TRACE AMOUNT.




$$
