000
CDUS45 KABQ 180827
CLIROW


CLIMATE REPORT
NATIONAL WEATHER SERVICE ALBUQUERQUE NM
127 AM MST SAT NOV 18 2017


...................................

...THE ROSWELL NM CLIMATE SUMMARY FOR NOVEMBER 17 2017...

CLIMATE NORMAL PERIOD 1981 TO 2010
CLIMATE RECORD PERIOD 1893 TO 2017


WEATHER ITEM   OBSERVED TIME   RECORD YEAR NORMAL DEPARTURE
                VALUE   (LST)  VALUE       VALUE  FROM
                                                  NORMAL
...............................................................
TEMPERATURE (F)
 YESTERDAY
  MAXIMUM         89R   227 PM  85    1966  64     25
  MINIMUM         41    602 AM   8    2014  34      7
  AVERAGE         65                        49     16

PRECIPITATION (IN)
  YESTERDAY        0.00          0.72 1913   0.01  -0.01
  MONTH TO DATE    0.00                      0.37  -0.37
  SINCE SEP 1      3.82                      3.13   0.69
  SINCE JAN 1     11.16                     12.06  -0.90

SNOWFALL (IN)
  YESTERDAY        0.0
  MONTH TO DATE    0.0
  SINCE SEP 1      0.0
  SINCE JUL 1      0.0

DEGREE DAYS
 HEATING
  YESTERDAY        0                        16    -16
  MONTH TO DATE  121                       224   -103
  SINCE SEP 1    285                       398   -113
  SINCE JUL 1    285                       398   -113

 COOLING
  YESTERDAY        0                         0      0
  MONTH TO DATE    6                         0      6
  SINCE SEP 1    381                       264    117
  SINCE JAN 1   2172                      1788    384
...............................................................


WIND (MPH)
  HIGHEST WIND SPEED    26   HIGHEST WIND DIRECTION     W (250)
  HIGHEST GUST SPEED    32   HIGHEST GUST DIRECTION     W (250)
  AVERAGE WIND SPEED     7.5


SKY COVER
  AVERAGE SKY COVER 0.0


WEATHER CONDITIONS
 THE FOLLOWING WEATHER WAS RECORDED YESTERDAY.
  FOG


RELATIVE HUMIDITY (PERCENT)
 HIGHEST    96           400 AM
 LOWEST      9           100 PM
 AVERAGE    53

..........................................................


THE ROSWELL NM CLIMATE NORMALS FOR TODAY
                         NORMAL    RECORD    YEAR
 MAXIMUM TEMPERATURE (F)   63        83      1942
 MINIMUM TEMPERATURE (F)   33        10      1903


SUNRISE AND SUNSET
NOVEMBER 18 2017......SUNRISE   632 AM MST   SUNSET   454 PM MST
NOVEMBER 19 2017......SUNRISE   633 AM MST   SUNSET   454 PM MST


-  INDICATES NEGATIVE NUMBERS.
R  INDICATES RECORD WAS SET OR TIED.
MM INDICATES DATA IS MISSING.
T  INDICATES TRACE AMOUNT.




$$
