000
CDUS43 KARX 030654
CLIRST


CLIMATE REPORT
NATIONAL WEATHER SERVICE LA CROSSE WI
154 AM CDT MON AUG 3 2015


...................................

...THE ROCHESTER MN CLIMATE SUMMARY FOR AUGUST 2 2015...

CLIMATE NORMAL PERIOD 1981 TO 2010
CLIMATE RECORD PERIOD 1886 TO 2015


WEATHER ITEM   OBSERVED TIME   RECORD YEAR NORMAL DEPARTURE LAST
                VALUE   (LST)  VALUE       VALUE  FROM      YEAR
                                                  NORMAL
..................................................................
TEMPERATURE (F)
 YESTERDAY
  MAXIMUM         84   1244 PM  98    1988  80      4       82
  MINIMUM         60   1159 PM  40    1920  61     -1       58
  AVERAGE         72                        70      2       70

PRECIPITATION (IN)
  YESTERDAY        0.00          1.97 1939   0.14  -0.14     0.00
  MONTH TO DATE    0.00                      0.29  -0.29     0.00
  SINCE JUN 1      9.40                      9.52  -0.12     9.50
  SINCE JAN 1     22.01                     19.96   2.05    20.83

SNOWFALL (IN)
  YESTERDAY        0.0           0.0  2012   0.0    0.0      0.0
  MONTH TO DATE    0.0                       0.0    0.0      0.0
  SINCE JUL 1      0.0                       0.0    0.0      0.0
  SNOW DEPTH       0

DEGREE DAYS
 HEATING
  YESTERDAY        0                         0      0        0
  MONTH TO DATE    0                         0      0        0
  SINCE JUL 1     17                        11      6       22

 COOLING
  YESTERDAY        7                         6      1        5
  MONTH TO DATE   12                        12      0       10
  SINCE JAN 1    289                       383    -94      290
..................................................................


WIND (MPH)
  HIGHEST WIND SPEED    26   HIGHEST WIND DIRECTION     W (280)
  HIGHEST GUST SPEED    34   HIGHEST GUST DIRECTION     W (280)
  AVERAGE WIND SPEED    15.6


SKY COVER
  POSSIBLE SUNSHINE  MM
  AVERAGE SKY COVER 0.0


WEATHER CONDITIONS
 THE FOLLOWING WEATHER WAS RECORDED YESTERDAY.
  NO SIGNIFICANT WEATHER WAS OBSERVED.


RELATIVE HUMIDITY (PERCENT)
 HIGHEST    90           100 AM
 LOWEST     51           400 PM
 AVERAGE    71

..........................................................


THE ROCHESTER MN CLIMATE NORMALS FOR TODAY
                         NORMAL    RECORD    YEAR
 MAXIMUM TEMPERATURE (F)   80       100      1930
 MINIMUM TEMPERATURE (F)   61        45      1978


SUNRISE AND SUNSET
AUGUST  3 2015........SUNRISE   600 AM CDT   SUNSET   831 PM CDT
AUGUST  4 2015........SUNRISE   601 AM CDT   SUNSET   830 PM CDT


-  INDICATES NEGATIVE NUMBERS.
R  INDICATES RECORD WAS SET OR TIED.
MM INDICATES DATA IS MISSING.
T  INDICATES TRACE AMOUNT.




$$
