327
CDUS43 KARX 230701
CLIRST


CLIMATE REPORT
NATIONAL WEATHER SERVICE LA CROSSE WI
200 AM CDT TUE MAY 23 2017


...................................

...THE ROCHESTER MN CLIMATE SUMMARY FOR MAY 22 2017...

CLIMATE NORMAL PERIOD 1981 TO 2010
CLIMATE RECORD PERIOD 1886 TO 2017


WEATHER ITEM   OBSERVED TIME   RECORD YEAR NORMAL DEPARTURE LAST
                VALUE   (LST)  VALUE       VALUE  FROM      YEAR
                                                  NORMAL
..................................................................
TEMPERATURE (F)
 YESTERDAY
  MAXIMUM         67    335 PM  92    1964  71     -4       83
  MINIMUM         41    519 AM  30    1963  49     -8       51
  AVERAGE         54                        60     -6       67

PRECIPITATION (IN)
  YESTERDAY        0.14          1.06 1936   0.12   0.02     0.00
  MONTH TO DATE    2.52                      2.53  -0.01     1.54
  SINCE MAR 1      9.94                      7.65   2.29     7.24
  SINCE JAN 1     13.72                      9.34   4.38     8.64

SNOWFALL (IN)
  YESTERDAY        0.0           0.0  2012   0.0    0.0      0.0
  MONTH TO DATE    0.0                       0.2   -0.2      0.0
  SINCE JUL 1     52.7                      52.1    0.6     47.9
  SNOW DEPTH       0

DEGREE DAYS
 HEATING
  YESTERDAY       11                         6      5        0
  MONTH TO DATE  222                       199     23      229
  SINCE JUL 1   6806                      7624   -818     6775

 COOLING
  YESTERDAY        0                         1     -1        2
  MONTH TO DATE   20                        15      5       11
  SINCE JAN 1     20                        19      1       12
..................................................................


WIND (MPH)
  HIGHEST WIND SPEED    15   HIGHEST WIND DIRECTION    SW (240)
  HIGHEST GUST SPEED    22   HIGHEST GUST DIRECTION     W (270)
  AVERAGE WIND SPEED     8.7


SKY COVER
  POSSIBLE SUNSHINE  MM
  AVERAGE SKY COVER 0.3


WEATHER CONDITIONS
 THE FOLLOWING WEATHER WAS RECORDED YESTERDAY.
  THUNDERSTORM
  LIGHT RAIN
  FOG


RELATIVE HUMIDITY (PERCENT)
 HIGHEST   100          1000 PM
 LOWEST     52           200 PM
 AVERAGE    76

..........................................................


THE ROCHESTER MN CLIMATE NORMALS FOR TODAY
                         NORMAL    RECORD    YEAR
 MAXIMUM TEMPERATURE (F)   71        89      1972
                                             1939
 MINIMUM TEMPERATURE (F)   50        25      1931


SUNRISE AND SUNSET
MAY 23 2017...........SUNRISE   536 AM CDT   SUNSET   838 PM CDT
MAY 24 2017...........SUNRISE   536 AM CDT   SUNSET   839 PM CDT


-  INDICATES NEGATIVE NUMBERS.
R  INDICATES RECORD WAS SET OR TIED.
MM INDICATES DATA IS MISSING.
T  INDICATES TRACE AMOUNT.




$$
