000
CDUS45 KCYS 250728
CLIRWL


CLIMATE REPORT
NATIONAL WEATHER SERVICE CHEYENNE WY
127 AM MDT FRI JUL 25 2014


...................................

...THE RAWLINS WY AIRPORT CLIMATE SUMMARY FOR JULY 24 2014...

CLIMATE NORMAL PERIOD 1981 TO 2010
CLIMATE RECORD PERIOD 1951 TO 2014


WEATHER ITEM   OBSERVED TIME   RECORD YEAR NORMAL DEPARTURE LAST
                VALUE   (LST)  VALUE       VALUE  FROM      YEAR
                                                  NORMAL
..................................................................
TEMPERATURE (F)
 YESTERDAY
  MAXIMUM         89    305 PM  95    2003  85      4       90
  MINIMUM         67   1156 PM  45    1999  52     15       59
                                      1978
                                      1970
  AVERAGE         78                        68     10       75

PRECIPITATION (IN)
  YESTERDAY        0.00          0.46 1993   0.03  -0.03     0.10
  MONTH TO DATE    0.12                      0.63  -0.51     0.77
  SINCE JAN 1      2.93                      5.58  -2.65     2.87

DEGREE DAYS
 HEATING
  YESTERDAY        0                         1     -1        0
  MONTH TO DATE   15                        31    -16        0
  SINCE JUN 1    187                       221    -34      101
  SINCE JUL 1     15                        31    -16        0

 COOLING
  YESTERDAY       13                         4      9       10
  MONTH TO DATE  136                        74     62      136
  SINCE JUN 1    147                        93     54      183
  SINCE JAN 1    149                        93     56      184
..................................................................


WIND (MPH)
  HIGHEST WIND SPEED    38   HIGHEST WIND DIRECTION    SW (230)
  HIGHEST GUST SPEED    46   HIGHEST GUST DIRECTION    SW (230)
  AVERAGE WIND SPEED    17.5


SKY COVER
  AVERAGE SKY COVER 0.1


WEATHER CONDITIONS
 THE FOLLOWING WEATHER WAS RECORDED YESTERDAY.
  NO SIGNIFICANT WEATHER WAS OBSERVED.


RELATIVE HUMIDITY (PERCENT)
 HIGHEST    34           900 PM
 LOWEST     16           400 PM
 AVERAGE    25

..........................................................


THE RAWLINS WY AIRPORT CLIMATE NORMALS FOR TODAY
                         NORMAL    RECORD    YEAR
 MAXIMUM TEMPERATURE (F)   85        93      2011
 MINIMUM TEMPERATURE (F)   52        42      1975


SUNRISE AND SUNSET
JULY 25 2014..........SUNRISE   556 AM MDT   SUNSET   834 PM MDT
JULY 26 2014..........SUNRISE   557 AM MDT   SUNSET   833 PM MDT


-  INDICATES NEGATIVE NUMBERS.
R  INDICATES RECORD WAS SET OR TIED.
MM INDICATES DATA IS MISSING.
T  INDICATES TRACE AMOUNT.




$$
