000
CDUS45 KPIH 290749
CLIRXE


CLIMATE REPORT
NATIONAL WEATHER SERVICE POCATELLO ID
1246 AM MST MON DEC 29 2014


...................................

...THE REXBURG ID CLIMATE SUMMARY FOR DECEMBER 28 2014...

CLIMATE NORMAL PERIOD 1981 TO 2010
CLIMATE RECORD PERIOD 1998 TO 2014


WEATHER ITEM   OBSERVED TIME   RECORD YEAR NORMAL DEPARTURE LAST
                VALUE   (LST)  VALUE       VALUE  FROM      YEAR
                                                  NORMAL
..................................................................
TEMPERATURE (F)
 YESTERDAY
  MAXIMUM         22   1220 PM  44    2002  28     -6       26
  MINIMUM         12   1056 PM  -2    2009  12      0        2
  AVERAGE         17                        20     -3       14

PRECIPITATION (IN)
  YESTERDAY        0.18         MM      MM   0.05   0.13     0.00
  MONTH TO DATE    1.84                      0.93   0.91     0.63
  SINCE OCT 1      2.77                      3.08  -0.31     1.85
  SINCE JAN 1     16.87                     12.96   3.91     8.29

SNOWFALL (IN)
  YESTERDAY       MM
  MONTH TO DATE   MM
  SINCE DEC 1     MM
  SINCE JUL 1     MM
  SNOW DEPTH      MM

DEGREE DAYS
 HEATING
  YESTERDAY       48                        45      3       51
  MONTH TO DATE  963                      1235   -272     1436
  SINCE DEC 1    963                      1235   -272     1436
  SINCE JUL 1   2773                      3247   -474     3199

 COOLING
  YESTERDAY        0                         0      0        0
  MONTH TO DATE    0                         0      0        0
  SINCE DEC 1      0                         0      0        0
  SINCE JAN 1    234                       208     26      452
..................................................................


WIND (MPH)
  HIGHEST WIND SPEED    17   HIGHEST WIND DIRECTION     S (200)
  HIGHEST GUST SPEED    23   HIGHEST GUST DIRECTION     S (190)
  AVERAGE WIND SPEED     6.9


SKY COVER
  POSSIBLE SUNSHINE  MM
  AVERAGE SKY COVER 1.0


WEATHER CONDITIONS
 THE FOLLOWING WEATHER WAS RECORDED YESTERDAY.
  SNOW
  LIGHT SNOW
  FOG
  FOG W/VISIBILITY <= 1/4 MILE


RELATIVE HUMIDITY (PERCENT)
 HIGHEST   100           800 AM
 LOWEST     84           400 PM
 AVERAGE    92

..........................................................


THE REXBURG ID CLIMATE NORMALS FOR TODAY
                         NORMAL    RECORD    YEAR
 MAXIMUM TEMPERATURE (F)   28        49      2011
 MINIMUM TEMPERATURE (F)   12        -3      2000


SUNRISE AND SUNSET
DECEMBER 29 2014......SUNRISE   801 AM MST   SUNSET   458 PM MST
DECEMBER 30 2014......SUNRISE   801 AM MST   SUNSET   459 PM MST


-  INDICATES NEGATIVE NUMBERS.
R  INDICATES RECORD WAS SET OR TIED.
MM INDICATES DATA IS MISSING.
T  INDICATES TRACE AMOUNT.




$$
