000
CDUS45 KPIH 132339
CLIRXE


CLIMATE REPORT
NATIONAL WEATHER SERVICE POCATELLO ID
538 PM MDT SUN JUL 13 2014


...................................

...THE REXBURG ID CLIMATE SUMMARY FOR JULY 13 2014...
VALID TODAY AS OF 0500 PM LOCAL TIME.

CLIMATE NORMAL PERIOD 1981 TO 2010
CLIMATE RECORD PERIOD 1998 TO 2014


WEATHER ITEM   OBSERVED TIME   RECORD YEAR NORMAL DEPARTURE LAST
                VALUE   (LST)  VALUE       VALUE  FROM      YEAR
                                                  NORMAL
..................................................................
TEMPERATURE (F)
 TODAY
  MAXIMUM         91        MM  97    2002  83      8       85
  MINIMUM         52        MM  42    2008  50      2       53
  AVERAGE         72                        67      5       69

PRECIPITATION (IN)
  TODAY            0.00         MM      MM   0.02  -0.02     0.00
  MONTH TO DATE    T                         0.38  -0.38     0.02
  SINCE OCT 1      7.65                     10.83  -3.18     7.89
  SINCE JAN 1      5.79                      7.62  -1.83     4.50

SNOWFALL (IN)
  TODAY           MM
  MONTH TO DATE   MM
  SINCE JUN 1     MM
  SINCE JUL 1     MM
  SNOW DEPTH      MM

DEGREE DAYS
 HEATING
  TODAY            0                         1     -1        0
  MONTH TO DATE    3                        21    -18        0
  SINCE JUN 1    158                       193    -35      117
  SINCE JUL 1      3                        21    -18        0

 COOLING
  TODAY            7                         3      4        4
  MONTH TO DATE   77                        23     54       94
  SINCE JUN 1     80                        41     39      153
  SINCE JAN 1     80                        45     35      155
..................................................................


WIND (MPH)
  HIGHEST WIND SPEED    MM   HIGHEST WIND DIRECTION    MM
  HIGHEST GUST SPEED    MM   HIGHEST GUST DIRECTION    MM
  AVERAGE WIND SPEED    MM


SKY COVER
  POSSIBLE SUNSHINE  MM
  AVERAGE SKY COVER  MM


WEATHER CONDITIONS
 THE FOLLOWING WEATHER WAS RECORDED TODAY.
  NO SIGNIFICANT WEATHER WAS OBSERVED.


RELATIVE HUMIDITY (PERCENT)
 HIGHEST    MM
 LOWEST     MM
 AVERAGE    MM

..........................................................


THE REXBURG ID CLIMATE NORMALS FOR TOMORROW
                         NORMAL    RECORD    YEAR
 MAXIMUM TEMPERATURE (F)   84        94      2007
                                             2002
 MINIMUM TEMPERATURE (F)   50        45      2010
                                             2008


SUNRISE AND SUNSET
JULY 13 2014..........SUNRISE   557 AM MDT   SUNSET   908 PM MDT
JULY 14 2014..........SUNRISE   558 AM MDT   SUNSET   908 PM MDT


-  INDICATES NEGATIVE NUMBERS.
R  INDICATES RECORD WAS SET OR TIED.
MM INDICATES DATA IS MISSING.
T  INDICATES TRACE AMOUNT.




$$
