000
CDUS45 KPIH 290729
CLIRXE


CLIMATE REPORT
NATIONAL WEATHER SERVICE POCATELLO ID
128 AM MDT SUN MAY 29 2016


...................................

...THE REXBURG ID CLIMATE SUMMARY FOR MAY 28 2016...

CLIMATE NORMAL PERIOD 1981 TO 2010
CLIMATE RECORD PERIOD 1998 TO 2016


WEATHER ITEM   OBSERVED TIME   RECORD YEAR NORMAL DEPARTURE LAST
                VALUE   (LST)  VALUE       VALUE  FROM      YEAR
                                                  NORMAL
..................................................................
TEMPERATURE (F)
 YESTERDAY
  MAXIMUM         65    258 PM  92    2003  69     -4       60
  MINIMUM         42    526 AM  34    2006  42      0       46
  AVERAGE         54                        56     -2       53

PRECIPITATION (IN)
  YESTERDAY        0.00         MM      MM   0.06  -0.06     0.10
  MONTH TO DATE    2.04                      1.55   0.49     3.08
  SINCE OCT 1      8.86                      8.87  -0.01     7.66
  SINCE JAN 1      5.70                      5.66   0.04     4.89

SNOWFALL (IN)
  YESTERDAY       MM
  MONTH TO DATE   MM
  SINCE MAR 1     MM
  SINCE JUL 1     MM
  SNOW DEPTH      MM

DEGREE DAYS
 HEATING
  YESTERDAY       11                         9      2       12
  MONTH TO DATE  340                       365    -25      325
  SINCE MAR 1   1700                      1957   -257     1661
  SINCE JUL 1   7277                      7930   -653     6745

 COOLING
  YESTERDAY        0                         0      0        0
  MONTH TO DATE    0                         0      0        0
  SINCE MAR 1      0                         0      0        0
  SINCE JAN 1      0                         0      0        0
..................................................................


WIND (MPH)
  HIGHEST WIND SPEED    20   HIGHEST WIND DIRECTION    SW (210)
  HIGHEST GUST SPEED    31   HIGHEST GUST DIRECTION    SW (210)
  AVERAGE WIND SPEED    10.4


SKY COVER
  POSSIBLE SUNSHINE  MM
  AVERAGE SKY COVER 0.0


WEATHER CONDITIONS
 THE FOLLOWING WEATHER WAS RECORDED YESTERDAY.
  NO SIGNIFICANT WEATHER WAS OBSERVED.


RELATIVE HUMIDITY (PERCENT)
 HIGHEST    76           100 AM
 LOWEST     24           300 PM
 AVERAGE    50

..........................................................


THE REXBURG ID CLIMATE NORMALS FOR TODAY
                         NORMAL    RECORD    YEAR
 MAXIMUM TEMPERATURE (F)   70        89      2003
 MINIMUM TEMPERATURE (F)   43        33      2007


SUNRISE AND SUNSET
MAY 29 2016...........SUNRISE   549 AM MDT   SUNSET   901 PM MDT
MAY 30 2016...........SUNRISE   549 AM MDT   SUNSET   901 PM MDT


-  INDICATES NEGATIVE NUMBERS.
R  INDICATES RECORD WAS SET OR TIED.
MM INDICATES DATA IS MISSING.
T  INDICATES TRACE AMOUNT.




$$
