000
CDUS45 KPIH 062325
CLIRXE


CLIMATE REPORT
NATIONAL WEATHER SERVICE POCATELLO ID
523 PM MDT FRI MAY 6 2016


...................................

...THE REXBURG ID CLIMATE SUMMARY FOR MAY 6 2016...
VALID TODAY AS OF 0500 PM LOCAL TIME.

CLIMATE NORMAL PERIOD 1981 TO 2010
CLIMATE RECORD PERIOD 1998 TO 2016


WEATHER ITEM   OBSERVED TIME   RECORD YEAR NORMAL DEPARTURE LAST
                VALUE   (LST)  VALUE       VALUE  FROM      YEAR
                                                  NORMAL
..................................................................
TEMPERATURE (F)
 TODAY
  MAXIMUM         63   1215 PM  78    2004  63      0       64
  MINIMUM         52    145 PM  24    1999  36     16       43
  AVERAGE         58                        50      8       54

PRECIPITATION (IN)
  TODAY            0.03         MM      MM   0.05  -0.02     0.21
  MONTH TO DATE    0.03                      0.32  -0.29     0.37
  SINCE OCT 1      6.85                      7.64  -0.79     4.95
  SINCE JAN 1      3.69                      4.43  -0.74     2.18

SNOWFALL (IN)
  TODAY           MM
  MONTH TO DATE   MM
  SINCE MAR 1     MM
  SINCE JUL 1     MM
  SNOW DEPTH      MM

DEGREE DAYS
 HEATING
  TODAY            7                        16     -9       11
  MONTH TO DATE   61                        98    -37       57
  SINCE MAR 1   1421                      1690   -269     1393
  SINCE JUL 1   6998                      7663   -665     6477

 COOLING
  TODAY            0                         0      0        0
  MONTH TO DATE    0                         0      0        0
  SINCE MAR 1      0                         0      0        0
  SINCE JAN 1      0                         0      0        0
..................................................................


WIND (MPH)
  HIGHEST WIND SPEED    21   HIGHEST WIND DIRECTION     S (180)
  HIGHEST GUST SPEED    28   HIGHEST GUST DIRECTION     S (190)
  AVERAGE WIND SPEED     6.8


SKY COVER
  POSSIBLE SUNSHINE  MM
  AVERAGE SKY COVER 0.6


WEATHER CONDITIONS
 THE FOLLOWING WEATHER WAS RECORDED TODAY.
  LIGHT RAIN


RELATIVE HUMIDITY (PERCENT)
 HIGHEST    83           100 PM
 LOWEST     43          1200 AM
 AVERAGE    63

..........................................................


THE REXBURG ID CLIMATE NORMALS FOR TOMORROW
                         NORMAL    RECORD    YEAR
 MAXIMUM TEMPERATURE (F)   63        78      2004
 MINIMUM TEMPERATURE (F)   36        22      2010


SUNRISE AND SUNSET
MAY  6 2016...........SUNRISE   612 AM MDT   SUNSET   837 PM MDT
MAY  7 2016...........SUNRISE   610 AM MDT   SUNSET   838 PM MDT


-  INDICATES NEGATIVE NUMBERS.
R  INDICATES RECORD WAS SET OR TIED.
MM INDICATES DATA IS MISSING.
T  INDICATES TRACE AMOUNT.




$$
