000
CDUS45 KPIH 142322
CLIRXE


CLIMATE REPORT
NATIONAL WEATHER SERVICE POCATELLO ID
521 PM MDT SUN SEP 14 2014


...................................

...THE REXBURG ID CLIMATE SUMMARY FOR SEPTEMBER 14 2014...
VALID TODAY AS OF 0500 PM LOCAL TIME.

CLIMATE NORMAL PERIOD 1981 TO 2010
CLIMATE RECORD PERIOD 1998 TO 2014


WEATHER ITEM   OBSERVED TIME   RECORD YEAR NORMAL DEPARTURE LAST
                VALUE   (LST)  VALUE       VALUE  FROM      YEAR
                                                  NORMAL
..................................................................
TEMPERATURE (F)
 TODAY
  MAXIMUM         79    359 PM  88    2000  72      7       76
  MINIMUM         37    643 AM  30    2003  40     -3       53
  AVERAGE         58                        56      2       65

PRECIPITATION (IN)
  TODAY            0.00         MM      MM   0.03  -0.03     0.00
  MONTH TO DATE    0.17                      0.41  -0.24     0.38
  SINCE OCT 1     13.30                     12.54   0.76     9.05
  SINCE JAN 1     11.44                      9.33   2.11     5.66

SNOWFALL (IN)
  TODAY           MM
  MONTH TO DATE   MM
  SINCE SEP 1     MM
  SINCE JUL 1     MM
  SNOW DEPTH      MM

DEGREE DAYS
 HEATING
  TODAY            7                         9     -2        0
  MONTH TO DATE  129                        92     37        6
  SINCE SEP 1    129                        92     37        6
  SINCE JUL 1    203                       165     38        6

 COOLING
  TODAY            0                         0      0        0
  MONTH TO DATE    0                         5     -5       32
  SINCE SEP 1      0                         5     -5       32
  SINCE JAN 1    222                       207     15      445
..................................................................


WIND (MPH)
  HIGHEST WIND SPEED    13   HIGHEST WIND DIRECTION     S (190)
  HIGHEST GUST SPEED    16   HIGHEST GUST DIRECTION     S (200)
  AVERAGE WIND SPEED     4.9


SKY COVER
  POSSIBLE SUNSHINE  MM
  AVERAGE SKY COVER 0.0


WEATHER CONDITIONS
 THE FOLLOWING WEATHER WAS RECORDED TODAY.
  NO SIGNIFICANT WEATHER WAS OBSERVED.


RELATIVE HUMIDITY (PERCENT)
 HIGHEST    82           600 AM
 LOWEST     16           300 PM
 AVERAGE    49

..........................................................


THE REXBURG ID CLIMATE NORMALS FOR TOMORROW
                         NORMAL    RECORD    YEAR
 MAXIMUM TEMPERATURE (F)   72        91      2000
 MINIMUM TEMPERATURE (F)   40        33      2003


SUNRISE AND SUNSET
SEPTEMBER 14 2014.....SUNRISE   705 AM MDT   SUNSET   739 PM MDT
SEPTEMBER 15 2014.....SUNRISE   706 AM MDT   SUNSET   737 PM MDT


-  INDICATES NEGATIVE NUMBERS.
R  INDICATES RECORD WAS SET OR TIED.
MM INDICATES DATA IS MISSING.
T  INDICATES TRACE AMOUNT.




$$
