000
CDUS45 KPIH 280731
CLIRXE


CLIMATE REPORT
NATIONAL WEATHER SERVICE POCATELLO ID
131 AM MDT TUE MAR 28 2017


...................................

...THE REXBURG ID CLIMATE SUMMARY FOR MARCH 27 2017...

CLIMATE NORMAL PERIOD 1981 TO 2010
CLIMATE RECORD PERIOD 1998 TO 2017


WEATHER ITEM   OBSERVED TIME   RECORD YEAR NORMAL DEPARTURE LAST
                VALUE   (LST)  VALUE       VALUE  FROM      YEAR
                                                  NORMAL
..................................................................
TEMPERATURE (F)
 YESTERDAY
  MAXIMUM         46    451 PM  68    2015  49     -3       51
  MINIMUM         37   1159 PM  14    2009  28      9       21
  AVERAGE         42                        39      3       36

PRECIPITATION (IN)
  YESTERDAY        0.45         MM      MM   0.05   0.40     0.15
  MONTH TO DATE    0.62                      0.87  -0.25     0.93
  SINCE OCT 1      8.64                      5.65   2.99     5.87
  SINCE JAN 1      2.88                      2.44   0.44     2.71

SNOWFALL (IN)
  YESTERDAY       MM
  MONTH TO DATE   MM
  SINCE MAR 1     MM
  SINCE JUL 1     MM
  SNOW DEPTH      MM

DEGREE DAYS
 HEATING
  YESTERDAY       23                        26     -3       29
  MONTH TO DATE  651                       854   -203      765
  SINCE MAR 1    651                       854   -203      765
  SINCE JUL 1   6446                      6827   -381     6342

 COOLING
  YESTERDAY        0                         0      0        0
  MONTH TO DATE    0                         0      0        0
  SINCE MAR 1      0                         0      0        0
  SINCE JAN 1      0                         0      0        0
..................................................................


WIND (MPH)
  HIGHEST WIND SPEED    14   HIGHEST WIND DIRECTION     S (180)
  HIGHEST GUST SPEED    18   HIGHEST GUST DIRECTION     S (190)
  AVERAGE WIND SPEED     6.0


SKY COVER
  POSSIBLE SUNSHINE  MM
  AVERAGE SKY COVER 1.0


WEATHER CONDITIONS
 THE FOLLOWING WEATHER WAS RECORDED YESTERDAY.
  HEAVY RAIN
  RAIN
  LIGHT RAIN
  FOG


RELATIVE HUMIDITY (PERCENT)
 HIGHEST    92          1200 AM
 LOWEST     70          1000 AM
 AVERAGE    81

..........................................................


THE REXBURG ID CLIMATE NORMALS FOR TODAY
                         NORMAL    RECORD    YEAR
 MAXIMUM TEMPERATURE (F)   50        63      2015
 MINIMUM TEMPERATURE (F)   28         7      2008


SUNRISE AND SUNSET
MARCH 28 2017.........SUNRISE   715 AM MDT   SUNSET   750 PM MDT
MARCH 29 2017.........SUNRISE   714 AM MDT   SUNSET   751 PM MDT


-  INDICATES NEGATIVE NUMBERS.
R  INDICATES RECORD WAS SET OR TIED.
MM INDICATES DATA IS MISSING.
T  INDICATES TRACE AMOUNT.




$$
