000
CDUS45 KPIH 172325
CLIRXE


CLIMATE REPORT
NATIONAL WEATHER SERVICE POCATELLO ID
423 PM MST FRI NOV 17 2017


...................................

...THE REXBURG ID CLIMATE SUMMARY FOR NOVEMBER 17 2017...
VALID TODAY AS OF 0400 PM LOCAL TIME.

CLIMATE NORMAL PERIOD 1981 TO 2010
CLIMATE RECORD PERIOD 1998 TO 2017


WEATHER ITEM   OBSERVED TIME   RECORD YEAR NORMAL DEPARTURE LAST
                VALUE   (LST)  VALUE       VALUE  FROM      YEAR
                                                  NORMAL
..................................................................
TEMPERATURE (F)
 TODAY
  MAXIMUM         39    330 PM  58    1999  40     -1       40
  MINIMUM         32    154 PM  -1    2014  20     12       20
  AVERAGE         36                        30      6       30

PRECIPITATION (IN)
  TODAY            0.05         MM      MM   0.04   0.01     0.00
  MONTH TO DATE    0.66                      0.65   0.01     0.01
  SINCE OCT 1      1.09                      1.76  -0.67     3.40
  SINCE JAN 1     11.45                     11.64  -0.19    11.13

SNOWFALL (IN)
  TODAY           MM
  MONTH TO DATE   MM
  SINCE SEP 1     MM
  SINCE JUL 1     MM
  SNOW DEPTH      MM

DEGREE DAYS
 HEATING
  TODAY           29                        35     -6       35
  MONTH TO DATE  466                       524    -58      367
  SINCE SEP 1   1481                      1438     43     1174
  SINCE JUL 1   1494                      1511    -17     1238

 COOLING
  TODAY            0                         0      0        0
  MONTH TO DATE    0                         0      0        0
  SINCE SEP 1     38                         6     32       14
  SINCE JAN 1    347                       208    139      261
..................................................................


WIND (MPH)
  HIGHEST WIND SPEED    20   HIGHEST WIND DIRECTION     N (360)
  HIGHEST GUST SPEED    30   HIGHEST GUST DIRECTION     N (350)
  AVERAGE WIND SPEED    11.8


SKY COVER
  POSSIBLE SUNSHINE  MM
  AVERAGE SKY COVER 1.0


WEATHER CONDITIONS
 THE FOLLOWING WEATHER WAS RECORDED TODAY.
  LIGHT RAIN
  LIGHT SNOW
  FOG


RELATIVE HUMIDITY (PERCENT)
 HIGHEST   100          1000 AM
 LOWEST     78           200 PM
 AVERAGE    89

..........................................................


THE REXBURG ID CLIMATE NORMALS FOR TOMORROW
                         NORMAL    RECORD    YEAR
 MAXIMUM TEMPERATURE (F)   39        56      2008
 MINIMUM TEMPERATURE (F)   20        -4      2014


SUNRISE AND SUNSET
NOVEMBER 17 2017......SUNRISE   725 AM MST   SUNSET   459 PM MST
NOVEMBER 18 2017......SUNRISE   726 AM MST   SUNSET   458 PM MST


-  INDICATES NEGATIVE NUMBERS.
R  INDICATES RECORD WAS SET OR TIED.
MM INDICATES DATA IS MISSING.
T  INDICATES TRACE AMOUNT.




$$
