000
CDUS45 KPIH 270736
CLIRXE


CLIMATE REPORT
NATIONAL WEATHER SERVICE POCATELLO ID
134 AM MDT SAT MAY 27 2017


...................................

...THE REXBURG ID CLIMATE SUMMARY FOR MAY 26 2017...

CLIMATE NORMAL PERIOD 1981 TO 2010
CLIMATE RECORD PERIOD 1998 TO 2017


WEATHER ITEM   OBSERVED TIME   RECORD YEAR NORMAL DEPARTURE LAST
                VALUE   (LST)  VALUE       VALUE  FROM      YEAR
                                                  NORMAL
..................................................................
TEMPERATURE (F)
 YESTERDAY
  MAXIMUM         46    618 AM  82    2014  69    -23       67
  MINIMUM         39   1159 PM  36    2011  42     -3       37
  AVERAGE         43                        55    -12       52

PRECIPITATION (IN)
  YESTERDAY        0.28         MM      MM   0.05   0.23     0.00
  MONTH TO DATE    1.08                      1.42  -0.34     2.03
  SINCE OCT 1     12.09                      8.74   3.35     8.85
  SINCE JAN 1      6.33                      5.53   0.80     5.69

SNOWFALL (IN)
  YESTERDAY       MM
  MONTH TO DATE   MM
  SINCE MAR 1     MM
  SINCE JUL 1     MM
  SNOW DEPTH      MM

DEGREE DAYS
 HEATING
  YESTERDAY       22                        10     12       13
  MONTH TO DATE  318                       346    -28      319
  SINCE MAR 1   1715                      1938   -223     1679
  SINCE JUL 1   7510                      7911   -401     7256

 COOLING
  YESTERDAY        0                         0      0        0
  MONTH TO DATE    0                         0      0        0
  SINCE MAR 1      0                         0      0        0
  SINCE JAN 1      0                         0      0        0
..................................................................


WIND (MPH)
  HIGHEST WIND SPEED    13   HIGHEST WIND DIRECTION    NE (30)
  HIGHEST GUST SPEED    18   HIGHEST GUST DIRECTION     N (20)
  AVERAGE WIND SPEED     4.9


SKY COVER
  POSSIBLE SUNSHINE  MM
  AVERAGE SKY COVER 0.8


WEATHER CONDITIONS
 THE FOLLOWING WEATHER WAS RECORDED YESTERDAY.
  RAIN
  LIGHT RAIN
  FOG


RELATIVE HUMIDITY (PERCENT)
 HIGHEST   100           900 PM
 LOWEST     53          1200 AM
 AVERAGE    77

..........................................................


THE REXBURG ID CLIMATE NORMALS FOR TODAY
                         NORMAL    RECORD    YEAR
 MAXIMUM TEMPERATURE (F)   69        82      2007
                                             2003
 MINIMUM TEMPERATURE (F)   42        34      2011


SUNRISE AND SUNSET
MAY 27 2017...........SUNRISE   551 AM MDT   SUNSET   859 PM MDT
MAY 28 2017...........SUNRISE   550 AM MDT   SUNSET   859 PM MDT


-  INDICATES NEGATIVE NUMBERS.
R  INDICATES RECORD WAS SET OR TIED.
MM INDICATES DATA IS MISSING.
T  INDICATES TRACE AMOUNT.




$$
