000
CDUS45 KPIH 202321
CLIRXE


CLIMATE REPORT
NATIONAL WEATHER SERVICE POCATELLO ID
520 PM MDT THU JUL 20 2017


...................................

...THE REXBURG ID CLIMATE SUMMARY FOR JULY 20 2017...
VALID TODAY AS OF 0500 PM LOCAL TIME.

CLIMATE NORMAL PERIOD 1981 TO 2010
CLIMATE RECORD PERIOD 1998 TO 2017


WEATHER ITEM   OBSERVED TIME   RECORD YEAR NORMAL DEPARTURE LAST
                VALUE   (LST)  VALUE       VALUE  FROM      YEAR
                                                  NORMAL
..................................................................
TEMPERATURE (F)
 TODAY
  MAXIMUM         87    304 PM  96    2003  85      2       89
  MINIMUM         54    528 AM  45    2010  51      3       55
  AVERAGE         71                        68      3       72

PRECIPITATION (IN)
  TODAY            T            MM      MM   0.02  -0.02     0.00
  MONTH TO DATE    0.03                      0.51  -0.48     0.15
  SINCE OCT 1     13.95                     10.96   2.99     9.07
  SINCE JAN 1      8.19                      7.75   0.44     5.91

SNOWFALL (IN)
  TODAY           MM
  MONTH TO DATE   MM
  SINCE JUN 1     MM
  SINCE JUL 1     MM
  SNOW DEPTH      MM

DEGREE DAYS
 HEATING
  TODAY            0                         0      0        0
  MONTH TO DATE    1                        27    -26       34
  SINCE JUN 1    120                       199    -79      104
  SINCE JUL 1      1                        27    -26       34

 COOLING
  TODAY            6                         4      2        7
  MONTH TO DATE  147                        45    102       52
  SINCE JUN 1    178                        63    115      104
  SINCE JAN 1    179                        67    112      104
..................................................................


WIND (MPH)
  HIGHEST WIND SPEED    17   HIGHEST WIND DIRECTION     S (190)
  HIGHEST GUST SPEED    24   HIGHEST GUST DIRECTION     S (200)
  AVERAGE WIND SPEED     6.8


SKY COVER
  POSSIBLE SUNSHINE  MM
  AVERAGE SKY COVER 0.1


WEATHER CONDITIONS
 THE FOLLOWING WEATHER WAS RECORDED TODAY.
  THUNDERSTORM


RELATIVE HUMIDITY (PERCENT)
 HIGHEST    83           400 AM
 LOWEST     30           300 PM
 AVERAGE    57

..........................................................


THE REXBURG ID CLIMATE NORMALS FOR TOMORROW
                         NORMAL    RECORD    YEAR
 MAXIMUM TEMPERATURE (F)   85        95      2006
                                             2003
 MINIMUM TEMPERATURE (F)   51        46      2011
                                             2000


SUNRISE AND SUNSET
JULY 20 2017..........SUNRISE   604 AM MDT   SUNSET   903 PM MDT
JULY 21 2017..........SUNRISE   605 AM MDT   SUNSET   902 PM MDT


-  INDICATES NEGATIVE NUMBERS.
R  INDICATES RECORD WAS SET OR TIED.
MM INDICATES DATA IS MISSING.
T  INDICATES TRACE AMOUNT.




$$
