000
CDUS45 KPIH 222322
CLIRXE


CLIMATE REPORT
NATIONAL WEATHER SERVICE POCATELLO ID
521 PM MDT FRI SEP 22 2017


...................................

...THE REXBURG ID CLIMATE SUMMARY FOR SEPTEMBER 22 2017...
VALID TODAY AS OF 0500 PM LOCAL TIME.

CLIMATE NORMAL PERIOD 1981 TO 2010
CLIMATE RECORD PERIOD 1998 TO 2017


WEATHER ITEM   OBSERVED TIME   RECORD YEAR NORMAL DEPARTURE LAST
                VALUE   (LST)  VALUE       VALUE  FROM      YEAR
                                                  NORMAL
..................................................................
TEMPERATURE (F)
 TODAY
  MAXIMUM         45    350 PM  83    2015  69    -24       59
  MINIMUM         38    739 AM  29    2002  38      0       50
  AVERAGE         42                        53    -11       55

PRECIPITATION (IN)
  TODAY            0.05         MM      MM   0.04   0.01     0.34
  MONTH TO DATE    1.80                      0.67   1.13     0.91
  SINCE OCT 1     15.93                     12.80   3.13    10.02
  SINCE JAN 1     10.17                      9.59   0.58     6.86

SNOWFALL (IN)
  TODAY           MM
  MONTH TO DATE   MM
  SINCE SEP 1     MM
  SINCE JUL 1     MM
  SNOW DEPTH      MM

DEGREE DAYS
 HEATING
  TODAY           23                        12     11       10
  MONTH TO DATE  152                       177    -25      175
  SINCE SEP 1    152                       177    -25      175
  SINCE JUL 1    165                       250    -85      239

 COOLING
  TODAY            0                         0      0        0
  MONTH TO DATE   38                         5     33       14
  SINCE SEP 1     38                         5     33       14
  SINCE JAN 1    347                       207    140      261
..................................................................


WIND (MPH)
  HIGHEST WIND SPEED    14   HIGHEST WIND DIRECTION    SW (220)
  HIGHEST GUST SPEED    20   HIGHEST GUST DIRECTION     S (200)
  AVERAGE WIND SPEED     7.7


SKY COVER
  POSSIBLE SUNSHINE  MM
  AVERAGE SKY COVER 0.8


WEATHER CONDITIONS
 THE FOLLOWING WEATHER WAS RECORDED TODAY.
  LIGHT RAIN
  FOG


RELATIVE HUMIDITY (PERCENT)
 HIGHEST   100           300 AM
 LOWEST     70           400 PM
 AVERAGE    85

..........................................................


THE REXBURG ID CLIMATE NORMALS FOR TOMORROW
                         NORMAL    RECORD    YEAR
 MAXIMUM TEMPERATURE (F)   68        84      2009
                                             2001
 MINIMUM TEMPERATURE (F)   37        27      2000


SUNRISE AND SUNSET
SEPTEMBER 22 2017.....SUNRISE   715 AM MDT   SUNSET   724 PM MDT
SEPTEMBER 23 2017.....SUNRISE   716 AM MDT   SUNSET   722 PM MDT


-  INDICATES NEGATIVE NUMBERS.
R  INDICATES RECORD WAS SET OR TIED.
MM INDICATES DATA IS MISSING.
T  INDICATES TRACE AMOUNT.




$$
