000
CDUS45 KPIH 272338
CLIRXE


CLIMATE REPORT
NATIONAL WEATHER SERVICE POCATELLO ID
535 PM MDT WED AUG 27 2014


...................................

...THE REXBURG ID CLIMATE SUMMARY FOR AUGUST 27 2014...
VALID TODAY AS OF 0500 PM LOCAL TIME.

CLIMATE NORMAL PERIOD 1981 TO 2010
CLIMATE RECORD PERIOD 1998 TO 2014


WEATHER ITEM   OBSERVED TIME   RECORD YEAR NORMAL DEPARTURE LAST
                VALUE   (LST)  VALUE       VALUE  FROM      YEAR
                                                  NORMAL
..................................................................
TEMPERATURE (F)
 TODAY
  MAXIMUM         77    357 PM  91    2011  81     -4       83
                                      2001
  MINIMUM         45    630 AM  38    2004  46     -1       54
  AVERAGE         61                        63     -2       69

PRECIPITATION (IN)
  TODAY            0.00         MM      MM   0.04  -0.04     0.00
  MONTH TO DATE    3.80                      0.80   3.00     0.15
  SINCE OCT 1     12.75                     11.97   0.78     8.66
  SINCE JAN 1     10.89                      8.76   2.13     5.27

SNOWFALL (IN)
  TODAY           MM
  MONTH TO DATE   MM
  SINCE JUN 1     MM
  SINCE JUL 1     MM
  SNOW DEPTH      MM

DEGREE DAYS
 HEATING
  TODAY            4                         3      1        0
  MONTH TO DATE   54                        28     26        0
  SINCE JUN 1    217                       230    -13      117
  SINCE JUL 1     62                        58      4        0

 COOLING
  TODAY            0                         1     -1        4
  MONTH TO DATE   55                        81    -26      139
  SINCE JUN 1    221                       191     30      391
  SINCE JAN 1    221                       195     26      393
..................................................................


WIND (MPH)
  HIGHEST WIND SPEED    12   HIGHEST WIND DIRECTION    SW (220)
  HIGHEST GUST SPEED    19   HIGHEST GUST DIRECTION     S (180)
  AVERAGE WIND SPEED     4.9


SKY COVER
  POSSIBLE SUNSHINE  MM
  AVERAGE SKY COVER 0.0


WEATHER CONDITIONS
 THE FOLLOWING WEATHER WAS RECORDED TODAY.
  FOG


RELATIVE HUMIDITY (PERCENT)
 HIGHEST    93           100 AM
 LOWEST     29           400 PM
 AVERAGE    61

..........................................................


THE REXBURG ID CLIMATE NORMALS FOR TOMORROW
                         NORMAL    RECORD    YEAR
 MAXIMUM TEMPERATURE (F)   80        93      2012
 MINIMUM TEMPERATURE (F)   46        39      2004


SUNRISE AND SUNSET
AUGUST 27 2014........SUNRISE   645 AM MDT   SUNSET   811 PM MDT
AUGUST 28 2014........SUNRISE   646 AM MDT   SUNSET   810 PM MDT


-  INDICATES NEGATIVE NUMBERS.
R  INDICATES RECORD WAS SET OR TIED.
MM INDICATES DATA IS MISSING.
T  INDICATES TRACE AMOUNT.




$$
