000
CDUS46 KSTO 280836
CLISAC

CLIMATE REPORT
NATIONAL WEATHER SERVICE SACRAMENTO, CA
136 AM PDT SAT MAR 28 2015


...................................

...THE SACRAMENTO EXEC. AIRPORT CA CLIMATE SUMMARY FOR MARCH 27 2015...

CLIMATE NORMAL PERIOD 1981 TO 2010
CLIMATE RECORD PERIOD 1930 TO 2015


WEATHER ITEM   OBSERVED TIME   RECORD YEAR NORMAL DEPARTURE LAST
                VALUE   (LST)  VALUE       VALUE  FROM      YEAR
                                                  NORMAL
..................................................................
TEMPERATURE (F)
 YESTERDAY
  MAXIMUM         83R   205 PM  79    1986  67     16       62
                                      1951
  MINIMUM         51    630 AM  34    1991  45      6       50
  AVERAGE         67

PRECIPITATION (IN)
  YESTERDAY        0.00          1.37 1963   0.06  -0.06     0.01
  MONTH TO DATE    0.22                      2.49  -2.27     0.97
  SINCE OCT 1     13.42                     15.88  -2.46     6.57
  SINCE JAN 1      3.04                      9.60  -6.56     5.26

SNOWFALL (IN)
  YESTERDAY        0.0          MM      MM   0.0             0.0
  MONTH TO DATE    0.0                       0.0             0.0
  SINCE MAR 1      0.0                       0.0             0.0
  SINCE JUL 1      0.0                       0.0             0.0

DEGREE DAYS
 HEATING
  YESTERDAY        0

 COOLING
  YESTERDAY        2
..................................................................


WIND (MPH)
  RESULTANT WIND SPEED   4   RESULTANT WIND DIRECTION  SW (210)
  HIGHEST WIND SPEED    15   HIGHEST WIND DIRECTION    SW (230)
  HIGHEST GUST SPEED    18   HIGHEST GUST DIRECTION    SW (230)


SKY COVER
  POSSIBLE SUNSHINE  MM
  AVERAGE SKY COVER 0.0


WEATHER CONDITIONS
 THE FOLLOWING WEATHER WAS RECORDED YESTERDAY.
  FOG


RELATIVE HUMIDITY (PERCENT)
 HIGHEST    96
 LOWEST     22
 AVERAGE    59

..........................................................


THE SACRAMENTO EXEC. AIRPORT CA CLIMATE NORMALS FOR TODAY
                         NORMAL    RECORD    YEAR
 MAXIMUM TEMPERATURE (F)   67        81      1986
 MINIMUM TEMPERATURE (F)   45        34      1985


SUNRISE AND SUNSET
MARCH 28 2015.........SUNRISE   657 AM PDT   SUNSET   725 PM PDT
MARCH 29 2015.........SUNRISE   656 AM PDT   SUNSET   726 PM PDT


-  INDICATES NEGATIVE NUMBERS.
R  INDICATES RECORD WAS SET OR TIED.
MM INDICATES DATA IS MISSING.
T  INDICATES TRACE AMOUNT.

&&
....................................................................

SACRAMENTO CITY CLIMATE DATA FOR FRIDAY MARCH 27 2015

HIGH...   85  RECORD HIGH    85 IN 1923    NORMAL    HIGH   68
LOW....   55  RECORD LOW     32 IN 1898    NORMAL    LOW    47

RAIN SINCE MIDNIGHT....  0.00   RECORD THIS DATE....... 1.33 IN 1963
TOTAL THIS MONTH.......  0.16   NORMAL SINCE OCT 1ST.........  17.36
TOTAL SINCE OCT 1ST... 11.73   PERCENT OF NORMAL.............  68%

$$
