000
CDUS46 KSTO 240047
CLISAC

CLIMATE REPORT
NATIONAL WEATHER SERVICE SACRAMENTO, CA
430 PM PST FRI FEB 23 2018

..................................................................

...THE SACRAMENTO EXEC. AIRPORT CA CLIMATE SUMMARY FOR FEBRUARY 23 2018...
VALID TODAY AS OF 0400 PM LOCAL TIME.

CLIMATE NORMAL PERIOD 1981 TO 2010
CLIMATE RECORD PERIOD 1930 TO 2018


WEATHER ITEM   OBSERVED TIME   RECORD YEAR NORMAL DEPARTURE LAST
                VALUE   (LST)  VALUE       VALUE  FROM      YEAR
                                                  NORMAL
..................................................................
TEMPERATURE (F)
 TODAY
  MAXIMUM         54    353 PM  75    1991  62     -8       54
  MINIMUM         29R   328 AM  32    2017  43    -14       32
  AVERAGE         42

PRECIPITATION (IN)
  TODAY            0.00          0.94 1993   0.12  -0.12     0.00
  MONTH TO DATE    0.01                      2.87  -2.86     8.25
  SINCE OCT 1      7.63                     12.79  -5.16    27.62
  SINCE JAN 1      5.21                      6.51  -1.30    18.17

SNOWFALL (IN)
  TODAY            0.0          MM      MM   0.0             0.0
  MONTH TO DATE    0.0                       0.0             0.0
  SINCE DEC 1      0.0                       0.0             0.0
  SINCE JUL 1      0.0                       0.0             0.0

DEGREE DAYS
 HEATING
  TODAY           23

 COOLING
  TODAY            0
..................................................................


WIND (MPH)
  RESULTANT WIND SPEED  10   RESULTANT WIND DIRECTION   N (340)
  HIGHEST WIND SPEED    23   HIGHEST WIND DIRECTION     N (360)
  HIGHEST GUST SPEED    27   HIGHEST GUST DIRECTION     N (360)


SKY COVER
  POSSIBLE SUNSHINE  MM
  AVERAGE SKY COVER 0.1


WEATHER CONDITIONS
 THE FOLLOWING WEATHER WAS RECORDED TODAY.
  FOG
  FOG W/VISIBILITY <= 1/4 MILE


RELATIVE HUMIDITY (PERCENT)
 HIGHEST   100
 LOWEST     24
 AVERAGE    62

..........................................................


THE SACRAMENTO EXEC. AIRPORT CA CLIMATE NORMALS FOR TOMORROW
                         NORMAL    RECORD    YEAR
 MAXIMUM TEMPERATURE (F)   62        76      1991
 MINIMUM TEMPERATURE (F)   43        31      2017


SUNRISE AND SUNSET
FEBRUARY 23 2018......SUNRISE   646 AM PST   SUNSET   553 PM PST
FEBRUARY 24 2018......SUNRISE   645 AM PST   SUNSET   554 PM PST


-  INDICATES NEGATIVE NUMBERS.
R  INDICATES RECORD WAS SET OR TIED.
MM INDICATES DATA IS MISSING.
T  INDICATES TRACE AMOUNT.

&&
....................................................................

SACRAMENTO CITY CLIMATE DATA FOR FRIDAY FEBRUARY 23 2018

HIGH...   55  RECORD HIGH    79 IN 1991    NORMAL    HIGH   63
LOW....   32  RECORD LOW     32 IN 1890    NORMAL    LOW    45

RAIN SINCE MIDNIGHT....  0.00   RECORD THIS DATE....... 1.26 IN 1891
TOTAL THIS MONTH.......  0.00   NORMAL SINCE OCT 1ST.........  13.97
TOTAL SINCE OCT 1ST...   7.79   PERCENT OF NORMAL.............   56%

$$
POWELL
