000
CDUS46 KSTO 310834
CLISAC

CLIMATE REPORT
NATIONAL WEATHER SERVICE SACRAMENTO, CA
134 AM PDT TUE MAY 31 2016


...................................

...THE SACRAMENTO EXEC. AIRPORT CA CLIMATE SUMMARY FOR MAY 30 2016...

CLIMATE NORMAL PERIOD 1981 TO 2010
CLIMATE RECORD PERIOD 1930 TO 2016


WEATHER ITEM   OBSERVED TIME   RECORD YEAR NORMAL DEPARTURE LAST
                VALUE   (LST)  VALUE       VALUE  FROM      YEAR
                                                  NORMAL
..................................................................
TEMPERATURE (F)
 YESTERDAY
  MAXIMUM         96    336 PM 100    2001  83     13       89
                                      1975
  MINIMUM         56    515 AM  45    1998  53      3       54
                                      1985
  AVERAGE         76

PRECIPITATION (IN)
  YESTERDAY        0.00          1.51 1948   0.01  -0.01     0.00
  MONTH TO DATE    0.39                      0.66  -0.27     0.07
  SINCE OCT 1     16.19                     17.95  -1.76    15.34
  SINCE JAN 1     12.75                     11.67   1.08     4.96

SNOWFALL (IN)
  YESTERDAY        0.0          MM      MM   0.0             0.0
  MONTH TO DATE    0.0                       0.0             0.0
  SINCE MAR 1      0.0                       0.0             0.0
  SINCE JUL 1      0.0                       0.0             0.0

DEGREE DAYS
 HEATING
  YESTERDAY        0

 COOLING
  YESTERDAY       11
..................................................................


WIND (MPH)
  RESULTANT WIND SPEED   3   RESULTANT WIND DIRECTION  SW (220)
  HIGHEST WIND SPEED    13   HIGHEST WIND DIRECTION    SW (220)
  HIGHEST GUST SPEED    16   HIGHEST GUST DIRECTION    SW (220)


SKY COVER
  POSSIBLE SUNSHINE  MM
  AVERAGE SKY COVER 0.0


WEATHER CONDITIONS
 THE FOLLOWING WEATHER WAS RECORDED YESTERDAY.
  NO SIGNIFICANT WEATHER WAS OBSERVED.


RELATIVE HUMIDITY (PERCENT)
 HIGHEST    86
 LOWEST     19
 AVERAGE    53

..........................................................


THE SACRAMENTO EXEC. AIRPORT CA CLIMATE NORMALS FOR TODAY
                         NORMAL    RECORD    YEAR
 MAXIMUM TEMPERATURE (F)   84       103      2001
 MINIMUM TEMPERATURE (F)   54        44      1971


SUNRISE AND SUNSET
MAY 31 2016...........SUNRISE   544 AM PDT   SUNSET   824 PM PDT
JUNE  1 2016..........SUNRISE   543 AM PDT   SUNSET   825 PM PDT


-  INDICATES NEGATIVE NUMBERS.
R  INDICATES RECORD WAS SET OR TIED.
MM INDICATES DATA IS MISSING.
T  INDICATES TRACE AMOUNT.

&&
....................................................................

SACRAMENTO CITY CLIMATE DATA FOR MONDAY MAY 30 2016

HIGH...   98  RECORD HIGH   103 IN 1910    NORMAL    HIGH   84
LOW....   59  RECORD LOW     44 IN 1898    NORMAL    LOW    56

RAIN SINCE MIDNIGHT....  0.00   RECORD THIS DATE....... 1.67 IN 1948
TOTAL THIS MONTH.......  0.59   NORMAL SINCE OCT 1ST.........  19.68
TOTAL SINCE OCT 1ST.... 16.97   PERCENT OF NORMAL..............  86%

$$
