271
CDUS46 KSTO 230843
CLISAC

CLIMATE REPORT
NATIONAL WEATHER SERVICE SACRAMENTO, CA
1243 AM PST THU NOV 23 2017


...................................

...THE SACRAMENTO EXEC. AIRPORT CA CLIMATE SUMMARY FOR NOVEMBER 22 2017...

CLIMATE NORMAL PERIOD 1981 TO 2010
CLIMATE RECORD PERIOD 1930 TO 2017


WEATHER ITEM   OBSERVED TIME   RECORD YEAR NORMAL DEPARTURE LAST
                VALUE   (LST)  VALUE       VALUE  FROM      YEAR
                                                  NORMAL
..................................................................
TEMPERATURE (F)
 YESTERDAY
  MAXIMUM         68    141 PM  75    1959  61      7       55
  MINIMUM         47    604 AM  29    1941  41      6       40
  AVERAGE         58

PRECIPITATION (IN)
  YESTERDAY        0.00          0.86 1978   0.08  -0.08     0.02
  MONTH TO DATE    1.94                      1.41   0.53     0.56
  SINCE OCT 1      2.09                      2.36  -0.27     5.28
  SINCE JAN 1     25.72                     14.60  11.12    18.03

SNOWFALL (IN)
  YESTERDAY        0.0           0.0  2002   0.0            MM
                                      2001
  MONTH TO DATE    0.0                       0.0             0.0
  SINCE SEP 1      0.0                       0.0             0.0
  SINCE JUL 1      0.0                       0.0             0.0

DEGREE DAYS
 HEATING
  YESTERDAY        7

 COOLING
  YESTERDAY        0
..................................................................


WIND (MPH)
  RESULTANT WIND SPEED   3   RESULTANT WIND DIRECTION  NW (330)
  HIGHEST WIND SPEED    10   HIGHEST WIND DIRECTION     N (340)
  HIGHEST GUST SPEED    12   HIGHEST GUST DIRECTION    NW (330)


SKY COVER
  POSSIBLE SUNSHINE  MM
  AVERAGE SKY COVER 0.3


WEATHER CONDITIONS
 THE FOLLOWING WEATHER WAS RECORDED YESTERDAY.
  FOG
  FOG W/VISIBILITY <= 1/4 MILE


RELATIVE HUMIDITY (PERCENT)
 HIGHEST   100
 LOWEST     73
 AVERAGE    87

..........................................................


THE SACRAMENTO EXEC. AIRPORT CA CLIMATE NORMALS FOR TODAY
                         NORMAL    RECORD    YEAR
 MAXIMUM TEMPERATURE (F)   60        72      2005
                                             1986
                                             1981
 MINIMUM TEMPERATURE (F)   41        27      1947


SUNRISE AND SUNSET
NOVEMBER 23 2017......SUNRISE   657 AM PST   SUNSET   448 PM PST
NOVEMBER 24 2017......SUNRISE   658 AM PST   SUNSET   447 PM PST


-  INDICATES NEGATIVE NUMBERS.
R  INDICATES RECORD WAS SET OR TIED.
MM INDICATES DATA IS MISSING.
T  INDICATES TRACE AMOUNT.

&&
....................................................................

SACRAMENTO CITY CLIMATE DATA FOR WEDNESDAY NOVEMBER 22 2017

HIGH...   67  RECORD HIGH    75 IN 1959    NORMAL    HIGH   61
LOW....   50  RECORD LOW     30 IN 1880    NORMAL    LOW    44

RAIN SINCE MIDNIGHT....  0.00   RECORD THIS DATE....... 1.07 IN 1978
TOTAL THIS MONTH.......  2.12   NORMAL SINCE OCT 1ST..........  2.71
TOTAL SINCE OCT 1ST....  2.26   PERCENT OF NORMAL..............  83%

$$
