000
CDUS46 KSTO 270840
CLISAC

CLIMATE REPORT
NATIONAL WEATHER SERVICE SACRAMENTO, CA
140 AM PDT TUE JUN 27 2017


...................................

...THE SACRAMENTO EXEC. AIRPORT CA CLIMATE SUMMARY FOR JUNE 26 2017...

CLIMATE NORMAL PERIOD 1981 TO 2010
CLIMATE RECORD PERIOD 1930 TO 2017


WEATHER ITEM   OBSERVED TIME   RECORD YEAR NORMAL DEPARTURE LAST
                VALUE   (LST)  VALUE       VALUE  FROM      YEAR
                                                  NORMAL
..................................................................
TEMPERATURE (F)
 YESTERDAY
  MAXIMUM         83    319 PM 106    1973  90     -7      102
  MINIMUM         57    521 AM  49    1980  57      0       63
                                      1974
                                      1965
  AVERAGE         70

PRECIPITATION (IN)
  YESTERDAY        0.00          0.01 1971   0.00   0.00     0.00
  MONTH TO DATE    0.10                      0.20  -0.10      T
  SINCE OCT 1     33.08                     18.17  14.91    16.19
  SINCE JAN 1     23.63                     11.89  11.74    12.75

SNOWFALL (IN)
  YESTERDAY        0.0          MM      MM   0.0             0.0
  MONTH TO DATE    0.0                       0.0             0.0
  SINCE JUN 1      0.0                       0.0             0.0
  SINCE JUL 1      0.0                       0.0             0.0

DEGREE DAYS
 HEATING
  YESTERDAY        0

 COOLING
  YESTERDAY        5
..................................................................


WIND (MPH)
  RESULTANT WIND SPEED  10   RESULTANT WIND DIRECTION   S (200)
  HIGHEST WIND SPEED    20   HIGHEST WIND DIRECTION    SW (220)
  HIGHEST GUST SPEED    26   HIGHEST GUST DIRECTION    SW (210)


SKY COVER
  POSSIBLE SUNSHINE  MM
  AVERAGE SKY COVER 0.0


WEATHER CONDITIONS
 THE FOLLOWING WEATHER WAS RECORDED YESTERDAY.
  NO SIGNIFICANT WEATHER WAS OBSERVED.


RELATIVE HUMIDITY (PERCENT)
 HIGHEST    93
 LOWEST     37
 AVERAGE    65

..........................................................


THE SACRAMENTO EXEC. AIRPORT CA CLIMATE NORMALS FOR TODAY
                         NORMAL    RECORD    YEAR
 MAXIMUM TEMPERATURE (F)   90       106      1956
 MINIMUM TEMPERATURE (F)   57        50      1979
                                             1964
                                             1955


SUNRISE AND SUNSET
JUNE 27 2017..........SUNRISE   544 AM PDT   SUNSET   834 PM PDT
JUNE 28 2017..........SUNRISE   544 AM PDT   SUNSET   834 PM PDT


-  INDICATES NEGATIVE NUMBERS.
R  INDICATES RECORD WAS SET OR TIED.
MM INDICATES DATA IS MISSING.
T  INDICATES TRACE AMOUNT.

&&
....................................................................

SACRAMENTO CITY CLIMATE DATA FOR MONDAY JUNE 26 2017

HIGH...   85  RECORD HIGH   106 IN 1973    NORMAL    HIGH   90
LOW....   58  RECORD LOW     48 IN 1930    NORMAL    LOW    60

RAIN SINCE MIDNIGHT....  0.00   RECORD THIS DATE....... 0.05 IN 1971
TOTAL THIS MONTH.......  0.18   NORMAL SINCE OCT 1ST.........  19.88
TOTAL SINCE OCT 1ST.... 33.94   PERCENT OF NORMAL.............  171%

$$
