000
CDUS46 KSTO 060852
CLISAC

CLIMATE REPORT
NATIONAL WEATHER SERVICE SACRAMENTO, CA
1247 AM PST SAT FEB 6 2016


.................................................................

...THE SACRAMENTO EXEC. AIRPORT CA CLIMATE SUMMARY FOR FEBRUARY 5 2016...

CLIMATE NORMAL PERIOD 1981 TO 2010
CLIMATE RECORD PERIOD 1930 TO 2016


WEATHER ITEM   OBSERVED TIME   RECORD YEAR NORMAL DEPARTURE LAST
                VALUE   (LST)  VALUE       VALUE  FROM      YEAR
                                                  NORMAL
..................................................................
TEMPERATURE (F)
 YESTERDAY
  MAXIMUM         62    333 PM  76    2011  58      4       59
  MINIMUM         35    603 AM  25    1989  40     -5       49
  AVERAGE         49

PRECIPITATION (IN)
  YESTERDAY        0.00          1.12 1969   0.13  -0.13      T
  MONTH TO DATE    0.04                      0.64  -0.60      T
  SINCE OCT 1      8.92                     10.56  -1.64    10.38
  SINCE JAN 1      5.48                      4.28   1.20      T

SNOWFALL (IN)
  YESTERDAY        0.0           0.0  2002   0.0            MM
  MONTH TO DATE    0.0                       0.0             0.0
  SINCE DEC 1      0.0                       0.0             0.0
  SINCE JUL 1      0.0                       0.0             0.0

DEGREE DAYS
 HEATING
  YESTERDAY       16

 COOLING
  YESTERDAY        0
..................................................................


WIND (MPH)
  RESULTANT WIND SPEED   0   RESULTANT WIND DIRECTION   W (250)
  HIGHEST WIND SPEED     8   HIGHEST WIND DIRECTION     W (250)
  HIGHEST GUST SPEED     9   HIGHEST GUST DIRECTION     W (260)


SKY COVER
  POSSIBLE SUNSHINE  MM
  AVERAGE SKY COVER 0.0


WEATHER CONDITIONS
 THE FOLLOWING WEATHER WAS RECORDED YESTERDAY.
  FOG
  FOG W/VISIBILITY <= 1/4 MILE


RELATIVE HUMIDITY (PERCENT)
 HIGHEST   100
 LOWEST     55
 AVERAGE    78

..........................................................


THE SACRAMENTO EXEC. AIRPORT CA CLIMATE NORMALS FOR TODAY
                         NORMAL    RECORD    YEAR
 MAXIMUM TEMPERATURE (F)   58        75      2011
 MINIMUM TEMPERATURE (F)   40        24      1989


SUNRISE AND SUNSET
FEBRUARY  6 2016......SUNRISE   707 AM PST   SUNSET   533 PM PST
FEBRUARY  7 2016......SUNRISE   706 AM PST   SUNSET   535 PM PST


-  INDICATES NEGATIVE NUMBERS.
R  INDICATES RECORD WAS SET OR TIED.
MM INDICATES DATA IS MISSING.
T  INDICATES TRACE AMOUNT.


&&
....................................................................

SACRAMENTO CITY CLIMATE DATA FOR FRIDAY FEBRUARY 5 2016

HIGH...   64  RECORD HIGH    74 IN 2011    NORMAL    HIGH   59
LOW....   40  RECORD LOW     24 IN 1989    NORMAL    LOW    42

RAIN SINCE MIDNIGHT....  0.00   RECORD THIS DATE.......  1.8 IN 1901
TOTAL THIS MONTH.......  0.03   NORMAL SINCE OCT 1ST.........  11.61
TOTAL SINCE OCT 1ST...   9.44   PERCENT OF NORMAL.............  81%


$$
NNNN
