000
CDUS46 KSTO 300855
CLISAC

CLIMATE REPORT
NATIONAL WEATHER SERVICE SACRAMENTO, CA
143 AM PDT SUN APR 30 2017


..................................................................

...THE SACRAMENTO EXEC. AIRPORT CA CLIMATE SUMMARY FOR APRIL 29 2017...

CLIMATE NORMAL PERIOD 1981 TO 2010
CLIMATE RECORD PERIOD 1930 TO 2017


WEATHER ITEM   OBSERVED TIME   RECORD YEAR NORMAL DEPARTURE LAST
                VALUE   (LST)  VALUE       VALUE  FROM      YEAR
                                                  NORMAL
..................................................................
TEMPERATURE (F)
 YESTERDAY
  MAXIMUM         81    513 PM  93    2013  75      6       78
  MINIMUM         50    553 AM  36    2010  48      2       52
  AVERAGE         66

PRECIPITATION (IN)
  YESTERDAY        0.00          0.62 1983   0.02  -0.02      T
  MONTH TO DATE    2.93                      1.12   1.81     1.03
  SINCE OCT 1     32.93                     17.26  15.67    15.80
  SINCE JAN 1     23.48                     10.98  12.50    12.36

SNOWFALL (IN)
  YESTERDAY        0.0          MM      MM   0.0             0.0
  MONTH TO DATE    0.0                       0.0             0.0
  SINCE MAR 1      0.0                       0.0             0.0
  SINCE JUL 1      0.0                       0.0             0.0

DEGREE DAYS
 HEATING
  YESTERDAY        0

 COOLING
  YESTERDAY        1
..................................................................


WIND (MPH)
  RESULTANT WIND SPEED   7   RESULTANT WIND DIRECTION  NW (330)
  HIGHEST WIND SPEED    18   HIGHEST WIND DIRECTION     N (360)
  HIGHEST GUST SPEED    27   HIGHEST GUST DIRECTION     N (350)


SKY COVER
  POSSIBLE SUNSHINE  MM
  AVERAGE SKY COVER 0.0


WEATHER CONDITIONS
 THE FOLLOWING WEATHER WAS RECORDED YESTERDAY.
  NO SIGNIFICANT WEATHER WAS OBSERVED.


RELATIVE HUMIDITY (PERCENT)
 HIGHEST    67
 LOWEST     17
 AVERAGE    42

..........................................................


THE SACRAMENTO EXEC. AIRPORT CA CLIMATE NORMALS FOR TODAY
                         NORMAL    RECORD    YEAR
 MAXIMUM TEMPERATURE (F)   76        95      1996
 MINIMUM TEMPERATURE (F)   48        37      1967


SUNRISE AND SUNSET
APRIL 30 2017.........SUNRISE   610 AM PDT   SUNSET   757 PM PDT
MAY  1 2017...........SUNRISE   608 AM PDT   SUNSET   758 PM PDT


-  INDICATES NEGATIVE NUMBERS.
R  INDICATES RECORD WAS SET OR TIED.
MM INDICATES DATA IS MISSING.
T  INDICATES TRACE AMOUNT.


&&
....................................................................

SACRAMENTO CITY CLIMATE DATA FOR SATURDAY APRIL 29 2017

HIGH...   83  RECORD HIGH    96 IN 1981    NORMAL    HIGH   77
LOW....   50  RECORD LOW     39 IN 1948    NORMAL    LOW    51

RAIN SINCE MIDNIGHT....  0.00   RECORD THIS DATE....... 1.52 IN 1901
TOTAL THIS MONTH.......  3.36   NORMAL SINCE OCT 1ST.........  18.91
TOTAL SINCE OCT 1ST...  33.66   PERCENT OF NORMAL.............  178%


$$
NNNN
