000
CDUS46 KSGX 291135
CLISAN


CLIMATE REPORT
NATIONAL WEATHER SERVICE SAN DIEGO, CA
435 AM PDT SAT APR 29 2017


...................................

...THE SAN DIEGO INTL AIRPORT CA CLIMATE SUMMARY FOR APRIL 28 2017...

CLIMATE NORMAL PERIOD 1981 TO 2010
CLIMATE RECORD PERIOD 1874 TO 2017


WEATHER ITEM   OBSERVED TIME   RECORD YEAR NORMAL DEPARTURE LAST
                VALUE   (LST)  VALUE       VALUE  FROM      YEAR
                                                  NORMAL
..................................................................
TEMPERATURE (F)
 YESTERDAY
  MAXIMUM         75    143 PM  88    2008  68      7       65
                                      1921
  MINIMUM         61    518 AM  45    1900  57      4       58
                                      1894
                                      1884
  AVERAGE         68                        63      5       62

PRECIPITATION (IN)
  YESTERDAY        0.00          1.34 1933   0.02  -0.02      T
  MONTH TO DATE    0.01                      0.75  -0.74     0.55
  SINCE OCT 1     11.71                      9.92   1.79     7.42
  SINCE JAN 1      6.81                      6.81   0.00     4.57

DEGREE DAYS
 HEATING
  YESTERDAY        0                         3     -3        3
  MONTH TO DATE   19                       107    -88       23
  SINCE MAR 1     95                       285   -190       92
  SINCE JUL 1    687                      1143   -456      632

 COOLING
  YESTERDAY        3                         1      2        0
  MONTH TO DATE   24                        10     14       49
  SINCE MAR 1     35                        15     20       54
  SINCE JAN 1     35                        20     15       99
..................................................................


WIND (MPH)
  RESULTANT WIND SPEED   3   RESULTANT WIND DIRECTION  SW (220)
  HIGHEST WIND SPEED    20   HIGHEST WIND DIRECTION    NW (300)
  HIGHEST GUST SPEED    23   HIGHEST GUST DIRECTION     W (290)
  AVERAGE WIND SPEED     7.8


SKY COVER
  POSSIBLE SUNSHINE  MM
  AVERAGE SKY COVER 0.6


WEATHER CONDITIONS
 THE FOLLOWING WEATHER WAS RECORDED YESTERDAY.
  FOG


RELATIVE HUMIDITY (PERCENT)
 HIGHEST    90          1200 AM
 LOWEST     46           200 PM
 AVERAGE    68

..........................................................


THE SAN DIEGO INTL AIRPORT CA CLIMATE NORMALS FOR TODAY
                         NORMAL    RECORD    YEAR
 MAXIMUM TEMPERATURE (F)   68        91      2014
 MINIMUM TEMPERATURE (F)   58        43      1894


SUNRISE AND SUNSET
APRIL 29 2017.........SUNRISE   603 AM PDT   SUNSET   729 PM PDT
APRIL 30 2017.........SUNRISE   602 AM PDT   SUNSET   730 PM PDT


-  INDICATES NEGATIVE NUMBERS.
R  INDICATES RECORD WAS SET OR TIED.
MM INDICATES DATA IS MISSING.
T  INDICATES TRACE AMOUNT.




$$
