000
CDUS46 KSGX 010017
CLISAN


CLIMATE REPORT
NATIONAL WEATHER SERVICE SAN DIEGO, CA
417 PM PST SAT FEB 28 2015


...................................

...THE SAN DIEGO/LINDBERGH FIELD CA CLIMATE SUMMARY FOR FEBRUARY 28 2015...
VALID TODAY AS OF 0400 PM LOCAL TIME.

CLIMATE NORMAL PERIOD 1981 TO 2010
CLIMATE RECORD PERIOD 1850 TO 2015


WEATHER ITEM   OBSERVED TIME   RECORD YEAR NORMAL DEPARTURE LAST
                VALUE   (LST)  VALUE       VALUE  FROM      YEAR
                                                  NORMAL
..................................................................
TEMPERATURE (F)
 TODAY
  MAXIMUM         63    359 PM  83    1901  65     -2       67
  MINIMUM         58    647 AM  40    1890  52      6       60
  AVERAGE         61                        58      3       64

PRECIPITATION (IN)
  TODAY            T             1.64 1970   0.08  -0.08     0.51
  MONTH TO DATE    0.18                      2.27  -2.09     1.00
  SINCE OCT 1      5.47                      7.36  -1.89     3.20
  SINCE JAN 1      0.60                      4.25  -3.65     1.01

SNOWFALL (IN)
  TODAY            0.0
  MONTH TO DATE    0.0
  SINCE JAN 1      0.0
  SINCE JUL 1      0.0
  SNOW DEPTH       0

DEGREE DAYS
 HEATING
  TODAY            4                         7     -3        1
  MONTH TO DATE   69                       202   -133      101
  SINCE DEC 1    323                       713   -390      386
  SINCE JUL 1    345                       858   -513      456

 COOLING
  TODAY            0                         0      0        0
  MONTH TO DATE   22                         3     19        2
  SINCE DEC 1     26                         5     21       13
  SINCE JAN 1     22                         5     17        9
..................................................................


WIND (MPH)
  RESULTANT WIND SPEED   8   RESULTANT WIND DIRECTION   W (250)
  HIGHEST WIND SPEED    18   HIGHEST WIND DIRECTION     W (250)
  HIGHEST GUST SPEED    22   HIGHEST GUST DIRECTION     W (250)
  AVERAGE WIND SPEED     9.7


SKY COVER
  POSSIBLE SUNSHINE  MM
  AVERAGE SKY COVER 0.7


WEATHER CONDITIONS
 THE FOLLOWING WEATHER WAS RECORDED TODAY.
  LIGHT RAIN


RELATIVE HUMIDITY (PERCENT)
 HIGHEST    69           200 AM
 LOWEST     48           100 PM
 AVERAGE    59

..........................................................


THE SAN DIEGO/LINDBERGH FIELD CA CLIMATE NORMALS FOR TOMORROW
                         NORMAL    RECORD    YEAR
 MAXIMUM TEMPERATURE (F)   65        82      1901
 MINIMUM TEMPERATURE (F)   52        41      1888


SUNRISE AND SUNSET
FEBRUARY 28 2015......SUNRISE   618 AM PST   SUNSET   545 PM PST
MARCH  1 2015.........SUNRISE   617 AM PST   SUNSET   546 PM PST


-  INDICATES NEGATIVE NUMBERS.
R  INDICATES RECORD WAS SET OR TIED.
MM INDICATES DATA IS MISSING.
T  INDICATES TRACE AMOUNT.




$$
