000
CDUS46 KSGX 010024
CLISAN


CLIMATE REPORT
NATIONAL WEATHER SERVICE SAN DIEGO, CA
523 PM PDT SAT APR 30 2016


...................................

...THE SAN DIEGO/LINDBERGH FIELD CA CLIMATE SUMMARY FOR APRIL 30 2016...
VALID TODAY AS OF 0500 PM LOCAL TIME.

CLIMATE NORMAL PERIOD 1981 TO 2010
CLIMATE RECORD PERIOD 1874 TO 2016


WEATHER ITEM   OBSERVED TIME   RECORD YEAR NORMAL DEPARTURE LAST
                VALUE   (LST)  VALUE       VALUE  FROM      YEAR
                                                  NORMAL
..................................................................
TEMPERATURE (F)
 TODAY
  MAXIMUM         67    359 PM  94    2014  68     -1       79
  MINIMUM         57    836 AM  46    1942  58     -1       63
                                      1915
  AVERAGE         62                        63     -1       71

PRECIPITATION (IN)
  TODAY            T             0.88 1930   0.01  -0.01     0.00
  MONTH TO DATE    0.55                      0.78  -0.23     0.02
  SINCE OCT 1      7.42                      9.95  -2.53     6.52
  SINCE JAN 1      4.57                      6.84  -2.27     1.65

DEGREE DAYS
 HEATING
  TODAY            3                         3      0        0
  MONTH TO DATE   27                       113    -86       21
  SINCE MAR 1     96                       291   -195       57
  SINCE JUL 1    636                      1149   -513      403

 COOLING
  TODAY            0                         1     -1        6
  MONTH TO DATE   49                        14     35       54
  SINCE MAR 1     54                        19     35      147
  SINCE JAN 1     99                        24     75      169
..................................................................


WIND (MPH)
  RESULTANT WIND SPEED   9   RESULTANT WIND DIRECTION  SW (210)
  HIGHEST WIND SPEED    17   HIGHEST WIND DIRECTION     S (190)
  HIGHEST GUST SPEED    21   HIGHEST GUST DIRECTION     S (190)
  AVERAGE WIND SPEED     9.8


SKY COVER
  POSSIBLE SUNSHINE  MM
  AVERAGE SKY COVER 0.8


WEATHER CONDITIONS
 THE FOLLOWING WEATHER WAS RECORDED TODAY.
  RAIN
  LIGHT RAIN


RELATIVE HUMIDITY (PERCENT)
 HIGHEST    80           900 AM
 LOWEST     52           200 PM
 AVERAGE    66

..........................................................


THE SAN DIEGO/LINDBERGH FIELD CA CLIMATE NORMALS FOR TOMORROW
                         NORMAL    RECORD    YEAR
 MAXIMUM TEMPERATURE (F)   68        95      2014
 MINIMUM TEMPERATURE (F)   58        47      1932


SUNRISE AND SUNSET
APRIL 30 2016.........SUNRISE   602 AM PDT   SUNSET   730 PM PDT
MAY  1 2016...........SUNRISE   601 AM PDT   SUNSET   731 PM PDT


-  INDICATES NEGATIVE NUMBERS.
R  INDICATES RECORD WAS SET OR TIED.
MM INDICATES DATA IS MISSING.
T  INDICATES TRACE AMOUNT.




$$
