000
CDUS46 KSGX 141518
CLISAN


CLIMATE REPORT
NATIONAL WEATHER SERVICE SAN DIEGO, CA
717 AM PST SUN FEB 14 2016


...................................

...THE SAN DIEGO/LINDBERGH FIELD CA CLIMATE SUMMARY FOR FEBRUARY 13 2016...

CLIMATE NORMAL PERIOD 1981 TO 2010
CLIMATE RECORD PERIOD 1874 TO 2016


WEATHER ITEM   OBSERVED TIME   RECORD YEAR NORMAL DEPARTURE LAST
                VALUE   (LST)  VALUE       VALUE  FROM      YEAR
                                                  NORMAL
..................................................................
TEMPERATURE (F)
 YESTERDAY
  MAXIMUM         73   1145 AM  87    1943  65      8       82
  MINIMUM         52    549 AM  35    1894  51      1       56
  AVERAGE         63                        58      5       69

PRECIPITATION (IN)
  YESTERDAY        0.00          1.01 1878   0.09  -0.09     0.00
  MONTH TO DATE    T                         0.98  -0.98     0.00
  SINCE OCT 1      6.06                      6.07  -0.01     5.29
  SINCE JAN 1      3.21                      2.96   0.25     0.42

DEGREE DAYS
 HEATING
  YESTERDAY        2                         7     -5        0
  MONTH TO DATE   48                        97    -49       26
  SINCE DEC 1    449                       607   -158      280
  SINCE JUL 1    518                       752   -234      302

 COOLING
  YESTERDAY        0                         0      0        4
  MONTH TO DATE   24                         0     24       13
  SINCE DEC 1     24                         2     22       17
  SINCE JAN 1     24                         2     22       13
..................................................................


WIND (MPH)
  RESULTANT WIND SPEED   3   RESULTANT WIND DIRECTION  NW (320)
  HIGHEST WIND SPEED    13   HIGHEST WIND DIRECTION    NW (320)
  HIGHEST GUST SPEED    16   HIGHEST GUST DIRECTION     W (290)
  AVERAGE WIND SPEED     3.1


SKY COVER
  POSSIBLE SUNSHINE  MM
  AVERAGE SKY COVER 0.6


WEATHER CONDITIONS
 THE FOLLOWING WEATHER WAS RECORDED YESTERDAY.
  FOG
  FOG W/VISIBILITY <= 1/4 MILE
  HAZE


RELATIVE HUMIDITY (PERCENT)
 HIGHEST   100           300 AM
 LOWEST     49          1200 PM
 AVERAGE    75

..........................................................


THE SAN DIEGO/LINDBERGH FIELD CA CLIMATE NORMALS FOR TODAY
                         NORMAL    RECORD    YEAR
 MAXIMUM TEMPERATURE (F)   65        85      1943
 MINIMUM TEMPERATURE (F)   51        36      1903


SUNRISE AND SUNSET
FEBRUARY 14 2016......SUNRISE   633 AM PST   SUNSET   533 PM PST
FEBRUARY 15 2016......SUNRISE   632 AM PST   SUNSET   534 PM PST


-  INDICATES NEGATIVE NUMBERS.
R  INDICATES RECORD WAS SET OR TIED.
MM INDICATES DATA IS MISSING.
T  INDICATES TRACE AMOUNT.




$$
