000
CDUS46 KSGX 301419
CLISAN


CLIMATE REPORT
NATIONAL WEATHER SERVICE SAN DIEGO, CA
719 AM PDT MON MAY 30 2016


...................................

...THE SAN DIEGO/LINDBERGH FIELD CA CLIMATE SUMMARY FOR MAY 29 2016...

CLIMATE NORMAL PERIOD 1981 TO 2010
CLIMATE RECORD PERIOD 1874 TO 2016


WEATHER ITEM   OBSERVED TIME   RECORD YEAR NORMAL DEPARTURE LAST
                VALUE   (LST)  VALUE       VALUE  FROM      YEAR
                                                  NORMAL
..................................................................
TEMPERATURE (F)
 YESTERDAY
  MAXIMUM         68    338 PM  88    1978  69     -1       70
  MINIMUM         60    500 AM  52    1895  61     -1       61
  AVERAGE         64                        65     -1       66

PRECIPITATION (IN)
  YESTERDAY        0.00          0.20 1877   0.00   0.00     0.00
  MONTH TO DATE    0.43                      0.11   0.32     2.39
  SINCE OCT 1      7.85                     10.06  -2.21     8.91
  SINCE JAN 1      5.00                      6.95  -1.95     4.04

DEGREE DAYS
 HEATING
  YESTERDAY        1                         1      0        0
  MONTH TO DATE   12                        55    -43       37
  SINCE MAR 1    108                       346   -238       94
  SINCE JUL 1    648                      1204   -556      440

 COOLING
  YESTERDAY        0                         1     -1        1
  MONTH TO DATE   17                        29    -12       12
  SINCE MAR 1     71                        48     23      159
  SINCE JAN 1    116                        53     63      181
..................................................................


WIND (MPH)
  RESULTANT WIND SPEED   5   RESULTANT WIND DIRECTION  NW (300)
  HIGHEST WIND SPEED    12   HIGHEST WIND DIRECTION     W (290)
  HIGHEST GUST SPEED    15   HIGHEST GUST DIRECTION     W (290)
  AVERAGE WIND SPEED     5.4


SKY COVER
  POSSIBLE SUNSHINE  MM
  AVERAGE SKY COVER 1.0


WEATHER CONDITIONS
 THE FOLLOWING WEATHER WAS RECORDED YESTERDAY.
  FOG
  HAZE


RELATIVE HUMIDITY (PERCENT)
 HIGHEST    84           200 AM
 LOWEST     63          1200 PM
 AVERAGE    74

..........................................................


THE SAN DIEGO/LINDBERGH FIELD CA CLIMATE NORMALS FOR TODAY
                         NORMAL    RECORD    YEAR
 MAXIMUM TEMPERATURE (F)   69        88      1879
 MINIMUM TEMPERATURE (F)   61        50      1878


SUNRISE AND SUNSET
MAY 30 2016...........SUNRISE   542 AM PDT   SUNSET   751 PM PDT
MAY 31 2016...........SUNRISE   542 AM PDT   SUNSET   751 PM PDT


-  INDICATES NEGATIVE NUMBERS.
R  INDICATES RECORD WAS SET OR TIED.
MM INDICATES DATA IS MISSING.
T  INDICATES TRACE AMOUNT.




$$
