000
CDUS46 KSGX 271417
CLISAN


CLIMATE REPORT
NATIONAL WEATHER SERVICE SAN DIEGO, CA
717 AM PDT WED AUG 27 2014


...................................

...THE SAN DIEGO/LINDBERGH FIELD CA CLIMATE SUMMARY FOR AUGUST 26 2014...

CLIMATE NORMAL PERIOD 1981 TO 2010
CLIMATE RECORD PERIOD 1850 TO 2014


WEATHER ITEM   OBSERVED TIME   RECORD YEAR NORMAL DEPARTURE LAST
                VALUE   (LST)  VALUE       VALUE  FROM      YEAR
                                                  NORMAL
..................................................................
TEMPERATURE (F)
 YESTERDAY
  MAXIMUM         80    155 PM  92    1981  77      3       79
  MINIMUM         68    605 AM  58    1890  67      1       69
  AVERAGE         74                        72      2       74

PRECIPITATION (IN)
  YESTERDAY        0.00          0.01 1994   0.00   0.00      T
                                      1918
  MONTH TO DATE    0.08                      0.02   0.06      T
  SINCE JUL 1      0.08                      0.05   0.03     0.05
  SINCE JAN 1      2.90                      7.08  -4.18     3.38

SNOWFALL (IN)
  YESTERDAY        0.0
  MONTH TO DATE    0.0
  SINCE JAN 1      0.0
  SINCE JUL 1      0.0
  SNOW DEPTH       0

DEGREE DAYS
 HEATING
  YESTERDAY        0                         0      0        0
  MONTH TO DATE    0                         0      0        0
  SINCE JUN 1      0                        19    -19       15
  SINCE JUL 1      0                         1     -1        0

 COOLING
  YESTERDAY        9                         7      2        9
  MONTH TO DATE  226                       170     56      122
  SINCE JUN 1    611                       386    225      362
  SINCE JAN 1    850                       435    415      416
..................................................................


WIND (MPH)
  RESULTANT WIND SPEED   6   RESULTANT WIND DIRECTION  NW (310)
  HIGHEST WIND SPEED    15   HIGHEST WIND DIRECTION     W (290)
  HIGHEST GUST SPEED    20   HIGHEST GUST DIRECTION     W (290)
  AVERAGE WIND SPEED     6.3


SKY COVER
  POSSIBLE SUNSHINE  MM
  AVERAGE SKY COVER 0.4


WEATHER CONDITIONS
 THE FOLLOWING WEATHER WAS RECORDED YESTERDAY.
  NO SIGNIFICANT WEATHER WAS OBSERVED.


RELATIVE HUMIDITY (PERCENT)
 HIGHEST    81           400 AM
 LOWEST     58          1000 AM
 AVERAGE    70

..........................................................


THE SAN DIEGO/LINDBERGH FIELD CA CLIMATE NORMALS FOR TODAY
                         NORMAL    RECORD    YEAR
 MAXIMUM TEMPERATURE (F)   77        91      1915
 MINIMUM TEMPERATURE (F)   67        58      1881


SUNRISE AND SUNSET
AUGUST 27 2014........SUNRISE   620 AM PDT   SUNSET   720 PM PDT
AUGUST 28 2014........SUNRISE   621 AM PDT   SUNSET   718 PM PDT


-  INDICATES NEGATIVE NUMBERS.
R  INDICATES RECORD WAS SET OR TIED.
MM INDICATES DATA IS MISSING.
T  INDICATES TRACE AMOUNT.




$$
