000
CDUS46 KSGX 251420
CLISAN


CLIMATE REPORT
NATIONAL WEATHER SERVICE SAN DIEGO, CA
720 AM PDT MON MAY 25 2015


...................................

...THE SAN DIEGO/LINDBERGH FIELD CA CLIMATE SUMMARY FOR MAY 24 2015...

CLIMATE NORMAL PERIOD 1981 TO 2010
CLIMATE RECORD PERIOD 1874 TO 2015


WEATHER ITEM   OBSERVED TIME   RECORD YEAR NORMAL DEPARTURE LAST
                VALUE   (LST)  VALUE       VALUE  FROM      YEAR
                                                  NORMAL
..................................................................
TEMPERATURE (F)
 YESTERDAY
  MAXIMUM         69    418 PM  95    1896  69      0       67
  MINIMUM         61    613 AM  48    1879  60      1       63
  AVERAGE         65                        64      1       65

PRECIPITATION (IN)
  YESTERDAY        0.00          0.10 2008   0.00   0.00     0.00
  MONTH TO DATE    2.39                      0.10   2.29      T
  SINCE OCT 1      8.91                     10.05  -1.14     5.01
  SINCE JAN 1      4.04                      6.94  -2.90     2.82

SNOWFALL (IN)
  YESTERDAY        0.0
  MONTH TO DATE    0.0
  SINCE MAR 1      0.0
  SINCE JUL 1      0.0
  SNOW DEPTH       0

DEGREE DAYS
 HEATING
  YESTERDAY        0                         2     -2        0
  MONTH TO DATE   35                        50    -15        8
  SINCE MAR 1     92                       341   -249       89
  SINCE JUL 1    438                      1199   -761      545

 COOLING
  YESTERDAY        0                         1     -1        0
  MONTH TO DATE    9                        24    -15      129
  SINCE MAR 1    156                        43    113      204
  SINCE JAN 1    178                        48    130      213
..................................................................


WIND (MPH)
  RESULTANT WIND SPEED   6   RESULTANT WIND DIRECTION   W (280)
  HIGHEST WIND SPEED    13   HIGHEST WIND DIRECTION    NW (300)
  HIGHEST GUST SPEED    20   HIGHEST GUST DIRECTION     W (290)
  AVERAGE WIND SPEED     7.0


SKY COVER
  POSSIBLE SUNSHINE  MM
  AVERAGE SKY COVER 0.7


WEATHER CONDITIONS
 THE FOLLOWING WEATHER WAS RECORDED YESTERDAY.
  NO SIGNIFICANT WEATHER WAS OBSERVED.


RELATIVE HUMIDITY (PERCENT)
 HIGHEST    72           200 AM
 LOWEST     47           200 PM
 AVERAGE    60

..........................................................


THE SAN DIEGO/LINDBERGH FIELD CA CLIMATE NORMALS FOR TODAY
                         NORMAL    RECORD    YEAR
 MAXIMUM TEMPERATURE (F)   69        98      1896
 MINIMUM TEMPERATURE (F)   60        49      1879


SUNRISE AND SUNSET
MAY 25 2015...........SUNRISE   544 AM PDT   SUNSET   747 PM PDT
MAY 26 2015...........SUNRISE   544 AM PDT   SUNSET   748 PM PDT


-  INDICATES NEGATIVE NUMBERS.
R  INDICATES RECORD WAS SET OR TIED.
MM INDICATES DATA IS MISSING.
T  INDICATES TRACE AMOUNT.




$$
