000
CDUS46 KSGX 221419
CLISAN


CLIMATE REPORT
NATIONAL WEATHER SERVICE SAN DIEGO, CA
619 AM PST SAT NOV 22 2014


...................................

...THE SAN DIEGO/LINDBERGH FIELD CA CLIMATE SUMMARY FOR NOVEMBER 21 2014...

CLIMATE NORMAL PERIOD 1981 TO 2010
CLIMATE RECORD PERIOD 1850 TO 2014


WEATHER ITEM   OBSERVED TIME   RECORD YEAR NORMAL DEPARTURE LAST
                VALUE   (LST)  VALUE       VALUE  FROM      YEAR
                                                  NORMAL
..................................................................
TEMPERATURE (F)
 YESTERDAY
  MAXIMUM         69    223 PM  86    1954  68      1       64
  MINIMUM         60   1159 PM  40    1941  52      8       59
  AVERAGE         65                        60      5       62

PRECIPITATION (IN)
  YESTERDAY        0.01          1.22 1967   0.04  -0.03     0.97
  MONTH TO DATE    0.37                      0.64  -0.27     0.98
  SINCE JUL 1      0.45                      1.41  -0.96     1.28
  SINCE JAN 1      3.27                      8.44  -5.17     4.61

SNOWFALL (IN)
  YESTERDAY        0.0
  MONTH TO DATE    0.0
  SINCE JAN 1      0.0
  SINCE JUL 1      0.0
  SNOW DEPTH       0

DEGREE DAYS
 HEATING
  YESTERDAY        0                         5     -5        3
  MONTH TO DATE   13                        70    -57       21
  SINCE SEP 1     13                        90    -77       43
  SINCE JUL 1     13                        91    -78       43

 COOLING
  YESTERDAY        0                         0      0        0
  MONTH TO DATE   40                        11     29       23
  SINCE SEP 1    581                       250    331      282
  SINCE JAN 1   1483                       718    765      761
..................................................................


WIND (MPH)
  RESULTANT WIND SPEED   4   RESULTANT WIND DIRECTION  NW (300)
  HIGHEST WIND SPEED    14   HIGHEST WIND DIRECTION     W (290)
  HIGHEST GUST SPEED    20   HIGHEST GUST DIRECTION     W (290)
  AVERAGE WIND SPEED     5.4


SKY COVER
  POSSIBLE SUNSHINE  MM
  AVERAGE SKY COVER 0.4


WEATHER CONDITIONS
 THE FOLLOWING WEATHER WAS RECORDED YESTERDAY.
  LIGHT RAIN
  HAZE


RELATIVE HUMIDITY (PERCENT)
 HIGHEST    73          1200 AM
 LOWEST     51           100 PM
 AVERAGE    62

..........................................................


THE SAN DIEGO/LINDBERGH FIELD CA CLIMATE NORMALS FOR TODAY
                         NORMAL    RECORD    YEAR
 MAXIMUM TEMPERATURE (F)   68        83      1954
 MINIMUM TEMPERATURE (F)   52        40      1931


SUNRISE AND SUNSET
NOVEMBER 22 2014......SUNRISE   625 AM PST   SUNSET   444 PM PST
NOVEMBER 23 2014......SUNRISE   626 AM PST   SUNSET   444 PM PST


-  INDICATES NEGATIVE NUMBERS.
R  INDICATES RECORD WAS SET OR TIED.
MM INDICATES DATA IS MISSING.
T  INDICATES TRACE AMOUNT.




$$
