000
CDUS46 KSGX 250019
CLISAN


CLIMATE REPORT
NATIONAL WEATHER SERVICE SAN DIEGO, CA
419 PM PST MON NOV 24 2014


...................................

...THE SAN DIEGO/LINDBERGH FIELD CA CLIMATE SUMMARY FOR NOVEMBER 24 2014...
VALID TODAY AS OF 0400 PM LOCAL TIME.

CLIMATE NORMAL PERIOD 1981 TO 2010
CLIMATE RECORD PERIOD 1850 TO 2014


WEATHER ITEM   OBSERVED TIME   RECORD YEAR NORMAL DEPARTURE LAST
                VALUE   (LST)  VALUE       VALUE  FROM      YEAR
                                                  NORMAL
..................................................................
TEMPERATURE (F)
 TODAY
  MAXIMUM         77   1148 AM  87    1932  67     10       67
  MINIMUM         51    627 AM  38    1931  51      0       53
                                      1895
  AVERAGE         64                        59      5       60

PRECIPITATION (IN)
  TODAY            0.00          0.62 1984   0.04  -0.04     0.00
  MONTH TO DATE    0.37                      0.76  -0.39     1.47
  SINCE JUL 1      0.45                      1.53  -1.08     1.77
  SINCE JAN 1      3.27                      8.56  -5.29     5.10

SNOWFALL (IN)
  TODAY            0.0
  MONTH TO DATE    0.0
  SINCE JAN 1      0.0
  SINCE JUL 1      0.0
  SNOW DEPTH       0

DEGREE DAYS
 HEATING
  TODAY            1                         6     -5        5
  MONTH TO DATE   17                        87    -70       33
  SINCE SEP 1     17                       107    -90       55
  SINCE JUL 1     17                       108    -91       55

 COOLING
  TODAY            0                         0      0        0
  MONTH TO DATE   40                        11     29       23
  SINCE SEP 1    581                       250    331      282
  SINCE JAN 1   1483                       718    765      761
..................................................................


WIND (MPH)
  RESULTANT WIND SPEED   2   RESULTANT WIND DIRECTION  NW (310)
  HIGHEST WIND SPEED    13   HIGHEST WIND DIRECTION    NW (300)
  HIGHEST GUST SPEED    17   HIGHEST GUST DIRECTION    NW (300)
  AVERAGE WIND SPEED     2.4


SKY COVER
  POSSIBLE SUNSHINE  MM
  AVERAGE SKY COVER 0.4


WEATHER CONDITIONS
 THE FOLLOWING WEATHER WAS RECORDED TODAY.
  NO SIGNIFICANT WEATHER WAS OBSERVED.


RELATIVE HUMIDITY (PERCENT)
 HIGHEST    50           300 AM
 LOWEST      8          1100 AM
 AVERAGE    29

..........................................................


THE SAN DIEGO/LINDBERGH FIELD CA CLIMATE NORMALS FOR TOMORROW
                         NORMAL    RECORD    YEAR
 MAXIMUM TEMPERATURE (F)   67        89      1953
 MINIMUM TEMPERATURE (F)   51        39      1906


SUNRISE AND SUNSET
NOVEMBER 24 2014......SUNRISE   627 AM PST   SUNSET   444 PM PST
NOVEMBER 25 2014......SUNRISE   628 AM PST   SUNSET   443 PM PST


-  INDICATES NEGATIVE NUMBERS.
R  INDICATES RECORD WAS SET OR TIED.
MM INDICATES DATA IS MISSING.
T  INDICATES TRACE AMOUNT.




$$
