000
CDUS44 KEWX 310710
CLISAT


CLIMATE REPORT
NATIONAL WEATHER SERVICE AUSTIN/SAN ANTONIO, TX
203 AM CDT THU JUL 31 2014


...................................

...THE SAN ANTONIO CLIMATE SUMMARY FOR JULY 30 2014...

CLIMATE NORMAL PERIOD 1981 TO 2010
CLIMATE RECORD PERIOD 1886 TO 2014


WEATHER ITEM   OBSERVED TIME   RECORD YEAR NORMAL DEPARTURE LAST
                VALUE   (LST)  VALUE       VALUE  FROM      YEAR
                                                  NORMAL
..................................................................
TEMPERATURE (F)
 YESTERDAY
  MAXIMUM         97    556 PM 104    1960  96      1      103
                                      1912
  MINIMUM         75    606 AM  68    1949  75      0       80
  AVERAGE         86                        85      1       92

PRECIPITATION (IN)
  YESTERDAY        0.00          1.27 1933   0.06  -0.06     0.00
  MONTH TO DATE    3.24                      2.69   0.55     0.73
  SINCE JUN 1      8.62                      6.83   1.79     2.75
  SINCE JAN 1     15.98                     18.80  -2.82    22.59

SNOWFALL (IN)
  YESTERDAY        0.0
  MONTH TO DATE    0.0
  SINCE JUN 1      0.0
  SINCE JUL 1      0.0
  SNOW DEPTH       0

DEGREE DAYS
 HEATING
  YESTERDAY        0                         0      0        0
  MONTH TO DATE    0                         0      0        0
  SINCE JUN 1      0                         0      0        0
  SINCE JUL 1      0                         0      0        0

 COOLING
  YESTERDAY       21                        20      1       27
  MONTH TO DATE  601                       586     15      637
  SINCE JUN 1   1152                      1109     43     1212
  SINCE JAN 1   1856                      1738    118     1829
..................................................................


WIND (MPH)
  HIGHEST WIND SPEED    22   HIGHEST WIND DIRECTION    SE (140)
  HIGHEST GUST SPEED    29   HIGHEST GUST DIRECTION    SE (140)
  AVERAGE WIND SPEED    11.0


SKY COVER
  AVERAGE SKY COVER 0.6


WEATHER CONDITIONS
 THE FOLLOWING WEATHER WAS RECORDED YESTERDAY.
  HAZE


RELATIVE HUMIDITY (PERCENT)
 HIGHEST    87           400 AM
 LOWEST     25           600 PM
 AVERAGE    56

..........................................................


THE SAN ANTONIO CLIMATE NORMALS FOR TODAY
                         NORMAL    RECORD    YEAR
 MAXIMUM TEMPERATURE (F)   96       103      2013
                                             1991
                                             1948
 MINIMUM TEMPERATURE (F)   75        65      1965


SUNRISE AND SUNSET
JULY 31 2014..........SUNRISE   653 AM CDT   SUNSET   827 PM CDT
AUGUST  1 2014........SUNRISE   654 AM CDT   SUNSET   826 PM CDT


-  INDICATES NEGATIVE NUMBERS.
R  INDICATES RECORD WAS SET OR TIED.
MM INDICATES DATA IS MISSING.
T  INDICATES TRACE AMOUNT.




$$
