000
CDUS44 KEWX 252340
CLISAT


CLIMATE REPORT
NATIONAL WEATHER SERVICE AUSTIN/SAN ANTONIO, TX
540 PM CST THU DEC 25 2014


...................................

...THE SAN ANTONIO CLIMATE SUMMARY FOR DECEMBER 25 2014...
VALID TODAY AS OF 0500 PM LOCAL TIME.

CLIMATE NORMAL PERIOD 1981 TO 2010
CLIMATE RECORD PERIOD 1886 TO 2014


WEATHER ITEM   OBSERVED TIME   RECORD YEAR NORMAL DEPARTURE LAST
                VALUE   (LST)  VALUE       VALUE  FROM      YEAR
                                                  NORMAL
..................................................................
TEMPERATURE (F)
 TODAY
  MAXIMUM         66    326 PM  90    1955  63      3       61
  MINIMUM         31    811 AM  11    1983  41    -10       39
  AVERAGE         49                        52     -3       50

PRECIPITATION (IN)
  TODAY            0.00          1.32 1888   0.06  -0.06     0.00
  MONTH TO DATE    0.95                      1.52  -0.57     0.28
  SINCE DEC 1      0.95                      1.52  -0.57     0.28
  SINCE JAN 1     27.91                     31.88  -3.97    31.73

SNOWFALL (IN)
  TODAY            0.0
  MONTH TO DATE    0.0
  SINCE DEC 1      0.0
  SINCE JUL 1      0.0
  SNOW DEPTH       0

DEGREE DAYS
 HEATING
  TODAY           16                        14      2       15
  MONTH TO DATE  160                       308   -148      319
  SINCE DEC 1    160                       308   -148      319
  SINCE JUL 1    407                       519   -112      547

 COOLING
  TODAY            0                         0      0        0
  MONTH TO DATE    7                         7      0       18
  SINCE DEC 1      7                         7      0       18
  SINCE JAN 1   3506                      3124    382     3524
..................................................................


WIND (MPH)
  HIGHEST WIND SPEED    23   HIGHEST WIND DIRECTION    SE (150)
  HIGHEST GUST SPEED    30   HIGHEST GUST DIRECTION     S (190)
  AVERAGE WIND SPEED     8.8


SKY COVER
  AVERAGE SKY COVER 0.1


WEATHER CONDITIONS
 THE FOLLOWING WEATHER WAS RECORDED TODAY.
  NO SIGNIFICANT WEATHER WAS OBSERVED.


RELATIVE HUMIDITY (PERCENT)
 HIGHEST    85           600 AM
 LOWEST     24           200 PM
 AVERAGE    55

..........................................................


THE SAN ANTONIO CLIMATE NORMALS FOR TOMORROW
                         NORMAL    RECORD    YEAR
 MAXIMUM TEMPERATURE (F)   63        83      2008
 MINIMUM TEMPERATURE (F)   41        15      1983


SUNRISE AND SUNSET
DECEMBER 25 2014......SUNRISE   726 AM CST   SUNSET   542 PM CST
DECEMBER 26 2014......SUNRISE   727 AM CST   SUNSET   542 PM CST


-  INDICATES NEGATIVE NUMBERS.
R  INDICATES RECORD WAS SET OR TIED.
MM INDICATES DATA IS MISSING.
T  INDICATES TRACE AMOUNT.




$$
