000
CDUS44 KEWX 240818
CLISAT


CLIMATE REPORT
NATIONAL WEATHER SERVICE AUSTIN/SAN ANTONIO, TX
218 AM CST TUE JAN 24 2017


...................................

...THE SAN ANTONIO CLIMATE SUMMARY FOR JANUARY 23 2017...

CLIMATE NORMAL PERIOD 1981 TO 2010
CLIMATE RECORD PERIOD 1886 TO 2017


WEATHER ITEM   OBSERVED TIME   RECORD YEAR NORMAL DEPARTURE LAST
                VALUE   (LST)  VALUE       VALUE  FROM      YEAR
                                                  NORMAL
..................................................................
TEMPERATURE (F)
 YESTERDAY
  MAXIMUM         76    337 PM  88    1972  63     13       59
  MINIMUM         42    458 AM  17    1966  41      1       30
  AVERAGE         59                        52      7       45

PRECIPITATION (IN)
  YESTERDAY        0.00          1.91 1938   0.06  -0.06     0.00
  MONTH TO DATE    2.71                      1.27   1.44     1.10
  SINCE DEC 1      8.93                      3.18   5.75     2.58
  SINCE JAN 1      2.71                      1.27   1.44     1.10

SNOWFALL (IN)
  YESTERDAY        0.0
  MONTH TO DATE    0.0
  SINCE DEC 1      0.0
  SINCE JUL 1      0.0
  SNOW DEPTH       0

DEGREE DAYS
 HEATING
  YESTERDAY        6                        13     -7       20
  MONTH TO DATE  171                       316   -145      327
  SINCE DEC 1    489                       707   -218      556
  SINCE JUL 1    547                       918   -371      685

 COOLING
  YESTERDAY        0                         0      0        0
  MONTH TO DATE   21                         0     21        0
  SINCE DEC 1     63                        14     49       25
  SINCE JAN 1     21                         0     21        0
..................................................................


WIND (MPH)
  HIGHEST WIND SPEED    18   HIGHEST WIND DIRECTION    SW (220)
  HIGHEST GUST SPEED    23   HIGHEST GUST DIRECTION     W (250)
  AVERAGE WIND SPEED     5.9


SKY COVER
  AVERAGE SKY COVER 0.0


WEATHER CONDITIONS
 THE FOLLOWING WEATHER WAS RECORDED YESTERDAY.
  NO SIGNIFICANT WEATHER WAS OBSERVED.


RELATIVE HUMIDITY (PERCENT)
 HIGHEST    70           200 AM
 LOWEST     17           200 PM
 AVERAGE    44

..........................................................


THE SAN ANTONIO CLIMATE NORMALS FOR TODAY
                         NORMAL    RECORD    YEAR
 MAXIMUM TEMPERATURE (F)   63        85      1971
 MINIMUM TEMPERATURE (F)   41        15      1963


SUNRISE AND SUNSET
JANUARY 24 2017.......SUNRISE   727 AM CST   SUNSET   605 PM CST
JANUARY 25 2017.......SUNRISE   727 AM CST   SUNSET   606 PM CST


-  INDICATES NEGATIVE NUMBERS.
R  INDICATES RECORD WAS SET OR TIED.
MM INDICATES DATA IS MISSING.
T  INDICATES TRACE AMOUNT.




$$
