000
CDUS42 KCHS 250522
CLISAV


CLIMATE REPORT
NATIONAL WEATHER SERVICE CHARLESTON SC
1221 AM EST THU DEC 25 2014


...................................

...THE SAVANNAH GA CLIMATE SUMMARY FOR DECEMBER 24 2014...

CLIMATE NORMAL PERIOD 1981 TO 2010
CLIMATE RECORD PERIOD 1871 TO 2014


WEATHER ITEM   OBSERVED TIME   RECORD YEAR NORMAL DEPARTURE LAST
                VALUE   (LST)  VALUE       VALUE  FROM      YEAR
                                                  NORMAL
..................................................................
TEMPERATURE (F)
 YESTERDAY
  MAXIMUM         70    107 PM  80    1931  61      9       60
  MINIMUM         57   1251 AM  16    1989  39     18       39
                                      1983
  AVERAGE         64                        50     14       50

PRECIPITATION (IN)
  YESTERDAY        1.56          3.50 1887   0.10   1.46     0.06
  MONTH TO DATE    3.89                      2.25   1.64     1.55
  SINCE DEC 1      3.89                      2.25   1.64     1.55
  SINCE JAN 1     50.43                     47.26   3.17    53.24

SNOWFALL (IN)
  YESTERDAY        0.0                       0.0    0.0
  SINCE DEC 1      0.0                       0.1   -0.1
  SINCE JUL 1      0.0                       0.1   -0.1

DEGREE DAYS
 HEATING
  YESTERDAY        1                        15    -14       15
  MONTH TO DATE  221                       314    -93      182
  SINCE DEC 1    221                       314    -93      182
  SINCE JUL 1    513                       581    -68      438

 COOLING
  YESTERDAY        0                         0      0        0
  MONTH TO DATE    5                         3      2       38
  SINCE DEC 1      5                         3      2       38
  SINCE JAN 1   2731                      2452    279     2491
..................................................................


WIND (MPH)
  HIGHEST WIND SPEED    24   HIGHEST WIND DIRECTION     S (190)
  HIGHEST GUST SPEED    37   HIGHEST GUST DIRECTION     S (190)
  AVERAGE WIND SPEED    11.5


SKY COVER
  POSSIBLE SUNSHINE  MM
  AVERAGE SKY COVER 1.0


WEATHER CONDITIONS
 THE FOLLOWING WEATHER WAS RECORDED YESTERDAY.
  THUNDERSTORM
  HEAVY RAIN
  RAIN
  LIGHT RAIN
  FOG


RELATIVE HUMIDITY (PERCENT)
 HIGHEST    93          1200 AM
 LOWEST     84           900 AM
 AVERAGE    89

..........................................................


THE SAVANNAH GA CLIMATE NORMALS FOR TODAY
                         NORMAL    RECORD    YEAR
 MAXIMUM TEMPERATURE (F)   61        80      2008
                                             1984
 MINIMUM TEMPERATURE (F)   39        10      1983


SUNRISE AND SUNSET
DECEMBER 25 2014......SUNRISE   723 AM EST   SUNSET   526 PM EST
DECEMBER 26 2014......SUNRISE   724 AM EST   SUNSET   527 PM EST


-  INDICATES NEGATIVE NUMBERS.
R  INDICATES RECORD WAS SET OR TIED.
MM INDICATES DATA IS MISSING.
T  INDICATES TRACE AMOUNT.




$$
