000
CDUS42 KCHS 280603
CLISAV


CLIMATE REPORT
NATIONAL WEATHER SERVICE CHARLESTON SC
203 AM EDT TUE MAR 28 2017


...................................

...THE SAVANNAH GA CLIMATE SUMMARY FOR MARCH 27 2017...

CLIMATE NORMAL PERIOD 1981 TO 2010
CLIMATE RECORD PERIOD 1871 TO 2017


WEATHER ITEM   OBSERVED TIME   RECORD YEAR NORMAL DEPARTURE LAST
                VALUE   (LST)  VALUE       VALUE  FROM      YEAR
                                                  NORMAL
..................................................................
TEMPERATURE (F)
 YESTERDAY
  MAXIMUM         82   1228 PM  86    2011  73      9       73
                                      1994
  MINIMUM         58    610 AM  26    1955  50      8       65
  AVERAGE         70                        62      8       69

PRECIPITATION (IN)
  YESTERDAY        0.00          3.98 2016   0.13  -0.13     3.98
  MONTH TO DATE    0.44                      3.23  -2.79     4.99
  SINCE MAR 1      0.44                      3.23  -2.79     4.99
  SINCE JAN 1      9.27                      9.71  -0.44    11.40

SNOWFALL (IN)
  YESTERDAY        0.0                       0.0    0.0
  SINCE MAR 1      0.0                       0.0    0.0
  SINCE JUL 1      0.0                       0.3   -0.3

DEGREE DAYS
 HEATING
  YESTERDAY        0                         5     -5        0
  MONTH TO DATE  193                       192      1       95
  SINCE MAR 1    193                       192      1       95
  SINCE JUL 1   1003                      1709   -706     1164

 COOLING
  YESTERDAY        5                         1      4        4
  MONTH TO DATE   37                        27     10       91
  SINCE MAR 1     37                        27     10       91
  SINCE JAN 1     95                        37     58      112
..................................................................


WIND (MPH)
  HIGHEST WIND SPEED    18   HIGHEST WIND DIRECTION    SE (150)
  HIGHEST GUST SPEED    21   HIGHEST GUST DIRECTION     S (180)
  AVERAGE WIND SPEED     7.4


SKY COVER
  POSSIBLE SUNSHINE  MM
  AVERAGE SKY COVER 0.5


WEATHER CONDITIONS
 THE FOLLOWING WEATHER WAS RECORDED YESTERDAY.
  FOG


RELATIVE HUMIDITY (PERCENT)
 HIGHEST    93           500 AM
 LOWEST     45          1200 PM
 AVERAGE    69

..........................................................


THE SAVANNAH GA CLIMATE NORMALS FOR TODAY
                         NORMAL    RECORD    YEAR
 MAXIMUM TEMPERATURE (F)   74        89      1907
 MINIMUM TEMPERATURE (F)   50        33      1955


SUNRISE AND SUNSET
MARCH 28 2017.........SUNRISE   718 AM EDT   SUNSET   742 PM EDT
MARCH 29 2017.........SUNRISE   717 AM EDT   SUNSET   743 PM EDT


-  INDICATES NEGATIVE NUMBERS.
R  INDICATES RECORD WAS SET OR TIED.
MM INDICATES DATA IS MISSING.
T  INDICATES TRACE AMOUNT.




$$
