000
CDUS42 KCHS 280537
CLISAV


CLIMATE REPORT
NATIONAL WEATHER SERVICE CHARLESTON SC
136 AM EDT THU AUG 28 2014


...................................

...THE SAVANNAH GA CLIMATE SUMMARY FOR AUGUST 27 2014...

CLIMATE NORMAL PERIOD 1981 TO 2010
CLIMATE RECORD PERIOD 1871 TO 2014


WEATHER ITEM   OBSERVED TIME   RECORD YEAR NORMAL DEPARTURE LAST
                VALUE   (LST)  VALUE       VALUE  FROM      YEAR
                                                  NORMAL
..................................................................
TEMPERATURE (F)
 YESTERDAY
  MAXIMUM         90    430 PM 102    1938  90      0       88
  MINIMUM         66    618 AM  61    1966  72     -6       69
  AVERAGE         78                        81     -3       79

PRECIPITATION (IN)
  YESTERDAY        0.00          4.33 1881   0.20  -0.20     0.00
  MONTH TO DATE    3.41                      5.77  -2.36     7.03
  SINCE JUN 1     19.27                     17.32   1.95    27.63
  SINCE JAN 1     35.06                     33.58   1.48    47.17

DEGREE DAYS
 HEATING
  YESTERDAY        0                         0      0        0
  MONTH TO DATE    0                         0      0        0
  SINCE JUN 1      0                         0      0        0
  SINCE JUL 1      0                         0      0        0

 COOLING
  YESTERDAY       13                        16     -3       14
  MONTH TO DATE  500                       450     50      448
  SINCE JUN 1   1554                      1442    112     1422
  SINCE JAN 1   2043                      1845    198     1780
..................................................................


WIND (MPH)
  HIGHEST WIND SPEED    17   HIGHEST WIND DIRECTION    NE (30)
  HIGHEST GUST SPEED    21   HIGHEST GUST DIRECTION     N (20)
  AVERAGE WIND SPEED     6.4


SKY COVER
  POSSIBLE SUNSHINE  MM
  AVERAGE SKY COVER 0.0


WEATHER CONDITIONS
 THE FOLLOWING WEATHER WAS RECORDED YESTERDAY.
  NO SIGNIFICANT WEATHER WAS OBSERVED.


RELATIVE HUMIDITY (PERCENT)
 HIGHEST    90          1200 AM
 LOWEST     29           300 PM
 AVERAGE    60

..........................................................


THE SAVANNAH GA CLIMATE NORMALS FOR TODAY
                         NORMAL    RECORD    YEAR
 MAXIMUM TEMPERATURE (F)   89        99      1903
 MINIMUM TEMPERATURE (F)   72        60      1927


SUNRISE AND SUNSET
AUGUST 28 2014........SUNRISE   657 AM EDT   SUNSET   754 PM EDT
AUGUST 29 2014........SUNRISE   658 AM EDT   SUNSET   753 PM EDT


-  INDICATES NEGATIVE NUMBERS.
R  INDICATES RECORD WAS SET OR TIED.
MM INDICATES DATA IS MISSING.
T  INDICATES TRACE AMOUNT.




$$
