000
CDUS42 KCHS 290608
CLISAV


CLIMATE REPORT
NATIONAL WEATHER SERVICE CHARLESTON SC
203 AM EDT SUN MAY 29 2016


...................................

...THE SAVANNAH GA CLIMATE SUMMARY FOR MAY 28 2016...

CLIMATE NORMAL PERIOD 1981 TO 2010
CLIMATE RECORD PERIOD 1871 TO 2016


WEATHER ITEM   OBSERVED TIME   RECORD YEAR NORMAL DEPARTURE LAST
                VALUE   (LST)  VALUE       VALUE  FROM      YEAR
                                                  NORMAL
..................................................................
TEMPERATURE (F)
 YESTERDAY
  MAXIMUM         80    140 PM  96    1964  87     -7       86
                                      1898
  MINIMUM         66    320 AM  48    1961  66      0       64
  AVERAGE         73                        76     -3       75

PRECIPITATION (IN)
  YESTERDAY        0.44          2.31 1934   0.12   0.32     0.00
  MONTH TO DATE    7.74                      2.59   5.15     1.17
  SINCE MAR 1     15.01                      9.39   5.62     9.71
  SINCE JAN 1     21.42                     15.87   5.55    17.27

DEGREE DAYS
 HEATING
  YESTERDAY        0                         0      0        0
  MONTH TO DATE    4                         6     -2        2
  SINCE MAR 1    146                       292   -146      158
  SINCE JUL 1   1215                      1809   -594     1693

 COOLING
  YESTERDAY        8                        11     -3       10
  MONTH TO DATE  259                       231     28      261
  SINCE MAR 1    474                       357    117      498
  SINCE JAN 1    495                       367    128      503
..................................................................


WIND (MPH)
  HIGHEST WIND SPEED    21   HIGHEST WIND DIRECTION    NE (40)
  HIGHEST GUST SPEED    27   HIGHEST GUST DIRECTION    NE (30)
  AVERAGE WIND SPEED     8.4


SKY COVER
  POSSIBLE SUNSHINE  MM
  AVERAGE SKY COVER 0.7


WEATHER CONDITIONS
 THE FOLLOWING WEATHER WAS RECORDED YESTERDAY.
  HEAVY RAIN
  RAIN
  LIGHT RAIN
  FOG


RELATIVE HUMIDITY (PERCENT)
 HIGHEST    93          1200 AM
 LOWEST     69           100 PM
 AVERAGE    81

..........................................................


THE SAVANNAH GA CLIMATE NORMALS FOR TODAY
                         NORMAL    RECORD    YEAR
 MAXIMUM TEMPERATURE (F)   87        98      1945
                                             1898
 MINIMUM TEMPERATURE (F)   66        55      1968
                                             1961


SUNRISE AND SUNSET
MAY 29 2016...........SUNRISE   620 AM EDT   SUNSET   825 PM EDT
MAY 30 2016...........SUNRISE   620 AM EDT   SUNSET   825 PM EDT


-  INDICATES NEGATIVE NUMBERS.
R  INDICATES RECORD WAS SET OR TIED.
MM INDICATES DATA IS MISSING.
T  INDICATES TRACE AMOUNT.




$$
