000
CDUS42 KCHS 072113
CLISAV


CLIMATE REPORT
NATIONAL WEATHER SERVICE CHARLESTON SC
512 PM EDT TUE JUL 7 2015


...................................

...THE SAVANNAH GA CLIMATE SUMMARY FOR JULY 7 2015...
VALID TODAY AS OF 500 PM LOCAL TIME.

CLIMATE NORMAL PERIOD 1981 TO 2010
CLIMATE RECORD PERIOD 1871 TO 2015


WEATHER ITEM   OBSERVED TIME   RECORD YEAR NORMAL DEPARTURE LAST
                VALUE   (LST)  VALUE       VALUE  FROM      YEAR
                                                  NORMAL
..................................................................
TEMPERATURE (F)
 TODAY
  MAXIMUM         90   1244 PM 101    1977  92     -2       93
                                      1931
  MINIMUM         72    537 AM  61    1964  73     -1       72
  AVERAGE         81                        82     -1       83

PRECIPITATION (IN)
  TODAY            0.86          3.28 1979   0.18   0.68     0.00
  MONTH TO DATE    2.59                      1.18   1.41     0.01
  SINCE JUN 1      8.22                      7.13   1.09    11.65
  SINCE JAN 1     25.55                     23.39   2.16    27.44

DEGREE DAYS
 HEATING
  TODAY            0                         0      0        0
  MONTH TO DATE    0                         0      0        0
  SINCE JUN 1      0                         0      0        0
  SINCE JUL 1      0                         0      0        0

 COOLING
  TODAY           16                        17     -1       18
  MONTH TO DATE  117                       119     -2      126
  SINCE JUN 1    623                       565     58      617
  SINCE JAN 1   1158                       968    190     1106
..................................................................


WIND (MPH)
  HIGHEST WIND SPEED    20   HIGHEST WIND DIRECTION    SE (130)
  HIGHEST GUST SPEED    23   HIGHEST GUST DIRECTION    SE (140)
  AVERAGE WIND SPEED     3.5


SKY COVER
  POSSIBLE SUNSHINE  MM
  AVERAGE SKY COVER 0.5


WEATHER CONDITIONS
 THE FOLLOWING WEATHER WAS RECORDED TODAY.
  THUNDERSTORM
  HEAVY RAIN
  RAIN
  LIGHT RAIN
  FOG


RELATIVE HUMIDITY (PERCENT)
 HIGHEST    93           100 AM
 LOWEST     55          1100 AM
 AVERAGE    74

..........................................................


THE SAVANNAH GA CLIMATE NORMALS FOR TOMORROW
                         NORMAL    RECORD    YEAR
 MAXIMUM TEMPERATURE (F)   92       101      2010
                                             1986
 MINIMUM TEMPERATURE (F)   73        62      2006
                                             1972


SUNRISE AND SUNSET
JULY  7 2015..........SUNRISE   625 AM EDT   SUNSET   835 PM EDT
JULY  8 2015..........SUNRISE   625 AM EDT   SUNSET   834 PM EDT


-  INDICATES NEGATIVE NUMBERS.
R  INDICATES RECORD WAS SET OR TIED.
MM INDICATES DATA IS MISSING.
T  INDICATES TRACE AMOUNT.

$$
