000
CDUS42 KCHS 280521
CLISAV


CLIMATE REPORT
NATIONAL WEATHER SERVICE CHARLESTON SC
121 AM EDT MON JUL 28 2014


...................................

...THE SAVANNAH GA CLIMATE SUMMARY FOR JULY 27 2014...

CLIMATE NORMAL PERIOD 1981 TO 2010
CLIMATE RECORD PERIOD 1871 TO 2014


WEATHER ITEM   OBSERVED TIME   RECORD YEAR NORMAL DEPARTURE LAST
                VALUE   (LST)  VALUE       VALUE  FROM      YEAR
                                                  NORMAL
..................................................................
TEMPERATURE (F)
 YESTERDAY
  MAXIMUM         97    441 PM 100    2010  92      5       91
                                      1936
  MINIMUM         77    630 AM  66    1911  73      4       75
  AVERAGE         87                        83      4       83

PRECIPITATION (IN)
  YESTERDAY        0.00          5.05 1921   0.20  -0.20     0.41
  MONTH TO DATE    1.90                      4.77  -2.87     8.75
  SINCE JUN 1     13.54                     10.72   2.82    17.03
  SINCE JAN 1     29.33                     26.98   2.35    36.57

DEGREE DAYS
 HEATING
  YESTERDAY        0                         0      0        0
  MONTH TO DATE    0                         0      0        0
  SINCE JUN 1      0                         0      0        0
  SINCE JUL 1      0                         0      0        0

 COOLING
  YESTERDAY       22                        18      4       18
  MONTH TO DATE  489                       478     11      436
  SINCE JUN 1    980                       924     56      904
  SINCE JAN 1   1469                      1327    142     1262
..................................................................


WIND (MPH)
  HIGHEST WIND SPEED    18   HIGHEST WIND DIRECTION     W (270)
  HIGHEST GUST SPEED    23   HIGHEST GUST DIRECTION     W (270)
  AVERAGE WIND SPEED     8.1


SKY COVER
  POSSIBLE SUNSHINE  MM
  AVERAGE SKY COVER 0.4


WEATHER CONDITIONS
 THE FOLLOWING WEATHER WAS RECORDED YESTERDAY.
  FOG


RELATIVE HUMIDITY (PERCENT)
 HIGHEST    88           400 AM
 LOWEST     42           300 PM
 AVERAGE    65

..........................................................


THE SAVANNAH GA CLIMATE NORMALS FOR TODAY
                         NORMAL    RECORD    YEAR
 MAXIMUM TEMPERATURE (F)   92       102      1949
 MINIMUM TEMPERATURE (F)   73        64      1920


SUNRISE AND SUNSET
JULY 28 2014..........SUNRISE   637 AM EDT   SUNSET   825 PM EDT
JULY 29 2014..........SUNRISE   638 AM EDT   SUNSET   824 PM EDT


-  INDICATES NEGATIVE NUMBERS.
R  INDICATES RECORD WAS SET OR TIED.
MM INDICATES DATA IS MISSING.
T  INDICATES TRACE AMOUNT.




$$
