000
CDUS42 KCHS 260602
CLISAV


CLIMATE REPORT
NATIONAL WEATHER SERVICE CHARLESTON SC
102 AM EST SUN FEB 26 2017


...................................

...THE SAVANNAH GA CLIMATE SUMMARY FOR FEBRUARY 25 2017...

CLIMATE NORMAL PERIOD 1981 TO 2010
CLIMATE RECORD PERIOD 1871 TO 2017


WEATHER ITEM   OBSERVED TIME   RECORD YEAR NORMAL DEPARTURE LAST
                VALUE   (LST)  VALUE       VALUE  FROM      YEAR
                                                  NORMAL
..................................................................
TEMPERATURE (F)
 YESTERDAY
  MAXIMUM         80    442 PM  82    1985  67     13       60
                                      1930
  MINIMUM         57    238 AM  19    1967  44     13       44
  AVERAGE         69                        55     14       52

PRECIPITATION (IN)
  YESTERDAY        0.00          2.66 1919   0.11  -0.11     0.00
  MONTH TO DATE    2.22                      2.50  -0.28     3.28
  SINCE DEC 1     13.12                      9.14   3.98     9.76
  SINCE JAN 1      8.83                      6.19   2.64     6.41

SNOWFALL (IN)
  YESTERDAY        0.0                       0.0    0.0
  SINCE DEC 1      0.0                       0.3   -0.3
  SINCE JUL 1      0.0                       0.3   -0.3

DEGREE DAYS
 HEATING
  YESTERDAY        0                        10    -10       13
  MONTH TO DATE  113                       313   -200      279
  SINCE DEC 1    614                      1220   -606      894
  SINCE JUL 1    795                      1487   -692     1019

 COOLING
  YESTERDAY        4                         0      4        0
  MONTH TO DATE   27                         0     27       21
  SINCE DEC 1     60                        12     48      127
  SINCE JAN 1     50                         3     47       21
..................................................................


WIND (MPH)
  HIGHEST WIND SPEED    24   HIGHEST WIND DIRECTION     W (250)
  HIGHEST GUST SPEED    29   HIGHEST GUST DIRECTION     W (250)
  AVERAGE WIND SPEED    10.3


SKY COVER
  POSSIBLE SUNSHINE  MM
  AVERAGE SKY COVER 0.5


WEATHER CONDITIONS
 THE FOLLOWING WEATHER WAS RECORDED YESTERDAY.
  FOG


RELATIVE HUMIDITY (PERCENT)
 HIGHEST    93           400 AM
 LOWEST     20          1100 PM
 AVERAGE    57

..........................................................


THE SAVANNAH GA CLIMATE NORMALS FOR TODAY
                         NORMAL    RECORD    YEAR
 MAXIMUM TEMPERATURE (F)   67        84      1996
                                             1944
 MINIMUM TEMPERATURE (F)   44        16      1967


SUNRISE AND SUNSET
FEBRUARY 26 2017......SUNRISE   655 AM EST   SUNSET   620 PM EST
FEBRUARY 27 2017......SUNRISE   654 AM EST   SUNSET   621 PM EST


-  INDICATES NEGATIVE NUMBERS.
R  INDICATES RECORD WAS SET OR TIED.
MM INDICATES DATA IS MISSING.
T  INDICATES TRACE AMOUNT.




$$
