000
CDUS42 KCHS 310548
CLISAV


CLIMATE REPORT
NATIONAL WEATHER SERVICE CHARLESTON SC
1248 AM EST SAT JAN 31 2015


...................................

...THE SAVANNAH GA CLIMATE SUMMARY FOR JANUARY 30 2015...

CLIMATE NORMAL PERIOD 1981 TO 2010
CLIMATE RECORD PERIOD 1871 TO 2015


WEATHER ITEM   OBSERVED TIME   RECORD YEAR NORMAL DEPARTURE LAST
                VALUE   (LST)  VALUE       VALUE  FROM      YEAR
                                                  NORMAL
..................................................................
TEMPERATURE (F)
 YESTERDAY
  MAXIMUM         61    250 PM  83    1975  62     -1       39
  MINIMUM         38   1159 PM   9    1966  39     -1       29
  AVERAGE         50                        50      0       34

PRECIPITATION (IN)
  YESTERDAY        0.00          1.11 1926   0.12  -0.12     0.00
  MONTH TO DATE    4.12                      3.56   0.56     2.41
  SINCE DEC 1      8.14                      6.51   1.63     4.79
  SINCE JAN 1      4.12                      3.56   0.56     2.41

SNOWFALL (IN)
  YESTERDAY        0.0                       0.0    0.0
  SINCE DEC 1      0.0                       0.2   -0.2
  SINCE JUL 1      0.0                       0.2   -0.2

DEGREE DAYS
 HEATING
  YESTERDAY       15                        15      0       31
  MONTH TO DATE  450                       471    -21      557
  SINCE DEC 1    734                       894   -160      827
  SINCE JUL 1   1026                      1161   -135     1083

 COOLING
  YESTERDAY        0                         0      0        0
  MONTH TO DATE    5                         0      5        3
  SINCE DEC 1     11                         9      2       41
  SINCE JAN 1      5                         0      5        3
..................................................................


WIND (MPH)
  HIGHEST WIND SPEED    23   HIGHEST WIND DIRECTION    NW (300)
  HIGHEST GUST SPEED    32   HIGHEST GUST DIRECTION    NW (310)
  AVERAGE WIND SPEED    10.2


SKY COVER
  POSSIBLE SUNSHINE  MM
  AVERAGE SKY COVER 0.5


WEATHER CONDITIONS
 THE FOLLOWING WEATHER WAS RECORDED YESTERDAY.
  NO SIGNIFICANT WEATHER WAS OBSERVED.


RELATIVE HUMIDITY (PERCENT)
 HIGHEST    80          1200 AM
 LOWEST     27           400 PM
 AVERAGE    54

..........................................................


THE SAVANNAH GA CLIMATE NORMALS FOR TODAY
                         NORMAL    RECORD    YEAR
 MAXIMUM TEMPERATURE (F)   62        83      1957
 MINIMUM TEMPERATURE (F)   40        16      1966


SUNRISE AND SUNSET
JANUARY 31 2015.......SUNRISE   719 AM EST   SUNSET   557 PM EST
FEBRUARY  1 2015......SUNRISE   719 AM EST   SUNSET   558 PM EST


-  INDICATES NEGATIVE NUMBERS.
R  INDICATES RECORD WAS SET OR TIED.
MM INDICATES DATA IS MISSING.
T  INDICATES TRACE AMOUNT.




$$
