000
CDUS42 KCHS 270619
CLISAV


CLIMATE REPORT
NATIONAL WEATHER SERVICE CHARLESTON SC
218 AM EDT THU AUG 27 2015


...................................

...THE SAVANNAH GA CLIMATE SUMMARY FOR AUGUST 26 2015...

CLIMATE NORMAL PERIOD 1981 TO 2010
CLIMATE RECORD PERIOD 1871 TO 2015


WEATHER ITEM   OBSERVED TIME   RECORD YEAR NORMAL DEPARTURE LAST
                VALUE   (LST)  VALUE       VALUE  FROM      YEAR
                                                  NORMAL
..................................................................
TEMPERATURE (F)
 YESTERDAY
  MAXIMUM         93    340 PM  99    1938  90      3       91
                                      1936
  MINIMUM         71    624 AM  63    1997  72     -1       71
                                      1952
                                      1942
  AVERAGE         82                        81      1       81

PRECIPITATION (IN)
  YESTERDAY        0.00          3.57 1995   0.22  -0.22     0.00
  MONTH TO DATE    5.91                      5.57   0.34     3.41
  SINCE JUN 1     16.90                     17.12  -0.22    19.27
  SINCE JAN 1     34.23                     33.38   0.85    35.06

DEGREE DAYS
 HEATING
  YESTERDAY        0                         0      0        0
  MONTH TO DATE    0                         0      0        0
  SINCE JUN 1      0                         0      0        0
  SINCE JUL 1      0                         0      0        0

 COOLING
  YESTERDAY       17                        16      1       16
  MONTH TO DATE  453                       434     19      487
  SINCE JUN 1   1545                      1426    119     1541
  SINCE JAN 1   2080                      1829    251     2030
..................................................................


WIND (MPH)
  HIGHEST WIND SPEED    13   HIGHEST WIND DIRECTION    SW (210)
  HIGHEST GUST SPEED    21   HIGHEST GUST DIRECTION    SW (230)
  AVERAGE WIND SPEED     4.0


SKY COVER
  POSSIBLE SUNSHINE  MM
  AVERAGE SKY COVER 0.5


WEATHER CONDITIONS
 THE FOLLOWING WEATHER WAS RECORDED YESTERDAY.
  NO SIGNIFICANT WEATHER WAS OBSERVED.


RELATIVE HUMIDITY (PERCENT)
 HIGHEST    87           100 AM
 LOWEST     41           100 PM
 AVERAGE    64

..........................................................


THE SAVANNAH GA CLIMATE NORMALS FOR TODAY
                         NORMAL    RECORD    YEAR
 MAXIMUM TEMPERATURE (F)   90       102      1938
 MINIMUM TEMPERATURE (F)   72        61      1966


SUNRISE AND SUNSET
AUGUST 27 2015........SUNRISE   657 AM EDT   SUNSET   755 PM EDT
AUGUST 28 2015........SUNRISE   657 AM EDT   SUNSET   754 PM EDT


-  INDICATES NEGATIVE NUMBERS.
R  INDICATES RECORD WAS SET OR TIED.
MM INDICATES DATA IS MISSING.
T  INDICATES TRACE AMOUNT.




$$
