000
CDUS46 KLOX 200915
CLISBA


CLIMATE REPORT
NATIONAL WEATHER SERVICE LOS ANGELES/OXNARD CA
214 AM PDT THU JUL 20 2017


...................................

...THE SANTA BARBARA AIRPORT CA CLIMATE SUMMARY FOR JULY 19 2017...

CLIMATE NORMAL PERIOD 1981 TO 2010
CLIMATE RECORD PERIOD 1940 TO 2017


WEATHER ITEM   OBSERVED TIME   RECORD YEAR NORMAL DEPARTURE LAST
                VALUE   (LST)  VALUE       VALUE  FROM      YEAR
                                                  NORMAL
..................................................................
TEMPERATURE (F)
 YESTERDAY
  MAXIMUM         73    539 PM 106    1992  74     -1       76
  MINIMUM         62   1206 AM  46    1944  58      4       54
  AVERAGE         68                        66      2       65

PRECIPITATION (IN)
  YESTERDAY        0.00          T    2003   0.00   0.00     0.00
                                      2003
                                      2014
  MONTH TO DATE    0.04                      0.02   0.02     0.00
  SINCE OCT 1     24.27                     17.37   6.90    10.21
  SINCE JAN 1     19.46                     12.07   7.39     9.33

SNOWFALL (IN)
  YESTERDAY        0.0
  MONTH TO DATE    0.0
  SINCE JUN 1      0.0
  SINCE JUL 1      0.0

DEGREE DAYS
 HEATING
  YESTERDAY        0                         1     -1        0
  MONTH TO DATE   11                        19     -8       15
  SINCE JUN 1     50                       109    -59       87
  SINCE JUL 1     11                        19     -8       15

 COOLING
  YESTERDAY        3                         2      1        0
  MONTH TO DATE   47                        26     21        7
  SINCE JUN 1     65                        40     25       28
  SINCE JAN 1     92                        54     38       38
..................................................................


WIND (MPH)
  HIGHEST WIND SPEED    13   HIGHEST WIND DIRECTION     W (270)
  HIGHEST GUST SPEED    18   HIGHEST GUST DIRECTION    NW (300)
  AVERAGE WIND SPEED     5.4


SKY COVER
  POSSIBLE SUNSHINE  MM
  AVERAGE SKY COVER 0.5


WEATHER CONDITIONS
 THE FOLLOWING WEATHER WAS RECORDED YESTERDAY.
  FOG


RELATIVE HUMIDITY (PERCENT)
 HIGHEST   100           100 AM
 LOWEST     66           500 PM
 AVERAGE    83

..........................................................


THE SANTA BARBARA AIRPORT CA CLIMATE NORMALS FOR TODAY
                         NORMAL    RECORD    YEAR
 MAXIMUM TEMPERATURE (F)   74        98      1992
 MINIMUM TEMPERATURE (F)   58        49      1987


SUNRISE AND SUNSET
JULY 20 2017..........SUNRISE   602 AM PDT   SUNSET   809 PM PDT
JULY 21 2017..........SUNRISE   602 AM PDT   SUNSET   809 PM PDT


-  INDICATES NEGATIVE NUMBERS.
R  INDICATES RECORD WAS SET OR TIED.
MM INDICATES DATA IS MISSING.
T  INDICATES TRACE AMOUNT.




$$
