000
CDUS46 KLOX 271029
CLISBA


CLIMATE REPORT
NATIONAL WEATHER SERVICE LOS ANGELES/OXNARD CA
329 AM PDT THU AUG 27 2015


...................................

...THE SANTA BARBARA AIRPORT CA CLIMATE SUMMARY FOR AUGUST 26 2015...

CLIMATE NORMAL PERIOD 1981 TO 2010
CLIMATE RECORD PERIOD 1940 TO 2015


WEATHER ITEM   OBSERVED TIME   RECORD YEAR NORMAL DEPARTURE LAST
                VALUE   (LST)  VALUE       VALUE  FROM      YEAR
                                                  NORMAL
..................................................................
TEMPERATURE (F)
 YESTERDAY
  MAXIMUM         83    303 PM  86    1977  75      8       76
  MINIMUM         63    543 AM  48    2002  57      6       56
  AVERAGE         73                        66      7       66

PRECIPITATION (IN)
  YESTERDAY        0.00          0.34 1984   0.01  -0.01     0.00
  MONTH TO DATE    T                         0.10  -0.10     0.01
  SINCE OCT 1      9.63                     17.48  -7.85     6.51
  SINCE JAN 1      3.34                     12.18  -8.84     5.22

SNOWFALL (IN)
  YESTERDAY        0.0
  MONTH TO DATE    0.0
  SINCE JUN 1      0.0
  SINCE JUL 1      0.0

DEGREE DAYS
 HEATING
  YESTERDAY        0                         1     -1        0
  MONTH TO DATE    0                        26    -26        0
  SINCE JUN 1     30                       143   -113       52
  SINCE JUL 1      0                        53    -53        0

 COOLING
  YESTERDAY        8                         2      6        1
  MONTH TO DATE  140                        52     88       71
  SINCE JUN 1    284                       110    174      242
  SINCE JAN 1    322                       124    198      310
..................................................................


WIND (MPH)
  HIGHEST WIND SPEED    14   HIGHEST WIND DIRECTION     S (160)
  HIGHEST GUST SPEED    17   HIGHEST GUST DIRECTION    SE (150)
  AVERAGE WIND SPEED     5.2


SKY COVER
  POSSIBLE SUNSHINE  MM
  AVERAGE SKY COVER 0.0


WEATHER CONDITIONS
 THE FOLLOWING WEATHER WAS RECORDED YESTERDAY.
  FOG
  HAZE


RELATIVE HUMIDITY (PERCENT)
 HIGHEST    93           500 AM
 LOWEST     52           600 PM
 AVERAGE    73

..........................................................


THE SANTA BARBARA AIRPORT CA CLIMATE NORMALS FOR TODAY
                         NORMAL    RECORD    YEAR
 MAXIMUM TEMPERATURE (F)   75        98      1971
 MINIMUM TEMPERATURE (F)   57        48      1975


SUNRISE AND SUNSET
AUGUST 27 2015........SUNRISE   629 AM PDT   SUNSET   732 PM PDT
AUGUST 28 2015........SUNRISE   630 AM PDT   SUNSET   731 PM PDT


-  INDICATES NEGATIVE NUMBERS.
R  INDICATES RECORD WAS SET OR TIED.
MM INDICATES DATA IS MISSING.
T  INDICATES TRACE AMOUNT.




$$
