000
CDUS46 KLOX 190859
CLISBA


CLIMATE REPORT
NATIONAL WEATHER SERVICE LOS ANGELES/OXNARD CA
159 AM PDT TUE SEP 19 2017


...................................

...THE SANTA BARBARA AIRPORT CA CLIMATE SUMMARY FOR SEPTEMBER 18 2017...

CLIMATE NORMAL PERIOD 1981 TO 2010
CLIMATE RECORD PERIOD 1940 TO 2017


WEATHER ITEM   OBSERVED TIME   RECORD YEAR NORMAL DEPARTURE LAST
                VALUE   (LST)  VALUE       VALUE  FROM      YEAR
                                                  NORMAL
..................................................................
TEMPERATURE (F)
 YESTERDAY
  MAXIMUM         72    129 PM 104    1979  74     -2       72
  MINIMUM         54    145 AM  45    1947  56     -2       54
  AVERAGE         63                        65     -2       63

PRECIPITATION (IN)
  YESTERDAY        0.00          0.23 1963   0.01  -0.01     0.00
  MONTH TO DATE    0.22                      0.09   0.13     0.01
  SINCE OCT 1     24.50                     17.59   6.91    10.22
  SINCE JAN 1     19.69                     12.29   7.40     9.34

SNOWFALL (IN)
  YESTERDAY        0.0
  MONTH TO DATE    0.0
  SINCE SEP 1      0.0
  SINCE JUL 1      0.0

DEGREE DAYS
 HEATING
  YESTERDAY        2                         1      1        2
  MONTH TO DATE    3                        18    -15       36
  SINCE SEP 1      3                        18    -15       36
  SINCE JUL 1     14                        69    -55       58

 COOLING
  YESTERDAY        0                         1     -1        0
  MONTH TO DATE   90                        33     57        3
  SINCE SEP 1     90                        33     57        3
  SINCE JAN 1    315                       160    155      151
..................................................................


WIND (MPH)
  HIGHEST WIND SPEED    14   HIGHEST WIND DIRECTION     E (110)
  HIGHEST GUST SPEED    18   HIGHEST GUST DIRECTION     E (90)
  AVERAGE WIND SPEED     5.6


SKY COVER
  POSSIBLE SUNSHINE  MM
  AVERAGE SKY COVER 0.4


WEATHER CONDITIONS
 THE FOLLOWING WEATHER WAS RECORDED YESTERDAY.
  FOG
  FOG W/VISIBILITY <= 1/4 MILE


RELATIVE HUMIDITY (PERCENT)
 HIGHEST   100           100 AM
 LOWEST     66           500 PM
 AVERAGE    83

..........................................................


THE SANTA BARBARA AIRPORT CA CLIMATE NORMALS FOR TODAY
                         NORMAL    RECORD    YEAR
 MAXIMUM TEMPERATURE (F)   74        95      1984
 MINIMUM TEMPERATURE (F)   56        45      1947


SUNRISE AND SUNSET
SEPTEMBER 19 2017.....SUNRISE   645 AM PDT   SUNSET   700 PM PDT
SEPTEMBER 20 2017.....SUNRISE   646 AM PDT   SUNSET   658 PM PDT


-  INDICATES NEGATIVE NUMBERS.
R  INDICATES RECORD WAS SET OR TIED.
MM INDICATES DATA IS MISSING.
T  INDICATES TRACE AMOUNT.




$$
