000
CDUS46 KLOX 090904
CLISBA


CLIMATE REPORT
NATIONAL WEATHER SERVICE LOS ANGELES/OXNARD CA
103 AM PST FRI DEC 9 2016


...................................

...THE SANTA BARBARA AIRPORT CA CLIMATE SUMMARY FOR DECEMBER 8 2016...

CLIMATE NORMAL PERIOD 1981 TO 2010
CLIMATE RECORD PERIOD 1940 TO 2016


WEATHER ITEM   OBSERVED TIME   RECORD YEAR NORMAL DEPARTURE LAST
                VALUE   (LST)  VALUE       VALUE  FROM      YEAR
                                                  NORMAL
..................................................................
TEMPERATURE (F)
 YESTERDAY
  MAXIMUM         63    111 PM  80    1975  64     -1       77
  MINIMUM         45    441 AM  29    1994  41      4       49
  AVERAGE         54                        52      2       63

PRECIPITATION (IN)
  YESTERDAY        T             1.15 1949   0.09  -0.09     0.00
  MONTH TO DATE    T                         0.55  -0.55     0.00
  SINCE OCT 1      1.62                      2.91  -1.29     0.58
  SINCE JAN 1     10.96                     15.37  -4.41     4.09

SNOWFALL (IN)
  YESTERDAY       MM
  MONTH TO DATE    0.0
  SINCE DEC 1      0.0
  SINCE JUL 1      0.0

DEGREE DAYS
 HEATING
  YESTERDAY       11                        13     -2        2
  MONTH TO DATE  103                        98      5       60
  SINCE DEC 1    103                        98      5       60
  SINCE JUL 1    432                       576   -144      302

 COOLING
  YESTERDAY        0                         0      0        0
  MONTH TO DATE    0                         0      0        0
  SINCE DEC 1      0                         0      0        0
  SINCE JAN 1    259                       188     71      778
..................................................................


WIND (MPH)
  HIGHEST WIND SPEED    14   HIGHEST WIND DIRECTION     W (270)
  HIGHEST GUST SPEED    18   HIGHEST GUST DIRECTION     W (260)
  AVERAGE WIND SPEED     6.1


SKY COVER
  POSSIBLE SUNSHINE  MM
  AVERAGE SKY COVER 0.9


WEATHER CONDITIONS
 THE FOLLOWING WEATHER WAS RECORDED YESTERDAY.
  NO SIGNIFICANT WEATHER WAS OBSERVED.


RELATIVE HUMIDITY (PERCENT)
 HIGHEST   100           800 PM
 LOWEST     64          1100 AM
 AVERAGE    82

..........................................................


THE SANTA BARBARA AIRPORT CA CLIMATE NORMALS FOR TODAY
                         NORMAL    RECORD    YEAR
 MAXIMUM TEMPERATURE (F)   64        82      1957
 MINIMUM TEMPERATURE (F)   40        28      1956


SUNRISE AND SUNSET
DECEMBER  9 2016......SUNRISE   655 AM PST   SUNSET   449 PM PST
DECEMBER 10 2016......SUNRISE   655 AM PST   SUNSET   449 PM PST


-  INDICATES NEGATIVE NUMBERS.
R  INDICATES RECORD WAS SET OR TIED.
MM INDICATES DATA IS MISSING.
T  INDICATES TRACE AMOUNT.




$$
