000
CDUS46 KLOX 310926
CLISBA


CLIMATE REPORT
NATIONAL WEATHER SERVICE LOS ANGELES/OXNARD CA
225 AM PDT TUE MAY 31 2016


...................................

...THE SANTA BARBARA AIRPORT CA CLIMATE SUMMARY FOR MAY 30 2016...

CLIMATE NORMAL PERIOD 1981 TO 2010
CLIMATE RECORD PERIOD 1940 TO 2016


WEATHER ITEM   OBSERVED TIME   RECORD YEAR NORMAL DEPARTURE LAST
                VALUE   (LST)  VALUE       VALUE  FROM      YEAR
                                                  NORMAL
..................................................................
TEMPERATURE (F)
 YESTERDAY
  MAXIMUM         65    336 PM  82    1943  70     -5       66
  MINIMUM         56    745 PM  42    1961  52      4       55
  AVERAGE         61                        61      0       61

PRECIPITATION (IN)
  YESTERDAY        0.00          0.27 1948   0.00   0.00     0.00
  MONTH TO DATE    0.01                      0.33  -0.32     0.32
  SINCE OCT 1     10.20                     17.27  -7.07     9.32
  SINCE JAN 1      9.32                     11.97  -2.65     3.03

SNOWFALL (IN)
  YESTERDAY        0.0
  MONTH TO DATE    0.0
  SINCE MAR 1      0.0
  SINCE JUL 1      0.0

DEGREE DAYS
 HEATING
  YESTERDAY        4                         4      0        4
  MONTH TO DATE  162                       155      7      173
  SINCE MAR 1    478                       679   -201      437
  SINCE JUL 1   1541                      2280   -739     1262

 COOLING
  YESTERDAY        0                         0      0        0
  MONTH TO DATE    0                         0      0        0
  SINCE MAR 1      8                         7      1       38
  SINCE JAN 1     10                         7      3       38
..................................................................


WIND (MPH)
  HIGHEST WIND SPEED    15   HIGHEST WIND DIRECTION     W (260)
  HIGHEST GUST SPEED    20   HIGHEST GUST DIRECTION     W (270)
  AVERAGE WIND SPEED     6.0


SKY COVER
  POSSIBLE SUNSHINE  MM
  AVERAGE SKY COVER 0.7


WEATHER CONDITIONS
 THE FOLLOWING WEATHER WAS RECORDED YESTERDAY.
  FOG


RELATIVE HUMIDITY (PERCENT)
 HIGHEST    93          1200 AM
 LOWEST     67           200 PM
 AVERAGE    80

..........................................................


THE SANTA BARBARA AIRPORT CA CLIMATE NORMALS FOR TODAY
                         NORMAL    RECORD    YEAR
 MAXIMUM TEMPERATURE (F)   70        84      1943
 MINIMUM TEMPERATURE (F)   52        44      1988


SUNRISE AND SUNSET
MAY 31 2016...........SUNRISE   548 AM PDT   SUNSET   806 PM PDT
JUNE  1 2016..........SUNRISE   548 AM PDT   SUNSET   807 PM PDT


-  INDICATES NEGATIVE NUMBERS.
R  INDICATES RECORD WAS SET OR TIED.
MM INDICATES DATA IS MISSING.
T  INDICATES TRACE AMOUNT.




$$
