000
CDUS41 KAKQ 200645
CLISBY


CLIMATE REPORT
NATIONAL WEATHER SERVICE WAKEFIELD, VA
145 AM EST TUE FEB 20 2018


...................................

...THE SALISBURY MD CLIMATE SUMMARY FOR FEBRUARY 19 2018...

CLIMATE NORMAL PERIOD 1981 TO 2010
CLIMATE RECORD PERIOD 1900 TO 2018


WEATHER ITEM   OBSERVED TIME   RECORD YEAR NORMAL DEPARTURE LAST
                VALUE   (LST)  VALUE       VALUE  FROM      YEAR
                                                  NORMAL
..................................................................
TEMPERATURE (F)
 YESTERDAY
  MAXIMUM         58   1159 PM  72    1961  48     10       70
  MINIMUM         29    648 AM   9    1936  29      0       50
  AVERAGE         44                        38      6       60

PRECIPITATION (IN)
  YESTERDAY        0.00          1.36 1979   0.12  -0.12      T
  MONTH TO DATE    2.67                      2.26   0.41     0.73
  SINCE DEC 1      7.34                      9.58  -2.24     7.01
  SINCE JAN 1      6.20                      5.87   0.33     4.08

SNOWFALL (IN)
  YESTERDAY        0.0           8.0  1979   0.1   -0.1
  MONTH TO DATE    0.0                       2.5   -2.5
  SINCE NOV 1     16.4                       7.5    8.9
  SINCE JUL 1     16.4                       7.5    8.9
  SNOW DEPTH       0

DEGREE DAYS
 HEATING
  YESTERDAY       21                        27     -6        5
  MONTH TO DATE  436                       534    -98      432
  SINCE DEC 1   2271                      2257     14     1974
  SINCE JUL 1   2942                      3075   -133     2634

 COOLING
  YESTERDAY        0                         0      0        0
  MONTH TO DATE    0                         0      0        0
  SINCE DEC 1      0                         0      0        0
  SINCE JAN 1      0                         0      0        0
..................................................................


WIND (MPH)
  HIGHEST WIND SPEED    15   HIGHEST WIND DIRECTION     S (180)
  HIGHEST GUST SPEED    19   HIGHEST GUST DIRECTION     S (170)
  AVERAGE WIND SPEED     6.5


SKY COVER
  POSSIBLE SUNSHINE  MM
  AVERAGE SKY COVER 0.6


WEATHER CONDITIONS
 THE FOLLOWING WEATHER WAS RECORDED YESTERDAY.
  FOG


RELATIVE HUMIDITY (PERCENT)
 HIGHEST   100           500 AM
 LOWEST     77          1200 PM
 AVERAGE    89

..........................................................


THE SALISBURY MD CLIMATE NORMALS FOR TODAY
                         NORMAL    RECORD    YEAR
 MAXIMUM TEMPERATURE (F)   48        75      1930
 MINIMUM TEMPERATURE (F)   29        -3      2015


SUNRISE AND SUNSET
FEBRUARY 20 2018......SUNRISE   646 AM EST   SUNSET   546 PM EST
FEBRUARY 21 2018......SUNRISE   645 AM EST   SUNSET   547 PM EST


-  INDICATES NEGATIVE NUMBERS.
R  INDICATES RECORD WAS SET OR TIED.
MM INDICATES DATA IS MISSING.
T  INDICATES TRACE AMOUNT.




$$
