670
CDUS41 KAKQ 170645
CLISBY


CLIMATE REPORT
NATIONAL WEATHER SERVICE WAKEFIELD, VA
145 AM EST TUE JAN 17 2017


...................................

...THE SALISBURY MD CLIMATE SUMMARY FOR JANUARY 16 2017...

CLIMATE NORMAL PERIOD 1981 TO 2010
CLIMATE RECORD PERIOD 1900 TO 2017


WEATHER ITEM   OBSERVED TIME   RECORD YEAR NORMAL DEPARTURE LAST
                VALUE   (LST)  VALUE       VALUE  FROM      YEAR
                                                  NORMAL
..................................................................
TEMPERATURE (F)
 YESTERDAY
  MAXIMUM         45    355 PM  69    1953  44      1       55
  MINIMUM         30    627 AM   2    1982  26      4       42
  AVERAGE         38                        35      3       49

PRECIPITATION (IN)
  YESTERDAY        0.00          0.65 1997   0.12  -0.12     0.28
  MONTH TO DATE    2.03                      1.82   0.21     1.55
  SINCE DEC 1      4.96                      5.53  -0.57     6.04
  SINCE JAN 1      2.03                      1.82   0.21     1.55

SNOWFALL (IN)
  YESTERDAY        0.0           4.0  1965   0.1   -0.1
  MONTH TO DATE    9.1                       1.3    7.8
  SINCE NOV 1      9.1                       3.1    6.0
  SINCE JUL 1      9.1                       3.1    6.0
  SNOW DEPTH       0

DEGREE DAYS
 HEATING
  YESTERDAY       27                        30     -3       16
  MONTH TO DATE  434                       475    -41      429
  SINCE DEC 1   1214                      1281    -67      840
  SINCE JUL 1   1874                      2099   -225     1487

 COOLING
  YESTERDAY        0                         0      0        0
  MONTH TO DATE    0                         0      0        0
  SINCE DEC 1      0                         0      0        9
  SINCE JAN 1      0                         0      0        0
..................................................................


WIND (MPH)
  HIGHEST WIND SPEED     7   HIGHEST WIND DIRECTION     E (70)
  HIGHEST GUST SPEED     9   HIGHEST GUST DIRECTION    NE (40)
  AVERAGE WIND SPEED     1.6


SKY COVER
  POSSIBLE SUNSHINE  MM
  AVERAGE SKY COVER 0.8


WEATHER CONDITIONS
 THE FOLLOWING WEATHER WAS RECORDED YESTERDAY.
  NO SIGNIFICANT WEATHER WAS OBSERVED.


RELATIVE HUMIDITY (PERCENT)
 HIGHEST    82           500 AM
 LOWEST     45           300 PM
 AVERAGE    64

..........................................................


THE SALISBURY MD CLIMATE NORMALS FOR TODAY
                         NORMAL    RECORD    YEAR
 MAXIMUM TEMPERATURE (F)   44        75      1943
 MINIMUM TEMPERATURE (F)   26        -6      1965


SUNRISE AND SUNSET
JANUARY 17 2017.......SUNRISE   717 AM EST   SUNSET   508 PM EST
JANUARY 18 2017.......SUNRISE   716 AM EST   SUNSET   509 PM EST


-  INDICATES NEGATIVE NUMBERS.
R  INDICATES RECORD WAS SET OR TIED.
MM INDICATES DATA IS MISSING.
T  INDICATES TRACE AMOUNT.




$$
