000
CDUS41 KAKQ 290835
CLISBY


CLIMATE REPORT
NATIONAL WEATHER SERVICE WAKEFIELD, VA
434 AM EDT TUE JUL 29 2014


...................................

...THE SALISBURY MD CLIMATE SUMMARY FOR JULY 28 2014...

CLIMATE NORMAL PERIOD 1981 TO 2010
CLIMATE RECORD PERIOD 1900 TO 2014


WEATHER ITEM   OBSERVED TIME   RECORD YEAR NORMAL DEPARTURE LAST
                VALUE   (LST)  VALUE       VALUE  FROM      YEAR
                                                  NORMAL
..................................................................
TEMPERATURE (F)
 YESTERDAY
  MAXIMUM         89    115 PM 100    1949  86      3       88
                                      1940
  MINIMUM         74   1144 PM  48    1920  67      7       69
  AVERAGE         82                        77      5       79

PRECIPITATION (IN)
  YESTERDAY        0.00          1.92 1987   0.16  -0.16      T
  MONTH TO DATE    3.28                      3.85  -0.57     3.81
  SINCE JUN 1      4.12                      7.56  -3.44    13.73
  SINCE JAN 1     15.94                     26.11 -10.17    32.38

SNOWFALL (IN)
  YESTERDAY        0.0           0.0  2002   0.0    0.0
                                      2001
  MONTH TO DATE    0.0                       0.0    0.0
  SINCE NOV 1     22.5                       9.3   13.2
  SINCE JUL 1      0.0                       0.0    0.0
  SNOW DEPTH      MM

DEGREE DAYS
 HEATING
  YESTERDAY        0                         0      0        0
  MONTH TO DATE    0                         0      0        0
  SINCE JUN 1      5                        19    -14        0
  SINCE JUL 1      0                         0      0        0

 COOLING
  YESTERDAY       17                        12      5       14
  MONTH TO DATE  374                       331     43      477
  SINCE JUN 1    667                       558    109      810
  SINCE JAN 1    802                       642    160     1001
..................................................................


WIND (MPH)
  HIGHEST WIND SPEED    22   HIGHEST WIND DIRECTION     W (290)
  HIGHEST GUST SPEED    31   HIGHEST GUST DIRECTION     W (280)
  AVERAGE WIND SPEED    15.5


SKY COVER
  POSSIBLE SUNSHINE  MM
  AVERAGE SKY COVER 0.8


WEATHER CONDITIONS
 THE FOLLOWING WEATHER WAS RECORDED YESTERDAY.
  NO SIGNIFICANT WEATHER WAS OBSERVED.


RELATIVE HUMIDITY (PERCENT)
 HIGHEST    40           300 PM
 LOWEST     37           200 PM
 AVERAGE    39

..........................................................


THE SALISBURY MD CLIMATE NORMALS FOR TODAY
                         NORMAL    RECORD    YEAR
 MAXIMUM TEMPERATURE (F)   86       100      1913
 MINIMUM TEMPERATURE (F)   67        53      1924


SUNRISE AND SUNSET
JULY 29 2014..........SUNRISE   602 AM EDT   SUNSET   815 PM EDT
JULY 30 2014..........SUNRISE   603 AM EDT   SUNSET   814 PM EDT


-  INDICATES NEGATIVE NUMBERS.
R  INDICATES RECORD WAS SET OR TIED.
MM INDICATES DATA IS MISSING.
T  INDICATES TRACE AMOUNT.




$$
