000
CDUS41 KAKQ 250550
CLISBY


CLIMATE REPORT
NATIONAL WEATHER SERVICE WAKEFIELD, VA
150 AM EDT MON MAY 25 2015


...................................

...THE SALISBURY MD CLIMATE SUMMARY FOR MAY 24 2015...

CLIMATE NORMAL PERIOD 1981 TO 2010
CLIMATE RECORD PERIOD 1900 TO 2015


WEATHER ITEM   OBSERVED TIME   RECORD YEAR NORMAL DEPARTURE LAST
                VALUE   (LST)  VALUE       VALUE  FROM      YEAR
                                                  NORMAL
..................................................................
TEMPERATURE (F)
 YESTERDAY
  MAXIMUM         78    339 PM  91    1964  76      2       76
  MINIMUM         44    453 AM  38    1926  54    -10       56
  AVERAGE         61                        65     -4       66

PRECIPITATION (IN)
  YESTERDAY        0.00          1.48 1978   0.13  -0.13     0.00
  MONTH TO DATE    1.75                      2.73  -0.98     2.47
  SINCE MAR 1      9.49                     10.70  -1.21    11.45
  SINCE JAN 1     17.21                     17.66  -0.45    18.67

SNOWFALL (IN)
  YESTERDAY        0.0           0.0  2002   0.0    0.0
                                      2001
  MONTH TO DATE    0.0                       0.0    0.0
  SINCE NOV 1     15.7                       9.3    6.4
  SINCE JUL 1     15.7                       9.3    6.4
  SNOW DEPTH       0

DEGREE DAYS
 HEATING
  YESTERDAY        4                         3      1        0
  MONTH TO DATE   75                       124    -49       41
  SINCE MAR 1   1059                      1099    -40     1022
  SINCE JUL 1   4272                      4404   -132     4162

 COOLING
  YESTERDAY        0                         3     -3        1
  MONTH TO DATE   86                        41     45       86
  SINCE MAR 1     93                        58     35      100
  SINCE JAN 1     93                        58     35      100
..................................................................


WIND (MPH)
  HIGHEST WIND SPEED    15   HIGHEST WIND DIRECTION     S (170)
  HIGHEST GUST SPEED    23   HIGHEST GUST DIRECTION     S (200)
  AVERAGE WIND SPEED     6.2


SKY COVER
  POSSIBLE SUNSHINE  MM
  AVERAGE SKY COVER 0.0


WEATHER CONDITIONS
 THE FOLLOWING WEATHER WAS RECORDED YESTERDAY.
  NO SIGNIFICANT WEATHER WAS OBSERVED.


RELATIVE HUMIDITY (PERCENT)
 HIGHEST    93           100 AM
 LOWEST     42           100 PM
 AVERAGE    68

..........................................................


THE SALISBURY MD CLIMATE NORMALS FOR TODAY
                         NORMAL    RECORD    YEAR
 MAXIMUM TEMPERATURE (F)   76        92      1995
 MINIMUM TEMPERATURE (F)   54        37      1923


SUNRISE AND SUNSET
MAY 25 2015...........SUNRISE   544 AM EDT   SUNSET   815 PM EDT
MAY 26 2015...........SUNRISE   543 AM EDT   SUNSET   815 PM EDT


-  INDICATES NEGATIVE NUMBERS.
R  INDICATES RECORD WAS SET OR TIED.
MM INDICATES DATA IS MISSING.
T  INDICATES TRACE AMOUNT.




$$
