464
CDUS41 KAKQ 080831
CLISBY


CLIMATE REPORT
NATIONAL WEATHER SERVICE WAKEFIELD, VA
331 AM EST MON FEB 8 2016


...................................

...THE SALISBURY MD CLIMATE SUMMARY FOR FEBRUARY 7 2016...

CLIMATE NORMAL PERIOD 1981 TO 2010
CLIMATE RECORD PERIOD 1900 TO 2016


WEATHER ITEM   OBSERVED TIME   RECORD YEAR NORMAL DEPARTURE LAST
                VALUE   (LST)  VALUE       VALUE  FROM      YEAR
                                                  NORMAL
..................................................................
TEMPERATURE (F)
 YESTERDAY
  MAXIMUM         43    241 PM  69    2008  46     -3       53
  MINIMUM         25    445 AM   1    1996  27     -2       21
  AVERAGE         34                        36     -2       37

PRECIPITATION (IN)
  YESTERDAY        0.00          0.88 1967   0.12  -0.12     0.00
  MONTH TO DATE    1.36                      0.83   0.53     0.61
  SINCE DEC 1      9.06                      8.15   0.91     9.20
  SINCE JAN 1      4.57                      4.44   0.13     5.17

SNOWFALL (IN)
  YESTERDAY        0.0          15.0  1936   0.1   -0.1
  MONTH TO DATE    1.3                       1.0    0.3
  SINCE NOV 1      8.0                       6.0    2.0
  SINCE JUL 1      8.0                       6.0    2.0
  SNOW DEPTH       0

DEGREE DAYS
 HEATING
  YESTERDAY       31                        29      2       28
  MONTH TO DATE  142                       203    -61      216
  SINCE DEC 1   1453                      1926   -473     1748
  SINCE JUL 1   2100                      2744   -644     2420

 COOLING
  YESTERDAY        0                         0      0        0
  MONTH TO DATE    0                         0      0        0
  SINCE DEC 1      9                         0      9        0
  SINCE JAN 1      0                         0      0        0
..................................................................


WIND (MPH)
  HIGHEST WIND SPEED    18   HIGHEST WIND DIRECTION     N (10)
  HIGHEST GUST SPEED    25   HIGHEST GUST DIRECTION     N (10)
  AVERAGE WIND SPEED     7.1


SKY COVER
  POSSIBLE SUNSHINE  MM
  AVERAGE SKY COVER 0.2


WEATHER CONDITIONS
 THE FOLLOWING WEATHER WAS RECORDED YESTERDAY.
  NO SIGNIFICANT WEATHER WAS OBSERVED.


RELATIVE HUMIDITY (PERCENT)
 HIGHEST    92          1200 AM
 LOWEST     45           300 PM
 AVERAGE    69

..........................................................


THE SALISBURY MD CLIMATE NORMALS FOR TODAY
                         NORMAL    RECORD    YEAR
 MAXIMUM TEMPERATURE (F)   46        72      1925
 MINIMUM TEMPERATURE (F)   28         6      2007
                                             1936


SUNRISE AND SUNSET
FEBRUARY  8 2016......SUNRISE   701 AM EST   SUNSET   532 PM EST
FEBRUARY  9 2016......SUNRISE   700 AM EST   SUNSET   533 PM EST


-  INDICATES NEGATIVE NUMBERS.
R  INDICATES RECORD WAS SET OR TIED.
MM INDICATES DATA IS MISSING.
T  INDICATES TRACE AMOUNT.




$$
