000
CDUS41 KAKQ 140829
CLISBY


CLIMATE REPORT
NATIONAL WEATHER SERVICE WAKEFIELD, VA
429 AM EDT MON JUL 14 2014


...................................

...THE SALISBURY MD CLIMATE SUMMARY FOR JULY 13 2014...

CLIMATE NORMAL PERIOD 1981 TO 2010
CLIMATE RECORD PERIOD 1900 TO 2014


WEATHER ITEM   OBSERVED TIME   RECORD YEAR NORMAL DEPARTURE LAST
                VALUE   (LST)  VALUE       VALUE  FROM      YEAR
                                                  NORMAL
..................................................................
TEMPERATURE (F)
 YESTERDAY
  MAXIMUM         92    308 PM  99    1908  87      5       89
  MINIMUM         70    441 AM  50    2002  67      3       71
  AVERAGE         81                        77      4       80

PRECIPITATION (IN)
  YESTERDAY        0.00          2.95 1979   0.13  -0.13      T
  MONTH TO DATE    1.64                      1.60   0.04     3.61
  SINCE JUN 1      2.48                      5.31  -2.83    13.53
  SINCE JAN 1     14.30                     23.86  -9.56    32.18

SNOWFALL (IN)
  YESTERDAY        0.0           0.0  2002   0.0    0.0
                                      2001
  MONTH TO DATE    0.0                       0.0    0.0
  SINCE NOV 1     22.5                       9.3   13.2
  SINCE JUL 1      0.0                       0.0    0.0
  SNOW DEPTH       0

DEGREE DAYS
 HEATING
  YESTERDAY        0                         0      0        0
  MONTH TO DATE    0                         0      0        0
  SINCE JUN 1      5                        19    -14        0
  SINCE JUL 1      0                         0      0        0

 COOLING
  YESTERDAY       16                        12      4       15
  MONTH TO DATE  192                       151     41      210
  SINCE JUN 1    485                       378    107      543
  SINCE JAN 1    620                       462    158      734
..................................................................


WIND (MPH)
  HIGHEST WIND SPEED    21   HIGHEST WIND DIRECTION     S (200)
  HIGHEST GUST SPEED    26   HIGHEST GUST DIRECTION     S (200)
  AVERAGE WIND SPEED     9.7


SKY COVER
  POSSIBLE SUNSHINE  MM
  AVERAGE SKY COVER 0.2


WEATHER CONDITIONS
 THE FOLLOWING WEATHER WAS RECORDED YESTERDAY.
  FOG


RELATIVE HUMIDITY (PERCENT)
 HIGHEST    93           600 AM
 LOWEST     44           200 PM
 AVERAGE    69

..........................................................


THE SALISBURY MD CLIMATE NORMALS FOR TODAY
                         NORMAL    RECORD    YEAR
 MAXIMUM TEMPERATURE (F)   87        98      1966
 MINIMUM TEMPERATURE (F)   67        49      2001
                                             1940


SUNRISE AND SUNSET
JULY 14 2014..........SUNRISE   550 AM EDT   SUNSET   826 PM EDT
JULY 15 2014..........SUNRISE   551 AM EDT   SUNSET   825 PM EDT


-  INDICATES NEGATIVE NUMBERS.
R  INDICATES RECORD WAS SET OR TIED.
MM INDICATES DATA IS MISSING.
T  INDICATES TRACE AMOUNT.




$$
