000
CDUS41 KAKQ 272145
CLISBY


CLIMATE REPORT
NATIONAL WEATHER SERVICE WAKEFIELD, VA
545 PM EDT SAT MAY 27 2017


...................................

...THE SALISBURY MD CLIMATE SUMMARY FOR MAY 27 2017...
VALID TODAY AS OF 0500 PM LOCAL TIME.

CLIMATE NORMAL PERIOD 1981 TO 2010
CLIMATE RECORD PERIOD 1900 TO 2017


WEATHER ITEM   OBSERVED TIME   RECORD YEAR NORMAL DEPARTURE LAST
                VALUE   (LST)  VALUE       VALUE  FROM      YEAR
                                                  NORMAL
..................................................................
TEMPERATURE (F)
 TODAY
  MAXIMUM         80   1231 PM  97    1914  77      3       87
  MINIMUM         57    329 AM  40    1967  55      2       67
  AVERAGE         69

PRECIPITATION (IN)
  TODAY            T             0.89 1974   0.13  -0.13     0.00
  MONTH TO DATE    4.75                      3.11   1.64     4.50
  SINCE MAR 1     11.40                     11.08   0.32     9.95
  SINCE JAN 1     16.20                     18.04  -1.84    16.80

SNOWFALL (IN)
  TODAY            0.0
  MONTH TO DATE    0.0
  SINCE NOV 1      9.6
  SINCE JUL 1      9.6
  SNOW DEPTH       0

DEGREE DAYS
 HEATING
  TODAY            0
  MONTH TO DATE  131
  SINCE MAR 1    935
  SINCE JUL 1   3686

 COOLING
  TODAY            4
  MONTH TO DATE   57
  SINCE MAR 1    127
  SINCE JAN 1    127
..................................................................


WIND (MPH)
  RESULTANT WIND SPEED   3   RESULTANT WIND DIRECTION   S (170)
  HIGHEST WIND SPEED    13   HIGHEST WIND DIRECTION     S (160)
  HIGHEST GUST SPEED    18   HIGHEST GUST DIRECTION    SE (140)


SKY COVER
  POSSIBLE SUNSHINE  MM
  AVERAGE SKY COVER 0.5


WEATHER CONDITIONS
 THE FOLLOWING WEATHER WAS RECORDED TODAY.
  NO SIGNIFICANT WEATHER WAS OBSERVED.


RELATIVE HUMIDITY (PERCENT)
 HIGHEST   100
 LOWEST     49
 AVERAGE    75

..........................................................


THE SALISBURY MD CLIMATE NORMALS FOR TOMORROW
                         NORMAL    RECORD    YEAR
 MAXIMUM TEMPERATURE (F)   77        96      1941
 MINIMUM TEMPERATURE (F)   55        39      1994


SUNRISE AND SUNSET
MAY 27 2017...........SUNRISE   542 AM EDT   SUNSET   816 PM EDT
MAY 28 2017...........SUNRISE   542 AM EDT   SUNSET   817 PM EDT


-  INDICATES NEGATIVE NUMBERS.
R  INDICATES RECORD WAS SET OR TIED.
MM INDICATES DATA IS MISSING.
T  INDICATES TRACE AMOUNT.




$$
