000
CDUS41 KAKQ 030532
CLISBY


CLIMATE REPORT
NATIONAL WEATHER SERVICE WAKEFIELD, VA
125 AM EDT TUE MAY 3 2016


...................................

...THE SALISBURY MD CLIMATE SUMMARY FOR MAY 2 2016...

CLIMATE NORMAL PERIOD 1981 TO 2010
CLIMATE RECORD PERIOD 1900 TO 2016


WEATHER ITEM   OBSERVED TIME   RECORD YEAR NORMAL DEPARTURE LAST
                VALUE   (LST)  VALUE       VALUE  FROM      YEAR
                                                  NORMAL
..................................................................
TEMPERATURE (F)
 YESTERDAY
  MAXIMUM         80    447 PM  90    1926  70     10       71
  MINIMUM         53    651 AM  32    1943  48      5       41
  AVERAGE         67                        59      8       56

PRECIPITATION (IN)
  YESTERDAY        0.28          0.97 1995   0.10   0.18     0.00
  MONTH TO DATE    0.99                      0.19   0.80     0.13
  SINCE MAR 1      6.44                      8.16  -1.72     7.87
  SINCE JAN 1     13.29                     15.12  -1.83    15.59

SNOWFALL (IN)
  YESTERDAY        0.0           0.0  2002   0.0    0.0
                                      2001
  MONTH TO DATE    0.0                       0.0    0.0
  SINCE NOV 1     19.8                       9.3   10.5
  SINCE JUL 1     19.8                       9.3   10.5
  SNOW DEPTH       0

DEGREE DAYS
 HEATING
  YESTERDAY        0                         7     -7        9
  MONTH TO DATE   11                        14     -3       26
  SINCE MAR 1    817                       989   -172     1010
  SINCE JUL 1   3488                      4294   -806     4223

 COOLING
  YESTERDAY        2                         1      1        0
  MONTH TO DATE    2                         2      0        0
  SINCE MAR 1     26                        19      7        7
  SINCE JAN 1     26                        19      7        7
..................................................................


WIND (MPH)
  HIGHEST WIND SPEED    21   HIGHEST WIND DIRECTION    SW (210)
  HIGHEST GUST SPEED    31   HIGHEST GUST DIRECTION    SW (210)
  AVERAGE WIND SPEED     8.0


SKY COVER
  POSSIBLE SUNSHINE  MM
  AVERAGE SKY COVER 0.7


WEATHER CONDITIONS
 THE FOLLOWING WEATHER WAS RECORDED YESTERDAY.
  THUNDERSTORM
  RAIN
  LIGHT RAIN
  FOG


RELATIVE HUMIDITY (PERCENT)
 HIGHEST   100          1200 AM
 LOWEST     67           300 PM
 AVERAGE    84

..........................................................


THE SALISBURY MD CLIMATE NORMALS FOR TODAY
                         NORMAL    RECORD    YEAR
 MAXIMUM TEMPERATURE (F)   70        88      1965
 MINIMUM TEMPERATURE (F)   48        33      2005
                                             1988


SUNRISE AND SUNSET
MAY  3 2016...........SUNRISE   602 AM EDT   SUNSET   756 PM EDT
MAY  4 2016...........SUNRISE   601 AM EDT   SUNSET   757 PM EDT


-  INDICATES NEGATIVE NUMBERS.
R  INDICATES RECORD WAS SET OR TIED.
MM INDICATES DATA IS MISSING.
T  INDICATES TRACE AMOUNT.




$$
