000
CDUS41 KAKQ 290845
CLISBY


CLIMATE REPORT
NATIONAL WEATHER SERVICE WAKEFIELD, VA
345 AM EST THU JAN 29 2015


...................................

...THE SALISBURY MD CLIMATE SUMMARY FOR JANUARY 28 2015...

CLIMATE NORMAL PERIOD 1981 TO 2010
CLIMATE RECORD PERIOD 1900 TO 2015


WEATHER ITEM   OBSERVED TIME   RECORD YEAR NORMAL DEPARTURE LAST
                VALUE   (LST)  VALUE       VALUE  FROM      YEAR
                                                  NORMAL
..................................................................
TEMPERATURE (F)
 YESTERDAY
  MAXIMUM         38    406 PM  71    1944  44     -6       27
  MINIMUM         25    750 AM  -6    1987  27     -2       14
  AVERAGE         32                        36     -4       21

PRECIPITATION (IN)
  YESTERDAY        0.00          4.50 1998   0.12  -0.12     0.07
  MONTH TO DATE    4.54                      3.24   1.30     2.07
  SINCE DEC 1      6.23                      6.95  -0.72     5.25
  SINCE JAN 1      4.54                      3.24   1.30     2.07

SNOWFALL (IN)
  YESTERDAY        0.0           6.0  1922   0.2   -0.2
  MONTH TO DATE    T                         2.8   -2.8
  SINCE NOV 1      T                         4.6   -4.6
  SINCE JUL 1      T                         4.6   -4.6
  SNOW DEPTH       0

DEGREE DAYS
 HEATING
  YESTERDAY       33                        29      4       44
  MONTH TO DATE  787                       833    -46      869
  SINCE DEC 1   1431                      1639   -208     1539
  SINCE JUL 1   2103                      2457   -354     2244

 COOLING
  YESTERDAY        0                         0      0        0
  MONTH TO DATE    0                         0      0        0
  SINCE DEC 1      0                         0      0        5
  SINCE JAN 1      0                         0      0        0
..................................................................


WIND (MPH)
  HIGHEST WIND SPEED    22   HIGHEST WIND DIRECTION    NW (320)
  HIGHEST GUST SPEED    29   HIGHEST GUST DIRECTION     N (340)
  AVERAGE WIND SPEED    12.6


SKY COVER
  POSSIBLE SUNSHINE  MM
  AVERAGE SKY COVER 0.0


WEATHER CONDITIONS
 THE FOLLOWING WEATHER WAS RECORDED YESTERDAY.
  NO SIGNIFICANT WEATHER WAS OBSERVED.


RELATIVE HUMIDITY (PERCENT)
 HIGHEST    58          1200 AM
 LOWEST     29           100 PM
 AVERAGE    44

..........................................................


THE SALISBURY MD CLIMATE NORMALS FOR TODAY
                         NORMAL    RECORD    YEAR
 MAXIMUM TEMPERATURE (F)   45        72      2013
 MINIMUM TEMPERATURE (F)   27        -6      1966


SUNRISE AND SUNSET
JANUARY 29 2015.......SUNRISE   710 AM EST   SUNSET   521 PM EST
JANUARY 30 2015.......SUNRISE   709 AM EST   SUNSET   522 PM EST


-  INDICATES NEGATIVE NUMBERS.
R  INDICATES RECORD WAS SET OR TIED.
MM INDICATES DATA IS MISSING.
T  INDICATES TRACE AMOUNT.




$$
