000
CDUS41 KAKQ 260536
CLISBY


CLIMATE REPORT
NATIONAL WEATHER SERVICE WAKEFIELD, VA
135 AM EDT TUE SEP 26 2017


...................................

...THE SALISBURY MD CLIMATE SUMMARY FOR SEPTEMBER 25 2017...

CLIMATE NORMAL PERIOD 1981 TO 2010
CLIMATE RECORD PERIOD 1900 TO 2017


WEATHER ITEM   OBSERVED TIME   RECORD YEAR NORMAL DEPARTURE LAST
                VALUE   (LST)  VALUE       VALUE  FROM      YEAR
                                                  NORMAL
..................................................................
TEMPERATURE (F)
 YESTERDAY
  MAXIMUM         85    215 PM  93    1933  75     10       74
                                      1930
  MINIMUM         61    343 AM  37    1963  54      7       52
  AVERAGE         73                        65      8       63

PRECIPITATION (IN)
  YESTERDAY        0.00          2.74 1992   0.14  -0.14     0.00
  MONTH TO DATE    1.94                      3.31  -1.37     3.38
  SINCE SEP 1      1.94                      3.31  -1.37     3.38
  SINCE JAN 1     44.00                     34.38   9.62    37.44

SNOWFALL (IN)
  YESTERDAY        0.0           0.0  2002   0.0    0.0
                                      2001
  MONTH TO DATE    0.0                       0.0    0.0
  SINCE NOV 1      9.6                       9.3    0.3
  SINCE JUL 1      0.0                       0.0    0.0
  SNOW DEPTH       0

DEGREE DAYS
 HEATING
  YESTERDAY        0                         3     -3        2
  MONTH TO DATE    5                        27    -22        2
  SINCE SEP 1      5                        27    -22        2
  SINCE JUL 1      5                        29    -24        2

 COOLING
  YESTERDAY        8                         3      5        0
  MONTH TO DATE  145                       132     13      212
  SINCE SEP 1    145                       132     13      212
  SINCE JAN 1   1312                      1115    197     1401
..................................................................


WIND (MPH)
  HIGHEST WIND SPEED    17   HIGHEST WIND DIRECTION     E (70)
  HIGHEST GUST SPEED    20   HIGHEST GUST DIRECTION    NE (60)
  AVERAGE WIND SPEED     6.9


SKY COVER
  POSSIBLE SUNSHINE  MM
  AVERAGE SKY COVER 0.2


WEATHER CONDITIONS
 THE FOLLOWING WEATHER WAS RECORDED YESTERDAY.
  FOG


RELATIVE HUMIDITY (PERCENT)
 HIGHEST   100          1200 AM
 LOWEST     55           100 PM
 AVERAGE    78

..........................................................


THE SALISBURY MD CLIMATE NORMALS FOR TODAY
                         NORMAL    RECORD    YEAR
 MAXIMUM TEMPERATURE (F)   75        95      1930
 MINIMUM TEMPERATURE (F)   54        38      1950


SUNRISE AND SUNSET
SEPTEMBER 26 2017.....SUNRISE   653 AM EDT   SUNSET   652 PM EDT
SEPTEMBER 27 2017.....SUNRISE   654 AM EDT   SUNSET   651 PM EDT


-  INDICATES NEGATIVE NUMBERS.
R  INDICATES RECORD WAS SET OR TIED.
MM INDICATES DATA IS MISSING.
T  INDICATES TRACE AMOUNT.




$$
