000
CDUS46 KSTO 170842
CLISCK


CLIMATE REPORT
NATIONAL WEATHER SERVICE SACRAMENTO, CA
1242 AM PST SUN DEC 17 2017


...................................

...THE STOCKTON AIRPORT CA CLIMATE SUMMARY FOR DECEMBER 16 2017...

CLIMATE NORMAL PERIOD 1981 TO 2010
CLIMATE RECORD PERIOD 1948 TO 2017


WEATHER ITEM   OBSERVED TIME   RECORD YEAR NORMAL DEPARTURE LAST
                VALUE   (LST)  VALUE       VALUE  FROM      YEAR
                                                  NORMAL
..................................................................
TEMPERATURE (F)
 YESTERDAY
  MAXIMUM         66    117 PM  70    1958  53     13       54
  MINIMUM         44    252 AM  25    1975  37      7       37
  AVERAGE         55

PRECIPITATION (IN)
  YESTERDAY        0.00          1.32 2002   0.07  -0.07     0.01
  MONTH TO DATE    T                         1.04  -1.04     1.41
  SINCE OCT 1      0.91                      3.55  -2.64     5.46
  SINCE JAN 1     16.54                     12.88   3.66    17.58

SNOWFALL (IN)
  YESTERDAY        0.0           0.0  2001
  MONTH TO DATE    0.0
  SINCE DEC 1      0.0
  SINCE JUL 1      0.0
  SNOW DEPTH       0

DEGREE DAYS
 HEATING
  YESTERDAY       10                        20    -10       19
  MONTH TO DATE  265                       298    -33      241
  SINCE DEC 1    265                       298    -33      241
  SINCE JUL 1    569                       755   -186      510

 COOLING
  YESTERDAY        0                         0      0        0
  MONTH TO DATE    0                         0      0        0
  SINCE DEC 1      0                         0      0        0
  SINCE JAN 1   1797                      1320    477     1445
..................................................................


WIND (MPH)
  RESULTANT WIND SPEED  21   RESULTANT WIND DIRECTION  NW (330)
  HIGHEST WIND SPEED    37   HIGHEST WIND DIRECTION    NW (330)
  HIGHEST GUST SPEED    44   HIGHEST GUST DIRECTION     N (340)


SKY COVER
  POSSIBLE SUNSHINE  MM
  AVERAGE SKY COVER 0.0


WEATHER CONDITIONS
 THE FOLLOWING WEATHER WAS RECORDED YESTERDAY.
  FOG
  HAZE


RELATIVE HUMIDITY (PERCENT)
 HIGHEST    89           300 AM
 LOWEST     20           400 PM
 AVERAGE    55

..........................................................


THE STOCKTON AIRPORT CA CLIMATE NORMALS FOR TODAY
                         NORMAL    RECORD    YEAR
 MAXIMUM TEMPERATURE (F)   53        71      1958
 MINIMUM TEMPERATURE (F)   37        24      1965


SUNRISE AND SUNSET
DECEMBER 17 2017......SUNRISE   715 AM PST   SUNSET   448 PM PST
DECEMBER 18 2017......SUNRISE   716 AM PST   SUNSET   448 PM PST


-  INDICATES NEGATIVE NUMBERS.
R  INDICATES RECORD WAS SET OR TIED.
MM INDICATES DATA IS MISSING.
T  INDICATES TRACE AMOUNT.




$$
