000
CDUS46 KSTO 300837
CLISCK


CLIMATE REPORT
NATIONAL WEATHER SERVICE SACRAMENTO, CA
137 AM PDT THU OCT 30 2014


...................................

...THE STOCKTON AIRPORT CA CLIMATE SUMMARY FOR OCTOBER 29 2014...

CLIMATE NORMAL PERIOD 1981 TO 2010
CLIMATE RECORD PERIOD 1948 TO 2014


WEATHER ITEM   OBSERVED TIME   RECORD YEAR NORMAL DEPARTURE LAST
                VALUE   (LST)  VALUE       VALUE  FROM      YEAR
                                                  NORMAL
..................................................................
TEMPERATURE (F)
 YESTERDAY
  MAXIMUM         82    359 PM  83    1958  72     10       66
  MINIMUM         47    401 AM  36    1971  46      1       46
  AVERAGE         65

PRECIPITATION (IN)
  YESTERDAY        0.00          0.77 1996   0.04  -0.04     0.00
  MONTH TO DATE    0.05                      0.72  -0.67     0.00
  SINCE JUL 1      0.65                      1.02  -0.37     0.28
  SINCE JAN 1      6.45                     10.05  -3.60     3.16

SNOWFALL (IN)
  YESTERDAY        0.0           0.0  2002
                                      2001
  MONTH TO DATE    0.0
  SINCE SEP 1      0.0
  SINCE JUL 1      0.0
  SNOW DEPTH       0

DEGREE DAYS
 HEATING
  YESTERDAY        0                         6     -6        9
  MONTH TO DATE   18                        79    -61       65
  SINCE SEP 1     18                        85    -67       71
  SINCE JUL 1     18                        85    -67       71

 COOLING
  YESTERDAY        0                         0      0        0
  MONTH TO DATE  121                        52     69        2
  SINCE SEP 1    410                       274    136      206
  SINCE JAN 1   1656                      1318    338     1375
..................................................................


WIND (MPH)
  RESULTANT WIND SPEED   0   RESULTANT WIND DIRECTION   N (350)
  HIGHEST WIND SPEED     8   HIGHEST WIND DIRECTION    NW (310)
  HIGHEST GUST SPEED    12   HIGHEST GUST DIRECTION    NW (320)


SKY COVER
  POSSIBLE SUNSHINE  MM
  AVERAGE SKY COVER 0.0


WEATHER CONDITIONS
 THE FOLLOWING WEATHER WAS RECORDED YESTERDAY.
  NO SIGNIFICANT WEATHER WAS OBSERVED.


RELATIVE HUMIDITY (PERCENT)
 HIGHEST    74           600 AM
 LOWEST     26           300 PM
 AVERAGE    50

..........................................................


THE STOCKTON AIRPORT CA CLIMATE NORMALS FOR TODAY
                         NORMAL    RECORD    YEAR
 MAXIMUM TEMPERATURE (F)   72        85      1993
 MINIMUM TEMPERATURE (F)   46        34      1971


SUNRISE AND SUNSET
OCTOBER 30 2014.......SUNRISE   729 AM PDT   SUNSET   608 PM PDT
OCTOBER 31 2014.......SUNRISE   730 AM PDT   SUNSET   607 PM PDT


-  INDICATES NEGATIVE NUMBERS.
R  INDICATES RECORD WAS SET OR TIED.
MM INDICATES DATA IS MISSING.
T  INDICATES TRACE AMOUNT.




$$
