000
CDUS46 KSTO 280035
CLISCK


CLIMATE REPORT
NATIONAL WEATHER SERVICE SACRAMENTO, CA
435 PM PST SAT DEC 27 2014


...................................

...THE STOCKTON AIRPORT CA CLIMATE SUMMARY FOR DECEMBER 27 2014...
VALID TODAY AS OF 0400 PM LOCAL TIME.

CLIMATE NORMAL PERIOD 1981 TO 2010
CLIMATE RECORD PERIOD 1948 TO 2014


WEATHER ITEM   OBSERVED TIME   RECORD YEAR NORMAL DEPARTURE LAST
                VALUE   (LST)  VALUE       VALUE  FROM      YEAR
                                                  NORMAL
..................................................................
TEMPERATURE (F)
 TODAY
  MAXIMUM         55    342 PM  68    1953  52      3       58
  MINIMUM         32    558 AM  22    1956  37     -5       29
  AVERAGE         44

PRECIPITATION (IN)
  TODAY            0.00          0.69 1973   0.08  -0.08     0.00
  MONTH TO DATE    6.09                      1.91   4.18     0.34
  SINCE JUL 1      8.44                      4.72   3.72     1.71
  SINCE JAN 1     14.24                     13.75   0.49     4.59

SNOWFALL (IN)
  TODAY            0.0           0.0  2001
  MONTH TO DATE    0.0
  SINCE DEC 1      0.0
  SINCE JUL 1      0.0

DEGREE DAYS
 HEATING
  TODAY           21                        21      0       21
  MONTH TO DATE  289                       519   -230      561
  SINCE DEC 1    289                       519   -230      561
  SINCE JUL 1    575                       976   -401      960

 COOLING
  TODAY            0                         0      0        0
  MONTH TO DATE    0                         0      0        0
  SINCE DEC 1      0                         0      0        0
  SINCE JAN 1   1658                      1320    338     1375
..................................................................


WIND (MPH)
  RESULTANT WIND SPEED   4   RESULTANT WIND DIRECTION  SE (130)
  HIGHEST WIND SPEED     9   HIGHEST WIND DIRECTION    SE (140)
  HIGHEST GUST SPEED    13   HIGHEST GUST DIRECTION    SE (140)


SKY COVER
  POSSIBLE SUNSHINE  MM
  AVERAGE SKY COVER 0.0


WEATHER CONDITIONS
 THE FOLLOWING WEATHER WAS RECORDED TODAY.
  FOG


RELATIVE HUMIDITY (PERCENT)
 HIGHEST   100           800 AM
 LOWEST     54           200 PM
 AVERAGE    77

..........................................................


THE STOCKTON AIRPORT CA CLIMATE NORMALS FOR TOMORROW
                         NORMAL    RECORD    YEAR
 MAXIMUM TEMPERATURE (F)   52        65      1999
 MINIMUM TEMPERATURE (F)   37        25      1962
                                             1960


SUNRISE AND SUNSET
DECEMBER 27 2014......SUNRISE   720 AM PST   SUNSET   453 PM PST
DECEMBER 28 2014......SUNRISE   720 AM PST   SUNSET   454 PM PST


-  INDICATES NEGATIVE NUMBERS.
R  INDICATES RECORD WAS SET OR TIED.
MM INDICATES DATA IS MISSING.
T  INDICATES TRACE AMOUNT.




$$
