000
CDUS46 KSTO 300836
CLISCK


CLIMATE REPORT
NATIONAL WEATHER SERVICE SACRAMENTO, CA
136 AM PDT SAT APR 30 2016


...................................

...THE STOCKTON AIRPORT CA CLIMATE SUMMARY FOR APRIL 29 2016...

CLIMATE NORMAL PERIOD 1981 TO 2010
CLIMATE RECORD PERIOD 1948 TO 2016


WEATHER ITEM   OBSERVED TIME   RECORD YEAR NORMAL DEPARTURE LAST
                VALUE   (LST)  VALUE       VALUE  FROM      YEAR
                                                  NORMAL
..................................................................
TEMPERATURE (F)
 YESTERDAY
  MAXIMUM         79    214 PM  96    1981  77      2       84
  MINIMUM         49    552 AM  39    2010  48      1       53
                                      1967
  AVERAGE         64

PRECIPITATION (IN)
  YESTERDAY        0.00          0.26 1955   0.03  -0.03     0.00
  MONTH TO DATE    2.83                      0.96   1.87     1.13
  SINCE OCT 1     16.34                     13.13   3.21    10.60
  SINCE JAN 1     11.77                      8.40   3.37     2.76

SNOWFALL (IN)
  YESTERDAY        0.0          MM      MM
  MONTH TO DATE    0.0
  SINCE MAR 1      0.0
  SINCE JUL 1      0.0
  SNOW DEPTH       0

DEGREE DAYS
 HEATING
  YESTERDAY        1                         4     -3        0
  MONTH TO DATE   79                       185   -106      108
  SINCE MAR 1    311                       509   -198      232
  SINCE JUL 1   2029                      2571   -542     1671

 COOLING
  YESTERDAY        0                         1     -1        4
  MONTH TO DATE   23                        12     11       25
  SINCE MAR 1     23                        12     11       42
  SINCE JAN 1     23                        12     11       42
..................................................................


WIND (MPH)
  RESULTANT WIND SPEED   7   RESULTANT WIND DIRECTION   W (270)
  HIGHEST WIND SPEED    23   HIGHEST WIND DIRECTION     W (250)
  HIGHEST GUST SPEED    28   HIGHEST GUST DIRECTION     W (250)


SKY COVER
  POSSIBLE SUNSHINE  MM
  AVERAGE SKY COVER 0.0


WEATHER CONDITIONS
 THE FOLLOWING WEATHER WAS RECORDED YESTERDAY.
  NO SIGNIFICANT WEATHER WAS OBSERVED.


RELATIVE HUMIDITY (PERCENT)
 HIGHEST    93           400 AM
 LOWEST     31           200 PM
 AVERAGE    62

..........................................................


THE STOCKTON AIRPORT CA CLIMATE NORMALS FOR TODAY
                         NORMAL    RECORD    YEAR
 MAXIMUM TEMPERATURE (F)   77       100      1981
 MINIMUM TEMPERATURE (F)   49        37      1967


SUNRISE AND SUNSET
APRIL 30 2016.........SUNRISE   609 AM PDT   SUNSET   755 PM PDT
MAY  1 2016...........SUNRISE   608 AM PDT   SUNSET   756 PM PDT


-  INDICATES NEGATIVE NUMBERS.
R  INDICATES RECORD WAS SET OR TIED.
MM INDICATES DATA IS MISSING.
T  INDICATES TRACE AMOUNT.




$$
