000
CDUS46 KSTO 290835
CLISCK


CLIMATE REPORT
NATIONAL WEATHER SERVICE SACRAMENTO, CA
135 AM PDT THU SEP 29 2016


...................................

...THE STOCKTON AIRPORT CA CLIMATE SUMMARY FOR SEPTEMBER 28 2016...

CLIMATE NORMAL PERIOD 1981 TO 2010
CLIMATE RECORD PERIOD 1948 TO 2016


WEATHER ITEM   OBSERVED TIME   RECORD YEAR NORMAL DEPARTURE LAST
                VALUE   (LST)  VALUE       VALUE  FROM      YEAR
                                                  NORMAL
..................................................................
TEMPERATURE (F)
 YESTERDAY
  MAXIMUM         97    251 PM 102    2010  85     12       90
  MINIMUM         59    629 AM  45    1986  54      5       62
  AVERAGE         78

PRECIPITATION (IN)
  YESTERDAY        0.00          0.67 1989   0.02  -0.02     0.00
  MONTH TO DATE    T                         0.26  -0.26      T
  SINCE OCT 1     16.69                     14.03   2.66    10.72
  SINCE JAN 1     12.12                      9.30   2.82     2.88

SNOWFALL (IN)
  YESTERDAY        0.0           0.0  2002
                                      2001
  MONTH TO DATE    0.0
  SINCE SEP 1      0.0
  SINCE JUL 1      0.0
  SNOW DEPTH       0

DEGREE DAYS
 HEATING
  YESTERDAY        0                         0      0        0
  MONTH TO DATE    3                         0      3        0
  SINCE SEP 1      3                         0      3        0
  SINCE JUL 1      3                         0      3        0

 COOLING
  YESTERDAY       13                         5      8       11
  MONTH TO DATE  217                       213      4      295
  SINCE SEP 1    217                       213      4      295
  SINCE JAN 1   1415                      1257    158     1514
..................................................................


WIND (MPH)
  RESULTANT WIND SPEED   3   RESULTANT WIND DIRECTION   W (280)
  HIGHEST WIND SPEED    18   HIGHEST WIND DIRECTION     W (280)
  HIGHEST GUST SPEED    22   HIGHEST GUST DIRECTION     W (270)


SKY COVER
  POSSIBLE SUNSHINE  MM
  AVERAGE SKY COVER 0.0


WEATHER CONDITIONS
 THE FOLLOWING WEATHER WAS RECORDED YESTERDAY.
  NO SIGNIFICANT WEATHER WAS OBSERVED.


RELATIVE HUMIDITY (PERCENT)
 HIGHEST    69           600 AM
 LOWEST     14           200 PM
 AVERAGE    42

..........................................................


THE STOCKTON AIRPORT CA CLIMATE NORMALS FOR TODAY
                         NORMAL    RECORD    YEAR
 MAXIMUM TEMPERATURE (F)   85       102      2010
 MINIMUM TEMPERATURE (F)   54        45      1955


SUNRISE AND SUNSET
SEPTEMBER 29 2016.....SUNRISE   659 AM PDT   SUNSET   650 PM PDT
SEPTEMBER 30 2016.....SUNRISE   700 AM PDT   SUNSET   649 PM PDT


-  INDICATES NEGATIVE NUMBERS.
R  INDICATES RECORD WAS SET OR TIED.
MM INDICATES DATA IS MISSING.
T  INDICATES TRACE AMOUNT.




$$
