000
CDUS46 KSTO 260840
CLISCK


CLIMATE REPORT
NATIONAL WEATHER SERVICE SACRAMENTO, CA
140 AM PDT WED APR 26 2017


...................................

...THE STOCKTON AIRPORT CA CLIMATE SUMMARY FOR APRIL 25 2017...

CLIMATE NORMAL PERIOD 1981 TO 2010
CLIMATE RECORD PERIOD 1948 TO 2017


WEATHER ITEM   OBSERVED TIME   RECORD YEAR NORMAL DEPARTURE LAST
                VALUE   (LST)  VALUE       VALUE  FROM      YEAR
                                                  NORMAL
..................................................................
TEMPERATURE (F)
 YESTERDAY
  MAXIMUM         73    255 PM  92    2004  75     -2       72
  MINIMUM         49    302 AM  38    1983  48      1       47
                                      1971
                                      1964
  AVERAGE         61

PRECIPITATION (IN)
  YESTERDAY        0.00          1.18 1959   0.03  -0.03     0.00
  MONTH TO DATE    1.86                      0.86   1.00     2.27
  SINCE OCT 1     21.68                     13.03   8.65    15.78
  SINCE JAN 1     15.52                      8.30   7.22    11.21

SNOWFALL (IN)
  YESTERDAY        0.0          MM      MM
  MONTH TO DATE    0.0
  SINCE MAR 1      0.0
  SINCE JUL 1      0.0
  SNOW DEPTH       0

DEGREE DAYS
 HEATING
  YESTERDAY        4                         5     -1        5
  MONTH TO DATE  140                       169    -29       66
  SINCE MAR 1    367                       493   -126      298
  SINCE JUL 1   2076                      2555   -479     2016

 COOLING
  YESTERDAY        0                         1     -1        0
  MONTH TO DATE    0                         8     -8       22
  SINCE MAR 1      1                         8     -7       22
  SINCE JAN 1      1                         8     -7       22
..................................................................


WIND (MPH)
  RESULTANT WIND SPEED  12   RESULTANT WIND DIRECTION   W (280)
  HIGHEST WIND SPEED    22   HIGHEST WIND DIRECTION    NW (320)
  HIGHEST GUST SPEED    29   HIGHEST GUST DIRECTION    NW (320)


SKY COVER
  POSSIBLE SUNSHINE  MM
  AVERAGE SKY COVER 0.0


WEATHER CONDITIONS
 THE FOLLOWING WEATHER WAS RECORDED YESTERDAY.
  NO SIGNIFICANT WEATHER WAS OBSERVED.


RELATIVE HUMIDITY (PERCENT)
 HIGHEST    93           300 AM
 LOWEST     37           100 PM
 AVERAGE    65

..........................................................


THE STOCKTON AIRPORT CA CLIMATE NORMALS FOR TODAY
                         NORMAL    RECORD    YEAR
 MAXIMUM TEMPERATURE (F)   76        96      2004
 MINIMUM TEMPERATURE (F)   48        39      2003
                                             1984
                                             1955


SUNRISE AND SUNSET
APRIL 26 2017.........SUNRISE   615 AM PDT   SUNSET   751 PM PDT
APRIL 27 2017.........SUNRISE   613 AM PDT   SUNSET   752 PM PDT


-  INDICATES NEGATIVE NUMBERS.
R  INDICATES RECORD WAS SET OR TIED.
MM INDICATES DATA IS MISSING.
T  INDICATES TRACE AMOUNT.




$$
