000
CDUS46 KSTO 181444
CLISCK


CLIMATE REPORT
NATIONAL WEATHER SERVICE SACRAMENTO, CA
743 AM PDT FRI APR 18 2014


...................................

...THE STOCKTON AIRPORT CA CLIMATE SUMMARY FOR APRIL 17 2014...

CLIMATE NORMAL PERIOD 1981 TO 2010
CLIMATE RECORD PERIOD 1948 TO 2014


WEATHER ITEM   OBSERVED TIME   RECORD YEAR NORMAL DEPARTURE LAST
                VALUE   (LST)  VALUE       VALUE  FROM      YEAR
                                                  NORMAL
..................................................................
TEMPERATURE (F)
 YESTERDAY
  MAXIMUM         85    251 PM  90    1954  73     12       72
  MINIMUM         50    542 AM  32    1976  46      4       46
  AVERAGE         68

PRECIPITATION (IN)
  YESTERDAY        0.00          1.08 1957   0.03  -0.03     0.00
  MONTH TO DATE    0.40                      0.63  -0.23     0.41
  SINCE JUL 1      7.08                     13.10  -6.02     9.89
  SINCE JAN 1      5.37                      8.07  -2.70     2.77

SNOWFALL (IN)
  YESTERDAY        0.0          MM      MM
  MONTH TO DATE    0.0
  SINCE MAR 1      0.0
  SINCE JUL 1      0.0
  SNOW DEPTH       0

DEGREE DAYS
 HEATING
  YESTERDAY        0                         6     -6        6
  MONTH TO DATE   69                       127    -58       69
  SINCE MAR 1    268                       451   -183      290
  SINCE JUL 1   2101                      2513   -412     2293

 COOLING
  YESTERDAY        3                         0      3        0
  MONTH TO DATE   16                         0     16        2
  SINCE MAR 1     16                         0     16        2
  SINCE JAN 1     16                         0     16        2
..................................................................


WIND (MPH)
  RESULTANT WIND SPEED   4   RESULTANT WIND DIRECTION   W (260)
  HIGHEST WIND SPEED    24   HIGHEST WIND DIRECTION     W (270)
  HIGHEST GUST SPEED    30   HIGHEST GUST DIRECTION     W (270)


SKY COVER
  POSSIBLE SUNSHINE  MM
  AVERAGE SKY COVER 0.0


WEATHER CONDITIONS
 THE FOLLOWING WEATHER WAS RECORDED YESTERDAY.
  NO SIGNIFICANT WEATHER WAS OBSERVED.


RELATIVE HUMIDITY (PERCENT)
 HIGHEST    89           600 AM
 LOWEST     27           200 PM
 AVERAGE    58

..........................................................


THE STOCKTON AIRPORT CA CLIMATE NORMALS FOR TODAY
                         NORMAL    RECORD    YEAR
 MAXIMUM TEMPERATURE (F)   73        90      1954
 MINIMUM TEMPERATURE (F)   46        35      1975


SUNRISE AND SUNSET
APRIL 18 2014.........SUNRISE   625 AM PDT   SUNSET   744 PM PDT
APRIL 19 2014.........SUNRISE   624 AM PDT   SUNSET   745 PM PDT


-  INDICATES NEGATIVE NUMBERS.
R  INDICATES RECORD WAS SET OR TIED.
MM INDICATES DATA IS MISSING.
T  INDICATES TRACE AMOUNT.




$$
