024
CDUS46 KSTO 270840
CLISCK


CLIMATE REPORT
NATIONAL WEATHER SERVICE SACRAMENTO, CA
138 AM PDT WED JUL 27 2016


...................................

...THE STOCKTON AIRPORT CA CLIMATE SUMMARY FOR JULY 26 2016...

CLIMATE NORMAL PERIOD 1981 TO 2010
CLIMATE RECORD PERIOD 1948 TO 2016


WEATHER ITEM   OBSERVED TIME   RECORD YEAR NORMAL DEPARTURE LAST
                VALUE   (LST)  VALUE       VALUE  FROM      YEAR
                                                  NORMAL
..................................................................
TEMPERATURE (F)
 YESTERDAY
  MAXIMUM        105    519 PM 109    1975  94     11       92
  MINIMUM         59    430 AM  52    2002  60     -1       57
                                      1955
  AVERAGE         82

PRECIPITATION (IN)
  YESTERDAY        0.00          0.00 2015   0.00   0.00     0.00
                                      2014
                                      2013
  MONTH TO DATE    0.00                      0.00   0.00     0.01
  SINCE OCT 1     16.69                     13.76   2.93    10.71
  SINCE JAN 1     12.12                      9.03   3.09     2.87

SNOWFALL (IN)
  YESTERDAY        0.0          MM      MM
  MONTH TO DATE    0.0
  SINCE JUN 1      0.0
  SINCE JUL 1      0.0
  SNOW DEPTH       0

DEGREE DAYS
 HEATING
  YESTERDAY        0                         0      0        0
  MONTH TO DATE    0                         0      0        0
  SINCE JUN 1      2                         7     -5        0
  SINCE JUL 1      0                         0      0        0

 COOLING
  YESTERDAY       17                        12      5       10
  MONTH TO DATE  302                       304     -2      326
  SINCE JUN 1    622                       534     88      665
  SINCE JAN 1    768                       653    115      761
..................................................................


WIND (MPH)
  RESULTANT WIND SPEED   5   RESULTANT WIND DIRECTION  NW (320)
  HIGHEST WIND SPEED    16   HIGHEST WIND DIRECTION    NW (300)
  HIGHEST GUST SPEED    21   HIGHEST GUST DIRECTION    NW (300)


SKY COVER
  POSSIBLE SUNSHINE  MM
  AVERAGE SKY COVER 0.0


WEATHER CONDITIONS
 THE FOLLOWING WEATHER WAS RECORDED YESTERDAY.
  NO SIGNIFICANT WEATHER WAS OBSERVED.


RELATIVE HUMIDITY (PERCENT)
 HIGHEST    67           600 AM
 LOWEST     10           400 PM
 AVERAGE    39

..........................................................


THE STOCKTON AIRPORT CA CLIMATE NORMALS FOR TODAY
                         NORMAL    RECORD    YEAR
 MAXIMUM TEMPERATURE (F)   94       109      1980
 MINIMUM TEMPERATURE (F)   60        54      2012
                                             1999
                                             1951


SUNRISE AND SUNSET
JULY 27 2016..........SUNRISE   605 AM PDT   SUNSET   818 PM PDT
JULY 28 2016..........SUNRISE   605 AM PDT   SUNSET   817 PM PDT


-  INDICATES NEGATIVE NUMBERS.
R  INDICATES RECORD WAS SET OR TIED.
MM INDICATES DATA IS MISSING.
T  INDICATES TRACE AMOUNT.




$$
