000
CDUS46 KLOX 270857
CLISDB


CLIMATE REPORT
NATIONAL WEATHER SERVICE LOS ANGELES/OXNARD CA
1257 AM PST SAT DEC 27 2014


...................................

...THE SANDBERG CA CLIMATE SUMMARY FOR DECEMBER 26 2014...

CLIMATE NORMAL PERIOD 1981 TO 2010
CLIMATE RECORD PERIOD 1934 TO 2014


WEATHER ITEM   OBSERVED TIME   RECORD YEAR NORMAL DEPARTURE LAST
                VALUE   (LST)  VALUE       VALUE  FROM      YEAR
                                                  NORMAL
..................................................................
TEMPERATURE (F)
 YESTERDAY
  MAXIMUM         44    117 PM  63    1985  48     -4       59
  MINIMUM         30    340 AM  20    1962  36     -6       45
  AVERAGE         37                        42     -5       52

PRECIPITATION (IN)
  YESTERDAY        0.00          0.93 1977   0.09  -0.09     0.00
  MONTH TO DATE    4.30                      1.75   2.55     0.08
  SINCE JUL 1      5.07                      3.35   1.72     0.78
  SINCE JAN 1      8.65                     11.83  -3.18     3.69

DEGREE DAYS
 HEATING
  YESTERDAY       28                        23      5       13
  MONTH TO DATE  439                       586   -147      480
  SINCE DEC 1    439                       586   -147      480
  SINCE JUL 1    829                      1365   -536     1034

 COOLING
  YESTERDAY        0                         0      0        0
  MONTH TO DATE    0                         0      0        0
  SINCE DEC 1      0                         0      0        0
  SINCE JAN 1   1689                       998    691     1565
..................................................................


WIND (MPH)
  HIGHEST WIND SPEED    26   HIGHEST WIND DIRECTION     E (80)
  HIGHEST GUST SPEED    32   HIGHEST GUST DIRECTION     E (80)
  AVERAGE WIND SPEED    12.2


SKY COVER
  POSSIBLE SUNSHINE  MM
  AVERAGE SKY COVER 0.0


WEATHER CONDITIONS
 THE FOLLOWING WEATHER WAS RECORDED YESTERDAY.
  NO SIGNIFICANT WEATHER WAS OBSERVED.


RELATIVE HUMIDITY (PERCENT)
 HIGHEST    78          1200 AM
 LOWEST     27           100 PM
 AVERAGE    53

..........................................................


THE SANDBERG CA CLIMATE NORMALS FOR TODAY
                         NORMAL    RECORD    YEAR
 MAXIMUM TEMPERATURE (F)   48        67      2013
 MINIMUM TEMPERATURE (F)   36        19      1954


SUNRISE AND SUNSET
DECEMBER 27 2014......SUNRISE   701 AM PST   SUNSET   451 PM PST
DECEMBER 28 2014......SUNRISE   701 AM PST   SUNSET   452 PM PST


-  INDICATES NEGATIVE NUMBERS.
R  INDICATES RECORD WAS SET OR TIED.
MM INDICATES DATA IS MISSING.
T  INDICATES TRACE AMOUNT.




$$
