000
CDUS46 KLOX 280859
CLISDB


CLIMATE REPORT
NATIONAL WEATHER SERVICE LOS ANGELES/OXNARD CA
1259 AM PST SAT FEB 28 2015


...................................

...THE SANDBERG CA CLIMATE SUMMARY FOR FEBRUARY 27 2015...

CLIMATE NORMAL PERIOD 1981 TO 2010
CLIMATE RECORD PERIOD 1934 TO 2015


WEATHER ITEM   OBSERVED TIME   RECORD YEAR NORMAL DEPARTURE LAST
                VALUE   (LST)  VALUE       VALUE  FROM      YEAR
                                                  NORMAL
..................................................................
TEMPERATURE (F)
 YESTERDAY
  MAXIMUM         57   1217 PM  72    1972  51      6       56
  MINIMUM         42   1159 PM  13    1962  39      3       43
  AVERAGE         50                        45      5       50

PRECIPITATION (IN)
  YESTERDAY        0.00          6.32 1991   0.12  -0.12     0.18
  MONTH TO DATE    0.13                      3.12  -2.99     0.45
  SINCE OCT 1      6.53                      9.16  -2.63     1.15
  SINCE JAN 1      1.63                      5.53  -3.90     0.45

DEGREE DAYS
 HEATING
  YESTERDAY       15                        20     -5       15
  MONTH TO DATE  228                       575   -347      355
  SINCE DEC 1   1218                      1961   -743     1210
  SINCE JUL 1   1608                      2740  -1132     1764

 COOLING
  YESTERDAY        0                         0      0        0
  MONTH TO DATE    3                         0      3        7
  SINCE DEC 1      3                         0      3        7
  SINCE JAN 1      3                         0      3        7
..................................................................


WIND (MPH)
  HIGHEST WIND SPEED    17   HIGHEST WIND DIRECTION    NW (300)
  HIGHEST GUST SPEED    24   HIGHEST GUST DIRECTION    NW (310)
  AVERAGE WIND SPEED     7.4


SKY COVER
  POSSIBLE SUNSHINE  MM
  AVERAGE SKY COVER 0.4


WEATHER CONDITIONS
 THE FOLLOWING WEATHER WAS RECORDED YESTERDAY.
  FOG
  FOG W/VISIBILITY <= 1/4 MILE
  HAZE


RELATIVE HUMIDITY (PERCENT)
 HIGHEST    89           700 PM
 LOWEST     55          1200 PM
 AVERAGE    72

..........................................................


THE SANDBERG CA CLIMATE NORMALS FOR TODAY
                         NORMAL    RECORD    YEAR
 MAXIMUM TEMPERATURE (F)   51        69      1986
 MINIMUM TEMPERATURE (F)   39        20      1971


SUNRISE AND SUNSET
FEBRUARY 28 2015......SUNRISE   626 AM PST   SUNSET   550 PM PST
MARCH  1 2015.........SUNRISE   624 AM PST   SUNSET   551 PM PST


-  INDICATES NEGATIVE NUMBERS.
R  INDICATES RECORD WAS SET OR TIED.
MM INDICATES DATA IS MISSING.
T  INDICATES TRACE AMOUNT.




$$
