000
CDUS46 KLOX 100114
CLISDB


CLIMATE REPORT
NATIONAL WEATHER SERVICE LOS ANGELES/OXNARD CA
614 PM PDT WED JUL 9 2014


...................................

...THE SANDBERG CA CLIMATE SUMMARY FOR JULY 9 2014...
VALID TODAY AS OF 0600 PM LOCAL TIME.

CLIMATE NORMAL PERIOD 1981 TO 2010
CLIMATE RECORD PERIOD 1948 TO 2014


WEATHER ITEM   OBSERVED TIME   RECORD YEAR NORMAL DEPARTURE LAST
                VALUE   (LST)  VALUE       VALUE  FROM      YEAR
                                                  NORMAL
..................................................................
TEMPERATURE (F)
 TODAY
  MAXIMUM         91    131 PM 102    2002  84      7       97
  MINIMUM         67    423 AM  51    1974  63      4       75
  AVERAGE         79                        73      6       86

PRECIPITATION (IN)
  TODAY            0.00          0.01 1992   0.00   0.00     0.00
  MONTH TO DATE    0.00                      0.00   0.00     0.00
  SINCE JUL 1      0.00                      0.00   0.00     0.00
  SINCE JAN 1      3.58                      8.48  -4.90     2.91

DEGREE DAYS
 HEATING
  TODAY            0                         0      0        0
  MONTH TO DATE    0                         4     -4        0
  SINCE JUN 1      7                        88    -81       16
  SINCE JUL 1      0                         4     -4        0

 COOLING
  TODAY           14                         9      5       21
  MONTH TO DATE  148                        70     78      168
  SINCE JUN 1    388                       201    187      417
  SINCE JAN 1    538                       246    292      547
..................................................................


WIND (MPH)
  HIGHEST WIND SPEED    18   HIGHEST WIND DIRECTION     S (180)
  HIGHEST GUST SPEED    25   HIGHEST GUST DIRECTION    SE (150)
  AVERAGE WIND SPEED    10.7


SKY COVER
  POSSIBLE SUNSHINE  MM
  AVERAGE SKY COVER 0.0


WEATHER CONDITIONS
 THE FOLLOWING WEATHER WAS RECORDED TODAY.
  NO SIGNIFICANT WEATHER WAS OBSERVED.


RELATIVE HUMIDITY (PERCENT)
 HIGHEST    42           400 AM
 LOWEST     17          1000 AM
 AVERAGE    30

..........................................................


THE SANDBERG CA CLIMATE NORMALS FOR TOMORROW
                         NORMAL    RECORD    YEAR
 MAXIMUM TEMPERATURE (F)   84        98      1959
 MINIMUM TEMPERATURE (F)   63        49      1974


SUNRISE AND SUNSET
JULY  9 2014..........SUNRISE   549 AM PDT   SUNSET   811 PM PDT
JULY 10 2014..........SUNRISE   550 AM PDT   SUNSET   810 PM PDT


-  INDICATES NEGATIVE NUMBERS.
R  INDICATES RECORD WAS SET OR TIED.
MM INDICATES DATA IS MISSING.
T  INDICATES TRACE AMOUNT.




$$
