000
CDUS46 KLOX 020900
CLISDB


CLIMATE REPORT
NATIONAL WEATHER SERVICE LOS ANGELES/OXNARD CA
200 AM PDT THU JUL 2 2015


...................................

...THE SANDBERG CA CLIMATE SUMMARY FOR JULY 1 2015...

CLIMATE NORMAL PERIOD 1981 TO 2010
CLIMATE RECORD PERIOD 1934 TO 2015


WEATHER ITEM   OBSERVED TIME   RECORD YEAR NORMAL DEPARTURE LAST
                VALUE   (LST)  VALUE       VALUE  FROM      YEAR
                                                  NORMAL
..................................................................
TEMPERATURE (F)
 YESTERDAY
  MAXIMUM         90    340 PM 100    1950  82      8       92
  MINIMUM         64    455 AM  45    1956  61      3       71
  AVERAGE         77                        71      6       82

PRECIPITATION (IN)
  YESTERDAY        T             0.01 1935   0.00   0.00     0.00
  MONTH TO DATE    T                         0.00   0.00     0.00
  SINCE OCT 1      7.39                     12.11  -4.72     4.28
  SINCE JAN 1      2.49                      8.48  -5.99     3.58

DEGREE DAYS
 HEATING
  YESTERDAY        0                         1     -1        0
  MONTH TO DATE    0                         1     -1        0
  SINCE JUN 1     19                        85    -66        7
  SINCE JUL 1      0                         1     -1        0

 COOLING
  YESTERDAY       12                         7      5       17
  MONTH TO DATE   12                         7      5       17
  SINCE JUN 1    352                       138    214      257
  SINCE JAN 1    465                       183    282      407
..................................................................


WIND (MPH)
  HIGHEST WIND SPEED    23   HIGHEST WIND DIRECTION     E (80)
  HIGHEST GUST SPEED    30   HIGHEST GUST DIRECTION     E (110)
  AVERAGE WIND SPEED     9.6


SKY COVER
  POSSIBLE SUNSHINE  MM
  AVERAGE SKY COVER 0.1


WEATHER CONDITIONS
 THE FOLLOWING WEATHER WAS RECORDED YESTERDAY.
  LIGHT RAIN


RELATIVE HUMIDITY (PERCENT)
 HIGHEST    57           700 AM
 LOWEST     31          1100 AM
 AVERAGE    44

..........................................................


THE SANDBERG CA CLIMATE NORMALS FOR TODAY
                         NORMAL    RECORD    YEAR
 MAXIMUM TEMPERATURE (F)   82        98      2001
 MINIMUM TEMPERATURE (F)   61        43      1935


SUNRISE AND SUNSET
JULY  2 2015..........SUNRISE   546 AM PDT   SUNSET   812 PM PDT
JULY  3 2015..........SUNRISE   546 AM PDT   SUNSET   812 PM PDT


-  INDICATES NEGATIVE NUMBERS.
R  INDICATES RECORD WAS SET OR TIED.
MM INDICATES DATA IS MISSING.
T  INDICATES TRACE AMOUNT.




$$
