000
CDUS46 KLOX 200857
CLISDB


CLIMATE REPORT
NATIONAL WEATHER SERVICE LOS ANGELES/OXNARD CA
1257 AM PST MON NOV 20 2017


...................................

...THE SANDBERG CA CLIMATE SUMMARY FOR NOVEMBER 19 2017...

CLIMATE NORMAL PERIOD 1981 TO 2010
CLIMATE RECORD PERIOD 1934 TO 2017


WEATHER ITEM   OBSERVED TIME   RECORD YEAR NORMAL DEPARTURE LAST
                VALUE   (LST)  VALUE       VALUE  FROM      YEAR
                                                  NORMAL
..................................................................
TEMPERATURE (F)
 YESTERDAY
  MAXIMUM         63    151 PM  75    1995  54      9       67
  MINIMUM         45    705 AM  25    1994  41      4       44
  AVERAGE         54                        48      6       56

PRECIPITATION (IN)
  YESTERDAY        0.00          1.88 1967   0.02  -0.02     0.00
  MONTH TO DATE    0.04                      0.44  -0.40      T
  SINCE OCT 1      0.04                      1.04  -1.00     0.58
  SINCE JAN 1     10.09                      9.74   0.35     5.81

DEGREE DAYS
 HEATING
  YESTERDAY       11                        17     -6        9
  MONTH TO DATE  174                       266    -92       88
  SINCE SEP 1    309                       550   -241      240
  SINCE JUL 1    310                       567   -257      240

 COOLING
  YESTERDAY        0                         0      0        0
  MONTH TO DATE    0                         0      0       29
  SINCE SEP 1    325                       239     86      329
  SINCE JAN 1   1797                       996    801     1673
..................................................................


WIND (MPH)
  HIGHEST WIND SPEED    22   HIGHEST WIND DIRECTION    NE (60)
  HIGHEST GUST SPEED    31   HIGHEST GUST DIRECTION     E (70)
  AVERAGE WIND SPEED    13.3


SKY COVER
  POSSIBLE SUNSHINE  MM
  AVERAGE SKY COVER 0.0


WEATHER CONDITIONS
 THE FOLLOWING WEATHER WAS RECORDED YESTERDAY.
  NO SIGNIFICANT WEATHER WAS OBSERVED.


RELATIVE HUMIDITY (PERCENT)
 HIGHEST    22           500 AM
 LOWEST      9           900 PM
 AVERAGE    16

..........................................................


THE SANDBERG CA CLIMATE NORMALS FOR TODAY
                         NORMAL    RECORD    YEAR
 MAXIMUM TEMPERATURE (F)   54        73      1995
 MINIMUM TEMPERATURE (F)   41        24      1977


SUNRISE AND SUNSET
NOVEMBER 20 2017......SUNRISE   634 AM PST   SUNSET   447 PM PST
NOVEMBER 21 2017......SUNRISE   635 AM PST   SUNSET   447 PM PST


-  INDICATES NEGATIVE NUMBERS.
R  INDICATES RECORD WAS SET OR TIED.
MM INDICATES DATA IS MISSING.
T  INDICATES TRACE AMOUNT.




$$
