000
CDUS46 KLOX 250902
CLISDB


CLIMATE REPORT
NATIONAL WEATHER SERVICE LOS ANGELES/OXNARD CA
201 AM PDT THU AUG 25 2016


...................................

...THE SANDBERG CA CLIMATE SUMMARY FOR AUGUST 24 2016...

CLIMATE NORMAL PERIOD 1981 TO 2010
CLIMATE RECORD PERIOD 1934 TO 2016


WEATHER ITEM   OBSERVED TIME   RECORD YEAR NORMAL DEPARTURE LAST
                VALUE   (LST)  VALUE       VALUE  FROM      YEAR
                                                  NORMAL
..................................................................
TEMPERATURE (F)
 YESTERDAY
  MAXIMUM         87    147 PM  97    1985  84      3       96
  MINIMUM         68    526 AM  45    1973  63      5       70
  AVERAGE         78                        74      4       83

PRECIPITATION (IN)
  YESTERDAY        0.00          0.00   MM   0.00   0.00     0.00
  MONTH TO DATE    0.00                      0.02  -0.02     0.00
  SINCE OCT 1      6.93                     12.15  -5.22     8.65
  SINCE JAN 1      5.23                      8.52  -3.29     3.75

DEGREE DAYS
 HEATING
  YESTERDAY        0                         0      0        0
  MONTH TO DATE    0                         0      0        0
  SINCE JUN 1     21                        92    -71       29
  SINCE JUL 1      0                         8     -8       10

 COOLING
  YESTERDAY       13                         9      4       18
  MONTH TO DATE  359                       232    127      330
  SINCE JUN 1   1161                       650    511      916
  SINCE JAN 1   1242                       695    547     1029
..................................................................


WIND (MPH)
  HIGHEST WIND SPEED    31   HIGHEST WIND DIRECTION    NW (330)
  HIGHEST GUST SPEED    40   HIGHEST GUST DIRECTION     N (350)
  AVERAGE WIND SPEED    16.0


SKY COVER
  POSSIBLE SUNSHINE  MM
  AVERAGE SKY COVER 0.0


WEATHER CONDITIONS
 THE FOLLOWING WEATHER WAS RECORDED YESTERDAY.
  NO SIGNIFICANT WEATHER WAS OBSERVED.


RELATIVE HUMIDITY (PERCENT)
 HIGHEST    42           300 AM
 LOWEST     14           100 PM
 AVERAGE    28

..........................................................


THE SANDBERG CA CLIMATE NORMALS FOR TODAY
                         NORMAL    RECORD    YEAR
 MAXIMUM TEMPERATURE (F)   84        96      2010
 MINIMUM TEMPERATURE (F)   63        45      1972


SUNRISE AND SUNSET
AUGUST 25 2016........SUNRISE   623 AM PDT   SUNSET   730 PM PDT
AUGUST 26 2016........SUNRISE   624 AM PDT   SUNSET   729 PM PDT


-  INDICATES NEGATIVE NUMBERS.
R  INDICATES RECORD WAS SET OR TIED.
MM INDICATES DATA IS MISSING.
T  INDICATES TRACE AMOUNT.




$$
