000
CDUS43 KLMK 010629
CLISDF


CLIMATE REPORT
NATIONAL WEATHER SERVICE LOUISVILLE KY
128 AM EST SUN FEB 1 2015


...................................

...THE LOUISVILLE KY CLIMATE SUMMARY FOR JANUARY 31 2015...

CLIMATE NORMAL PERIOD 1981 TO 2010
CLIMATE RECORD PERIOD 1871 TO 2015


WEATHER ITEM   OBSERVED TIME   RECORD YEAR NORMAL DEPARTURE LAST
                VALUE   (LST)  VALUE       VALUE  FROM      YEAR
                                                  NORMAL
..................................................................
TEMPERATURE (F)
 YESTERDAY
  MAXIMUM         43    452 PM  67    1989  44     -1       45
  MINIMUM         21    724 AM  -7    1936  27     -6       32
  AVERAGE         32                        36     -4       39

PRECIPITATION (IN)
  YESTERDAY        0.00          1.90 1891   0.11  -0.11     0.00
  MONTH TO DATE    0.87                      3.24  -2.37     2.41
  SINCE DEC 1      4.44                      7.07  -2.63     7.84
  SINCE JAN 1      0.87                      3.24  -2.37     2.41

SNOWFALL (IN)
  YESTERDAY        0.0           2.8  1951   0.2   -0.2      0.0
  MONTH TO DATE    1.1                       3.7   -2.6      8.3
  SINCE DEC 1      1.1                       6.3   -5.2     13.6
  SINCE JUL 1      4.8                       6.5   -1.7     14.1
  SNOW DEPTH       0

DEGREE DAYS
 HEATING
  YESTERDAY       33                        29      4       26
  MONTH TO DATE  960                       927     33     1119
  SINCE DEC 1   1696                      1774    -78     1930
  SINCE JUL 1   2582                      2509     73     2760

 COOLING
  YESTERDAY        0                         0      0        0
  MONTH TO DATE    0                         0      0        0
  SINCE DEC 1      0                         1     -1        0
  SINCE JAN 1      0                         0      0        0
..................................................................


WIND (MPH)
  HIGHEST WIND SPEED    10   HIGHEST WIND DIRECTION     W (250)
  HIGHEST GUST SPEED    12   HIGHEST GUST DIRECTION     S (200)
  AVERAGE WIND SPEED     4.2


SKY COVER
  POSSIBLE SUNSHINE  MM
  AVERAGE SKY COVER 0.7


WEATHER CONDITIONS
 THE FOLLOWING WEATHER WAS RECORDED YESTERDAY.
  NO SIGNIFICANT WEATHER WAS OBSERVED.


RELATIVE HUMIDITY (PERCENT)
 HIGHEST    77           800 AM
 LOWEST     39           200 PM
 AVERAGE    58

..........................................................


THE LOUISVILLE KY CLIMATE NORMALS FOR TODAY
                         NORMAL    RECORD    YEAR
 MAXIMUM TEMPERATURE (F)   44        71      1911
 MINIMUM TEMPERATURE (F)   27        -2      1951


SUNRISE AND SUNSET
FEBRUARY  1 2015......SUNRISE   748 AM EST   SUNSET   605 PM EST
FEBRUARY  2 2015......SUNRISE   747 AM EST   SUNSET   607 PM EST


-  INDICATES NEGATIVE NUMBERS.
R  INDICATES RECORD WAS SET OR TIED.
MM INDICATES DATA IS MISSING.
T  INDICATES TRACE AMOUNT.




$$
