000
CDUS43 KLMK 260631
CLISDF


CLIMATE REPORT
NATIONAL WEATHER SERVICE LOUISVILLE KY
229 AM EDT SUN MAR 26 2017


...................................

...THE LOUISVILLE KY CLIMATE SUMMARY FOR MARCH 25 2017...

CLIMATE NORMAL PERIOD 1981 TO 2010
CLIMATE RECORD PERIOD 1871 TO 2017


WEATHER ITEM   OBSERVED TIME   RECORD YEAR NORMAL DEPARTURE LAST
                VALUE   (LST)  VALUE       VALUE  FROM      YEAR
                                                  NORMAL
..................................................................
TEMPERATURE (F)
 YESTERDAY
  MAXIMUM         80    125 PM  88    1929  61     19       49
  MINIMUM         57    625 AM  18    1974  41     16       39
                                      1940
  AVERAGE         69                        51     18       44

PRECIPITATION (IN)
  YESTERDAY        0.01          4.95 1913   0.14  -0.13      T
  MONTH TO DATE    2.55                      3.32  -0.77     3.46
  SINCE MAR 1      2.55                      3.32  -0.77     3.46
  SINCE JAN 1      8.82                      9.74  -0.92     9.28

SNOWFALL (IN)
  YESTERDAY        0.0           1.0  1947   0.1   -0.1      0.0
  MONTH TO DATE    T                         1.3   -1.3      0.5
  SINCE MAR 1      T                         1.3   -1.3      0.5
  SINCE JUL 1      2.7                      12.3   -9.6     14.9
  SNOW DEPTH       0

DEGREE DAYS
 HEATING
  YESTERDAY        0                        14    -14       21
  MONTH TO DATE  438                       458    -20      292
  SINCE MAR 1    438                       458    -20      292
  SINCE JUL 1   2903                      3699   -796     2914

 COOLING
  YESTERDAY        4                         0      4        0
  MONTH TO DATE    8                         0      8        6
  SINCE MAR 1      8                         0      8        6
  SINCE JAN 1     13                         0     13        6
..................................................................


WIND (MPH)
  HIGHEST WIND SPEED    28   HIGHEST WIND DIRECTION     S (170)
  HIGHEST GUST SPEED    38   HIGHEST GUST DIRECTION     S (170)
  AVERAGE WIND SPEED    13.7


SKY COVER
  POSSIBLE SUNSHINE  MM
  AVERAGE SKY COVER 0.8


WEATHER CONDITIONS
 THE FOLLOWING WEATHER WAS RECORDED YESTERDAY.
  LIGHT RAIN


RELATIVE HUMIDITY (PERCENT)
 HIGHEST    67           700 AM
 LOWEST     32           300 PM
 AVERAGE    50

..........................................................


THE LOUISVILLE KY CLIMATE NORMALS FOR TODAY
                         NORMAL    RECORD    YEAR
 MAXIMUM TEMPERATURE (F)   62        84      2007
                                             1907
 MINIMUM TEMPERATURE (F)   41        12      1955


SUNRISE AND SUNSET
MARCH 26 2017.........SUNRISE   737 AM EDT   SUNSET   801 PM EDT
MARCH 27 2017.........SUNRISE   735 AM EDT   SUNSET   802 PM EDT


-  INDICATES NEGATIVE NUMBERS.
R  INDICATES RECORD WAS SET OR TIED.
MM INDICATES DATA IS MISSING.
T  INDICATES TRACE AMOUNT.




$$
