000
CDUS43 KLMK 240636
CLISDF


CLIMATE REPORT
NATIONAL WEATHER SERVICE LOUISVILLE KY
136 AM EST TUE JAN 24 2017


...................................

...THE LOUISVILLE KY CLIMATE SUMMARY FOR JANUARY 23 2017...

CLIMATE NORMAL PERIOD 1981 TO 2010
CLIMATE RECORD PERIOD 1871 TO 2017


WEATHER ITEM   OBSERVED TIME   RECORD YEAR NORMAL DEPARTURE LAST
                VALUE   (LST)  VALUE       VALUE  FROM      YEAR
                                                  NORMAL
..................................................................
TEMPERATURE (F)
 YESTERDAY
  MAXIMUM         58    125 AM  71    1967  43     15       32
  MINIMUM         42   1159 PM -13    1963  27     15       19
  AVERAGE         50                        35     15       26

PRECIPITATION (IN)
  YESTERDAY        T             2.05 1876   0.10  -0.10      T
  MONTH TO DATE    4.20                      2.39   1.81     0.97
  SINCE DEC 1      9.50                      6.22   3.28     7.55
  SINCE JAN 1      4.20                      2.39   1.81     0.97

SNOWFALL (IN)
  YESTERDAY        0.0           4.6  1963   0.2   -0.2       T
  MONTH TO DATE    2.3                       2.6   -0.3      8.2
  SINCE DEC 1      2.4                       5.2   -2.8      8.2
  SINCE JUL 1      2.4                       5.4   -3.0      8.2
  SNOW DEPTH       0

DEGREE DAYS
 HEATING
  YESTERDAY       15                        30    -15       39
  MONTH TO DATE  524                       690   -166      750
  SINCE DEC 1   1355                      1531   -176     1208
  SINCE JUL 1   1822                      2266   -444     1732

 COOLING
  YESTERDAY        0                         0      0        0
  MONTH TO DATE    0                         0      0        0
  SINCE DEC 1      1                         1      0        3
  SINCE JAN 1      0                         0      0        0
..................................................................


WIND (MPH)
  HIGHEST WIND SPEED    26   HIGHEST WIND DIRECTION     N (340)
  HIGHEST GUST SPEED    32   HIGHEST GUST DIRECTION    NW (330)
  AVERAGE WIND SPEED    15.6


SKY COVER
  POSSIBLE SUNSHINE  MM
  AVERAGE SKY COVER 0.9


WEATHER CONDITIONS
 THE FOLLOWING WEATHER WAS RECORDED YESTERDAY.
  LIGHT RAIN
  FOG
  HAZE


RELATIVE HUMIDITY (PERCENT)
 HIGHEST    83           900 AM
 LOWEST     72           200 AM
 AVERAGE    78

..........................................................


THE LOUISVILLE KY CLIMATE NORMALS FOR TODAY
                         NORMAL    RECORD    YEAR
 MAXIMUM TEMPERATURE (F)   43        77      1943
 MINIMUM TEMPERATURE (F)   27       -20      1963


SUNRISE AND SUNSET
JANUARY 24 2017.......SUNRISE   754 AM EST   SUNSET   557 PM EST
JANUARY 25 2017.......SUNRISE   753 AM EST   SUNSET   558 PM EST


-  INDICATES NEGATIVE NUMBERS.
R  INDICATES RECORD WAS SET OR TIED.
MM INDICATES DATA IS MISSING.
T  INDICATES TRACE AMOUNT.




$$
