648
CDUS46 KSEW 060118
CLISEA


CLIMATE REPORT
NATIONAL WEATHER SERVICE SEATTLE WA
518 PM PST FRI FEB 5 2016


...................................

...THE SEATTLE-TACOMA WA AIRPORT CLIMATE SUMMARY FOR FEBRUARY 5 2016...
VALID TODAY AS OF 0500 PM LOCAL TIME.

CLIMATE NORMAL PERIOD 1981 TO 2010
CLIMATE RECORD PERIOD 1945 TO 2016


WEATHER ITEM   OBSERVED TIME   RECORD YEAR NORMAL DEPARTURE LAST
                VALUE   (LST)  VALUE       VALUE  FROM      YEAR
                                                  NORMAL
..................................................................
TEMPERATURE (F)
 TODAY
  MAXIMUM         52    440 PM  62    1987  49      3       56
  MINIMUM         39    653 AM  14    1989  37      2       47
  AVERAGE         46                        43      3       52

PRECIPITATION (IN)
  TODAY            0.03          1.03 2015   0.14  -0.11     1.03
  MONTH TO DATE    0.91                      0.67   0.24     1.76
  SINCE OCT 1     32.75                     21.64  11.11    21.80
  SINCE JAN 1      8.36                      6.24   2.12     5.42

SNOWFALL (IN)
  TODAY            0.0           1.7  1949                   0.0
  MONTH TO DATE    0.0                                       0.0
  SINCE OCT 1      T                                         0.8
  SINCE JUL 1      T                                         0.8
  SNOW DEPTH       0

DEGREE DAYS
 HEATING
  TODAY           19                        22     -3       13
  MONTH TO DATE  105                       110     -5       89
  SINCE DEC 1   1436                      1576   -140     1304
  SINCE JUL 1   2447                      2759   -312     2144

 COOLING
  TODAY            0                         0      0        0
  MONTH TO DATE    0                         0      0        0
  SINCE DEC 1      0                         0      0        0
  SINCE JAN 1      0                         0      0        0
..................................................................


WIND (MPH)
  RESULTANT WIND SPEED   3   RESULTANT WIND DIRECTION   S (160)
  HIGHEST WIND SPEED    12   HIGHEST WIND DIRECTION    SW (210)
  HIGHEST GUST SPEED    15   HIGHEST GUST DIRECTION    SW (210)
  AVERAGE WIND SPEED     3.8


SKY COVER
  AVERAGE SKY COVER 0.7


WEATHER CONDITIONS
 THE FOLLOWING WEATHER WAS RECORDED TODAY.
  LIGHT RAIN


RELATIVE HUMIDITY (PERCENT)
 HIGHEST    93           800 AM
 LOWEST     71           200 PM
 AVERAGE    82

..........................................................


THE SEATTLE-TACOMA WA AIRPORT CLIMATE NORMALS FOR TOMORROW
                         NORMAL    RECORD    YEAR
 MAXIMUM TEMPERATURE (F)   49        64      1993
 MINIMUM TEMPERATURE (F)   37        18      1989


SUNRISE AND SUNSET
FEBRUARY  5 2016......SUNRISE   730 AM PST   SUNSET   517 PM PST
FEBRUARY  6 2016......SUNRISE   729 AM PST   SUNSET   518 PM PST


-  INDICATES NEGATIVE NUMBERS.
R  INDICATES RECORD WAS SET OR TIED.
MM INDICATES DATA IS MISSING.
T  INDICATES TRACE AMOUNT.




$$
