000
CDUS46 KMTR 240028
CLISFD


CLIMATE REPORT
NATIONAL WEATHER SERVICE SAN FRANCISCO BAY AREA
527 PM PDT FRI JUN 23 2017


...................................

...THE SAN FRANCISCO DWTN CA CLIMATE SUMMARY FOR JUNE 23 2017...
VALID TODAY AS OF 0500 PM LOCAL TIME.

CLIMATE NORMAL PERIOD 1981 TO 2010
CLIMATE RECORD PERIOD 1850 TO 2017


WEATHER ITEM   OBSERVED TIME   RECORD YEAR NORMAL DEPARTURE LAST
                VALUE   (LST)  VALUE       VALUE  FROM      YEAR
                                                  NORMAL
..................................................................
TEMPERATURE (F)
 TODAY
  MAXIMUM         66    143 PM  91    1925  67     -1       67
  MINIMUM         55    543 AM  48    1901  53      2       52
  AVERAGE         61                        60      1       60

PRECIPITATION (IN)
  TODAY            0.00          0.47 1912   0.00   0.00     0.00
  MONTH TO DATE    0.10                      0.15  -0.05     0.00
  SINCE OCT 1     32.33                     23.37   8.96    23.06
  SINCE JAN 1     23.30                     14.53   8.77    16.45

DEGREE DAYS
 HEATING
  TODAY            4                        MM     MM        5
  MONTH TO DATE  101                        MM     MM      100
  SINCE JUN 1    101                        MM     MM      100
  SINCE JUL 1   2614                        MM     MM     2035

 COOLING
  TODAY            0                        MM     MM        0
  MONTH TO DATE   15                         0     15        5
  SINCE JUN 1     15                         0     15        5
  SINCE JAN 1     23                         0     23       31
..................................................................







THE SAN FRANCISCO DWTN CA CLIMATE NORMALS FOR TOMORROW
                         NORMAL    RECORD    YEAR
 MAXIMUM TEMPERATURE (F)   67        99      1993
 MINIMUM TEMPERATURE (F)   53        47      1908


SUNRISE AND SUNSET
JUNE 23 2017..........SUNRISE   549 AM PDT   SUNSET   835 PM PDT
JUNE 24 2017..........SUNRISE   549 AM PDT   SUNSET   835 PM PDT


-  INDICATES NEGATIVE NUMBERS.
R  INDICATES RECORD WAS SET OR TIED.
MM INDICATES DATA IS MISSING.
T  INDICATES TRACE AMOUNT.




$$
