000
CDUS46 KMTR 210826
CLISFD


CLIMATE REPORT
NATIONAL WEATHER SERVICE SAN FRANCISCO BAY AREA
126 AM PDT THU AUG 21 2014


...................................

...THE SAN FRANCISCO DWTN CA CLIMATE SUMMARY FOR AUGUST 20 2014...

CLIMATE NORMAL PERIOD 1981 TO 2010
CLIMATE RECORD PERIOD 1850 TO 2014


WEATHER ITEM   OBSERVED TIME   RECORD YEAR NORMAL DEPARTURE LAST
                VALUE   (LST)  VALUE       VALUE  FROM      YEAR
                                                  NORMAL
..................................................................
TEMPERATURE (F)
 YESTERDAY
  MAXIMUM         67    443 PM  84    1916  69     -2       69
  MINIMUM         60   1143 PM  49    1898  55      5       57
  AVERAGE         64                        62      2       63

PRECIPITATION (IN)
  YESTERDAY        0.00          0.19 1997   0.00   0.00     0.00
  MONTH TO DATE    0.01                      0.03  -0.02     0.04
  SINCE JUL 1      0.09                      0.03   0.06     0.04
  SINCE JAN 1     10.55                     14.57  -4.02     3.55

DEGREE DAYS
 HEATING
  YESTERDAY        1                        MM     MM        2
  MONTH TO DATE   50                        MM     MM       83
  SINCE JUN 1    275                        MM     MM      382
  SINCE JUL 1    124                        MM     MM      243

 COOLING
  YESTERDAY        0                        MM     MM        0
  MONTH TO DATE    0                         0      0        0
  SINCE JUN 1     17                         0     17       12
  SINCE JAN 1     66                         0     66       25
..................................................................







THE SAN FRANCISCO DWTN CA CLIMATE NORMALS FOR TODAY
                         NORMAL    RECORD    YEAR
 MAXIMUM TEMPERATURE (F)   69        88      1891
 MINIMUM TEMPERATURE (F)   55        47      1898


SUNRISE AND SUNSET
AUGUST 21 2014........SUNRISE   631 AM PDT   SUNSET   754 PM PDT
AUGUST 22 2014........SUNRISE   631 AM PDT   SUNSET   753 PM PDT


-  INDICATES NEGATIVE NUMBERS.
R  INDICATES RECORD WAS SET OR TIED.
MM INDICATES DATA IS MISSING.
T  INDICATES TRACE AMOUNT.




$$
