000
CDUS46 KMTR 300026
CLISFD


CLIMATE REPORT
NATIONAL WEATHER SERVICE SAN FRANCISCO BAY AREA
526 PM PDT FRI APR 29 2016


...................................

...THE SAN FRANCISCO DWTN CA CLIMATE SUMMARY FOR APRIL 29 2016...
VALID TODAY AS OF 0500 PM LOCAL TIME.

CLIMATE NORMAL PERIOD 1981 TO 2010
CLIMATE RECORD PERIOD 1850 TO 2016


WEATHER ITEM   OBSERVED TIME   RECORD YEAR NORMAL DEPARTURE LAST
                VALUE   (LST)  VALUE       VALUE  FROM      YEAR
                                                  NORMAL
..................................................................
TEMPERATURE (F)
 TODAY
  MAXIMUM         62    243 PM  90    1996  64     -2       64
  MINIMUM         50    543 AM  44    2002  50      0       50
  AVERAGE         56                        57     -1       57

PRECIPITATION (IN)
  TODAY            0.00          0.72 1901   0.04  -0.04     0.00
  MONTH TO DATE    1.46                      1.43   0.03     1.30
  SINCE OCT 1     22.91                     22.49   0.42    17.34
  SINCE JAN 1     16.30                     13.65   2.65     2.89

DEGREE DAYS
 HEATING
  TODAY            9                        MM     MM        8
  MONTH TO DATE  176                        MM     MM      239
  SINCE MAR 1    423                        MM     MM      397
  SINCE JUL 1   1748                        MM     MM     1471

 COOLING
  TODAY            0                        MM     MM        0
  MONTH TO DATE   19                         0     19        2
  SINCE MAR 1     19                         0     19       10
  SINCE JAN 1     22                         0     22       10
..................................................................







THE SAN FRANCISCO DWTN CA CLIMATE NORMALS FOR TOMORROW
                         NORMAL    RECORD    YEAR
 MAXIMUM TEMPERATURE (F)   64        93      1996
 MINIMUM TEMPERATURE (F)   50        45      1887


SUNRISE AND SUNSET
APRIL 29 2016.........SUNRISE   616 AM PDT   SUNSET   759 PM PDT
APRIL 30 2016.........SUNRISE   614 AM PDT   SUNSET   800 PM PDT


-  INDICATES NEGATIVE NUMBERS.
R  INDICATES RECORD WAS SET OR TIED.
MM INDICATES DATA IS MISSING.
T  INDICATES TRACE AMOUNT.




$$
