000
CDUS46 KMTR 070845
CLISFD


CLIMATE REPORT
NATIONAL WEATHER SERVICE SAN FRANCISCO BAY AREA
145 AM PDT TUE JUL 7 2015


...................................

...THE SAN FRANCISCO DWTN CA CLIMATE SUMMARY FOR JULY 6 2015...

CLIMATE NORMAL PERIOD 1981 TO 2010
CLIMATE RECORD PERIOD 1850 TO 2015


WEATHER ITEM   OBSERVED TIME   RECORD YEAR NORMAL DEPARTURE LAST
                VALUE   (LST)  VALUE       VALUE  FROM      YEAR
                                                  NORMAL
..................................................................
TEMPERATURE (F)
 YESTERDAY
  MAXIMUM         MM        MM  94    1921  67     MM       66
  MINIMUM         MM        MM  47    1953  54     MM       53
  AVERAGE         MM                        60     MM       60

PRECIPITATION (IN)
  YESTERDAY       MM             0.01 2005   0.00  MM        0.00
  MONTH TO DATE    0.01                      0.00   0.01     0.00
  SINCE OCT 1     17.56                     23.38  -5.82    12.11
  SINCE JAN 1      3.11                     14.54 -11.43    10.46

DEGREE DAYS
 HEATING
  YESTERDAY       MM                        MM     MM        5
  MONTH TO DATE   12                        MM     MM       32
  SINCE JUN 1    148                        MM     MM      183
  SINCE JUL 1     12                        MM     MM       32

 COOLING
  YESTERDAY       MM                        MM     MM        0
  MONTH TO DATE    0                         0      0        0
  SINCE JUN 1      2                         0      2        1
  SINCE JAN 1     16                         0     16       50
..................................................................







THE SAN FRANCISCO DWTN CA CLIMATE NORMALS FOR TODAY
                         NORMAL    RECORD    YEAR
 MAXIMUM TEMPERATURE (F)   67        98      1905
 MINIMUM TEMPERATURE (F)   54        48      1910


SUNRISE AND SUNSET
JULY  7 2015..........SUNRISE   555 AM PDT   SUNSET   834 PM PDT
JULY  8 2015..........SUNRISE   555 AM PDT   SUNSET   834 PM PDT


-  INDICATES NEGATIVE NUMBERS.
R  INDICATES RECORD WAS SET OR TIED.
MM INDICATES DATA IS MISSING.
T  INDICATES TRACE AMOUNT.




$$
