000
CDUS46 KMTR 300835
CLISFD


CLIMATE REPORT
NATIONAL WEATHER SERVICE SAN FRANCISCO BAY AREA
1235 AM PST FRI JAN 30 2015


...................................

...THE SAN FRANCISCO DWTN CA CLIMATE SUMMARY FOR JANUARY 29 2015...

CLIMATE NORMAL PERIOD 1981 TO 2010
CLIMATE RECORD PERIOD 1850 TO 2015


WEATHER ITEM   OBSERVED TIME   RECORD YEAR NORMAL DEPARTURE LAST
                VALUE   (LST)  VALUE       VALUE  FROM      YEAR
                                                  NORMAL
..................................................................
TEMPERATURE (F)
 YESTERDAY
  MAXIMUM         66    243 PM  71    1899  58      8       61
  MINIMUM         51    743 AM  36    1922  46      5       54
  AVERAGE         59                        52      7       58

PRECIPITATION (IN)
  YESTERDAY        0.00          4.67 1881   0.14  -0.14     0.00
  MONTH TO DATE    0.00                      4.19  -4.19     0.03
  SINCE JUL 1     15.09                     13.30   1.79     2.11
  SINCE JAN 1      0.00                      4.19  -4.19     0.03

DEGREE DAYS
 HEATING
  YESTERDAY        6                        MM     MM        7
  MONTH TO DATE  281                        MM     MM      234
  SINCE DEC 1    545                        MM     MM      636
  SINCE JUL 1    914                        MM     MM     1349

 COOLING
  YESTERDAY        0                        MM     MM        0
  MONTH TO DATE    0                         0      0        0
  SINCE DEC 1      0                         0      0        0
  SINCE JAN 1      0                         0      0        0
..................................................................







THE SAN FRANCISCO DWTN CA CLIMATE NORMALS FOR TODAY
                         NORMAL    RECORD    YEAR
 MAXIMUM TEMPERATURE (F)   58        72      1899
 MINIMUM TEMPERATURE (F)   47        36      1922


SUNRISE AND SUNSET
JANUARY 30 2015.......SUNRISE   715 AM PST   SUNSET   531 PM PST
JANUARY 31 2015.......SUNRISE   715 AM PST   SUNSET   532 PM PST


-  INDICATES NEGATIVE NUMBERS.
R  INDICATES RECORD WAS SET OR TIED.
MM INDICATES DATA IS MISSING.
T  INDICATES TRACE AMOUNT.




$$
