000
CDUS46 KMTR 050838
CLISFD


CLIMATE REPORT
NATIONAL WEATHER SERVICE SAN FRANCISCO BAY AREA
137 AM PDT WED AUG 5 2015


...................................

...THE SAN FRANCISCO DWTN CA CLIMATE SUMMARY FOR AUGUST 4 2015...

CLIMATE NORMAL PERIOD 1981 TO 2010
CLIMATE RECORD PERIOD 1850 TO 2015


WEATHER ITEM   OBSERVED TIME   RECORD YEAR NORMAL DEPARTURE LAST
                VALUE   (LST)  VALUE       VALUE  FROM      YEAR
                                                  NORMAL
..................................................................
TEMPERATURE (F)
 YESTERDAY
  MAXIMUM         72        MM  83    1947  67      5       68
  MINIMUM         60        MM  48    1886  55      5       57
  AVERAGE         66                        61      5       63

PRECIPITATION (IN)
  YESTERDAY        0.00          0.03 1884   0.00   0.00     0.00
                                      1884
                                      2011
  MONTH TO DATE    0.00                      0.00   0.00     0.00
  SINCE OCT 1     17.64                     23.38  -5.74    12.19
  SINCE JAN 1      3.19                     14.54 -11.35    10.54

DEGREE DAYS
 HEATING
  YESTERDAY        0                        MM     MM        2
  MONTH TO DATE    0                        MM     MM       16
  SINCE JUN 1    179                        MM     MM      241
  SINCE JUL 1     43                        MM     MM       90

 COOLING
  YESTERDAY        1                        MM     MM        0
  MONTH TO DATE    6                         0      6        0
  SINCE JUN 1     27                         0     27       17
  SINCE JAN 1     41                         0     41       66
..................................................................







THE SAN FRANCISCO DWTN CA CLIMATE NORMALS FOR TODAY
                         NORMAL    RECORD    YEAR
 MAXIMUM TEMPERATURE (F)   67        83      1997
 MINIMUM TEMPERATURE (F)   55        49      1886


SUNRISE AND SUNSET
AUGUST  5 2015........SUNRISE   617 AM PDT   SUNSET   814 PM PDT
AUGUST  6 2015........SUNRISE   617 AM PDT   SUNSET   813 PM PDT


-  INDICATES NEGATIVE NUMBERS.
R  INDICATES RECORD WAS SET OR TIED.
MM INDICATES DATA IS MISSING.
T  INDICATES TRACE AMOUNT.




$$
