000
CDUS46 KOTX 260821
CLISFF


CLIMATE REPORT
NATIONAL WEATHER SERVICE SPOKANE, WA
121 AM PDT WED JUL 26 2017


...................................

...THE SPOKANE WA FELTS AIRPORT CLIMATE SUMMARY FOR JULY 25 2017...

CLIMATE NORMAL PERIOD 1981 TO 2010
CLIMATE RECORD PERIOD 9999 TO 9999


WEATHER ITEM   OBSERVED TIME   RECORD YEAR NORMAL DEPARTURE LAST
                VALUE   (LST)  VALUE       VALUE  FROM      YEAR
                                                  NORMAL
..................................................................
TEMPERATURE (F)
 YESTERDAY
  MAXIMUM         92    423 PM  MM      MM  88      4       94
  MINIMUM         54    452 AM  MM      MM  56     -2       56
  AVERAGE         73                        72      1       75

PRECIPITATION (IN)
  YESTERDAY        0.00         MM      MM   0.01  -0.01     0.00
  MONTH TO DATE    T                         0.73  -0.73     1.27
  SINCE OCT 1     22.00                     16.15   5.85    16.24
  SINCE JAN 1     12.91                      9.95   2.96    10.70

SNOWFALL (IN)
  YESTERDAY       MM

DEGREE DAYS
 HEATING
  YESTERDAY        0                         0      0        0
  MONTH TO DATE    0                        18    -18       11
  SINCE JUN 1     70                       136    -66       96
  SINCE JUL 1      0                        18    -18       11

 COOLING
  YESTERDAY        8                         7      1       10
  MONTH TO DATE  240                       130    110       84
  SINCE JUN 1    314                       170    144      187
  SINCE JAN 1    342                       177    165      202
..................................................................


WIND (MPH)
  HIGHEST WIND SPEED    14   HIGHEST WIND DIRECTION    SW (230)
  HIGHEST GUST SPEED    17   HIGHEST GUST DIRECTION     W (290)
  AVERAGE WIND SPEED     2.8


SKY COVER
  POSSIBLE SUNSHINE  MM
  AVERAGE SKY COVER 0.0


WEATHER CONDITIONS
 THE FOLLOWING WEATHER WAS RECORDED YESTERDAY.
  NO SIGNIFICANT WEATHER WAS OBSERVED.


RELATIVE HUMIDITY (PERCENT)
 HIGHEST    66           500 AM
 LOWEST     13           400 PM
 AVERAGE    40

..........................................................


THE SPOKANE WA FELTS AIRPORT CLIMATE NORMALS FOR TODAY
                         NORMAL    RECORD    YEAR
 MAXIMUM TEMPERATURE (F)   88        MM        MM
 MINIMUM TEMPERATURE (F)   56        MM        MM


SUNRISE AND SUNSET
JULY 26 2017..........SUNRISE   520 AM PDT   SUNSET   831 PM PDT
JULY 27 2017..........SUNRISE   521 AM PDT   SUNSET   830 PM PDT


-  INDICATES NEGATIVE NUMBERS.
R  INDICATES RECORD WAS SET OR TIED.
MM INDICATES DATA IS MISSING.
T  INDICATES TRACE AMOUNT.




$$
