464
CDUS46 KOTX 150839
CLISFF


CLIMATE REPORT
NATIONAL WEATHER SERVICE SPOKANE, WA
1239 AM PST FRI DEC 15 2017


...................................

...THE SPOKANE WA FELTS AIRPORT CLIMATE SUMMARY FOR DECEMBER 14 2017...

CLIMATE NORMAL PERIOD 1981 TO 2010
CLIMATE RECORD PERIOD 9999 TO 9999


WEATHER ITEM   OBSERVED TIME   RECORD YEAR NORMAL DEPARTURE LAST
                VALUE   (LST)  VALUE       VALUE  FROM      YEAR
                                                  NORMAL
..................................................................
TEMPERATURE (F)
 YESTERDAY
  MAXIMUM         34    212 PM  MM      MM  35     -1       20
  MINIMUM         31    649 AM  MM      MM  24      7        4
  AVERAGE         33                        29      4       12

PRECIPITATION (IN)
  YESTERDAY        0.00         MM      MM   0.09  -0.09     0.01
  MONTH TO DATE    0.12                      1.18  -1.06     0.51
  SINCE OCT 1      4.34                      4.82  -0.48     8.31
  SINCE JAN 1     18.57                     16.40   2.17    19.48

SNOWFALL (IN)
  YESTERDAY       MM

DEGREE DAYS
 HEATING
  YESTERDAY       32                        36     -4       53
  MONTH TO DATE  466                       483    -17      533
  SINCE DEC 1    466                       483    -17      533
  SINCE JUL 1   1871                      2057   -186     1722

 COOLING
  YESTERDAY        0                         0      0        0
  MONTH TO DATE    0                         0      0        0
  SINCE DEC 1      0                         0      0        0
  SINCE JAN 1    753                       406    347      480
..................................................................


WIND (MPH)
  HIGHEST WIND SPEED     7   HIGHEST WIND DIRECTION     N (10)
  HIGHEST GUST SPEED    11   HIGHEST GUST DIRECTION    NW (330)
  AVERAGE WIND SPEED     1.3


SKY COVER
  POSSIBLE SUNSHINE  MM
  AVERAGE SKY COVER 1.0


WEATHER CONDITIONS
 THE FOLLOWING WEATHER WAS RECORDED YESTERDAY.
  NO SIGNIFICANT WEATHER WAS OBSERVED.


RELATIVE HUMIDITY (PERCENT)
 HIGHEST    85           600 AM
 LOWEST     75           100 AM
 AVERAGE    80

..........................................................


THE SPOKANE WA FELTS AIRPORT CLIMATE NORMALS FOR TODAY
                         NORMAL    RECORD    YEAR
 MAXIMUM TEMPERATURE (F)   35        MM        MM
 MINIMUM TEMPERATURE (F)   24        MM        MM


SUNRISE AND SUNSET
DECEMBER 15 2017......SUNRISE   731 AM PST   SUNSET   358 PM PST
DECEMBER 16 2017......SUNRISE   732 AM PST   SUNSET   358 PM PST


-  INDICATES NEGATIVE NUMBERS.
R  INDICATES RECORD WAS SET OR TIED.
MM INDICATES DATA IS MISSING.
T  INDICATES TRACE AMOUNT.




$$
