000
CDUS43 KSGF 300630
CLISGF


CLIMATE REPORT
NATIONAL WEATHER SERVICE SPRINGFIELD MO
130 AM CDT FRI SEP 30 2016


...................................

...THE SPRINGFIELD MO CLIMATE SUMMARY FOR SEPTEMBER 29 2016...

CLIMATE NORMAL PERIOD 1981 TO 2010
CLIMATE RECORD PERIOD 1888 TO 2016


WEATHER ITEM   OBSERVED TIME   RECORD YEAR NORMAL DEPARTURE LAST
                VALUE   (LST)  VALUE       VALUE  FROM      YEAR
                                                  NORMAL
..................................................................
TEMPERATURE (F)
 YESTERDAY
  MAXIMUM         73    305 PM  98    1953  75     -2       84
  MINIMUM         47    629 AM  33    1967  52     -5       61
  AVERAGE         60                        63     -3       73

PRECIPITATION (IN)
  YESTERDAY        0.00          2.80 1986   0.14  -0.14     0.00
  MONTH TO DATE    3.89                      4.47  -0.58     4.05
  SINCE SEP 1      3.89                      4.47  -0.58     4.05
  SINCE JAN 1     29.51                     34.58  -5.07    39.57

SNOWFALL (IN)
  YESTERDAY        0.0
  MONTH TO DATE    0.0
  SINCE SEP 1      0.0
  SINCE JUL 1      0.0
  SNOW DEPTH       0

DEGREE DAYS
 HEATING
  YESTERDAY        5                         4      1        0
  MONTH TO DATE   11                        48    -37        9
  SINCE SEP 1     11                        48    -37        9
  SINCE JUL 1     11                        50    -39       12

 COOLING
  YESTERDAY        0                         3     -3        8
  MONTH TO DATE  266                       170     96      256
  SINCE SEP 1    266                       170     96      256
  SINCE JAN 1   1698                      1356    342     1525
..................................................................


WIND (MPH)
  HIGHEST WIND SPEED    18   HIGHEST WIND DIRECTION     N (10)
  HIGHEST GUST SPEED    24   HIGHEST GUST DIRECTION     N (340)
  AVERAGE WIND SPEED     8.8


SKY COVER
  AVERAGE SKY COVER 0.0


WEATHER CONDITIONS
 THE FOLLOWING WEATHER WAS RECORDED YESTERDAY.
  NO SIGNIFICANT WEATHER WAS OBSERVED.


RELATIVE HUMIDITY (PERCENT)
 HIGHEST    93           500 AM
 LOWEST     35           100 PM
 AVERAGE    64

..........................................................


THE SPRINGFIELD MO CLIMATE NORMALS FOR TODAY
                         NORMAL    RECORD    YEAR
 MAXIMUM TEMPERATURE (F)   74        91      1979
                                             1938
 MINIMUM TEMPERATURE (F)   52        31      1984


SUNRISE AND SUNSET
SEPTEMBER 30 2016.....SUNRISE   709 AM CDT   SUNSET   657 PM CDT
OCTOBER  1 2016.......SUNRISE   709 AM CDT   SUNSET   656 PM CDT


-  INDICATES NEGATIVE NUMBERS.
R  INDICATES RECORD WAS SET OR TIED.
MM INDICATES DATA IS MISSING.
T  INDICATES TRACE AMOUNT.




$$
