000
CDUS43 KSGF 252226
CLISGF


CLIMATE REPORT
NATIONAL WEATHER SERVICE SPRINGFIELD MO
526 PM CDT SUN JUN 25 2017


...................................

...THE SPRINGFIELD MO CLIMATE SUMMARY FOR JUNE 25 2017...
VALID TODAY AS OF 0500 PM LOCAL TIME.

CLIMATE NORMAL PERIOD 1981 TO 2010
CLIMATE RECORD PERIOD 1888 TO 2017


WEATHER ITEM   OBSERVED TIME   RECORD YEAR NORMAL DEPARTURE LAST
                VALUE   (LST)  VALUE       VALUE  FROM      YEAR
                                                  NORMAL
..................................................................
TEMPERATURE (F)
 TODAY
  MAXIMUM         82    253 PM  99    2012  86     -4       90
                                      1971
                                      1954
  MINIMUM         60    332 AM  44    1974  66     -6       75
  AVERAGE         71                        76     -5       83

PRECIPITATION (IN)
  TODAY            0.00          2.29 1982   0.15  -0.15     0.00
  MONTH TO DATE    3.37                      4.08  -0.71     3.44
  SINCE JUN 1      3.37                      4.08  -0.71     3.44
  SINCE JAN 1     32.07                     22.11   9.96    14.69

SNOWFALL (IN)
  TODAY            0.0
  MONTH TO DATE    0.0
  SINCE JUN 1      0.0
  SINCE JUL 1      1.8
  SNOW DEPTH       0

DEGREE DAYS
 HEATING
  TODAY            0                         0      0        0
  MONTH TO DATE    0                         7     -7        0
  SINCE JUN 1      0                         7     -7        0
  SINCE JUL 1   3355                      4576  -1221     3629

 COOLING
  TODAY            6                        11     -5       18
  MONTH TO DATE  226                       207     19      324
  SINCE JUN 1    226                       207     19      324
  SINCE JAN 1    374                       322     52      444
..................................................................


WIND (MPH)
  HIGHEST WIND SPEED    13   HIGHEST WIND DIRECTION     N (350)
  HIGHEST GUST SPEED    17   HIGHEST GUST DIRECTION     N (360)


SKY COVER
  AVERAGE SKY COVER 0.1


WEATHER CONDITIONS
 THE FOLLOWING WEATHER WAS RECORDED TODAY.
  NO SIGNIFICANT WEATHER WAS OBSERVED.


RELATIVE HUMIDITY (PERCENT)
 HIGHEST    84           200 AM
 LOWEST     43           300 PM
 AVERAGE    64

..........................................................


THE SPRINGFIELD MO CLIMATE NORMALS FOR TOMORROW
                         NORMAL    RECORD    YEAR
 MAXIMUM TEMPERATURE (F)   87        99      1988
                                             1954
 MINIMUM TEMPERATURE (F)   66        46      1974


SUNRISE AND SUNSET
JUNE 25 2017..........SUNRISE   555 AM CDT   SUNSET   838 PM CDT
JUNE 26 2017..........SUNRISE   555 AM CDT   SUNSET   838 PM CDT


-  INDICATES NEGATIVE NUMBERS.
R  INDICATES RECORD WAS SET OR TIED.
MM INDICATES DATA IS MISSING.
T  INDICATES TRACE AMOUNT.




$$
