000
CDUS43 KSGF 212226
CLISGF


CLIMATE REPORT
NATIONAL WEATHER SERVICE SPRINGFIELD MO
426 PM CST SUN JAN 21 2018


...................................

...THE SPRINGFIELD MO CLIMATE SUMMARY FOR JANUARY 21 2018...
VALID AS OF 0400 PM LOCAL TIME.

CLIMATE NORMAL PERIOD 1981 TO 2010
CLIMATE RECORD PERIOD 1888 TO 2018


WEATHER ITEM   OBSERVED TIME   RECORD YEAR NORMAL DEPARTURE LAST
                VALUE   (LST)  VALUE       VALUE  FROM      YEAR
                                                  NORMAL
..................................................................
TEMPERATURE (F)
 TODAY
  MAXIMUM         72R   146 PM  71    1957  43     29       65
  MINIMUM         46   1237 AM  -8    1984  22     24       41
  AVERAGE         59                        33     26       53

PRECIPITATION (IN)
  TODAY            0.00          2.58 1904   0.08  -0.08     0.05
  MONTH TO DATE    0.79                      1.73  -0.94     3.57
  SINCE DEC 1      2.31                      4.77  -2.46     4.19
  SINCE JAN 1      0.79                      1.73  -0.94     3.57

SNOWFALL (IN)
  TODAY            0.0
  MONTH TO DATE    2.7
  SINCE DEC 1      4.5
  SINCE JUL 1      4.5
  SNOW DEPTH       0

DEGREE DAYS
 HEATING
  TODAY            6                        32    -26       12
  MONTH TO DATE  786                       687     99      564
  SINCE DEC 1   1656                      1618     38     1461
  SINCE JUL 1   2340                      2497   -157     1977

 COOLING
  TODAY            0                         0      0        0
  MONTH TO DATE    0                         0      0        0
  SINCE DEC 1      0                         0      0        0
  SINCE JAN 1      0                         0      0        0
..................................................................


WIND (MPH)
  HIGHEST WIND SPEED    32   HIGHEST WIND DIRECTION     S (200)
  HIGHEST GUST SPEED    42   HIGHEST GUST DIRECTION    SW (220)


SKY COVER
  AVERAGE SKY COVER 0.2


WEATHER CONDITIONS
 THE FOLLOWING WEATHER WAS RECORDED TODAY.
  NO SIGNIFICANT WEATHER WAS OBSERVED.


RELATIVE HUMIDITY (PERCENT)
 HIGHEST    96           700 AM
 LOWEST     57           100 PM
 AVERAGE    77

..........................................................


THE SPRINGFIELD MO CLIMATE NORMALS FOR TOMORROW
                         NORMAL    RECORD    YEAR
 MAXIMUM TEMPERATURE (F)   43        74      1967
 MINIMUM TEMPERATURE (F)   22       -11      1930


SUNRISE AND SUNSET
JANUARY 21 2018.......SUNRISE   724 AM CST   SUNSET   526 PM CST
JANUARY 22 2018.......SUNRISE   723 AM CST   SUNSET   527 PM CST


-  INDICATES NEGATIVE NUMBERS.
R  INDICATES RECORD WAS SET OR TIED.
MM INDICATES DATA IS MISSING.
T  INDICATES TRACE AMOUNT.




$$
