000
CDUS43 KSGF 062126
CLISGF


CLIMATE REPORT
NATIONAL WEATHER SERVICE SPRINGFIELD MO
426 PM CDT FRI MAY 6 2016


...................................

...THE SPRINGFIELD MO CLIMATE SUMMARY FOR MAY 6 2016...
VALID AS OF 0400 PM LOCAL TIME.

CLIMATE NORMAL PERIOD 1981 TO 2010
CLIMATE RECORD PERIOD 1888 TO 2016


WEATHER ITEM   OBSERVED TIME   RECORD YEAR NORMAL DEPARTURE LAST
                VALUE   (LST)  VALUE       VALUE  FROM      YEAR
                                                  NORMAL
..................................................................
TEMPERATURE (F)
 TODAY
  MAXIMUM         78    259 PM  90    1952  73      5       79
  MINIMUM         42    545 AM  29    1944  51     -9       60
  AVERAGE         60                        62     -2       70

PRECIPITATION (IN)
  TODAY            0.00          2.96 1994   0.17  -0.17     0.12
  MONTH TO DATE    T                         1.06  -1.06     0.12
  SINCE MAR 1      5.44                      9.00  -3.56     6.69
  SINCE JAN 1      6.72                     13.99  -7.27     9.29

SNOWFALL (IN)
  TODAY            0.0
  MONTH TO DATE    0.0
  SINCE MAR 1      T
  SINCE JUL 1      3.0
  SNOW DEPTH       0

DEGREE DAYS
 HEATING
  TODAY            5                         5      0        0
  MONTH TO DATE   52                        31     21        8
  SINCE MAR 1    639                       912   -273      773
  SINCE JUL 1   3552                      4505   -953     4480

 COOLING
  TODAY            0                         2     -2        5
  MONTH TO DATE    0                         7     -7       21
  SINCE MAR 1     27                        32     -5       43
  SINCE JAN 1     27                        32     -5       43
..................................................................


WIND (MPH)
  HIGHEST WIND SPEED     9   HIGHEST WIND DIRECTION     W (280)
  HIGHEST GUST SPEED    14   HIGHEST GUST DIRECTION    NW (320)


SKY COVER
  AVERAGE SKY COVER 0.0


WEATHER CONDITIONS
 THE FOLLOWING WEATHER WAS RECORDED TODAY.
  NO SIGNIFICANT WEATHER WAS OBSERVED.


RELATIVE HUMIDITY (PERCENT)
 HIGHEST    76           100 AM
 LOWEST     27          1100 AM
 AVERAGE    52

..........................................................


THE SPRINGFIELD MO CLIMATE NORMALS FOR TOMORROW
                         NORMAL    RECORD    YEAR
 MAXIMUM TEMPERATURE (F)   73        88      1934
 MINIMUM TEMPERATURE (F)   52        31      1989


SUNRISE AND SUNSET
MAY  6 2016...........SUNRISE   613 AM CDT   SUNSET   808 PM CDT
MAY  7 2016...........SUNRISE   612 AM CDT   SUNSET   809 PM CDT


-  INDICATES NEGATIVE NUMBERS.
R  INDICATES RECORD WAS SET OR TIED.
MM INDICATES DATA IS MISSING.
T  INDICATES TRACE AMOUNT.




$$
