000
CDUS43 KSGF 150631
CLISGF


CLIMATE REPORT
NATIONAL WEATHER SERVICE SPRINGFIELD MO
131 AM CDT MON SEP 15 2014


...................................

...THE SPRINGFIELD MO CLIMATE SUMMARY FOR SEPTEMBER 14 2014...

CLIMATE NORMAL PERIOD 1981 TO 2010
CLIMATE RECORD PERIOD 1888 TO 2014


WEATHER ITEM   OBSERVED TIME   RECORD YEAR NORMAL DEPARTURE LAST
                VALUE   (LST)  VALUE       VALUE  FROM      YEAR
                                                  NORMAL
..................................................................
TEMPERATURE (F)
 YESTERDAY
  MAXIMUM         76    431 PM 102    1893  81     -5       78
  MINIMUM         48    517 AM  43    1974  58    -10       52
  AVERAGE         62                        70     -8       65

PRECIPITATION (IN)
  YESTERDAY        0.00          3.84 1962   0.15  -0.15     0.00
  MONTH TO DATE    1.72                      2.16  -0.44     0.04
  SINCE SEP 1      1.72                      2.16  -0.44     0.04
  SINCE JAN 1     23.69                     32.27  -8.58    38.19

SNOWFALL (IN)
  YESTERDAY        0.0
  MONTH TO DATE    0.0
  SINCE SEP 1      0.0
  SINCE JUL 1      0.0
  SNOW DEPTH       0

DEGREE DAYS
 HEATING
  YESTERDAY        3                         1      2        0
  MONTH TO DATE   25                         6     19        0
  SINCE SEP 1     25                         6     19        0
  SINCE JUL 1     25                         8     17        0

 COOLING
  YESTERDAY        0                         6     -6        0
  MONTH TO DATE  107                       110     -3      158
  SINCE SEP 1    107                       110     -3      158
  SINCE JAN 1   1353                      1296     57     1301
..................................................................


WIND (MPH)
  HIGHEST WIND SPEED    14   HIGHEST WIND DIRECTION     S (170)
  HIGHEST GUST SPEED    18   HIGHEST GUST DIRECTION     S (160)
  AVERAGE WIND SPEED     7.6


SKY COVER
  AVERAGE SKY COVER 0.2


WEATHER CONDITIONS
 THE FOLLOWING WEATHER WAS RECORDED YESTERDAY.
  NO SIGNIFICANT WEATHER WAS OBSERVED.


RELATIVE HUMIDITY (PERCENT)
 HIGHEST    93           600 AM
 LOWEST     43           400 PM
 AVERAGE    68

..........................................................


THE SPRINGFIELD MO CLIMATE NORMALS FOR TODAY
                         NORMAL    RECORD    YEAR
 MAXIMUM TEMPERATURE (F)   81        98      1893
 MINIMUM TEMPERATURE (F)   58        38      1961


SUNRISE AND SUNSET
SEPTEMBER 15 2014.....SUNRISE   656 AM CDT   SUNSET   721 PM CDT
SEPTEMBER 16 2014.....SUNRISE   656 AM CDT   SUNSET   720 PM CDT


-  INDICATES NEGATIVE NUMBERS.
R  INDICATES RECORD WAS SET OR TIED.
MM INDICATES DATA IS MISSING.
T  INDICATES TRACE AMOUNT.




$$
