000
CDUS45 KBYZ 010933
CLISHR


CLIMATE REPORT
NATIONAL WEATHER SERVICE BILLINGS MT
331 AM MDT SAT AUG 1 2015


...................................

...THE SHERIDAN WY CLIMATE SUMMARY FOR JULY 31 2015...

CLIMATE NORMAL PERIOD 1981 TO 2010
CLIMATE RECORD PERIOD 1907 TO 2015


WEATHER ITEM   OBSERVED TIME   RECORD YEAR NORMAL DEPARTURE LAST
                VALUE   (LST)  VALUE       VALUE  FROM      YEAR
                                                  NORMAL
..................................................................
TEMPERATURE (F)
 YESTERDAY
  MAXIMUM         95    328 PM 100    1989  89      6       92
                                      1983
                                      1926
  MINIMUM         48    423 AM  37    1968  54     -6       48
  AVERAGE         72                        72      0       70

PRECIPITATION (IN)
  YESTERDAY        0.00          0.72 1915   0.03  -0.03     0.00
  MONTH TO DATE    0.84                      1.18  -0.34     1.01
  SINCE OCT 1     15.26                     12.01   3.25    13.78
  SINCE JAN 1     12.87                      9.33   3.54    10.02

DEGREE DAYS
 HEATING
  YESTERDAY        0                         0      0        0
  MONTH TO DATE   20                        24     -4        9
  SINCE JUN 1     64                       175   -111      191
  SINCE JUL 1     20                        26     -6        9

 COOLING
  YESTERDAY        7                         7      0        5
  MONTH TO DATE  147                       182    -35      175
  SINCE JUN 1    226                       228     -2      183
  SINCE JAN 1    226                       232     -6      191
..................................................................


WIND (MPH)
  HIGHEST WIND SPEED    10   HIGHEST WIND DIRECTION     S (200)
  HIGHEST GUST SPEED    11   HIGHEST GUST DIRECTION     W (280)
  AVERAGE WIND SPEED     2.5


SKY COVER
  POSSIBLE SUNSHINE  MM
  AVERAGE SKY COVER 0.0


WEATHER CONDITIONS
 THE FOLLOWING WEATHER WAS RECORDED YESTERDAY.
  NO SIGNIFICANT WEATHER WAS OBSERVED.


RELATIVE HUMIDITY (PERCENT)
 HIGHEST    80           500 AM
 LOWEST     12           500 PM
 AVERAGE    46

..........................................................


THE SHERIDAN WY CLIMATE NORMALS FOR TODAY
                         NORMAL    RECORD    YEAR
 MAXIMUM TEMPERATURE (F)   89       103      2008
 MINIMUM TEMPERATURE (F)   54        42      1968
                                             1917
                                             1911


SUNRISE AND SUNSET
AUGUST  1 2015........SUNRISE   554 AM MDT   SUNSET   834 PM MDT
AUGUST  2 2015........SUNRISE   555 AM MDT   SUNSET   833 PM MDT


-  INDICATES NEGATIVE NUMBERS.
R  INDICATES RECORD WAS SET OR TIED.
MM INDICATES DATA IS MISSING.
T  INDICATES TRACE AMOUNT.




$$
