000
CDUS45 KBYZ 272326
CLISHR


CLIMATE REPORT
NATIONAL WEATHER SERVICE BILLINGS MT
425 PM MST MON FEB 27 2017


...................................

...THE SHERIDAN WY CLIMATE SUMMARY FOR FEBRUARY 27 2017...
VALID TODAY AS OF 0400 PM LOCAL TIME.

CLIMATE NORMAL PERIOD 1981 TO 2010
CLIMATE RECORD PERIOD 1907 TO 2017


WEATHER ITEM   OBSERVED TIME   RECORD YEAR NORMAL DEPARTURE LAST
                VALUE   (LST)  VALUE       VALUE  FROM      YEAR
                                                  NORMAL
..................................................................
TEMPERATURE (F)
 TODAY
  MAXIMUM         32    340 PM  70    1992  42    -10       61
                                      1932
  MINIMUM         15    558 AM -19    1947  17     -2       30
  AVERAGE         24                        30     -6       46

PRECIPITATION (IN)
  TODAY            0.00          0.48 1953   0.02  -0.02      T
  MONTH TO DATE    0.62                      0.52   0.10     0.88
  SINCE OCT 1      5.39                      3.76   1.63     3.59
  SINCE JAN 1      1.66                      1.08   0.58     1.44

DEGREE DAYS
 HEATING
  TODAY           41                        35      6       19
  MONTH TO DATE  962                      1038    -76      767
  SINCE DEC 1   4006                      3620    386     3150
  SINCE JUL 1   5483                      5498    -15     4702

 COOLING
  TODAY            0                         0      0        0
  MONTH TO DATE    0                         0      0        0
  SINCE DEC 1      0                         0      0        0
  SINCE JAN 1      0                         0      0        0
..................................................................


WIND (MPH)
  HIGHEST WIND SPEED    15   HIGHEST WIND DIRECTION    SE (130)
  HIGHEST GUST SPEED    19   HIGHEST GUST DIRECTION     W (290)
  AVERAGE WIND SPEED     8.1


SKY COVER
  POSSIBLE SUNSHINE  MM
  AVERAGE SKY COVER 0.1


WEATHER CONDITIONS
 THE FOLLOWING WEATHER WAS RECORDED TODAY.
  NO SIGNIFICANT WEATHER WAS OBSERVED.


RELATIVE HUMIDITY (PERCENT)
 HIGHEST    74          1200 AM
 LOWEST     58          1200 PM
 AVERAGE    66

..........................................................


THE SHERIDAN WY CLIMATE NORMALS FOR TOMORROW
                         NORMAL    RECORD    YEAR
 MAXIMUM TEMPERATURE (F)   43        68      2006
                                             1992
 MINIMUM TEMPERATURE (F)   17       -22      1962


SUNRISE AND SUNSET
FEBRUARY 27 2017......SUNRISE   648 AM MST   SUNSET   553 PM MST
FEBRUARY 28 2017......SUNRISE   647 AM MST   SUNSET   555 PM MST


-  INDICATES NEGATIVE NUMBERS.
R  INDICATES RECORD WAS SET OR TIED.
MM INDICATES DATA IS MISSING.
T  INDICATES TRACE AMOUNT.




$$
