000
CDUS45 KBYZ 132324
CLISHR


CLIMATE REPORT
NATIONAL WEATHER SERVICE BILLINGS MT
421 PM MST SAT FEB 13 2016


...................................

...THE SHERIDAN WY CLIMATE SUMMARY FOR FEBRUARY 13 2016...
VALID TODAY AS OF 0400 PM LOCAL TIME.

CLIMATE NORMAL PERIOD 1981 TO 2010
CLIMATE RECORD PERIOD 1907 TO 2016


WEATHER ITEM   OBSERVED TIME   RECORD YEAR NORMAL DEPARTURE LAST
                VALUE   (LST)  VALUE       VALUE  FROM      YEAR
                                                  NORMAL
..................................................................
TEMPERATURE (F)
 TODAY
  MAXIMUM         65   1202 PM  68    1934  38     27       63
  MINIMUM         27    405 AM -32    1936  14     13       30
  AVERAGE         46                        26     20       47

PRECIPITATION (IN)
  TODAY            0.04          0.56 1952   0.02   0.02     0.00
  MONTH TO DATE    0.33                      0.25   0.08     0.18
  SINCE OCT 1      3.04                      3.49  -0.45     3.02
  SINCE JAN 1      0.89                      0.81   0.08     0.63

DEGREE DAYS
 HEATING
  TODAY           19                        39    -20       18
  MONTH TO DATE  401                       517   -116      354
  SINCE DEC 1   2784                      3099   -315     2781
  SINCE JUL 1   4336                      4977   -641     4607

 COOLING
  TODAY            0                         0      0        0
  MONTH TO DATE    0                         0      0        0
  SINCE DEC 1      0                         0      0        0
  SINCE JAN 1      0                         0      0        0
..................................................................


WIND (MPH)
  HIGHEST WIND SPEED    55   HIGHEST WIND DIRECTION    NW (320)
  HIGHEST GUST SPEED    68   HIGHEST GUST DIRECTION    NW (330)
  AVERAGE WIND SPEED     8.0


SKY COVER
  POSSIBLE SUNSHINE  MM
  AVERAGE SKY COVER 0.5


WEATHER CONDITIONS
 THE FOLLOWING WEATHER WAS RECORDED TODAY.
  LIGHT RAIN
  SNOW
  LIGHT SNOW


RELATIVE HUMIDITY (PERCENT)
 HIGHEST    92           200 AM
 LOWEST     17          1200 PM
 AVERAGE    55

..........................................................


THE SHERIDAN WY CLIMATE NORMALS FOR TOMORROW
                         NORMAL    RECORD    YEAR
 MAXIMUM TEMPERATURE (F)   38        69      1921
 MINIMUM TEMPERATURE (F)   14       -32      1936


SUNRISE AND SUNSET
FEBRUARY 13 2016......SUNRISE   712 AM MST   SUNSET   533 PM MST
FEBRUARY 14 2016......SUNRISE   710 AM MST   SUNSET   534 PM MST


-  INDICATES NEGATIVE NUMBERS.
R  INDICATES RECORD WAS SET OR TIED.
MM INDICATES DATA IS MISSING.
T  INDICATES TRACE AMOUNT.




$$
