000
CDUS45 KBYZ 172324
CLISHR


CLIMATE REPORT
NATIONAL WEATHER SERVICE BILLINGS MT
422 PM MST TUE JAN 17 2017


...................................

...THE SHERIDAN WY CLIMATE SUMMARY FOR JANUARY 17 2017...
VALID TODAY AS OF 0400 PM LOCAL TIME.

CLIMATE NORMAL PERIOD 1981 TO 2010
CLIMATE RECORD PERIOD 1907 TO 2017


WEATHER ITEM   OBSERVED TIME   RECORD YEAR NORMAL DEPARTURE LAST
                VALUE   (LST)  VALUE       VALUE  FROM      YEAR
                                                  NORMAL
..................................................................
TEMPERATURE (F)
 TODAY
  MAXIMUM         37    205 PM  64    1923  36      1       18
  MINIMUM          3   1219 AM -36    1930  12     -9        0
  AVERAGE         20                        24     -4        9

PRECIPITATION (IN)
  TODAY            0.00          0.51 1977   0.02  -0.02     0.25
  MONTH TO DATE    0.32                      0.29   0.03     0.34
  SINCE OCT 1      4.05                      2.97   1.08     2.49
  SINCE JAN 1      0.32                      0.29   0.03     0.34

DEGREE DAYS
 HEATING
  TODAY           45                        41      4       56
  MONTH TO DATE  967                       706    261      701
  SINCE DEC 1   2495                      2011    484     1914
  SINCE JUL 1   3972                      3889     83     3466

 COOLING
  TODAY            0                         0      0        0
  MONTH TO DATE    0                         0      0        0
  SINCE DEC 1      0                         0      0        0
  SINCE JAN 1      0                         0      0        0
..................................................................


WIND (MPH)
  HIGHEST WIND SPEED    15   HIGHEST WIND DIRECTION    SE (130)
  HIGHEST GUST SPEED    16   HIGHEST GUST DIRECTION    SE (130)
  AVERAGE WIND SPEED     4.7


SKY COVER
  POSSIBLE SUNSHINE  MM
  AVERAGE SKY COVER 0.0


WEATHER CONDITIONS
 THE FOLLOWING WEATHER WAS RECORDED TODAY.
  NO SIGNIFICANT WEATHER WAS OBSERVED.


RELATIVE HUMIDITY (PERCENT)
 HIGHEST    83           300 AM
 LOWEST     47           100 PM
 AVERAGE    65

..........................................................


THE SHERIDAN WY CLIMATE NORMALS FOR TOMORROW
                         NORMAL    RECORD    YEAR
 MAXIMUM TEMPERATURE (F)   36        60      1920
 MINIMUM TEMPERATURE (F)   12       -30      1963


SUNRISE AND SUNSET
JANUARY 17 2017.......SUNRISE   740 AM MST   SUNSET   456 PM MST
JANUARY 18 2017.......SUNRISE   740 AM MST   SUNSET   458 PM MST


-  INDICATES NEGATIVE NUMBERS.
R  INDICATES RECORD WAS SET OR TIED.
MM INDICATES DATA IS MISSING.
T  INDICATES TRACE AMOUNT.




$$
