000
CDUS45 KBYZ 270931
CLISHR


CLIMATE REPORT
NATIONAL WEATHER SERVICE BILLINGS MT
330 AM MDT TUE SEP 27 2016


...................................

...THE SHERIDAN WY CLIMATE SUMMARY FOR SEPTEMBER 26 2016...

CLIMATE NORMAL PERIOD 1981 TO 2010
CLIMATE RECORD PERIOD 1907 TO 2016


WEATHER ITEM   OBSERVED TIME   RECORD YEAR NORMAL DEPARTURE LAST
                VALUE   (LST)  VALUE       VALUE  FROM      YEAR
                                                  NORMAL
..................................................................
TEMPERATURE (F)
 YESTERDAY
  MAXIMUM         73    309 PM  97    2015  69      4       97
  MINIMUM         43    206 AM  21    1972  38      5       51
                                      1926
  AVERAGE         58                        53      5       74

PRECIPITATION (IN)
  YESTERDAY        0.00          0.93 1915   0.06  -0.06     0.00
  MONTH TO DATE    3.71                      1.22   2.49     0.27
  SINCE OCT 1     15.37                     13.95   1.42    16.13
  SINCE JAN 1     13.22                     11.27   1.95    13.74

DEGREE DAYS
 HEATING
  YESTERDAY        7                        12     -5        0
  MONTH TO DATE  171                       189    -18       72
  SINCE SEP 1    171                       189    -18       72
  SINCE JUL 1    214                       251    -37      136

 COOLING
  YESTERDAY        0                         0      0        9
  MONTH TO DATE   30                        26      4       63
  SINCE SEP 1     30                        26      4       63
  SINCE JAN 1    549                       416    133      472
..................................................................


WIND (MPH)
  HIGHEST WIND SPEED    13   HIGHEST WIND DIRECTION    NW (320)
  HIGHEST GUST SPEED    18   HIGHEST GUST DIRECTION    NW (320)
  AVERAGE WIND SPEED     4.6


SKY COVER
  POSSIBLE SUNSHINE  MM
  AVERAGE SKY COVER 0.2


WEATHER CONDITIONS
 THE FOLLOWING WEATHER WAS RECORDED YESTERDAY.
  NO SIGNIFICANT WEATHER WAS OBSERVED.


RELATIVE HUMIDITY (PERCENT)
 HIGHEST    93           900 PM
 LOWEST     38           300 PM
 AVERAGE    66

..........................................................


THE SHERIDAN WY CLIMATE NORMALS FOR TODAY
                         NORMAL    RECORD    YEAR
 MAXIMUM TEMPERATURE (F)   68        90      1963
                                             1952
 MINIMUM TEMPERATURE (F)   37        20      1908


SUNRISE AND SUNSET
SEPTEMBER 27 2016.....SUNRISE   702 AM MDT   SUNSET   655 PM MDT
SEPTEMBER 28 2016.....SUNRISE   703 AM MDT   SUNSET   653 PM MDT


-  INDICATES NEGATIVE NUMBERS.
R  INDICATES RECORD WAS SET OR TIED.
MM INDICATES DATA IS MISSING.
T  INDICATES TRACE AMOUNT.




$$
