000
CDUS45 KBYZ 091034
CLISHR


CLIMATE REPORT
NATIONAL WEATHER SERVICE BILLINGS MT
332 AM MST FRI DEC 9 2016


...................................

...THE SHERIDAN WY CLIMATE SUMMARY FOR DECEMBER 8 2016...

CLIMATE NORMAL PERIOD 1981 TO 2010
CLIMATE RECORD PERIOD 1907 TO 2016


WEATHER ITEM   OBSERVED TIME   RECORD YEAR NORMAL DEPARTURE LAST
                VALUE   (LST)  VALUE       VALUE  FROM      YEAR
                                                  NORMAL
..................................................................
TEMPERATURE (F)
 YESTERDAY
  MAXIMUM          8    250 PM  63    1990  36    -28       58
  MINIMUM        -13    651 AM -39    1919  11    -24       36
  AVERAGE         -2                        23    -25       47

PRECIPITATION (IN)
  YESTERDAY        0.00          0.26 2008   0.02  -0.02      T
  MONTH TO DATE    0.12                      0.16  -0.04      T
  SINCE OCT 1      2.85                      2.28   0.57     1.91
  SINCE JAN 1     16.07                     13.76   2.31    15.65

DEGREE DAYS
 HEATING
  YESTERDAY       67                        42     25       18
  MONTH TO DATE  379                       326     53      243
  SINCE DEC 1    379                       326     53      243
  SINCE JUL 1   1856                      2204   -348     1795

 COOLING
  YESTERDAY        0                         0      0        0
  MONTH TO DATE    0                         0      0        0
  SINCE DEC 1      0                         0      0        0
  SINCE JAN 1    549                       419    130      479
..................................................................


WIND (MPH)
  HIGHEST WIND SPEED     6   HIGHEST WIND DIRECTION    NW (300)
  HIGHEST GUST SPEED     6   HIGHEST GUST DIRECTION    NW (300)
  AVERAGE WIND SPEED     1.2


SKY COVER
  POSSIBLE SUNSHINE  MM
  AVERAGE SKY COVER 0.0


WEATHER CONDITIONS
 THE FOLLOWING WEATHER WAS RECORDED YESTERDAY.
  NO SIGNIFICANT WEATHER WAS OBSERVED.


RELATIVE HUMIDITY (PERCENT)
 HIGHEST    79          1200 AM
 LOWEST     63           200 PM
 AVERAGE    71

..........................................................


THE SHERIDAN WY CLIMATE NORMALS FOR TODAY
                         NORMAL    RECORD    YEAR
 MAXIMUM TEMPERATURE (F)   35        69      2015
                                             1957
 MINIMUM TEMPERATURE (F)   11       -41      1919


SUNRISE AND SUNSET
DECEMBER  9 2016......SUNRISE   734 AM MST   SUNSET   427 PM MST
DECEMBER 10 2016......SUNRISE   735 AM MST   SUNSET   427 PM MST


-  INDICATES NEGATIVE NUMBERS.
R  INDICATES RECORD WAS SET OR TIED.
MM INDICATES DATA IS MISSING.
T  INDICATES TRACE AMOUNT.




$$
