000
CDUS45 KBYZ 272232
CLISHR


CLIMATE REPORT
NATIONAL WEATHER SERVICE BILLINGS MT
429 PM MDT SAT AUG 27 2016


...................................

...THE SHERIDAN WY CLIMATE SUMMARY FOR AUGUST 27 2016...
VALID TODAY AS OF 0400 PM LOCAL TIME.

CLIMATE NORMAL PERIOD 1981 TO 2010
CLIMATE RECORD PERIOD 1907 TO 2016


WEATHER ITEM   OBSERVED TIME   RECORD YEAR NORMAL DEPARTURE LAST
                VALUE   (LST)  VALUE       VALUE  FROM      YEAR
                                                  NORMAL
..................................................................
TEMPERATURE (F)
 TODAY
  MAXIMUM         84    312 PM  99    1937  84      0       90
  MINIMUM         44    529 AM  35    1976  49     -5       63
  AVERAGE         64                        66     -2       77

PRECIPITATION (IN)
  TODAY            0.00          0.97 1956   0.03  -0.03     0.03
  MONTH TO DATE    1.44                      0.61   0.83     0.59
  SINCE OCT 1     11.66                     12.62  -0.96    15.85
  SINCE JAN 1      9.51                      9.94  -0.43    13.46

DEGREE DAYS
 HEATING
  TODAY            1                         2     -1        0
  MONTH TO DATE   37                        25     12       44
  SINCE JUN 1     59                       200   -141      108
  SINCE JUL 1     43                        51     -8       64

 COOLING
  TODAY            0                         3     -3       12
  MONTH TO DATE  129                       147    -18      155
  SINCE JUN 1    490                       375    115      381
  SINCE JAN 1    492                       379    113      381
..................................................................


WIND (MPH)
  HIGHEST WIND SPEED    12   HIGHEST WIND DIRECTION     N (360)
  HIGHEST GUST SPEED    14   HIGHEST GUST DIRECTION     N (10)
  AVERAGE WIND SPEED     3.0


SKY COVER
  POSSIBLE SUNSHINE  MM
  AVERAGE SKY COVER 0.2


WEATHER CONDITIONS
 THE FOLLOWING WEATHER WAS RECORDED TODAY.
  NO SIGNIFICANT WEATHER WAS OBSERVED.


RELATIVE HUMIDITY (PERCENT)
 HIGHEST    86           400 AM
 LOWEST     20          1200 PM
 AVERAGE    53

..........................................................


THE SHERIDAN WY CLIMATE NORMALS FOR TOMORROW
                         NORMAL    RECORD    YEAR
 MAXIMUM TEMPERATURE (F)   83       100      1924
 MINIMUM TEMPERATURE (F)   49        31      1911


SUNRISE AND SUNSET
AUGUST 27 2016........SUNRISE   625 AM MDT   SUNSET   753 PM MDT
AUGUST 28 2016........SUNRISE   626 AM MDT   SUNSET   751 PM MDT


-  INDICATES NEGATIVE NUMBERS.
R  INDICATES RECORD WAS SET OR TIED.
MM INDICATES DATA IS MISSING.
T  INDICATES TRACE AMOUNT.




$$
