000
CDUS45 KBYZ 300723
CLISHR


CLIMATE REPORT
NATIONAL WEATHER SERVICE BILLINGS MT
123 AM MDT TUE MAY 30 2017


...................................

...THE SHERIDAN WY CLIMATE SUMMARY FOR MAY 29 2017...

CLIMATE NORMAL PERIOD 1981 TO 2010
CLIMATE RECORD PERIOD 1907 TO 2017


WEATHER ITEM   OBSERVED TIME   RECORD YEAR NORMAL DEPARTURE LAST
                VALUE   (LST)  VALUE       VALUE  FROM      YEAR
                                                  NORMAL
..................................................................
TEMPERATURE (F)
 YESTERDAY
  MAXIMUM         71    359 PM  94    1919  70      1       77
  MINIMUM         40   1150 PM  26    1982  42     -2       41
  AVERAGE         56                        56      0       59

PRECIPITATION (IN)
  YESTERDAY        0.00          1.12 1938   0.07  -0.07     0.00
  MONTH TO DATE    2.24                      2.19   0.05     0.97
  SINCE OCT 1     15.70                      8.55   7.15     9.52
  SINCE JAN 1     11.97                      5.87   6.10     7.37

DEGREE DAYS
 HEATING
  YESTERDAY        9                         9      0        6
  MONTH TO DATE  344                       375    -31      350
  SINCE MAR 1   1690                      1941   -251     1667
  SINCE JUL 1   7212                      7476   -264     6413

 COOLING
  YESTERDAY        0                         0      0        0
  MONTH TO DATE    0                         0      0        2
  SINCE MAR 1      0                         0      0        2
  SINCE JAN 1      0                         0      0        2
..................................................................


WIND (MPH)
  HIGHEST WIND SPEED    24   HIGHEST WIND DIRECTION     N (340)
  HIGHEST GUST SPEED    31   HIGHEST GUST DIRECTION    NW (330)
  AVERAGE WIND SPEED     9.7


SKY COVER
  POSSIBLE SUNSHINE  MM
  AVERAGE SKY COVER 0.1


WEATHER CONDITIONS
 THE FOLLOWING WEATHER WAS RECORDED YESTERDAY.
  NO SIGNIFICANT WEATHER WAS OBSERVED.


RELATIVE HUMIDITY (PERCENT)
 HIGHEST    89          1000 PM
 LOWEST     26           200 PM
 AVERAGE    58

..........................................................


THE SHERIDAN WY CLIMATE NORMALS FOR TODAY
                         NORMAL    RECORD    YEAR
 MAXIMUM TEMPERATURE (F)   71        91      1984
 MINIMUM TEMPERATURE (F)   42        30      1914


SUNRISE AND SUNSET
MAY 30 2017...........SUNRISE   526 AM MDT   SUNSET   845 PM MDT
MAY 31 2017...........SUNRISE   526 AM MDT   SUNSET   846 PM MDT


-  INDICATES NEGATIVE NUMBERS.
R  INDICATES RECORD WAS SET OR TIED.
MM INDICATES DATA IS MISSING.
T  INDICATES TRACE AMOUNT.




$$
