000
CDUS45 KBYZ 232232
CLISHR


CLIMATE REPORT
NATIONAL WEATHER SERVICE BILLINGS MT
430 PM MDT TUE SEP 23 2014


...................................

...THE SHERIDAN WY CLIMATE SUMMARY FOR SEPTEMBER 23 2014...
VALID TODAY AS OF 0400 PM LOCAL TIME.

CLIMATE NORMAL PERIOD 1981 TO 2010
CLIMATE RECORD PERIOD 1907 TO 2014


WEATHER ITEM   OBSERVED TIME   RECORD YEAR NORMAL DEPARTURE LAST
                VALUE   (LST)  VALUE       VALUE  FROM      YEAR
                                                  NORMAL
..................................................................
TEMPERATURE (F)
 TODAY
  MAXIMUM         83    215 PM  94    1992  70     13       69
  MINIMUM         49    415 AM  21    1926  39     10       41
  AVERAGE         66                        54     12       55

PRECIPITATION (IN)
  TODAY            0.00          1.17 1984   0.06  -0.06     0.13
  MONTH TO DATE    1.54                      1.05   0.49     2.89
  SINCE OCT 1     16.37                     13.78   2.59    15.42
  SINCE JAN 1     12.61                     11.10   1.51    12.88

SNOWFALL (IN)
  TODAY           MM            12.9  1984   0.2   MM       MM
  MONTH TO DATE   MM                         1.7   MM       MM
  SINCE SEP 1     MM                         1.7   MM       MM
  SINCE JUL 1     MM                         1.7   MM       MM
  SNOW DEPTH      MM

DEGREE DAYS
 HEATING
  TODAY            0                        11    -11       10
  MONTH TO DATE  195                       154     41       54
  SINCE SEP 1    195                       154     41       54
  SINCE JUL 1    245                       216     29       55

 COOLING
  TODAY            1                         0      1        0
  MONTH TO DATE   16                        26    -10       82
  SINCE SEP 1     16                        26    -10       82
  SINCE JAN 1    334                       416    -82      592
..................................................................


WIND (MPH)
  HIGHEST WIND SPEED    23   HIGHEST WIND DIRECTION     N (340)
  HIGHEST GUST SPEED    27   HIGHEST GUST DIRECTION    NW (320)
  AVERAGE WIND SPEED     7.7


SKY COVER
  POSSIBLE SUNSHINE  MM
  AVERAGE SKY COVER 0.1


WEATHER CONDITIONS
 THE FOLLOWING WEATHER WAS RECORDED TODAY.
  NO SIGNIFICANT WEATHER WAS OBSERVED.


RELATIVE HUMIDITY (PERCENT)
 HIGHEST    77          1200 AM
 LOWEST     26           300 PM
 AVERAGE    52

..........................................................


THE SHERIDAN WY CLIMATE NORMALS FOR TOMORROW
                         NORMAL    RECORD    YEAR
 MAXIMUM TEMPERATURE (F)   70        90      2011
 MINIMUM TEMPERATURE (F)   38        13      1984
                                             1926


SUNRISE AND SUNSET
SEPTEMBER 23 2014.....SUNRISE   656 AM MDT   SUNSET   703 PM MDT
SEPTEMBER 24 2014.....SUNRISE   657 AM MDT   SUNSET   701 PM MDT


-  INDICATES NEGATIVE NUMBERS.
R  INDICATES RECORD WAS SET OR TIED.
MM INDICATES DATA IS MISSING.
T  INDICATES TRACE AMOUNT.




$$
