000
CDUS45 KBYZ 010936
CLISHR


CLIMATE REPORT
NATIONAL WEATHER SERVICE BILLINGS MT
331 AM MDT FRI AUG 1 2014


...................................

...THE SHERIDAN WY CLIMATE SUMMARY FOR JULY 31 2014...

CLIMATE NORMAL PERIOD 1981 TO 2010
CLIMATE RECORD PERIOD 1907 TO 2014


WEATHER ITEM   OBSERVED TIME   RECORD YEAR NORMAL DEPARTURE LAST
                VALUE   (LST)  VALUE       VALUE  FROM      YEAR
                                                  NORMAL
..................................................................
TEMPERATURE (F)
 YESTERDAY
  MAXIMUM         92    203 PM 100    1989  89      3       88
                                      1983
                                      1926
  MINIMUM         48    455 AM  37    1968  54     -6       49
  AVERAGE         70                        72     -2       69

PRECIPITATION (IN)
  YESTERDAY        0.00          0.72 1915   0.03  -0.03     0.00
  MONTH TO DATE    1.01                      1.18  -0.17     0.43
  SINCE OCT 1     13.78                     12.01   1.77    12.48
  SINCE JAN 1     10.02                      9.33   0.69     9.94

SNOWFALL (IN)
  YESTERDAY       MM             0.0  2001   0.0   MM       MM
                                      2000
  MONTH TO DATE   MM                         0.0   MM       MM
  SINCE JUN 1     MM                         T     MM       MM
  SINCE JUL 1     MM                         0.0   MM       MM
  SNOW DEPTH      MM

DEGREE DAYS
 HEATING
  YESTERDAY        0                         0      0        0
  MONTH TO DATE    9                        24    -15        1
  SINCE JUN 1    191                       175     16      121
  SINCE JUL 1      9                        26    -17        1

 COOLING
  YESTERDAY        5                         7     -2        4
  MONTH TO DATE  175                       182     -7      222
  SINCE JUN 1    183                       228    -45      270
  SINCE JAN 1    191                       232    -41      278
..................................................................


WIND (MPH)
  HIGHEST WIND SPEED    25   HIGHEST WIND DIRECTION    SW (230)
  HIGHEST GUST SPEED    30   HIGHEST GUST DIRECTION     W (250)
  AVERAGE WIND SPEED     5.0


SKY COVER
  POSSIBLE SUNSHINE  MM
  AVERAGE SKY COVER 0.0


WEATHER CONDITIONS
 THE FOLLOWING WEATHER WAS RECORDED YESTERDAY.
  NO SIGNIFICANT WEATHER WAS OBSERVED.


RELATIVE HUMIDITY (PERCENT)
 HIGHEST    80           500 AM
 LOWEST     15           100 PM
 AVERAGE    48

..........................................................


THE SHERIDAN WY CLIMATE NORMALS FOR TODAY
                         NORMAL    RECORD    YEAR
 MAXIMUM TEMPERATURE (F)   89       103      2008
 MINIMUM TEMPERATURE (F)   54        42      1968
                                             1917
                                             1911


SUNRISE AND SUNSET
AUGUST  1 2014........SUNRISE   554 AM MDT   SUNSET   834 PM MDT
AUGUST  2 2014........SUNRISE   555 AM MDT   SUNSET   832 PM MDT


-  INDICATES NEGATIVE NUMBERS.
R  INDICATES RECORD WAS SET OR TIED.
MM INDICATES DATA IS MISSING.
T  INDICATES TRACE AMOUNT.




$$
