000
CDUS45 KBYZ 270934
CLISHR


CLIMATE REPORT
NATIONAL WEATHER SERVICE BILLINGS MT
333 AM MDT FRI MAR 27 2015


...................................

...THE SHERIDAN WY CLIMATE SUMMARY FOR MARCH 26 2015...

CLIMATE NORMAL PERIOD 1981 TO 2010
CLIMATE RECORD PERIOD 1907 TO 2015


WEATHER ITEM   OBSERVED TIME   RECORD YEAR NORMAL DEPARTURE LAST
                VALUE   (LST)  VALUE       VALUE  FROM      YEAR
                                                  NORMAL
..................................................................
TEMPERATURE (F)
 YESTERDAY
  MAXIMUM         59    319 PM  76    2012  52      7       54
                                      2004
  MINIMUM         38   1203 AM -16    1913  25     13       34
  AVERAGE         49                        38     11       44

PRECIPITATION (IN)
  YESTERDAY        0.00          0.28        0.04  -0.04     0.00
  MONTH TO DATE    0.40                      0.78  -0.38     1.17
  SINCE OCT 1      4.52                      4.56  -0.04     6.78
  SINCE JAN 1      2.13                      1.88   0.25     3.02

DEGREE DAYS
 HEATING
  YESTERDAY       16                        27    -11       21
  MONTH TO DATE  648                       795   -147      853
  SINCE MAR 1    648                       795   -147      853
  SINCE JUL 1   5878                      6330   -452     6603

 COOLING
  YESTERDAY        0                         0      0        0
  MONTH TO DATE    0                         0      0        0
  SINCE MAR 1      0                         0      0        0
  SINCE JAN 1      0                         0      0        0
..................................................................


WIND (MPH)
  HIGHEST WIND SPEED    28   HIGHEST WIND DIRECTION    NW (320)
  HIGHEST GUST SPEED    34   HIGHEST GUST DIRECTION    NW (330)
  AVERAGE WIND SPEED    11.3


SKY COVER
  POSSIBLE SUNSHINE  MM
  AVERAGE SKY COVER 1.0


WEATHER CONDITIONS
 THE FOLLOWING WEATHER WAS RECORDED YESTERDAY.
  NO SIGNIFICANT WEATHER WAS OBSERVED.


RELATIVE HUMIDITY (PERCENT)
 HIGHEST    70          1200 AM
 LOWEST     40           200 PM
 AVERAGE    55

..........................................................


THE SHERIDAN WY CLIMATE NORMALS FOR TODAY
                         NORMAL    RECORD    YEAR
 MAXIMUM TEMPERATURE (F)   52        75      1986
 MINIMUM TEMPERATURE (F)   25        -3      1937
                                             1931


SUNRISE AND SUNSET
MARCH 27 2015.........SUNRISE   658 AM MDT   SUNSET   729 PM MDT
MARCH 28 2015.........SUNRISE   656 AM MDT   SUNSET   730 PM MDT


-  INDICATES NEGATIVE NUMBERS.
R  INDICATES RECORD WAS SET OR TIED.
MM INDICATES DATA IS MISSING.
T  INDICATES TRACE AMOUNT.




$$
