000
CDUS45 KBYZ 070932
CLISHR


CLIMATE REPORT
NATIONAL WEATHER SERVICE BILLINGS MT
331 AM MDT TUE JUL 7 2015


...................................

...THE SHERIDAN WY CLIMATE SUMMARY FOR JULY 6 2015...

CLIMATE NORMAL PERIOD 1981 TO 2010
CLIMATE RECORD PERIOD 1907 TO 2015


WEATHER ITEM   OBSERVED TIME   RECORD YEAR NORMAL DEPARTURE LAST
                VALUE   (LST)  VALUE       VALUE  FROM      YEAR
                                                  NORMAL
..................................................................
TEMPERATURE (F)
 YESTERDAY
  MAXIMUM         68    525 PM 105    1983  85    -17       91
  MINIMUM         52   1159 PM  42    1986  52      0       55
                                      1910
  AVERAGE         60                        68     -8       73

PRECIPITATION (IN)
  YESTERDAY        0.07          0.97 1961   0.04   0.03     0.01
  MONTH TO DATE    0.37                      0.24   0.13     0.01
  SINCE OCT 1     14.79                     11.07   3.72    12.78
  SINCE JAN 1     12.40                      8.39   4.01     9.02

DEGREE DAYS
 HEATING
  YESTERDAY        5                         1      4        0
  MONTH TO DATE    7                        10     -3        7
  SINCE JUN 1     51                       159   -108      189
  SINCE JUL 1      7                        10     -3        7

 COOLING
  YESTERDAY        0                         5     -5        8
  MONTH TO DATE   30                        25      5       33
  SINCE JUN 1    109                        71     38       41
  SINCE JAN 1    109                        75     34       49
..................................................................


WIND (MPH)
  HIGHEST WIND SPEED    12   HIGHEST WIND DIRECTION     N (20)
  HIGHEST GUST SPEED    14   HIGHEST GUST DIRECTION     N (20)
  AVERAGE WIND SPEED     3.9


SKY COVER
  POSSIBLE SUNSHINE  MM
  AVERAGE SKY COVER 0.7


WEATHER CONDITIONS
 THE FOLLOWING WEATHER WAS RECORDED YESTERDAY.
  LIGHT RAIN
  FOG


RELATIVE HUMIDITY (PERCENT)
 HIGHEST    93           100 AM
 LOWEST     63           500 PM
 AVERAGE    78

..........................................................


THE SHERIDAN WY CLIMATE NORMALS FOR TODAY
                         NORMAL    RECORD    YEAR
 MAXIMUM TEMPERATURE (F)   85       101      1983
 MINIMUM TEMPERATURE (F)   52        40      1931


SUNRISE AND SUNSET
JULY  7 2015..........SUNRISE   530 AM MDT   SUNSET   856 PM MDT
JULY  8 2015..........SUNRISE   530 AM MDT   SUNSET   855 PM MDT


-  INDICATES NEGATIVE NUMBERS.
R  INDICATES RECORD WAS SET OR TIED.
MM INDICATES DATA IS MISSING.
T  INDICATES TRACE AMOUNT.




$$
