000
CDUS44 KSHV 242136
CLISHV


CLIMATE REPORT
NATIONAL WEATHER SERVICE SHREVEPORT, LA
436 PM CDT THU APR 24 2014


...................................

...THE SHREVEPORT CLIMATE SUMMARY FOR APRIL 24 2014...
VALID TODAY AS OF 0400 PM LOCAL TIME.

CLIMATE NORMAL PERIOD 1981 TO 2010
CLIMATE RECORD PERIOD 1874 TO 2014


WEATHER ITEM   OBSERVED TIME   RECORD YEAR NORMAL DEPARTURE LAST
                VALUE   (LST)  VALUE       VALUE  FROM      YEAR
                                                  NORMAL
..................................................................
TEMPERATURE (F)
 TODAY
  MAXIMUM         81   1246 PM  89    2011  79      2       64
                                      1999
  MINIMUM         61    335 AM  39    1910  56      5       45
  AVERAGE         71                        67      4       55

PRECIPITATION (IN)
  TODAY            T             2.40 1964   0.14  -0.14      T
  MONTH TO DATE    3.96                      3.33   0.63     3.18
  SINCE DEC 1     16.40                     21.19  -4.79    19.86
  SINCE JAN 1     11.42                     16.42  -5.00    14.20

SNOWFALL (IN)
  TODAY            0.0
  MONTH TO DATE    0.0
  SINCE MAR 1      T
  SINCE JUL 1      1.0
  SNOW DEPTH       0

DEGREE DAYS
 HEATING
  TODAY            0                         2     -2       10
  MONTH TO DATE  102                        80     22      120
  SINCE MAR 1    424                       331     93      426
  SINCE JUL 1   2535                      2213    322     2040

 COOLING
  TODAY            6                         4      2        0
  MONTH TO DATE   73                        67      6       66
  SINCE MAR 1     86                        98    -12       83
  SINCE JAN 1     92                       108    -16       91
..................................................................


WIND (MPH)
  HIGHEST WIND SPEED    22   HIGHEST WIND DIRECTION     S (190)
  HIGHEST GUST SPEED    26   HIGHEST GUST DIRECTION     S (180)
  AVERAGE WIND SPEED     8.0


SKY COVER
  POSSIBLE SUNSHINE  MM
  AVERAGE SKY COVER 0.9


WEATHER CONDITIONS
 THE FOLLOWING WEATHER WAS RECORDED TODAY.
  THUNDERSTORM
  LIGHT RAIN
  FOG


RELATIVE HUMIDITY (PERCENT)
 HIGHEST    93           400 AM
 LOWEST     62          1200 PM
 AVERAGE    78

..........................................................


THE SHREVEPORT CLIMATE NORMALS FOR TOMORROW
                         NORMAL    RECORD    YEAR
 MAXIMUM TEMPERATURE (F)   79        88      1925
 MINIMUM TEMPERATURE (F)   56        34      1910


SUNRISE AND SUNSET
APRIL 24 2014.........SUNRISE   636 AM CDT   SUNSET   751 PM CDT
APRIL 25 2014.........SUNRISE   635 AM CDT   SUNSET   752 PM CDT


-  INDICATES NEGATIVE NUMBERS.
R  INDICATES RECORD WAS SET OR TIED.
MM INDICATES DATA IS MISSING.
T  INDICATES TRACE AMOUNT.




$$
