000
CDUS44 KSHV 090929
CLISHV


CLIMATE REPORT
NATIONAL WEATHER SERVICE SHREVEPORT, LA
250 AM CST FRI DEC 9 2016


...................................

...THE SHREVEPORT CLIMATE SUMMARY FOR DECEMBER 8 2016...

CLIMATE NORMAL PERIOD 1981 TO 2010
CLIMATE RECORD PERIOD 1874 TO 2016


WEATHER ITEM   OBSERVED TIME   RECORD YEAR NORMAL DEPARTURE LAST
                VALUE   (LST)  VALUE       VALUE  FROM      YEAR
                                                  NORMAL
..................................................................
TEMPERATURE (F)
 YESTERDAY
  MAXIMUM         48   1221 AM  83    1922  60    -12       70
  MINIMUM         34   1159 PM  19    1927  39     -5       40
  AVERAGE         41                        49     -8       55

PRECIPITATION (IN)
  YESTERDAY        0.02          2.30 1951   0.16  -0.14     0.00
  MONTH TO DATE    2.62                      1.30   1.32     0.00
  SINCE DEC 1      2.62                      1.30   1.32     0.00
  SINCE JAN 1     58.49                     47.94  10.55    62.37

SNOWFALL (IN)
  YESTERDAY       MM
  MONTH TO DATE    0.0
  SINCE DEC 1      0.0
  SINCE JUL 1      0.0
  SNOW DEPTH       0

DEGREE DAYS
 HEATING
  YESTERDAY       24                        16      8       10
  MONTH TO DATE  128                       121      7      114
  SINCE DEC 1    128                       121      7      114
  SINCE JUL 1    282                       492   -210      291

 COOLING
  YESTERDAY        0                         0      0        0
  MONTH TO DATE    0                         0      0        0
  SINCE DEC 1      0                         0      0        0
  SINCE JAN 1   3009                      2474    535     2996
..................................................................


WIND (MPH)
  HIGHEST WIND SPEED    20   HIGHEST WIND DIRECTION     N (10)
  HIGHEST GUST SPEED    25   HIGHEST GUST DIRECTION     N (20)
  AVERAGE WIND SPEED    12.1


SKY COVER
  POSSIBLE SUNSHINE  MM
  AVERAGE SKY COVER 0.8


WEATHER CONDITIONS
 THE FOLLOWING WEATHER WAS RECORDED YESTERDAY.
  LIGHT RAIN
  FOG


RELATIVE HUMIDITY (PERCENT)
 HIGHEST    93           100 AM
 LOWEST     54           700 PM
 AVERAGE    74

..........................................................


THE SHREVEPORT CLIMATE NORMALS FOR TODAY
                         NORMAL    RECORD    YEAR
 MAXIMUM TEMPERATURE (F)   60        80      2007
                                             1971
 MINIMUM TEMPERATURE (F)   39        18      1917


SUNRISE AND SUNSET
DECEMBER  9 2016......SUNRISE   706 AM CST   SUNSET   510 PM CST
DECEMBER 10 2016......SUNRISE   706 AM CST   SUNSET   510 PM CST


-  INDICATES NEGATIVE NUMBERS.
R  INDICATES RECORD WAS SET OR TIED.
MM INDICATES DATA IS MISSING.
T  INDICATES TRACE AMOUNT.




$$
