000
CDUS44 KSHV 200832
CLISHV


CLIMATE REPORT
NATIONAL WEATHER SERVICE SHREVEPORT, LA
232 AM CST THU NOV 20 2014


...................................

...THE SHREVEPORT CLIMATE SUMMARY FOR NOVEMBER 19 2014...

CLIMATE NORMAL PERIOD 1981 TO 2010
CLIMATE RECORD PERIOD 1874 TO 2014


WEATHER ITEM   OBSERVED TIME   RECORD YEAR NORMAL DEPARTURE LAST
                VALUE   (LST)  VALUE       VALUE  FROM      YEAR
                                                  NORMAL
..................................................................
TEMPERATURE (F)
 YESTERDAY
  MAXIMUM         64    345 PM  83    1985  66     -2       66
                                      1950
  MINIMUM         31    653 AM  20    1903  44    -13       44
  AVERAGE         48                        55     -7       55

PRECIPITATION (IN)
  YESTERDAY        0.00          2.70 1907   0.15  -0.15     0.00
  MONTH TO DATE    2.05                      2.91  -0.86     0.70
  SINCE DEC 1     40.07                     49.79  -9.72    49.65
  SINCE JAN 1     35.09                     45.02  -9.93    43.99

SNOWFALL (IN)
  YESTERDAY        0.0
  MONTH TO DATE    T
  SINCE SEP 1      T
  SINCE JUL 1      T
  SNOW DEPTH       0

DEGREE DAYS
 HEATING
  YESTERDAY       17                        10      7       10
  MONTH TO DATE  290                       149    141      160
  SINCE SEP 1    313                       235     78      198
  SINCE JUL 1    313                       235     78      198

 COOLING
  YESTERDAY        0                         1     -1        0
  MONTH TO DATE    3                        23    -20       13
  SINCE SEP 1    596                       510     86      660
  SINCE JAN 1   2488                      2472     16     2705
..................................................................


WIND (MPH)
  HIGHEST WIND SPEED    23   HIGHEST WIND DIRECTION    SW (240)
  HIGHEST GUST SPEED    32   HIGHEST GUST DIRECTION    SW (210)
  AVERAGE WIND SPEED     8.9


SKY COVER
  POSSIBLE SUNSHINE  MM
  AVERAGE SKY COVER 0.1


WEATHER CONDITIONS
 THE FOLLOWING WEATHER WAS RECORDED YESTERDAY.
  NO SIGNIFICANT WEATHER WAS OBSERVED.


RELATIVE HUMIDITY (PERCENT)
 HIGHEST    93          1100 PM
 LOWEST     43           100 PM
 AVERAGE    68

..........................................................


THE SHREVEPORT CLIMATE NORMALS FOR TODAY
                         NORMAL    RECORD    YEAR
 MAXIMUM TEMPERATURE (F)   66        84      2011
                                             1875
 MINIMUM TEMPERATURE (F)   44        24      1937


SUNRISE AND SUNSET
NOVEMBER 20 2014......SUNRISE   649 AM CST   SUNSET   512 PM CST
NOVEMBER 21 2014......SUNRISE   650 AM CST   SUNSET   512 PM CST


-  INDICATES NEGATIVE NUMBERS.
R  INDICATES RECORD WAS SET OR TIED.
MM INDICATES DATA IS MISSING.
T  INDICATES TRACE AMOUNT.




$$
