000
CDUS44 KSHV 190755
CLISHV


CLIMATE REPORT
NATIONAL WEATHER SERVICE SHREVEPORT, LA
255 AM CDT THU OCT 19 2017


...................................

...THE SHREVEPORT CLIMATE SUMMARY FOR OCTOBER 18 2017...

CLIMATE NORMAL PERIOD 1981 TO 2010
CLIMATE RECORD PERIOD 1874 TO 2017


WEATHER ITEM   OBSERVED TIME   RECORD YEAR NORMAL DEPARTURE LAST
                VALUE   (LST)  VALUE       VALUE  FROM      YEAR
                                                  NORMAL
..................................................................
TEMPERATURE (F)
 YESTERDAY
  MAXIMUM         82    254 PM  91    2016  78      4       91
                                      2007
                                      2006
  MINIMUM         45    652 AM  37    1978  54     -9       73
                                      1976
                                      1948
  AVERAGE         64                        66     -2       82

PRECIPITATION (IN)
  YESTERDAY        0.00          4.17 1882   0.19  -0.19     0.00
  MONTH TO DATE    0.03                      2.71  -2.68     0.81
  SINCE DEC 1     33.27                     44.63 -11.36    54.23
  SINCE JAN 1     30.13                     39.86  -9.73    51.34

SNOWFALL (IN)
  YESTERDAY        0.0
  MONTH TO DATE    0.0
  SINCE SEP 1      0.0
  SINCE JUL 1      0.0
  SNOW DEPTH       0

DEGREE DAYS
 HEATING
  YESTERDAY        1                         3     -2        0
  MONTH TO DATE    6                        29    -23        0
  SINCE SEP 1      6                        35    -29        0
  SINCE JUL 1      6                        35    -29        0

 COOLING
  YESTERDAY        0                         3     -3       17
  MONTH TO DATE  169                        92     77      175
  SINCE SEP 1    545                       455     90      656
  SINCE JAN 1   2652                      2417    235     2897
..................................................................


WIND (MPH)
  HIGHEST WIND SPEED     9   HIGHEST WIND DIRECTION    SE (140)
  HIGHEST GUST SPEED    18   HIGHEST GUST DIRECTION     S (200)
  AVERAGE WIND SPEED     2.3


SKY COVER
  POSSIBLE SUNSHINE  MM
  AVERAGE SKY COVER 0.2


WEATHER CONDITIONS
 THE FOLLOWING WEATHER WAS RECORDED YESTERDAY.
  NO SIGNIFICANT WEATHER WAS OBSERVED.


RELATIVE HUMIDITY (PERCENT)
 HIGHEST   100           400 AM
 LOWEST     39           200 PM
 AVERAGE    70

..........................................................


THE SHREVEPORT CLIMATE NORMALS FOR TODAY
                         NORMAL    RECORD    YEAR
 MAXIMUM TEMPERATURE (F)   77        94      1921
 MINIMUM TEMPERATURE (F)   54        32      1989
                                             1948


SUNRISE AND SUNSET
OCTOBER 19 2017.......SUNRISE   722 AM CDT   SUNSET   638 PM CDT
OCTOBER 20 2017.......SUNRISE   723 AM CDT   SUNSET   636 PM CDT


-  INDICATES NEGATIVE NUMBERS.
R  INDICATES RECORD WAS SET OR TIED.
MM INDICATES DATA IS MISSING.
T  INDICATES TRACE AMOUNT.




$$
