000
CDUS44 KSHV 242153
CLISHV


CLIMATE REPORT
NATIONAL WEATHER SERVICE SHREVEPORT, LA
450 PM CDT WED MAY 24 2017


...................................

...THE SHREVEPORT CLIMATE SUMMARY FOR MAY 24 2017...
VALID TODAY AS OF 0400 PM LOCAL TIME.

CLIMATE NORMAL PERIOD 1981 TO 2010
CLIMATE RECORD PERIOD 1874 TO 2017


WEATHER ITEM   OBSERVED TIME   RECORD YEAR NORMAL DEPARTURE LAST
                VALUE   (LST)  VALUE       VALUE  FROM      YEAR
                                                  NORMAL
..................................................................
TEMPERATURE (F)
 TODAY
  MAXIMUM         74    249 PM 101    1875  86    -12       88
  MINIMUM         55    330 AM  54    1963  65    -10       69
                                      1940
                                      1913
  AVERAGE         65                        75    -10       79

PRECIPITATION (IN)
  TODAY            0.00          3.21 1872   0.15  -0.15      T
  MONTH TO DATE    4.27                      3.82   0.45     1.48
  SINCE DEC 1     17.26                     25.87  -8.61    35.52
  SINCE JAN 1     14.12                     21.10  -6.98    32.63

DEGREE DAYS
 HEATING
  TODAY            0                         0      0        0
  MONTH TO DATE    5                         5      0        2
  SINCE MAR 1    169                       342   -173      148
  SINCE JUL 1   1200                      2224  -1024     1451

 COOLING
  TODAY            0                        10    -10       14
  MONTH TO DATE  135                       184    -49      171
  SINCE MAR 1    391                       309     82      352
  SINCE JAN 1    461                       319    142      370
..................................................................


WIND (MPH)
  HIGHEST WIND SPEED    23   HIGHEST WIND DIRECTION    NW (320)
  HIGHEST GUST SPEED    28   HIGHEST GUST DIRECTION    NW (300)
  AVERAGE WIND SPEED    11.8


SKY COVER
  POSSIBLE SUNSHINE  MM
  AVERAGE SKY COVER 0.2


WEATHER CONDITIONS
 THE FOLLOWING WEATHER WAS RECORDED TODAY.
  NO SIGNIFICANT WEATHER WAS OBSERVED.


RELATIVE HUMIDITY (PERCENT)
 HIGHEST   100           100 AM
 LOWEST     44           100 PM
 AVERAGE    72

..........................................................


THE SHREVEPORT CLIMATE NORMALS FOR TOMORROW
                         NORMAL    RECORD    YEAR
 MAXIMUM TEMPERATURE (F)   86        98      1875
 MINIMUM TEMPERATURE (F)   65        50      1971


SUNRISE AND SUNSET
MAY 24 2017...........SUNRISE   612 AM CDT   SUNSET   813 PM CDT
MAY 25 2017...........SUNRISE   611 AM CDT   SUNSET   814 PM CDT


-  INDICATES NEGATIVE NUMBERS.
R  INDICATES RECORD WAS SET OR TIED.
MM INDICATES DATA IS MISSING.
T  INDICATES TRACE AMOUNT.




$$
