000
CDUS44 KSHV 310805
CLISHV


CLIMATE REPORT
NATIONAL WEATHER SERVICE SHREVEPORT, LA
258 AM CDT TUE MAY 31 2016


...................................

...THE SHREVEPORT CLIMATE SUMMARY FOR MAY 30 2016...

CLIMATE NORMAL PERIOD 1981 TO 2010
CLIMATE RECORD PERIOD 1874 TO 2016


WEATHER ITEM   OBSERVED TIME   RECORD YEAR NORMAL DEPARTURE LAST
                VALUE   (LST)  VALUE       VALUE  FROM      YEAR
                                                  NORMAL
..................................................................
TEMPERATURE (F)
 YESTERDAY
  MAXIMUM         88    408 PM 100    1886  87      1       82
  MINIMUM         69    545 AM  49    1984  66      3       67
  AVERAGE         79                        77      2       75

PRECIPITATION (IN)
  YESTERDAY        T             3.30 1990   0.15  -0.15     0.98
  MONTH TO DATE    3.08                      4.78  -1.70    10.97
  SINCE DEC 1     37.12                     26.83  10.29    39.92
  SINCE JAN 1     34.23                     22.06  12.17    36.17

SNOWFALL (IN)
  YESTERDAY        0.0
  MONTH TO DATE    0.0
  SINCE MAR 1      T
  SINCE JUL 1      T
  SNOW DEPTH       0

DEGREE DAYS
 HEATING
  YESTERDAY        0                         0      0        0
  MONTH TO DATE    2                         5     -3        0
  SINCE MAR 1    148                       342   -194      291
  SINCE JUL 1   1451                      2224   -773     2291

 COOLING
  YESTERDAY       14                        12      2       10
  MONTH TO DATE  248                       251     -3      296
  SINCE MAR 1    429                       376     53      463
  SINCE JAN 1    447                       386     61      463
..................................................................


WIND (MPH)
  HIGHEST WIND SPEED    14   HIGHEST WIND DIRECTION     S (170)
  HIGHEST GUST SPEED    16   HIGHEST GUST DIRECTION     S (170)
  AVERAGE WIND SPEED     4.1


SKY COVER
  POSSIBLE SUNSHINE  MM
  AVERAGE SKY COVER 0.8


WEATHER CONDITIONS
 THE FOLLOWING WEATHER WAS RECORDED YESTERDAY.
  NO SIGNIFICANT WEATHER WAS OBSERVED.


RELATIVE HUMIDITY (PERCENT)
 HIGHEST    93          1100 PM
 LOWEST     55           400 PM
 AVERAGE    74

..........................................................


THE SHREVEPORT CLIMATE NORMALS FOR TODAY
                         NORMAL    RECORD    YEAR
 MAXIMUM TEMPERATURE (F)   87       102      1998
 MINIMUM TEMPERATURE (F)   67        47      1984


SUNRISE AND SUNSET
MAY 31 2016...........SUNRISE   609 AM CDT   SUNSET   817 PM CDT
JUNE  1 2016..........SUNRISE   609 AM CDT   SUNSET   818 PM CDT


-  INDICATES NEGATIVE NUMBERS.
R  INDICATES RECORD WAS SET OR TIED.
MM INDICATES DATA IS MISSING.
T  INDICATES TRACE AMOUNT.




$$
