020
CDUS44 KSHV 010744
CLISHV


CLIMATE REPORT
NATIONAL WEATHER SERVICE SHREVEPORT, LA
239 AM CDT SUN MAY 1 2016


...................................

...THE SHREVEPORT CLIMATE SUMMARY FOR APRIL 30 2016...

CLIMATE NORMAL PERIOD 1981 TO 2010
CLIMATE RECORD PERIOD 1874 TO 2016


WEATHER ITEM   OBSERVED TIME   RECORD YEAR NORMAL DEPARTURE LAST
                VALUE   (LST)  VALUE       VALUE  FROM      YEAR
                                                  NORMAL
..................................................................
TEMPERATURE (F)
 YESTERDAY
  MAXIMUM         85    412 PM  94    1887  80      5       82
  MINIMUM         65    308 AM  39    1996  58      7       51
  AVERAGE         75                        69      6       67

PRECIPITATION (IN)
  YESTERDAY        2.20R         2.15 1970   0.15   2.05     0.00
  MONTH TO DATE   13.30                      4.19   9.11     5.45
  SINCE DEC 1     34.04                     22.05  11.99    28.95
  SINCE JAN 1     31.15                     17.28  13.87    25.20

SNOWFALL (IN)
  YESTERDAY        0.0
  MONTH TO DATE    T
  SINCE MAR 1      T
  SINCE JUL 1      T
  SNOW DEPTH       0

DEGREE DAYS
 HEATING
  YESTERDAY        0                         1     -1        0
  MONTH TO DATE   33                        86    -53       37
  SINCE MAR 1    146                       337   -191      291
  SINCE JUL 1   1449                      2219   -770     2291

 COOLING
  YESTERDAY       10                         5      5        2
  MONTH TO DATE  127                        94     33      141
  SINCE MAR 1    181                       125     56      167
  SINCE JAN 1    199                       135     64      167
..................................................................


WIND (MPH)
  HIGHEST WIND SPEED    28   HIGHEST WIND DIRECTION    SE (140)
  HIGHEST GUST SPEED    33   HIGHEST GUST DIRECTION    SE (140)
  AVERAGE WIND SPEED     8.2


SKY COVER
  POSSIBLE SUNSHINE  MM
  AVERAGE SKY COVER 0.7


WEATHER CONDITIONS
 THE FOLLOWING WEATHER WAS RECORDED YESTERDAY.
  THUNDERSTORM
  HEAVY RAIN
  RAIN
  LIGHT RAIN
  FOG


RELATIVE HUMIDITY (PERCENT)
 HIGHEST   100           300 AM
 LOWEST     61           400 PM
 AVERAGE    81

..........................................................


THE SHREVEPORT CLIMATE NORMALS FOR TODAY
                         NORMAL    RECORD    YEAR
 MAXIMUM TEMPERATURE (F)   80        95      1887
 MINIMUM TEMPERATURE (F)   58        41      2014


SUNRISE AND SUNSET
MAY  1 2016...........SUNRISE   628 AM CDT   SUNSET   757 PM CDT
MAY  2 2016...........SUNRISE   627 AM CDT   SUNSET   758 PM CDT


-  INDICATES NEGATIVE NUMBERS.
R  INDICATES RECORD WAS SET OR TIED.
MM INDICATES DATA IS MISSING.
T  INDICATES TRACE AMOUNT.




$$
