000
CDUS46 KMFR 020836
CLISIY


CLIMATE REPORT
NATIONAL WEATHER SERVICE MEDFORD, OR
136 AM PDT SAT AUG 2 2014


...................................

...THE MONTAGUE CA CLIMATE SUMMARY FOR AUGUST 1 2014...

CLIMATE NORMAL PERIOD 1981 TO 2010
CLIMATE RECORD PERIOD 1948 TO 2014


WEATHER ITEM   OBSERVED TIME   RECORD YEAR NORMAL DEPARTURE LAST
                VALUE   (LST)  VALUE       VALUE  FROM      YEAR
                                                  NORMAL
..................................................................
TEMPERATURE (F)
 YESTERDAY
  MAXIMUM        100    427 PM 102    2009  93      7       84
                                      1993
  MINIMUM         59    543 AM  35    1989  54      5       53
  AVERAGE         80                        74      6       69

PRECIPITATION (IN)
  YESTERDAY        0.00          0.66 1976   0.02  -0.02     0.00
  MONTH TO DATE    0.00                      0.02  -0.02     0.00
  SINCE SEP 1      7.55                     18.15 -10.60     8.65
  SINCE JAN 1      6.17                     10.68  -4.51     3.83

SNOWFALL (IN)
  YESTERDAY       MM                        MM     MM       MM
  MONTH TO DATE   MM                        MM     MM       MM
  SINCE JUL 1     MM                        MM     MM       MM
  SNOW DEPTH      MM

DEGREE DAYS
 HEATING
  YESTERDAY        0                         0      0        0
  MONTH TO DATE    0                         0      0        0
  SINCE JUN 1     46                        97    -51       70
  SINCE JUL 1      0                         4     -4        0

 COOLING
  YESTERDAY       15                         9      6        4
  MONTH TO DATE   15                         9      6        4
  SINCE JUN 1    529                       309    220      491
  SINCE JAN 1    536                       322    214      503
..................................................................


WIND (MPH)
  HIGHEST WIND SPEED    18   HIGHEST WIND DIRECTION     N (350)
  HIGHEST GUST SPEED    25   HIGHEST GUST DIRECTION    NW (330)
  AVERAGE WIND SPEED     4.8


SKY COVER
  POSSIBLE SUNSHINE  MM
  AVERAGE SKY COVER 0.4


WEATHER CONDITIONS
 THE FOLLOWING WEATHER WAS RECORDED YESTERDAY.
  HAZE


RELATIVE HUMIDITY (PERCENT)
 HIGHEST    51           500 AM
 LOWEST     10           300 PM

..........................................................


THE MONTAGUE CA CLIMATE NORMALS FOR TODAY
                         NORMAL    RECORD    YEAR
 MAXIMUM TEMPERATURE (F)   93       102      1993
 MINIMUM TEMPERATURE (F)   54        45      2013
                                             2004
                                             1996


SUNRISE AND SUNSET
AUGUST  2 2014........SUNRISE   605 AM PDT   SUNSET   827 PM PDT
AUGUST  3 2014........SUNRISE   606 AM PDT   SUNSET   825 PM PDT


-  INDICATES NEGATIVE NUMBERS.
R  INDICATES RECORD WAS SET OR TIED.
MM INDICATES DATA IS MISSING.
T  INDICATES TRACE AMOUNT.




$$
