000
CDUS46 KMFR 210836
CLISIY


CLIMATE REPORT
NATIONAL WEATHER SERVICE MEDFORD, OR
1236 AM PST TUE FEB 21 2017


...................................

...THE MONTAGUE CA CLIMATE SUMMARY FOR FEBRUARY 20 2017...

CLIMATE NORMAL PERIOD 1981 TO 2010
CLIMATE RECORD PERIOD 1948 TO 2017


WEATHER ITEM   OBSERVED TIME   RECORD YEAR NORMAL DEPARTURE LAST
                VALUE   (LST)  VALUE       VALUE  FROM      YEAR
                                                  NORMAL
..................................................................
TEMPERATURE (F)
 YESTERDAY
  MAXIMUM         56   1225 PM  71    1977  52      4       48
  MINIMUM         41   1116 PM   8    1990  28     13       27
  AVERAGE         49                        40      9       38

PRECIPITATION (IN)
  YESTERDAY        0.10          0.69 1975   0.09   0.01     0.00
  MONTH TO DATE    2.58                      1.39   1.19     1.08
  SINCE OCT 1     12.42                     10.42   2.00     9.74
  SINCE JAN 1      4.21                      3.59   0.62     4.65

SNOWFALL (IN)
  YESTERDAY       MM                        MM     MM       MM
  MONTH TO DATE   MM                        MM     MM       MM
  SINCE JUL 1     MM                        MM     MM       MM
  SNOW DEPTH      MM

DEGREE DAYS
 HEATING
  YESTERDAY       16                        25     -9       27
  MONTH TO DATE  439                       535    -96      444
  SINCE DEC 1   2516                      2381    135     2137
  SINCE JUL 1   3646                      3687    -41     3220

 COOLING
  YESTERDAY        0                         0      0        0
  MONTH TO DATE    0                         0      0        0
  SINCE DEC 1      0                         0      0        0
  SINCE JAN 1      0                         0      0        0
..................................................................


WIND (MPH)
  HIGHEST WIND SPEED    40   HIGHEST WIND DIRECTION     S (170)
  HIGHEST GUST SPEED    49   HIGHEST GUST DIRECTION     S (170)
  AVERAGE WIND SPEED    14.6


SKY COVER
  POSSIBLE SUNSHINE  MM
  AVERAGE SKY COVER 0.8


WEATHER CONDITIONS
 THE FOLLOWING WEATHER WAS RECORDED YESTERDAY.
  LIGHT RAIN


RELATIVE HUMIDITY (PERCENT)
 HIGHEST    92           900 PM
 LOWEST     46           100 PM

..........................................................


THE MONTAGUE CA CLIMATE NORMALS FOR TODAY
                         NORMAL    RECORD    YEAR
 MAXIMUM TEMPERATURE (F)   53        69      1995
 MINIMUM TEMPERATURE (F)   29        17      2006


SUNRISE AND SUNSET
FEBRUARY 21 2017......SUNRISE   656 AM PST   SUNSET   551 PM PST
FEBRUARY 22 2017......SUNRISE   655 AM PST   SUNSET   552 PM PST


-  INDICATES NEGATIVE NUMBERS.
R  INDICATES RECORD WAS SET OR TIED.
MM INDICATES DATA IS MISSING.
T  INDICATES TRACE AMOUNT.




$$
