000
CDUS46 KMFR 280840
CLISIY


CLIMATE REPORT
NATIONAL WEATHER SERVICE MEDFORD, OR
139 AM PDT THU MAY 28 2015


...................................

...THE MONTAGUE CA CLIMATE SUMMARY FOR MAY 27 2015...

CLIMATE NORMAL PERIOD 1981 TO 2010
CLIMATE RECORD PERIOD 1948 TO 2015


WEATHER ITEM   OBSERVED TIME   RECORD YEAR NORMAL DEPARTURE LAST
                VALUE   (LST)  VALUE       VALUE  FROM      YEAR
                                                  NORMAL
..................................................................
TEMPERATURE (F)
 YESTERDAY
  MAXIMUM         85    302 PM  96    1983  75     10       76
  MINIMUM         43    420 AM  30    1977  43      0       43
  AVERAGE         64                        59      5       60

PRECIPITATION (IN)
  YESTERDAY        0.00          0.33 2008   0.02  -0.02     0.00
  MONTH TO DATE    0.92                      1.33  -0.41     0.42
  SINCE OCT 1     11.96                     16.24  -4.28     6.47
  SINCE JAN 1      6.05                      9.41  -3.36     5.83

SNOWFALL (IN)
  YESTERDAY       MM                        MM     MM       MM
  MONTH TO DATE   MM                        MM     MM       MM
  SINCE JUL 1     MM                        MM     MM        0.0
  SNOW DEPTH      MM

DEGREE DAYS
 HEATING
  YESTERDAY        1                         7     -6        5
  MONTH TO DATE  217                       263    -46      191
  SINCE MAR 1   1197                      1484   -287     1159
  SINCE JUL 1   4339                      5361  -1022     5207

 COOLING
  YESTERDAY        0                         1     -1        0
  MONTH TO DATE    0                        12    -12        5
  SINCE MAR 1      0                        12    -12        7
  SINCE JAN 1      0                        12    -12        7
..................................................................


WIND (MPH)
  HIGHEST WIND SPEED    17   HIGHEST WIND DIRECTION     N (10)
  HIGHEST GUST SPEED    22   HIGHEST GUST DIRECTION     N (10)
  AVERAGE WIND SPEED     5.1


SKY COVER
  POSSIBLE SUNSHINE  MM
  AVERAGE SKY COVER 0.0


WEATHER CONDITIONS
 THE FOLLOWING WEATHER WAS RECORDED YESTERDAY.
  NO SIGNIFICANT WEATHER WAS OBSERVED.


RELATIVE HUMIDITY (PERCENT)
 HIGHEST    77           200 AM
 LOWEST     14           100 PM

..........................................................


THE MONTAGUE CA CLIMATE NORMALS FOR TODAY
                         NORMAL    RECORD    YEAR
 MAXIMUM TEMPERATURE (F)   75       103      1983
 MINIMUM TEMPERATURE (F)   43        31      2011


SUNRISE AND SUNSET
MAY 28 2015...........SUNRISE   540 AM PDT   SUNSET   835 PM PDT
MAY 29 2015...........SUNRISE   539 AM PDT   SUNSET   836 PM PDT


-  INDICATES NEGATIVE NUMBERS.
R  INDICATES RECORD WAS SET OR TIED.
MM INDICATES DATA IS MISSING.
T  INDICATES TRACE AMOUNT.




$$
