000
CDUS46 KMFR 250838
CLISIY


CLIMATE REPORT
NATIONAL WEATHER SERVICE MEDFORD, OR
1238 AM PST SUN JAN 25 2015


...................................

...THE MONTAGUE CA CLIMATE SUMMARY FOR JANUARY 24 2015...

CLIMATE NORMAL PERIOD 1981 TO 2010
CLIMATE RECORD PERIOD 1948 TO 2015


WEATHER ITEM   OBSERVED TIME   RECORD YEAR NORMAL DEPARTURE LAST
                VALUE   (LST)  VALUE       VALUE  FROM      YEAR
                                                  NORMAL
..................................................................
TEMPERATURE (F)
 YESTERDAY
  MAXIMUM         56    352 PM  65    2014  45     11       65
  MINIMUM         25    740 AM  -3    1962  26     -1       31
  AVERAGE         41                        36      5       48

PRECIPITATION (IN)
  YESTERDAY        0.00          1.47 1970   0.05  -0.05     0.00
  MONTH TO DATE    0.71                      1.91  -1.20     0.11
  SINCE OCT 1      6.62                      8.74  -2.12     0.75
  SINCE JAN 1      0.71                      1.91  -1.20     0.11

SNOWFALL (IN)
  YESTERDAY       MM                        MM     MM       MM
  MONTH TO DATE   MM                        MM     MM       MM
  SINCE JUL 1     MM                        MM     MM        0.0
  SNOW DEPTH      MM

DEGREE DAYS
 HEATING
  YESTERDAY       24                        30     -6       17
  MONTH TO DATE  642                       720    -78      740
  SINCE DEC 1   1375                      1647   -272     1898
  SINCE JUL 1   2380                      2953   -573     3218

 COOLING
  YESTERDAY        0                         0      0        0
  MONTH TO DATE    0                         0      0        0
  SINCE DEC 1      0                         0      0        0
  SINCE JAN 1      0                         0      0        0
..................................................................


WIND (MPH)
  HIGHEST WIND SPEED     7   HIGHEST WIND DIRECTION    SE (120)
  HIGHEST GUST SPEED     9   HIGHEST GUST DIRECTION    SW (210)
  AVERAGE WIND SPEED     1.1


SKY COVER
  POSSIBLE SUNSHINE  MM
  AVERAGE SKY COVER 0.0


WEATHER CONDITIONS
 THE FOLLOWING WEATHER WAS RECORDED YESTERDAY.
  FOG
  FOG W/VISIBILITY <= 1/4 MILE


RELATIVE HUMIDITY (PERCENT)
 HIGHEST   100           200 AM
 LOWEST     51           400 PM

..........................................................


THE MONTAGUE CA CLIMATE NORMALS FOR TODAY
                         NORMAL    RECORD    YEAR
 MAXIMUM TEMPERATURE (F)   45        59      1984
 MINIMUM TEMPERATURE (F)   26         1      1949


SUNRISE AND SUNSET
JANUARY 25 2015.......SUNRISE   729 AM PST   SUNSET   516 PM PST
JANUARY 26 2015.......SUNRISE   728 AM PST   SUNSET   517 PM PST


-  INDICATES NEGATIVE NUMBERS.
R  INDICATES RECORD WAS SET OR TIED.
MM INDICATES DATA IS MISSING.
T  INDICATES TRACE AMOUNT.




$$
