415
CDUS46 KMFR 270835
CLISIY


CLIMATE REPORT
NATIONAL WEATHER SERVICE MEDFORD, OR
135 AM PDT TUE JUN 27 2017


...................................

...THE MONTAGUE CA CLIMATE SUMMARY FOR JUNE 26 2017...

CLIMATE NORMAL PERIOD 1981 TO 2010
CLIMATE RECORD PERIOD 1948 TO 2017


WEATHER ITEM   OBSERVED TIME   RECORD YEAR NORMAL DEPARTURE LAST
                VALUE   (LST)  VALUE       VALUE  FROM      YEAR
                                                  NORMAL
..................................................................
TEMPERATURE (F)
 YESTERDAY
  MAXIMUM         93    308 PM 104    2015  84      9       95
                                      2006
  MINIMUM         51    513 AM  36    2012  50      1       51
  AVERAGE         72                        67      5       73

PRECIPITATION (IN)
  YESTERDAY        0.00          0.20 1971   0.02  -0.02     0.00
  MONTH TO DATE    0.43                      0.65  -0.22     1.18
  SINCE OCT 1     15.89                     16.98  -1.09    15.07
  SINCE JAN 1      7.68                     10.15  -2.47     9.98

SNOWFALL (IN)
  YESTERDAY       MM                        MM     MM       MM
  MONTH TO DATE   MM                        MM     MM       MM
  SINCE JUL 1     MM                        MM     MM       MM
  SNOW DEPTH      MM

DEGREE DAYS
 HEATING
  YESTERDAY        0                         1     -1        0
  MONTH TO DATE   88                        90     -2       73
  SINCE JUN 1     88                        90     -2       73
  SINCE JUL 1   5415                      5479    -64     4646

 COOLING
  YESTERDAY        7                         4      3        8
  MONTH TO DATE  112                        42     70       90
  SINCE JUN 1    112                        42     70       90
  SINCE JAN 1    127                        55     72       94
..................................................................


WIND (MPH)
  HIGHEST WIND SPEED    20   HIGHEST WIND DIRECTION     S (180)
  HIGHEST GUST SPEED    25   HIGHEST GUST DIRECTION     S (180)
  AVERAGE WIND SPEED     7.5


SKY COVER
  POSSIBLE SUNSHINE  MM
  AVERAGE SKY COVER 0.1


WEATHER CONDITIONS
 THE FOLLOWING WEATHER WAS RECORDED YESTERDAY.
  THUNDERSTORM


RELATIVE HUMIDITY (PERCENT)
 HIGHEST   100           300 AM
 LOWEST     15           200 PM

..........................................................


THE MONTAGUE CA CLIMATE NORMALS FOR TODAY
                         NORMAL    RECORD    YEAR
 MAXIMUM TEMPERATURE (F)   85       104      2015
 MINIMUM TEMPERATURE (F)   51        38      1965


SUNRISE AND SUNSET
JUNE 27 2017..........SUNRISE   537 AM PDT   SUNSET   849 PM PDT
JUNE 28 2017..........SUNRISE   538 AM PDT   SUNSET   849 PM PDT


-  INDICATES NEGATIVE NUMBERS.
R  INDICATES RECORD WAS SET OR TIED.
MM INDICATES DATA IS MISSING.
T  INDICATES TRACE AMOUNT.




$$
