000
CDUS46 KMFR 290036
CLISIY


CLIMATE REPORT
NATIONAL WEATHER SERVICE MEDFORD, OR
435 PM PST FRI NOV 28 2014


...................................

...THE MONTAGUE CA CLIMATE SUMMARY FOR NOVEMBER 28 2014...
VALID TODAY AS OF 0400 PM LOCAL TIME.

CLIMATE NORMAL PERIOD 1981 TO 2010
CLIMATE RECORD PERIOD 1948 TO 2014


WEATHER ITEM   OBSERVED TIME   RECORD YEAR NORMAL DEPARTURE LAST
                VALUE   (LST)  VALUE       VALUE  FROM      YEAR
                                                  NORMAL
..................................................................
TEMPERATURE (F)
 TODAY
  MAXIMUM         54    210 PM  61    1959  46      8       57
  MINIMUM         37    404 AM  12    1952  27     10       21
  AVERAGE         46                        36     10       39

PRECIPITATION (IN)
  TODAY            0.02          1.57 1970   0.10  -0.08     0.00
  MONTH TO DATE    0.76                      2.68  -1.92     0.47
  SINCE SEP 1      4.17                      4.52  -0.35     1.29
  SINCE JAN 1     10.34                     15.52  -5.18     5.62

SNOWFALL (IN)
  TODAY           MM                        MM     MM       MM
  MONTH TO DATE   MM                        MM     MM       MM
  SINCE JUL 1     MM                        MM     MM        0.0
  SNOW DEPTH      MM

DEGREE DAYS
 HEATING
  TODAY           19                        29    -10       26
  MONTH TO DATE  625                       695    -70      630
  SINCE SEP 1    960                      1231   -271     1270
  SINCE JUL 1    960                      1248   -288     1270

 COOLING
  TODAY            0                         0      0        0
  MONTH TO DATE    0                         0      0        0
  SINCE SEP 1    112                        43     69       87
  SINCE JAN 1    913                       544    369      776
..................................................................


WIND (MPH)
  HIGHEST WIND SPEED    25   HIGHEST WIND DIRECTION     S (180)
  HIGHEST GUST SPEED    30   HIGHEST GUST DIRECTION    SW (220)
  AVERAGE WIND SPEED    10.9


SKY COVER
  POSSIBLE SUNSHINE  MM
  AVERAGE SKY COVER 0.4


WEATHER CONDITIONS
 THE FOLLOWING WEATHER WAS RECORDED TODAY.
  LIGHT RAIN


RELATIVE HUMIDITY (PERCENT)
 HIGHEST    85           300 AM
 LOWEST     30           700 AM

..........................................................


THE MONTAGUE CA CLIMATE NORMALS FOR TOMORROW
                         NORMAL    RECORD    YEAR
 MAXIMUM TEMPERATURE (F)   45        63      1995
 MINIMUM TEMPERATURE (F)   27        16      2010
                                             1976


SUNRISE AND SUNSET
NOVEMBER 28 2014......SUNRISE   715 AM PST   SUNSET   441 PM PST
NOVEMBER 29 2014......SUNRISE   716 AM PST   SUNSET   441 PM PST


-  INDICATES NEGATIVE NUMBERS.
R  INDICATES RECORD WAS SET OR TIED.
MM INDICATES DATA IS MISSING.
T  INDICATES TRACE AMOUNT.




$$
