000
CDUS46 KMFR 010043
CLISIY


CLIMATE REPORT
NATIONAL WEATHER SERVICE MEDFORD, OR
543 PM PDT MON AUG 31 2015


...................................

...THE MONTAGUE CA CLIMATE SUMMARY FOR AUGUST 31 2015...
VALID TODAY AS OF 0500 PM LOCAL TIME.

CLIMATE NORMAL PERIOD 1981 TO 2010
CLIMATE RECORD PERIOD 1948 TO 2015


WEATHER ITEM   OBSERVED TIME   RECORD YEAR NORMAL DEPARTURE LAST
                VALUE   (LST)  VALUE       VALUE  FROM      YEAR
                                                  NORMAL
..................................................................
TEMPERATURE (F)
 TODAY
  MAXIMUM         86    359 PM 102    1950  86      0       83
  MINIMUM         47    602 AM  37    2008  48     -1       50
  AVERAGE         67                        67      0       67

PRECIPITATION (IN)
  TODAY            0.00          0.50 1963   0.00   0.00     0.00
  MONTH TO DATE    0.01                      0.34  -0.33      T
  SINCE OCT 1     13.13                     17.83  -4.70     6.81
  SINCE JAN 1      7.22                     11.00  -3.78     6.17

SNOWFALL (IN)
  TODAY           MM                        MM     MM       MM
  MONTH TO DATE   MM                        MM     MM       MM
  SINCE JUL 1     MM                        MM     MM       MM
  SNOW DEPTH      MM

DEGREE DAYS
 HEATING
  TODAY            0                         1     -1        0
  MONTH TO DATE    1                         9     -8        0
  SINCE JUN 1     18                       110    -92       46
  SINCE JUL 1      1                        17    -16        0

 COOLING
  TODAY            2                         3     -1        2
  MONTH TO DATE  264                       188     76      280
  SINCE JUN 1    822                       488    334      794
  SINCE JAN 1    837                       501    336      801
..................................................................


WIND (MPH)
  HIGHEST WIND SPEED    13   HIGHEST WIND DIRECTION     N (360)
  HIGHEST GUST SPEED    16   HIGHEST GUST DIRECTION     N (360)
  AVERAGE WIND SPEED     3.9


SKY COVER
  POSSIBLE SUNSHINE  MM
  AVERAGE SKY COVER 0.0


WEATHER CONDITIONS
 THE FOLLOWING WEATHER WAS RECORDED TODAY.
  NO SIGNIFICANT WEATHER WAS OBSERVED.


RELATIVE HUMIDITY (PERCENT)
 HIGHEST    77           600 AM
 LOWEST     18           400 PM

..........................................................


THE MONTAGUE CA CLIMATE NORMALS FOR TOMORROW
                         NORMAL    RECORD    YEAR
 MAXIMUM TEMPERATURE (F)   86       102      1988
 MINIMUM TEMPERATURE (F)   48        38      2008


SUNRISE AND SUNSET
AUGUST 31 2015........SUNRISE   635 AM PDT   SUNSET   745 PM PDT
SEPTEMBER  1 2015.....SUNRISE   636 AM PDT   SUNSET   743 PM PDT


-  INDICATES NEGATIVE NUMBERS.
R  INDICATES RECORD WAS SET OR TIED.
MM INDICATES DATA IS MISSING.
T  INDICATES TRACE AMOUNT.




$$
