000
CDUS46 KMFR 300837
CLISIY


CLIMATE REPORT
NATIONAL WEATHER SERVICE MEDFORD, OR
137 AM PDT SAT AUG 30 2014


...................................

...THE MONTAGUE CA CLIMATE SUMMARY FOR AUGUST 29 2014...

CLIMATE NORMAL PERIOD 1981 TO 2010
CLIMATE RECORD PERIOD 1948 TO 2014


WEATHER ITEM   OBSERVED TIME   RECORD YEAR NORMAL DEPARTURE LAST
                VALUE   (LST)  VALUE       VALUE  FROM      YEAR
                                                  NORMAL
..................................................................
TEMPERATURE (F)
 YESTERDAY
  MAXIMUM         88    313 PM 101    1988  86      2       84
  MINIMUM         55    602 AM  41    1964  48      7       56
  AVERAGE         72                        67      5       70

PRECIPITATION (IN)
  YESTERDAY        0.00          0.19 1979   0.00   0.00     0.00
  MONTH TO DATE    T                         0.33  -0.33     0.50
  SINCE SEP 1      7.55                     18.46 -10.91     9.15
  SINCE JAN 1      6.17                     10.99  -4.82     4.33

SNOWFALL (IN)
  YESTERDAY       MM                        MM     MM       MM
  MONTH TO DATE   MM                        MM     MM       MM
  SINCE JUL 1     MM                        MM     MM       MM
  SNOW DEPTH      MM

DEGREE DAYS
 HEATING
  YESTERDAY        0                         1     -1        0
  MONTH TO DATE    0                         7     -7        0
  SINCE JUN 1     46                       104    -58       70
  SINCE JUL 1      0                        11    -11        0

 COOLING
  YESTERDAY        7                         3      4        5
  MONTH TO DATE  276                       182     94      175
  SINCE JUN 1    790                       482    308      662
  SINCE JAN 1    797                       495    302      674
..................................................................


WIND (MPH)
  HIGHEST WIND SPEED    18   HIGHEST WIND DIRECTION     N (10)
  HIGHEST GUST SPEED    23   HIGHEST GUST DIRECTION     N (10)
  AVERAGE WIND SPEED     5.8


SKY COVER
  POSSIBLE SUNSHINE  MM
  AVERAGE SKY COVER 0.5


WEATHER CONDITIONS
 THE FOLLOWING WEATHER WAS RECORDED YESTERDAY.
  HAZE


RELATIVE HUMIDITY (PERCENT)
 HIGHEST    47           400 AM
 LOWEST     21           100 PM

..........................................................


THE MONTAGUE CA CLIMATE NORMALS FOR TODAY
                         NORMAL    RECORD    YEAR
 MAXIMUM TEMPERATURE (F)   86       100      1950
 MINIMUM TEMPERATURE (F)   48        39      1990


SUNRISE AND SUNSET
AUGUST 30 2014........SUNRISE   634 AM PDT   SUNSET   746 PM PDT
AUGUST 31 2014........SUNRISE   635 AM PDT   SUNSET   745 PM PDT


-  INDICATES NEGATIVE NUMBERS.
R  INDICATES RECORD WAS SET OR TIED.
MM INDICATES DATA IS MISSING.
T  INDICATES TRACE AMOUNT.




$$
