000
CDUS46 KMTR 280026
CLISJC


CLIMATE REPORT
NATIONAL WEATHER SERVICE SAN FRANCISCO BAY AREA
526 PM PDT MON MAR 27 2017


...................................

...THE SAN JOSE CA CLIMATE SUMMARY FOR MARCH 27 2017...
VALID TODAY AS OF 0500 PM LOCAL TIME.

CLIMATE NORMAL PERIOD 1981 TO 2010
CLIMATE RECORD PERIOD 1893 TO 2017


WEATHER ITEM   OBSERVED TIME   RECORD YEAR NORMAL DEPARTURE LAST
                VALUE   (LST)  VALUE       VALUE  FROM      YEAR
                                                  NORMAL
..................................................................
TEMPERATURE (F)
 TODAY
  MAXIMUM         63    323 PM  83    1986  67     -4       66
  MINIMUM         50    551 AM  35    1972  47      3       53
  AVERAGE         57                        57      0       60

PRECIPITATION (IN)
  TODAY            T             1.30 1963   0.06  -0.06     0.00
  MONTH TO DATE    1.45                      2.31  -0.86     3.92
  SINCE OCT 1     16.71                     13.58   3.13    13.02
  SINCE JAN 1     12.33                      8.49   3.84     8.32

SNOWFALL (IN)
  TODAY            0.0           0.0  1947
  MONTH TO DATE    0.0
  SINCE MAR 1      0.0
  SINCE JUL 1      0.0

DEGREE DAYS
 HEATING
  TODAY            8                         8      0        5
  MONTH TO DATE  196                       244    -48      168
  SINCE MAR 1    196                       244    -48      168
  SINCE JUL 1   1627                      1909   -282     1538

 COOLING
  TODAY            0                         0      0        0
  MONTH TO DATE    2                         0      2        0
  SINCE MAR 1      2                         0      2        0
  SINCE JAN 1      2                         0      2        0
..................................................................


WIND (MPH)
  RESULTANT WIND SPEED  10   RESULTANT WIND DIRECTION   W (290)
  HIGHEST WIND SPEED    22   HIGHEST WIND DIRECTION     W (280)
  HIGHEST GUST SPEED    29   HIGHEST GUST DIRECTION    NW (300)
  AVERAGE WIND SPEED     9.9


SKY COVER
  POSSIBLE SUNSHINE  MM
  AVERAGE SKY COVER 0.5


WEATHER CONDITIONS
 THE FOLLOWING WEATHER WAS RECORDED TODAY.
  LIGHT RAIN


RELATIVE HUMIDITY (PERCENT)
 HIGHEST    86           400 AM
 LOWEST     52           100 PM
 AVERAGE    69

..........................................................


THE SAN JOSE CA CLIMATE NORMALS FOR TOMORROW
                         NORMAL    RECORD    YEAR
 MAXIMUM TEMPERATURE (F)   67        81      1893
 MINIMUM TEMPERATURE (F)   47        36      1972


SUNRISE AND SUNSET
MARCH 27 2017.........SUNRISE   700 AM PDT   SUNSET   726 PM PDT
MARCH 28 2017.........SUNRISE   659 AM PDT   SUNSET   727 PM PDT


-  INDICATES NEGATIVE NUMBERS.
R  INDICATES RECORD WAS SET OR TIED.
MM INDICATES DATA IS MISSING.
T  INDICATES TRACE AMOUNT.




$$
