000
CDUS46 KMTR 290832
CLISJC


CLIMATE REPORT
NATIONAL WEATHER SERVICE SAN FRANCISCO BAY AREA
131 AM PDT MON AUG 29 2016


...................................

...THE SAN JOSE AIRPORT CLIMATE SUMMARY FOR AUGUST 28 2016...

CLIMATE NORMAL PERIOD 1981 TO 2010
CLIMATE RECORD PERIOD 1893 TO 2016


WEATHER ITEM   OBSERVED TIME   RECORD YEAR NORMAL DEPARTURE LAST
                VALUE   (LST)  VALUE       VALUE  FROM      YEAR
                                                  NORMAL
..................................................................
TEMPERATURE (F)
 YESTERDAY
  MAXIMUM         79    122 PM 101    2009  83     -4       95
  MINIMUM         60   1159 PM  45    1902  58      2       64
  AVERAGE         70                        71     -1       80

PRECIPITATION (IN)
  YESTERDAY        0.00          0.01 1941   0.00   0.00     0.00
  MONTH TO DATE    T                         0.00   0.00     0.02
  SINCE OCT 1     14.91                     14.67   0.24    13.38
  SINCE JAN 1     10.21                      9.89   0.32     3.43

SNOWFALL (IN)
  YESTERDAY        0.0                      MM     MM        0.0
  MONTH TO DATE    0.0                      MM     MM        0.0
  SINCE JUN 1      0.0                      MM     MM        0.0
  SINCE JUL 1      0.0                      MM     MM        0.0

DEGREE DAYS
 HEATING
  YESTERDAY        0                         0      0        0
  MONTH TO DATE    0                         0      0        0
  SINCE JUN 1      6                        16    -10       10
  SINCE JUL 1      0                         1     -1        0

 COOLING
  YESTERDAY        5                         6     -1       15
  MONTH TO DATE  129                       168    -39      182
  SINCE JUN 1    427                       467    -40      453
  SINCE JAN 1    509                       537    -28      480
..................................................................


WIND (MPH)
  RESULTANT WIND SPEED   4   RESULTANT WIND DIRECTION  NW (310)
  HIGHEST WIND SPEED    17   HIGHEST WIND DIRECTION    NW (300)
  HIGHEST GUST SPEED    21   HIGHEST GUST DIRECTION    NW (310)
  AVERAGE WIND SPEED     7.0


SKY COVER
  POSSIBLE SUNSHINE  MM
  AVERAGE SKY COVER 0.5


WEATHER CONDITIONS
 THE FOLLOWING WEATHER WAS RECORDED YESTERDAY.
  NO SIGNIFICANT WEATHER WAS OBSERVED.


RELATIVE HUMIDITY (PERCENT)
 HIGHEST    84          1100 PM
 LOWEST     45           200 PM
 AVERAGE    65

..........................................................


THE SAN JOSE AIRPORT CLIMATE NORMALS FOR TODAY
                         NORMAL    RECORD    YEAR
 MAXIMUM TEMPERATURE (F)   83       100      2009
 MINIMUM TEMPERATURE (F)   58        44      1895


SUNRISE AND SUNSET
AUGUST 29 2016........SUNRISE   636 AM PDT   SUNSET   740 PM PDT
AUGUST 30 2016........SUNRISE   637 AM PDT   SUNSET   739 PM PDT


-  INDICATES NEGATIVE NUMBERS.
R  INDICATES RECORD WAS SET OR TIED.
MM INDICATES DATA IS MISSING.
T  INDICATES TRACE AMOUNT.




$$
