000
CDUS46 KMTR 030033
CLISJC


CLIMATE REPORT
NATIONAL WEATHER SERVICE SAN FRANCISCO BAY AREA
431 PM PST MON MAR 2 2015


...................................

...THE SAN JOSE CA CLIMATE SUMMARY FOR MARCH 2 2015...
VALID TODAY AS OF 0400 PM LOCAL TIME.

CLIMATE NORMAL PERIOD 1981 TO 2010
CLIMATE RECORD PERIOD 1893 TO 2015


WEATHER ITEM   OBSERVED TIME   RECORD YEAR NORMAL DEPARTURE LAST
                VALUE   (LST)  VALUE       VALUE  FROM      YEAR
                                                  NORMAL
..................................................................
TEMPERATURE (F)
 TODAY
  MAXIMUM         61    229 PM  80    1936  66     -5       63
  MINIMUM         43    417 AM  31    1971  47     -4       50
  AVERAGE         52                        56     -4       57

PRECIPITATION (IN)
  TODAY            0.05          0.87 1983   0.10  -0.05     0.02
  MONTH TO DATE    0.05                      0.21  -0.16     0.23
  SINCE OCT 1     11.74                     11.30   0.44     3.90
  SINCE JAN 1      1.79                      6.52  -4.73     3.00

SNOWFALL (IN)
  TODAY           MM             0.0  1947
  MONTH TO DATE    0.0
  SINCE MAR 1      0.0
  SINCE JUL 1      0.0

DEGREE DAYS
 HEATING
  TODAY           13                         9      4        8
  MONTH TO DATE   26                        18      8       14
  SINCE MAR 1     26                        18      8       14
  SINCE JUL 1   1246                      1481   -235     1555

 COOLING
  TODAY            0                         0      0        0
  MONTH TO DATE    0                         0      0        0
  SINCE MAR 1      0                         0      0        0
  SINCE JAN 1      0                         0      0        0
..................................................................


WIND (MPH)
  RESULTANT WIND SPEED   5   RESULTANT WIND DIRECTION  SE (120)
  HIGHEST WIND SPEED    14   HIGHEST WIND DIRECTION    SW (220)
  HIGHEST GUST SPEED    18   HIGHEST GUST DIRECTION     E (70)
  AVERAGE WIND SPEED     5.7


SKY COVER
  POSSIBLE SUNSHINE  MM
  AVERAGE SKY COVER 0.5


WEATHER CONDITIONS
 THE FOLLOWING WEATHER WAS RECORDED TODAY.
  LIGHT RAIN


RELATIVE HUMIDITY (PERCENT)
 HIGHEST    83           400 AM
 LOWEST     55           200 PM
 AVERAGE    69

..........................................................


THE SAN JOSE CA CLIMATE NORMALS FOR TOMORROW
                         NORMAL    RECORD    YEAR
 MAXIMUM TEMPERATURE (F)   66        79      1959
 MINIMUM TEMPERATURE (F)   47        28      1894


SUNRISE AND SUNSET
MARCH  2 2015.........SUNRISE   638 AM PST   SUNSET   602 PM PST
MARCH  3 2015.........SUNRISE   636 AM PST   SUNSET   603 PM PST


-  INDICATES NEGATIVE NUMBERS.
R  INDICATES RECORD WAS SET OR TIED.
MM INDICATES DATA IS MISSING.
T  INDICATES TRACE AMOUNT.




$$
