000
CDUS46 KMTR 190033
CLISJC


CLIMATE REPORT
NATIONAL WEATHER SERVICE SAN FRANCISCO BAY AREA
432 PM PST SAT NOV 18 2017


...................................

...THE SAN JOSE CA CLIMATE SUMMARY FOR NOVEMBER 18 2017...
VALID TODAY AS OF 0400 PM LOCAL TIME.

CLIMATE NORMAL PERIOD 1981 TO 2010
CLIMATE RECORD PERIOD 1893 TO 2017


WEATHER ITEM   OBSERVED TIME   RECORD YEAR NORMAL DEPARTURE LAST
                VALUE   (LST)  VALUE       VALUE  FROM      YEAR
                                                  NORMAL
..................................................................
TEMPERATURE (F)
 TODAY
  MAXIMUM         65    234 PM  78    1936  63      2       73
  MINIMUM         40    605 AM  29    1893  45     -5       42
  AVERAGE         53                        54     -1       58

PRECIPITATION (IN)
  TODAY            0.00          1.79 1950   0.06  -0.06      T
  MONTH TO DATE    1.10                      0.88   0.22     0.03
  SINCE OCT 1      1.32                      1.68  -0.36     1.59
  SINCE JAN 1     15.40                     12.41   2.99    11.80

SNOWFALL (IN)
  TODAY            0.0           0.0  1947
  MONTH TO DATE    0.0
  SINCE SEP 1      0.0
  SINCE JUL 1      0.0

DEGREE DAYS
 HEATING
  TODAY           12                        11      1        7
  MONTH TO DATE  113                       150    -37       56
  SINCE SEP 1    161                       254    -93       92
  SINCE JUL 1    161                       260    -99       92

 COOLING
  TODAY            0                         0      0        0
  MONTH TO DATE    0                         0      0        7
  SINCE SEP 1    345                       153    192      185
  SINCE JAN 1    990                       636    354      706
..................................................................


WIND (MPH)
  RESULTANT WIND SPEED   0   RESULTANT WIND DIRECTION  NE (50)
  HIGHEST WIND SPEED    10   HIGHEST WIND DIRECTION    NW (300)
  HIGHEST GUST SPEED    13   HIGHEST GUST DIRECTION     W (290)
  AVERAGE WIND SPEED     3.0


SKY COVER
  POSSIBLE SUNSHINE  MM
  AVERAGE SKY COVER 0.2


WEATHER CONDITIONS
 THE FOLLOWING WEATHER WAS RECORDED TODAY.
  NO SIGNIFICANT WEATHER WAS OBSERVED.


RELATIVE HUMIDITY (PERCENT)
 HIGHEST    89           200 AM
 LOWEST     37           100 PM
 AVERAGE    63

..........................................................


THE SAN JOSE CA CLIMATE NORMALS FOR TOMORROW
                         NORMAL    RECORD    YEAR
 MAXIMUM TEMPERATURE (F)   63        79      1936
 MINIMUM TEMPERATURE (F)   45        28      1893


SUNRISE AND SUNSET
NOVEMBER 18 2017......SUNRISE   651 AM PST   SUNSET   455 PM PST
NOVEMBER 19 2017......SUNRISE   652 AM PST   SUNSET   454 PM PST


-  INDICATES NEGATIVE NUMBERS.
R  INDICATES RECORD WAS SET OR TIED.
MM INDICATES DATA IS MISSING.
T  INDICATES TRACE AMOUNT.




$$
