000
CDUS44 KSJT 120750
CLISJT


CLIMATE REPORT
NATIONAL WEATHER SERVICE SAN ANGELO TX
150 AM CST TUE DEC 12 2017


...................................

...THE SAN ANGELO CLIMATE SUMMARY FOR DECEMBER 11 2017...

CLIMATE NORMAL PERIOD 1981 TO 2010
CLIMATE RECORD PERIOD 1907 TO 2017


WEATHER ITEM   OBSERVED TIME   RECORD YEAR NORMAL DEPARTURE LAST
                VALUE   (LST)  VALUE       VALUE  FROM      YEAR
                                                  NORMAL
..................................................................
TEMPERATURE (F)
 YESTERDAY
  MAXIMUM         73    219 PM  87    2015  60     13       75
  MINIMUM         28    611 AM  17    1919  34     -6       45
  AVERAGE         51                        47      4       60

PRECIPITATION (IN)
  YESTERDAY        0.00          1.48 1946   0.03  -0.03     0.00
  MONTH TO DATE    0.42                      0.28   0.14     0.73
  SINCE DEC 1      0.42                      0.28   0.14     0.73
  SINCE JAN 1     17.77                     20.68  -2.91    35.71

SNOWFALL (IN)
  YESTERDAY        0.0           0.4  1986   0.0    0.0      0.0
  MONTH TO DATE    T                         0.1   -0.1       T
  SINCE NOV 1      T                         0.4   -0.4       T
  SINCE JUL 1      T                         0.4   -0.4       T
  SNOW DEPTH       0

DEGREE DAYS
 HEATING
  YESTERDAY       14                        18     -4        5
  MONTH TO DATE  147                       186    -39      208
  SINCE DEC 1    147                       186    -39      208
  SINCE JUL 1    447                       586   -139      376

 COOLING
  YESTERDAY        0                         0      0        0
  MONTH TO DATE    3                         0      3        0
  SINCE DEC 1      3                         0      3        0
  SINCE JAN 1   2876                      2502    374     2829
..................................................................


WIND (MPH)
  HIGHEST WIND SPEED    16   HIGHEST WIND DIRECTION    SW (230)
  HIGHEST GUST SPEED    20   HIGHEST GUST DIRECTION    SW (240)
  AVERAGE WIND SPEED     6.0


SKY COVER
  POSSIBLE SUNSHINE  MM
  AVERAGE SKY COVER 0.0


WEATHER CONDITIONS
 THE FOLLOWING WEATHER WAS RECORDED YESTERDAY.
  NO SIGNIFICANT WEATHER WAS OBSERVED.


RELATIVE HUMIDITY (PERCENT)
 HIGHEST    78           600 AM
 LOWEST     12           200 PM
 AVERAGE    45

..........................................................


THE SAN ANGELO CLIMATE NORMALS FOR TODAY
                         NORMAL    RECORD    YEAR
 MAXIMUM TEMPERATURE (F)   60        83      1939
 MINIMUM TEMPERATURE (F)   34        11      1966


SUNRISE AND SUNSET
DECEMBER 12 2017......SUNRISE   732 AM CST   SUNSET   540 PM CST
DECEMBER 13 2017......SUNRISE   732 AM CST   SUNSET   540 PM CST


-  INDICATES NEGATIVE NUMBERS.
R  INDICATES RECORD WAS SET OR TIED.
MM INDICATES DATA IS MISSING.
T  INDICATES TRACE AMOUNT.




$$
