000
CDUS44 KSJT 250859
CLISJT


CLIMATE REPORT
NATIONAL WEATHER SERVICE SAN ANGELO TX
358 AM CDT SUN JUN 25 2017


...................................

...THE SAN ANGELO CLIMATE SUMMARY FOR JUNE 24 2017...

CLIMATE NORMAL PERIOD 1981 TO 2010
CLIMATE RECORD PERIOD 1907 TO 2017


WEATHER ITEM   OBSERVED TIME   RECORD YEAR NORMAL DEPARTURE LAST
                VALUE   (LST)  VALUE       VALUE  FROM      YEAR
                                                  NORMAL
..................................................................
TEMPERATURE (F)
 YESTERDAY
  MAXIMUM         91        MM 107    1928  93     -2       94
                                      1911
  MINIMUM         71        MM  47    1912  70      1       70
  AVERAGE         81                        82     -1       82

PRECIPITATION (IN)
  YESTERDAY        T             1.25 2007   0.07  -0.07     0.00
  MONTH TO DATE    1.51                      2.23  -0.72     3.12
  SINCE JUN 1      1.51                      2.23  -0.72     3.12
  SINCE JAN 1      7.99                     10.25  -2.26    18.75

DEGREE DAYS
 HEATING
  YESTERDAY        0                         0      0        0
  MONTH TO DATE    0                         0      0        0
  SINCE JUN 1      0                         0      0        0
  SINCE JUL 1   1507                      2316   -809     1825

 COOLING
  YESTERDAY       16                        17     -1       17
  MONTH TO DATE  460                       361     99      355
  SINCE JUN 1    460                       361     99      355
  SINCE JAN 1   1036                       821    215      766
..................................................................


WIND (MPH)
  HIGHEST WIND SPEED    MM   HIGHEST WIND DIRECTION    MM
  HIGHEST GUST SPEED    MM   HIGHEST GUST DIRECTION    MM
  AVERAGE WIND SPEED     8.8


SKY COVER
  POSSIBLE SUNSHINE  MM
  AVERAGE SKY COVER 0.1


WEATHER CONDITIONS
 THE FOLLOWING WEATHER WAS RECORDED YESTERDAY.
  LIGHT RAIN


RELATIVE HUMIDITY (PERCENT)
 HIGHEST    51           800 PM
 LOWEST     43           500 PM
 AVERAGE    47

..........................................................


THE SAN ANGELO CLIMATE NORMALS FOR TODAY
                         NORMAL    RECORD    YEAR
 MAXIMUM TEMPERATURE (F)   93       105      2011
                                             1994
 MINIMUM TEMPERATURE (F)   70        49      1912


SUNRISE AND SUNSET
JUNE 25 2017..........SUNRISE   639 AM CDT   SUNSET   850 PM CDT
JUNE 26 2017..........SUNRISE   640 AM CDT   SUNSET   850 PM CDT


-  INDICATES NEGATIVE NUMBERS.
R  INDICATES RECORD WAS SET OR TIED.
MM INDICATES DATA IS MISSING.
T  INDICATES TRACE AMOUNT.




$$
