000
CDUS44 KSJT 082327
CLISJT


CLIMATE REPORT
NATIONAL WEATHER SERVICE SAN ANGELO TX
526 PM CST MON FEB 8 2016


...................................

...THE SAN ANGELO CLIMATE SUMMARY FOR FEBRUARY 8 2016...
VALID TODAY AS OF 0500 PM LOCAL TIME.

CLIMATE NORMAL PERIOD 1981 TO 2010
CLIMATE RECORD PERIOD 1907 TO 2016


WEATHER ITEM   OBSERVED TIME   RECORD YEAR NORMAL DEPARTURE LAST
                VALUE   (LST)  VALUE       VALUE  FROM      YEAR
                                                  NORMAL
..................................................................
TEMPERATURE (F)
 TODAY
  MAXIMUM         60    456 PM  87    1999  62     -2       81
  MINIMUM         32    740 AM   3    1933  36     -4       48
  AVERAGE         46                        49     -3       65

PRECIPITATION (IN)
  TODAY            0.00          0.65 1911   0.05  -0.05     0.00
  MONTH TO DATE    0.00                      0.33  -0.33      T
  SINCE DEC 1      2.29                      2.11   0.18     2.39
  SINCE JAN 1      0.03                      1.26  -1.23     2.03

SNOWFALL (IN)
  TODAY            0.0           3.2  1973   0.0    0.0      0.0
  MONTH TO DATE    0.0                       0.1   -0.1      0.0
  SINCE NOV 1      3.1                       1.9    1.2       T
  SINCE JUL 1      3.1                       1.9    1.2       T

DEGREE DAYS
 HEATING
  TODAY           19                        16      3        0
  MONTH TO DATE  146                       134     12      122
  SINCE DEC 1   1121                      1278   -157     1143
  SINCE JUL 1   1407                      1678   -271     1513

 COOLING
  TODAY            0                         0      0        0
  MONTH TO DATE    0                         0      0        0
  SINCE DEC 1      0                         2     -2        1
  SINCE JAN 1      0                         1     -1        0
..................................................................


WIND (MPH)
  HIGHEST WIND SPEED    24   HIGHEST WIND DIRECTION    NE (30)
  HIGHEST GUST SPEED    30   HIGHEST GUST DIRECTION     N (20)
  AVERAGE WIND SPEED    10.3


SKY COVER
  POSSIBLE SUNSHINE  MM
  AVERAGE SKY COVER 0.0


WEATHER CONDITIONS
 THE FOLLOWING WEATHER WAS RECORDED TODAY.
  NO SIGNIFICANT WEATHER WAS OBSERVED.


RELATIVE HUMIDITY (PERCENT)
 HIGHEST    49           100 AM
 LOWEST     14          1200 PM
 AVERAGE    32

..........................................................


THE SAN ANGELO CLIMATE NORMALS FOR TOMORROW
                         NORMAL    RECORD    YEAR
 MAXIMUM TEMPERATURE (F)   62        90      1957
 MINIMUM TEMPERATURE (F)   36         6      1933


SUNRISE AND SUNSET
FEBRUARY  8 2016......SUNRISE   730 AM CST   SUNSET   623 PM CST
FEBRUARY  9 2016......SUNRISE   729 AM CST   SUNSET   624 PM CST


-  INDICATES NEGATIVE NUMBERS.
R  INDICATES RECORD WAS SET OR TIED.
MM INDICATES DATA IS MISSING.
T  INDICATES TRACE AMOUNT.




$$
