000
CDUS44 KSJT 140652
CLISJT


CLIMATE REPORT
NATIONAL WEATHER SERVICE SAN ANGELO TX
151 AM CDT MON JUL 14 2014


...................................

...THE SAN ANGELO CLIMATE SUMMARY FOR JULY 13 2014...

CLIMATE NORMAL PERIOD 1981 TO 2010
CLIMATE RECORD PERIOD 1907 TO 2014


WEATHER ITEM   OBSERVED TIME   RECORD YEAR NORMAL DEPARTURE LAST
                VALUE   (LST)  VALUE       VALUE  FROM      YEAR
                                                  NORMAL
..................................................................
TEMPERATURE (F)
 YESTERDAY
  MAXIMUM         99    443 PM 108    1933  95      4      103
                                      1924
  MINIMUM         70    501 AM  62    1983  71     -1       72
                                      1975
                                      1945
  AVERAGE         85                        83      2       88

PRECIPITATION (IN)
  YESTERDAY        0.00          1.05 1939   0.04  -0.04     0.00
  MONTH TO DATE    0.00                      0.58  -0.58     0.01
  SINCE JUN 1      2.29                      3.17  -0.88     1.41
  SINCE JAN 1     10.56                     11.19  -0.63     7.79

DEGREE DAYS
 HEATING
  YESTERDAY        0                         0      0        0
  MONTH TO DATE    0                         0      0        0
  SINCE JUN 1      0                         0      0        0
  SINCE JUL 1      0                         0      0        0

 COOLING
  YESTERDAY       20                        18      2       23
  MONTH TO DATE  235                       230      5      241
  SINCE JUN 1    719                       694     25      802
  SINCE JAN 1   1321                      1154    167     1398
..................................................................


WIND (MPH)
  HIGHEST WIND SPEED    14   HIGHEST WIND DIRECTION    SE (150)
  HIGHEST GUST SPEED    22   HIGHEST GUST DIRECTION     S (190)
  AVERAGE WIND SPEED     6.6


SKY COVER
  POSSIBLE SUNSHINE  MM
  AVERAGE SKY COVER 0.1


WEATHER CONDITIONS
 THE FOLLOWING WEATHER WAS RECORDED YESTERDAY.
  NO SIGNIFICANT WEATHER WAS OBSERVED.


RELATIVE HUMIDITY (PERCENT)
 HIGHEST    73           600 AM
 LOWEST     22           500 PM
 AVERAGE    48

..........................................................


THE SAN ANGELO CLIMATE NORMALS FOR TODAY
                         NORMAL    RECORD    YEAR
 MAXIMUM TEMPERATURE (F)   95       109      1933
 MINIMUM TEMPERATURE (F)   71        56      1990


SUNRISE AND SUNSET
JULY 14 2014..........SUNRISE   648 AM CDT   SUNSET   848 PM CDT
JULY 15 2014..........SUNRISE   648 AM CDT   SUNSET   848 PM CDT


-  INDICATES NEGATIVE NUMBERS.
R  INDICATES RECORD WAS SET OR TIED.
MM INDICATES DATA IS MISSING.
T  INDICATES TRACE AMOUNT.




$$
