473
CDUS44 KSJT 232320
CLISJT


CLIMATE REPORT
NATIONAL WEATHER SERVICE SAN ANGELO TX
517 PM CST THU FEB 23 2017


...................................

...THE SAN ANGELO CLIMATE SUMMARY FOR FEBRUARY 23 2017...
VALID TODAY AS OF 0500 PM LOCAL TIME.

CLIMATE NORMAL PERIOD 1981 TO 2010
CLIMATE RECORD PERIOD 1907 TO 2017


WEATHER ITEM   OBSERVED TIME   RECORD YEAR NORMAL DEPARTURE LAST
                VALUE   (LST)  VALUE       VALUE  FROM      YEAR
                                                  NORMAL
..................................................................
TEMPERATURE (F)
 TODAY
  MAXIMUM         92R   237 PM  85    2012  65     27       52
                                      2011
                                      1946
  MINIMUM         45    449 AM  15    1966  39      6       41
  AVERAGE         69                        52     17       47

PRECIPITATION (IN)
  TODAY            0.00          1.29 1949   0.05  -0.05     0.00
  MONTH TO DATE    1.23                      1.09   0.14     0.77
  SINCE DEC 1      3.45                      2.87   0.58     3.06
  SINCE JAN 1      2.71                      2.02   0.69     0.80

SNOWFALL (IN)
  TODAY            0.0           4.0  2010   0.1   -0.1      0.0
  MONTH TO DATE    0.0                       0.3   -0.3      0.0
  SINCE NOV 1      T                         2.1   -2.1      3.1
  SINCE JUL 1      T                         2.1   -2.1      3.1

DEGREE DAYS
 HEATING
  TODAY            0                        13    -13       18
  MONTH TO DATE  171                       354   -183      261
  SINCE DEC 1   1120                      1498   -378     1236
  SINCE JUL 1   1288                      1898   -610     1522

 COOLING
  TODAY            4                         0      4        0
  MONTH TO DATE   15                         0     15       10
  SINCE DEC 1     17                         2     15       10
  SINCE JAN 1     16                         1     15       10
..................................................................


WIND (MPH)
  HIGHEST WIND SPEED    24   HIGHEST WIND DIRECTION     W (250)
  HIGHEST GUST SPEED    32   HIGHEST GUST DIRECTION     W (250)
  AVERAGE WIND SPEED     9.7


SKY COVER
  POSSIBLE SUNSHINE  MM
  AVERAGE SKY COVER 0.0


WEATHER CONDITIONS
 THE FOLLOWING WEATHER WAS RECORDED TODAY.
  NO SIGNIFICANT WEATHER WAS OBSERVED.


RELATIVE HUMIDITY (PERCENT)
 HIGHEST    76           400 AM
 LOWEST     10           300 PM
 AVERAGE    43

..........................................................


THE SAN ANGELO CLIMATE NORMALS FOR TOMORROW
                         NORMAL    RECORD    YEAR
 MAXIMUM TEMPERATURE (F)   66        93      2009
 MINIMUM TEMPERATURE (F)   39        14      1966


SUNRISE AND SUNSET
FEBRUARY 23 2017......SUNRISE   715 AM CST   SUNSET   636 PM CST
FEBRUARY 24 2017......SUNRISE   714 AM CST   SUNSET   637 PM CST


-  INDICATES NEGATIVE NUMBERS.
R  INDICATES RECORD WAS SET OR TIED.
MM INDICATES DATA IS MISSING.
T  INDICATES TRACE AMOUNT.




$$
