000
CDUS44 KSJT 200652
CLISJT


CLIMATE REPORT
NATIONAL WEATHER SERVICE SAN ANGELO TX
151 AM CDT SAT SEP 20 2014


...................................

...THE SAN ANGELO CLIMATE SUMMARY FOR SEPTEMBER 19 2014...

CLIMATE NORMAL PERIOD 1981 TO 2010
CLIMATE RECORD PERIOD 1907 TO 2014


WEATHER ITEM   OBSERVED TIME   RECORD YEAR NORMAL DEPARTURE LAST
                VALUE   (LST)  VALUE       VALUE  FROM      YEAR
                                                  NORMAL
..................................................................
TEMPERATURE (F)
 YESTERDAY
  MAXIMUM         81    500 PM 100    1945  87     -6       78
                                      1907
  MINIMUM         70    801 AM  39    1913  62      8       70
  AVERAGE         76                        74      2       74

PRECIPITATION (IN)
  YESTERDAY        0.50          2.43 2013   0.07   0.43     2.43
  MONTH TO DATE    0.81                      1.63  -0.82     2.69
  SINCE SEP 1      0.81                      1.63  -0.82     2.69
  SINCE JAN 1     12.79                     15.70  -2.91    14.45

DEGREE DAYS
 HEATING
  YESTERDAY        0                         0      0        0
  MONTH TO DATE    5                         0      5        0
  SINCE SEP 1      5                         0      5        0
  SINCE JUL 1      5                         0      5        0

 COOLING
  YESTERDAY       11                        10      1        9
  MONTH TO DATE  280                       238     42      305
  SINCE SEP 1    280                       238     42      305
  SINCE JAN 1   2538                      2274    264     2631
..................................................................


WIND (MPH)
  HIGHEST WIND SPEED    16   HIGHEST WIND DIRECTION     E (80)
  HIGHEST GUST SPEED    19   HIGHEST GUST DIRECTION    NE (50)
  AVERAGE WIND SPEED     7.2


SKY COVER
  POSSIBLE SUNSHINE  MM
  AVERAGE SKY COVER 0.6


WEATHER CONDITIONS
 THE FOLLOWING WEATHER WAS RECORDED YESTERDAY.
  HEAVY RAIN
  LIGHT RAIN
  FOG


RELATIVE HUMIDITY (PERCENT)
 HIGHEST   100           300 AM
 LOWEST     74           600 PM
 AVERAGE    87

..........................................................


THE SAN ANGELO CLIMATE NORMALS FOR TODAY
                         NORMAL    RECORD    YEAR
 MAXIMUM TEMPERATURE (F)   86       102      1953
 MINIMUM TEMPERATURE (F)   62        37      1913


SUNRISE AND SUNSET
SEPTEMBER 20 2014.....SUNRISE   729 AM CDT   SUNSET   741 PM CDT
SEPTEMBER 21 2014.....SUNRISE   730 AM CDT   SUNSET   740 PM CDT


-  INDICATES NEGATIVE NUMBERS.
R  INDICATES RECORD WAS SET OR TIED.
MM INDICATES DATA IS MISSING.
T  INDICATES TRACE AMOUNT.


$$
