000
CDUS44 KSJT 220653
CLISJT


CLIMATE REPORT
NATIONAL WEATHER SERVICE SAN ANGELO TX
153 AM CDT FRI AUG 22 2014


...................................

...THE SAN ANGELO CLIMATE SUMMARY FOR AUGUST 21 2014...

CLIMATE NORMAL PERIOD 1981 TO 2010
CLIMATE RECORD PERIOD 1907 TO 2014


WEATHER ITEM   OBSERVED TIME   RECORD YEAR NORMAL DEPARTURE LAST
                VALUE   (LST)  VALUE       VALUE  FROM      YEAR
                                                  NORMAL
..................................................................
TEMPERATURE (F)
 YESTERDAY
  MAXIMUM         98    413 PM 105    1943  94      4       95
  MINIMUM         76    623 AM  57    1940  71      5       68
  AVERAGE         87                        82      5       82

PRECIPITATION (IN)
  YESTERDAY        0.00          1.01 1965   0.09  -0.09     0.00
  MONTH TO DATE    0.63                      1.35  -0.72     0.23
  SINCE JUN 1      3.69                      5.14  -1.45     4.80
  SINCE JAN 1     11.96                     13.16  -1.20    11.18

DEGREE DAYS
 HEATING
  YESTERDAY        0                         0      0        0
  MONTH TO DATE    0                         0      0        0
  SINCE JUN 1      0                         0      0        0
  SINCE JUL 1      0                         0      0        0

 COOLING
  YESTERDAY       22                        17      5       17
  MONTH TO DATE  390                       387      3      443
  SINCE JUN 1   1453                      1414     39     1558
  SINCE JAN 1   2055                      1874    181     2154
..................................................................


WIND (MPH)
  HIGHEST WIND SPEED    21   HIGHEST WIND DIRECTION     S (170)
  HIGHEST GUST SPEED    28   HIGHEST GUST DIRECTION    SE (140)
  AVERAGE WIND SPEED    10.5


SKY COVER
  POSSIBLE SUNSHINE  MM
  AVERAGE SKY COVER 0.1


WEATHER CONDITIONS
 THE FOLLOWING WEATHER WAS RECORDED YESTERDAY.
  NO SIGNIFICANT WEATHER WAS OBSERVED.


RELATIVE HUMIDITY (PERCENT)
 HIGHEST    82           600 AM
 LOWEST     33           400 PM
 AVERAGE    58

..........................................................


THE SAN ANGELO CLIMATE NORMALS FOR TODAY
                         NORMAL    RECORD    YEAR
 MAXIMUM TEMPERATURE (F)   94       105      2010
                                             1934
                                             1910
 MINIMUM TEMPERATURE (F)   70        60      1981


SUNRISE AND SUNSET
AUGUST 22 2014........SUNRISE   712 AM CDT   SUNSET   817 PM CDT
AUGUST 23 2014........SUNRISE   712 AM CDT   SUNSET   816 PM CDT


-  INDICATES NEGATIVE NUMBERS.
R  INDICATES RECORD WAS SET OR TIED.
MM INDICATES DATA IS MISSING.
T  INDICATES TRACE AMOUNT.




$$
