000
CDUS44 KSJT 282225
CLISJT


CLIMATE REPORT
NATIONAL WEATHER SERVICE SAN ANGELO TX
525 PM CDT THU MAY 28 2015


...................................

...THE SAN ANGELO CLIMATE SUMMARY FOR MAY 28 2015...
VALID TODAY AS OF 0500 PM LOCAL TIME.

CLIMATE NORMAL PERIOD 1981 TO 2010
CLIMATE RECORD PERIOD 1907 TO 2015


WEATHER ITEM   OBSERVED TIME   RECORD YEAR NORMAL DEPARTURE LAST
                VALUE   (LST)  VALUE       VALUE  FROM      YEAR
                                                  NORMAL
..................................................................
TEMPERATURE (F)
 TODAY
  MAXIMUM         88    332 PM 110    2011  89     -1       86
  MINIMUM         71    501 AM  51    1968  66      5       61
  AVERAGE         80                        77      3       74

PRECIPITATION (IN)
  TODAY            0.00          2.16 1987   0.11  -0.11     0.00
  MONTH TO DATE    7.84                      2.49   5.35     7.75
  SINCE MAR 1     11.32                      5.41   5.91     8.21
  SINCE JAN 1     13.58                      7.69   5.89     8.27

DEGREE DAYS
 HEATING
  TODAY            0                         0      0        0
  MONTH TO DATE    8                         8      0       28
  SINCE MAR 1    338                       353    -15      377
  SINCE JUL 1   2185                      2314   -129     2497

 COOLING
  TODAY           15                        13      2        9
  MONTH TO DATE  258                       266     -8      309
  SINCE MAR 1    452                       417     35      559
  SINCE JAN 1    454                       422     32      562
..................................................................


WIND (MPH)
  HIGHEST WIND SPEED    21   HIGHEST WIND DIRECTION     S (170)
  HIGHEST GUST SPEED    25   HIGHEST GUST DIRECTION     S (170)
  AVERAGE WIND SPEED     9.7


SKY COVER
  POSSIBLE SUNSHINE  MM
  AVERAGE SKY COVER 0.5


WEATHER CONDITIONS
 THE FOLLOWING WEATHER WAS RECORDED TODAY.
  NO SIGNIFICANT WEATHER WAS OBSERVED.


RELATIVE HUMIDITY (PERCENT)
 HIGHEST    90           500 AM
 LOWEST     50           300 PM
 AVERAGE    70

..........................................................


THE SAN ANGELO CLIMATE NORMALS FOR TOMORROW
                         NORMAL    RECORD    YEAR
 MAXIMUM TEMPERATURE (F)   90       107      1927
 MINIMUM TEMPERATURE (F)   66        48      1947


SUNRISE AND SUNSET
MAY 28 2015...........SUNRISE   640 AM CDT   SUNSET   839 PM CDT
MAY 29 2015...........SUNRISE   639 AM CDT   SUNSET   840 PM CDT


-  INDICATES NEGATIVE NUMBERS.
R  INDICATES RECORD WAS SET OR TIED.
MM INDICATES DATA IS MISSING.
T  INDICATES TRACE AMOUNT.




$$
