000
CDUS44 KSJT 210754
CLISJT


CLIMATE REPORT
NATIONAL WEATHER SERVICE SAN ANGELO TX
154 AM CST SUN DEC 21 2014


...................................

...THE SAN ANGELO CLIMATE SUMMARY FOR DECEMBER 20 2014...

CLIMATE NORMAL PERIOD 1981 TO 2010
CLIMATE RECORD PERIOD 1907 TO 2014


WEATHER ITEM   OBSERVED TIME   RECORD YEAR NORMAL DEPARTURE LAST
                VALUE   (LST)  VALUE       VALUE  FROM      YEAR
                                                  NORMAL
..................................................................
TEMPERATURE (F)
 YESTERDAY
  MAXIMUM         55    525 PM  85    2010  59     -4       62
  MINIMUM         37    110 AM   6    1909  33      4       37
  AVERAGE         46                        46      0       50

PRECIPITATION (IN)
  YESTERDAY        0.00          0.59 1997   0.03  -0.03     0.18
  MONTH TO DATE    0.04                      0.52  -0.48     0.82
  SINCE DEC 1      0.04                      0.52  -0.48     0.82
  SINCE JAN 1     16.39                     20.92  -4.53    19.47

SNOWFALL (IN)
  YESTERDAY        0.0           T    1983   0.0    0.0      0.0
  MONTH TO DATE    0.0                       0.2   -0.2      1.5
  SINCE NOV 1      T                         0.5   -0.5      1.5
  SINCE JUL 1      T                         0.5   -0.5      1.5
  SNOW DEPTH       0

DEGREE DAYS
 HEATING
  YESTERDAY       19                        19      0       15
  MONTH TO DATE  190                       354   -164      380
  SINCE DEC 1    190                       354   -164      380
  SINCE JUL 1    560                       754   -194      856

 COOLING
  YESTERDAY        0                         0      0        0
  MONTH TO DATE    1                         0      1        3
  SINCE DEC 1      1                         0      1        3
  SINCE JAN 1   2877                      2502    375     2863
..................................................................


WIND (MPH)
  HIGHEST WIND SPEED     9   HIGHEST WIND DIRECTION    SE (140)
  HIGHEST GUST SPEED    14   HIGHEST GUST DIRECTION    SE (120)
  AVERAGE WIND SPEED     4.4


SKY COVER
  POSSIBLE SUNSHINE  MM
  AVERAGE SKY COVER 0.9


WEATHER CONDITIONS
 THE FOLLOWING WEATHER WAS RECORDED YESTERDAY.
  NO SIGNIFICANT WEATHER WAS OBSERVED.


RELATIVE HUMIDITY (PERCENT)
 HIGHEST    93           800 AM
 LOWEST     66           500 PM
 AVERAGE    80

..........................................................


THE SAN ANGELO CLIMATE NORMALS FOR TODAY
                         NORMAL    RECORD    YEAR
 MAXIMUM TEMPERATURE (F)   59        86      2010
 MINIMUM TEMPERATURE (F)   33        10      1983


SUNRISE AND SUNSET
DECEMBER 21 2014......SUNRISE   737 AM CST   SUNSET   543 PM CST
DECEMBER 22 2014......SUNRISE   737 AM CST   SUNSET   544 PM CST


-  INDICATES NEGATIVE NUMBERS.
R  INDICATES RECORD WAS SET OR TIED.
MM INDICATES DATA IS MISSING.
T  INDICATES TRACE AMOUNT.




$$
