183
CDUS44 KSJT 260709
CLISJT


CLIMATE REPORT
NATIONAL WEATHER SERVICE SAN ANGELO TX
208 AM CDT SUN MAR 26 2017


...................................

...THE SAN ANGELO CLIMATE SUMMARY FOR MARCH 25 2017...

CLIMATE NORMAL PERIOD 1981 TO 2010
CLIMATE RECORD PERIOD 1907 TO 2017


WEATHER ITEM   OBSERVED TIME   RECORD YEAR NORMAL DEPARTURE LAST
                VALUE   (LST)  VALUE       VALUE  FROM      YEAR
                                                  NORMAL
..................................................................
TEMPERATURE (F)
 YESTERDAY
  MAXIMUM         81    550 PM  93    2011  74      7       75
  MINIMUM         42    648 AM  25    1955  47     -5       34
  AVERAGE         62                        60      2       55

PRECIPITATION (IN)
  YESTERDAY        0.00          1.82 1934   0.05  -0.05     0.00
  MONTH TO DATE    0.04                      1.23  -1.19     3.33
  SINCE MAR 1      0.04                      1.23  -1.19     3.33
  SINCE JAN 1      2.75                      3.51  -0.76     4.13

SNOWFALL (IN)
  YESTERDAY        0.0           T    1949   0.0    0.0      0.0
  MONTH TO DATE    0.0                       0.1   -0.1       T
  SINCE NOV 1      T                         2.2   -2.2      3.1
  SINCE JUL 1      T                         2.2   -2.2      3.1
  SNOW DEPTH       0

DEGREE DAYS
 HEATING
  YESTERDAY        3                         6     -3       10
  MONTH TO DATE  108                       224   -116      138
  SINCE MAR 1    108                       224   -116      138
  SINCE JUL 1   1432                      2185   -753     1731

 COOLING
  YESTERDAY        0                         2     -2        0
  MONTH TO DATE  100                        24     76       23
  SINCE MAR 1    100                        24     76       23
  SINCE JAN 1    127                        29     98       33
..................................................................


WIND (MPH)
  HIGHEST WIND SPEED    14   HIGHEST WIND DIRECTION    NW (330)
  HIGHEST GUST SPEED    20   HIGHEST GUST DIRECTION    NW (310)
  AVERAGE WIND SPEED     6.4


SKY COVER
  POSSIBLE SUNSHINE  MM
  AVERAGE SKY COVER 0.0


WEATHER CONDITIONS
 THE FOLLOWING WEATHER WAS RECORDED YESTERDAY.
  NO SIGNIFICANT WEATHER WAS OBSERVED.


RELATIVE HUMIDITY (PERCENT)
 HIGHEST    70           600 AM
 LOWEST     16           300 PM
 AVERAGE    43

..........................................................


THE SAN ANGELO CLIMATE NORMALS FOR TODAY
                         NORMAL    RECORD    YEAR
 MAXIMUM TEMPERATURE (F)   74        91      2000
                                             1938
                                             1908
 MINIMUM TEMPERATURE (F)   47        22      1955


SUNRISE AND SUNSET
MARCH 26 2017.........SUNRISE   738 AM CDT   SUNSET   758 PM CDT
MARCH 27 2017.........SUNRISE   737 AM CDT   SUNSET   758 PM CDT


-  INDICATES NEGATIVE NUMBERS.
R  INDICATES RECORD WAS SET OR TIED.
MM INDICATES DATA IS MISSING.
T  INDICATES TRACE AMOUNT.




$$
