000
CDUS44 KSJT 300654
CLISJT


CLIMATE REPORT
NATIONAL WEATHER SERVICE SAN ANGELO TX
153 AM CDT THU OCT 30 2014


...................................

...THE SAN ANGELO CLIMATE SUMMARY FOR OCTOBER 29 2014...

CLIMATE NORMAL PERIOD 1981 TO 2010
CLIMATE RECORD PERIOD 1907 TO 2014


WEATHER ITEM   OBSERVED TIME   RECORD YEAR NORMAL DEPARTURE LAST
                VALUE   (LST)  VALUE       VALUE  FROM      YEAR
                                                  NORMAL
..................................................................
TEMPERATURE (F)
 YESTERDAY
  MAXIMUM         80    402 PM  90    1968  75      5       80
                                      1924
  MINIMUM         59    727 AM  30    1925  49     10       70
  AVERAGE         70                        62      8       75

PRECIPITATION (IN)
  YESTERDAY        0.00          0.96 1976   0.07  -0.07     0.02
  MONTH TO DATE    0.44                      2.59  -2.15     1.41
  SINCE SEP 1      1.33                      5.05  -3.72     6.03
  SINCE JAN 1     13.31                     19.12  -5.81    17.79

SNOWFALL (IN)
  YESTERDAY        0.0           0.0  2002   0.0    0.0      0.0
  MONTH TO DATE    0.0                       0.0    0.0      0.0
  SINCE NOV 1      1.6                       2.2   -0.6      2.8
  SINCE JUL 1      0.0                       0.0    0.0      0.0
  SNOW DEPTH       0

DEGREE DAYS
 HEATING
  YESTERDAY        0                         5     -5        0
  MONTH TO DATE   10                        70    -60       78
  SINCE SEP 1     15                        79    -64       78
  SINCE JUL 1     15                        79    -64       78

 COOLING
  YESTERDAY        5                         2      3       10
  MONTH TO DATE  205                       114     91      130
  SINCE SEP 1    599                       443    156      518
  SINCE JAN 1   2857                      2479    378     2844
..................................................................


WIND (MPH)
  HIGHEST WIND SPEED    14   HIGHEST WIND DIRECTION     E (70)
  HIGHEST GUST SPEED    18   HIGHEST GUST DIRECTION     E (80)
  AVERAGE WIND SPEED     6.5


SKY COVER
  POSSIBLE SUNSHINE  MM
  AVERAGE SKY COVER 0.3


WEATHER CONDITIONS
 THE FOLLOWING WEATHER WAS RECORDED YESTERDAY.
  NO SIGNIFICANT WEATHER WAS OBSERVED.


RELATIVE HUMIDITY (PERCENT)
 HIGHEST    73          1100 PM
 LOWEST     45           300 PM
 AVERAGE    59

..........................................................


THE SAN ANGELO CLIMATE NORMALS FOR TODAY
                         NORMAL    RECORD    YEAR
 MAXIMUM TEMPERATURE (F)   75        90      1968
 MINIMUM TEMPERATURE (F)   49        19      1917


SUNRISE AND SUNSET
OCTOBER 30 2014.......SUNRISE   756 AM CDT   SUNSET   655 PM CDT
OCTOBER 31 2014.......SUNRISE   757 AM CDT   SUNSET   654 PM CDT


-  INDICATES NEGATIVE NUMBERS.
R  INDICATES RECORD WAS SET OR TIED.
MM INDICATES DATA IS MISSING.
T  INDICATES TRACE AMOUNT.




$$
