000
CDCA42 TJSJ 200444
CLISJU


CLIMATE REPORT
NATIONAL WEATHER SERVICE SAN JUAN, PR
1243 AM AST MON OCT 20 2014


...................................

...THE SAN JUAN/P.R. CLIMATE SUMMARY FOR OCTOBER 19 2014...

CLIMATE NORMAL PERIOD 1981 TO 2010
CLIMATE RECORD PERIOD 1898 TO 2014


WEATHER ITEM   OBSERVED TIME   RECORD YEAR NORMAL DEPARTURE LAST
                VALUE   (LST)  VALUE       VALUE  FROM      YEAR
                                                  NORMAL
..................................................................
TEMPERATURE (F)
 YESTERDAY
  MAXIMUM         89   1159 AM  94    1978  88      1       87
  MINIMUM         79    712 AM  70    1959  77      2       78
  AVERAGE         84                        83      1       83

PRECIPITATION (IN)
  YESTERDAY        0.00          1.15 1995   0.19  -0.19      T
  MONTH TO DATE    1.73                      3.17  -1.44     1.55
  SINCE SEP 1      8.15                      8.94  -0.79     9.16
  SINCE JAN 1     40.87                     42.56  -1.69    66.79

SNOWFALL (IN)
  YESTERDAY        0.0
  MONTH TO DATE    0.0
  SINCE SEP 1      0.0
  SINCE JUL 1      0.0

DEGREE DAYS
 HEATING
  YESTERDAY        0                         0      0        0
  MONTH TO DATE    0                         0      0        0
  SINCE SEP 1      0                         0      0        0
  SINCE JUL 1      0                         0      0        0

 COOLING
  YESTERDAY       19                        18      1       18
  MONTH TO DATE  370                       342     28      363
  SINCE SEP 1    923                       897     26      952
  SINCE JAN 1   5138                      4754    384     4868
..................................................................


WIND (MPH)
  RESULTANT WIND SPEED   4   RESULTANT WIND DIRECTION  NE (50)
  HIGHEST WIND SPEED    14   HIGHEST WIND DIRECTION    NE (40)
  HIGHEST GUST SPEED    20   HIGHEST GUST DIRECTION    NE (30)
  AVERAGE WIND SPEED     4.2


SKY COVER
  AVERAGE SKY COVER 0.4


WEATHER CONDITIONS
 THE FOLLOWING WEATHER WAS RECORDED YESTERDAY.
  NO SIGNIFICANT WEATHER WAS OBSERVED.


RELATIVE HUMIDITY (PERCENT)
 HIGHEST    91
 LOWEST     64
 AVERAGE    78

..........................................................


THE SAN JUAN/P.R. CLIMATE NORMALS FOR TODAY
                         NORMAL    RECORD    YEAR
 MAXIMUM TEMPERATURE (F)   88        95      1980
 MINIMUM TEMPERATURE (F)   77        67      1959


SUNRISE AND SUNSET
OCTOBER 20 2014.......SUNRISE   619 AM AST   SUNSET   558 PM AST
OCTOBER 21 2014.......SUNRISE   620 AM AST   SUNSET   557 PM AST


-  INDICATES NEGATIVE NUMBERS.
R  INDICATES RECORD WAS SET OR TIED.
MM INDICATES DATA IS MISSING.
T  INDICATES TRACE AMOUNT.




$$
