232
CDUS45 KSLC 101230
CLISLC


CLIMATE REPORT
NATIONAL WEATHER SERVICE SALT LAKE CITY UT
530 AM MST WED FEB 10 2016


...................................

...THE SALT LAKE CITY UT CLIMATE SUMMARY FOR FEBRUARY 9 2016...

CLIMATE NORMAL PERIOD 1981 TO 2010
CLIMATE RECORD PERIOD 1874 TO 2016


WEATHER ITEM   OBSERVED TIME   RECORD YEAR NORMAL DEPARTURE LAST
                VALUE   (LST)  VALUE       VALUE  FROM      YEAR
                                                  NORMAL
..................................................................
TEMPERATURE (F)
 YESTERDAY
  MAXIMUM         40    406 PM  62    1999  41     -1       58
  MINIMUM         24    757 AM -30    1933  24      0       43
  AVERAGE         32                        32      0       51

PRECIPITATION (IN)
  YESTERDAY        0.00          0.41 1976   0.04  -0.04     0.11
  MONTH TO DATE    0.11                      0.37  -0.26     0.16
  SINCE OCT 1      5.30                      6.00  -0.70     3.03
  SINCE JAN 1      2.05                      1.62   0.43     1.02

SNOWFALL (IN)
  YESTERDAY        0.0           4.5  1965   0.4   -0.4      0.0
  MONTH TO DATE    1.9                       3.5   -1.6      0.0
  SINCE OCT 1     29.7                      38.2   -8.5      6.8
  SINCE JUL 1     29.7                      38.2   -8.5      6.8
  SNOW DEPTH       1

DEGREE DAYS
 HEATING
  YESTERDAY       33                        33      0       14
  MONTH TO DATE  331                       302     29      123
  SINCE DEC 1   2431                      2478    -47     1917
  SINCE JUL 1   3373                      3696   -323     2887

 COOLING
  YESTERDAY        0                         0      0        0
  MONTH TO DATE    0                         0      0        0
  SINCE DEC 1      0                         0      0        0
  SINCE JAN 1      0                         0      0        0
..................................................................


WIND (MPH)
  RESULTANT WIND SPEED   0   RESULTANT WIND DIRECTION   W (270)
  HIGHEST WIND SPEED     9   HIGHEST WIND DIRECTION     W (290)
  HIGHEST GUST SPEED    12   HIGHEST GUST DIRECTION     S (180)
  AVERAGE WIND SPEED     4.7


SKY COVER
  POSSIBLE SUNSHINE  MM
  AVERAGE SKY COVER 0.0


WEATHER CONDITIONS
 THE FOLLOWING WEATHER WAS RECORDED YESTERDAY.
  FOG
  HAZE


RELATIVE HUMIDITY (PERCENT)
 HIGHEST    92          1200 AM
 LOWEST     64          1200 PM
 AVERAGE    78

..........................................................


THE SALT LAKE CITY UT CLIMATE NORMALS FOR TODAY
                         NORMAL    RECORD    YEAR
 MAXIMUM TEMPERATURE (F)   41        68      1951
 MINIMUM TEMPERATURE (F)   24       -26      1933


SUNRISE AND SUNSET
FEBRUARY 10 2016......SUNRISE   729 AM MST   SUNSET   556 PM MST
FEBRUARY 11 2016......SUNRISE   727 AM MST   SUNSET   557 PM MST


-  INDICATES NEGATIVE NUMBERS.
R  INDICATES RECORD WAS SET OR TIED.
MM INDICATES DATA IS MISSING.
T  INDICATES TRACE AMOUNT.




$$
