000
CDUS45 KSLC 251230
CLISLC


CLIMATE REPORT
NATIONAL WEATHER SERVICE SALT LAKE CITY UT
529 AM MST SAT FEB 25 2017


...................................

...THE SALT LAKE CITY UT CLIMATE SUMMARY FOR FEBRUARY 24 2017...

CLIMATE NORMAL PERIOD 1981 TO 2010
CLIMATE RECORD PERIOD 1874 TO 2017


WEATHER ITEM   OBSERVED TIME   RECORD YEAR NORMAL DEPARTURE LAST
                VALUE   (LST)  VALUE       VALUE  FROM      YEAR
                                                  NORMAL
..................................................................
TEMPERATURE (F)
 YESTERDAY
  MAXIMUM         34    421 PM  68    1981  47    -13       51
  MINIMUM         23   1159 PM   5    1960  28     -5       29
  AVERAGE         29                        37     -8       40

PRECIPITATION (IN)
  YESTERDAY        0.02          1.23 1998   0.05  -0.03     0.00
  MONTH TO DATE    1.49                      1.05   0.44     0.52
  SINCE OCT 1      8.10                      6.68   1.42     5.71
  SINCE JAN 1      3.46                      2.30   1.16     2.46

SNOWFALL (IN)
  YESTERDAY        0.5           9.6  1998   0.3    0.2      0.0
  MONTH TO DATE    3.0                       9.3   -6.3      3.8
  SINCE OCT 1     43.0                      44.0   -1.0     31.6
  SINCE JUL 1     43.0                      44.0   -1.0     31.6
  SNOW DEPTH       1

DEGREE DAYS
 HEATING
  YESTERDAY       36                        28      8       25
  MONTH TO DATE  557                       755   -198      711
  SINCE DEC 1   2817                      2931   -114     2811
  SINCE JUL 1   3616                      4149   -533     3753

 COOLING
  YESTERDAY        0                         0      0        0
  MONTH TO DATE    0                         0      0        0
  SINCE DEC 1      0                         0      0        0
  SINCE JAN 1      0                         0      0        0
..................................................................


WIND (MPH)
  RESULTANT WIND SPEED   4   RESULTANT WIND DIRECTION   W (290)
  HIGHEST WIND SPEED    17   HIGHEST WIND DIRECTION    NW (310)
  HIGHEST GUST SPEED    23   HIGHEST GUST DIRECTION    NW (310)
  AVERAGE WIND SPEED     7.6


SKY COVER
  POSSIBLE SUNSHINE  MM
  AVERAGE SKY COVER 0.7


WEATHER CONDITIONS
 THE FOLLOWING WEATHER WAS RECORDED YESTERDAY.
  LIGHT SNOW
  FOG


RELATIVE HUMIDITY (PERCENT)
 HIGHEST    92           100 AM
 LOWEST     41           300 PM
 AVERAGE    67

..........................................................


THE SALT LAKE CITY UT CLIMATE NORMALS FOR TODAY
                         NORMAL    RECORD    YEAR
 MAXIMUM TEMPERATURE (F)   47        68      1950
 MINIMUM TEMPERATURE (F)   28         2      1933


SUNRISE AND SUNSET
FEBRUARY 25 2017......SUNRISE   707 AM MST   SUNSET   615 PM MST
FEBRUARY 26 2017......SUNRISE   706 AM MST   SUNSET   616 PM MST


-  INDICATES NEGATIVE NUMBERS.
R  INDICATES RECORD WAS SET OR TIED.
MM INDICATES DATA IS MISSING.
T  INDICATES TRACE AMOUNT.




$$
