000
CDUS45 KSLC 300031
CLISLC


CLIMATE REPORT
NATIONAL WEATHER SERVICE SALT LAKE CITY UT
628 PM MDT MON MAY 29 2017


...................................

...THE SALT LAKE CITY UT CLIMATE SUMMARY FOR MAY 29 2017...
VALID TODAY AS OF 0500 PM LOCAL TIME.

CLIMATE NORMAL PERIOD 1981 TO 2010
CLIMATE RECORD PERIOD 1874 TO 2017


WEATHER ITEM   OBSERVED TIME   RECORD YEAR NORMAL DEPARTURE LAST
                VALUE   (LST)  VALUE       VALUE  FROM      YEAR
                                                  NORMAL
..................................................................
TEMPERATURE (F)
 TODAY
  MAXIMUM         85    358 PM  99    2003  76      9       80
  MINIMUM         54    529 AM  37    1946  51      3       57
                                      1927
  AVERAGE         70                        64      6       69

PRECIPITATION (IN)
  TODAY            0.00          0.70 1877   0.05  -0.05      T
  MONTH TO DATE    0.61                      1.84  -1.23     1.57
  SINCE OCT 1     15.64                     12.50   3.14    10.89
  SINCE JAN 1     11.00                      8.12   2.88     7.64

SNOWFALL (IN)
  TODAY            0.0           T    1927   0.0    0.0      0.0
  MONTH TO DATE    0.1                       0.3   -0.2      0.0
  SINCE OCT 1     51.4                      56.2   -4.8     34.3
  SINCE JUL 1     51.4                      56.2   -4.8     34.3
  SNOW DEPTH       0

DEGREE DAYS
 HEATING
  TODAY            0                         4     -4        0
  MONTH TO DATE  141                       198    -57      133
  SINCE MAR 1   1028                      1298   -270      977
  SINCE JUL 1   4781                      5554   -773     4822

 COOLING
  TODAY            5                         2      3        4
  MONTH TO DATE   48                        40      8       34
  SINCE MAR 1     50                        44      6       44
  SINCE JAN 1     50                        44      6       44
..................................................................


WIND (MPH)
  RESULTANT WIND SPEED   1   RESULTANT WIND DIRECTION   W (290)
  HIGHEST WIND SPEED    12   HIGHEST WIND DIRECTION     N (340)
  HIGHEST GUST SPEED    16   HIGHEST GUST DIRECTION     W (290)
  AVERAGE WIND SPEED     4.7


SKY COVER
  POSSIBLE SUNSHINE  MM
  AVERAGE SKY COVER 0.0


WEATHER CONDITIONS
 THE FOLLOWING WEATHER WAS RECORDED TODAY.
  NO SIGNIFICANT WEATHER WAS OBSERVED.


RELATIVE HUMIDITY (PERCENT)
 HIGHEST    59           400 AM
 LOWEST     18           200 PM
 AVERAGE    39

..........................................................


THE SALT LAKE CITY UT CLIMATE NORMALS FOR TOMORROW
                         NORMAL    RECORD    YEAR
 MAXIMUM TEMPERATURE (F)   77        97      2003
 MINIMUM TEMPERATURE (F)   52        34      1979
                                             1919


SUNRISE AND SUNSET
MAY 29 2017...........SUNRISE   600 AM MDT   SUNSET   851 PM MDT
MAY 30 2017...........SUNRISE   600 AM MDT   SUNSET   852 PM MDT


-  INDICATES NEGATIVE NUMBERS.
R  INDICATES RECORD WAS SET OR TIED.
MM INDICATES DATA IS MISSING.
T  INDICATES TRACE AMOUNT.




$$
