000
CDUS45 KSLC 230027
CLISLC


CLIMATE REPORT
NATIONAL WEATHER SERVICE SALT LAKE CITY UT
627 PM MDT MON SEP 22 2014


...................................

...THE SALT LAKE CITY UT CLIMATE SUMMARY FOR SEPTEMBER 22 2014...
VALID TODAY AS OF 0500 PM LOCAL TIME.

CLIMATE NORMAL PERIOD 1981 TO 2010
CLIMATE RECORD PERIOD 1874 TO 2014


WEATHER ITEM   OBSERVED TIME   RECORD YEAR NORMAL DEPARTURE LAST
                VALUE   (LST)  VALUE       VALUE  FROM      YEAR
                                                  NORMAL
..................................................................
TEMPERATURE (F)
 TODAY
  MAXIMUM         77    352 PM  91    1966  76      1       78
                                      1954
  MINIMUM         60    649 AM  29    1895  50     10       58
  AVERAGE         69                        63      6       68

PRECIPITATION (IN)
  TODAY            T             1.43 1916   0.04  -0.04     0.00
  MONTH TO DATE    0.88                      0.83   0.05     1.01
  SINCE OCT 1     13.83                     15.72  -1.89    13.02
  SINCE JAN 1     10.82                     11.34  -0.52     8.45

SNOWFALL (IN)
  TODAY            0.0          MM      MM   0.0    0.0      0.0
  MONTH TO DATE    0.0                       0.0    0.0      0.0
  SINCE OCT 1     35.5                      56.2  -20.7     69.9
  SINCE JUL 1      0.0                       0.0    0.0      0.0
  SNOW DEPTH       0

DEGREE DAYS
 HEATING
  TODAY            0                         4     -4        0
  MONTH TO DATE    9                        42    -33        5
  SINCE SEP 1      9                        42    -33        5
  SINCE JUL 1     10                        47    -37        5

 COOLING
  TODAY            4                         2      2        3
  MONTH TO DATE  149                       105     44      209
  SINCE SEP 1    149                       105     44      209
  SINCE JAN 1   1202                      1141     61     1755
..................................................................


WIND (MPH)
  RESULTANT WIND SPEED   3   RESULTANT WIND DIRECTION   S (190)
  HIGHEST WIND SPEED    13   HIGHEST WIND DIRECTION     S (170)
  HIGHEST GUST SPEED    17   HIGHEST GUST DIRECTION     S (180)
  AVERAGE WIND SPEED     4.6


SKY COVER
  POSSIBLE SUNSHINE  MM
  AVERAGE SKY COVER 0.5


WEATHER CONDITIONS
 THE FOLLOWING WEATHER WAS RECORDED TODAY.
  NO SIGNIFICANT WEATHER WAS OBSERVED.


RELATIVE HUMIDITY (PERCENT)
 HIGHEST    97          1200 AM
 LOWEST     38          1200 PM
 AVERAGE    68

..........................................................


THE SALT LAKE CITY UT CLIMATE NORMALS FOR TOMORROW
                         NORMAL    RECORD    YEAR
 MAXIMUM TEMPERATURE (F)   76        92      1992
 MINIMUM TEMPERATURE (F)   50        31      1968


SUNRISE AND SUNSET
SEPTEMBER 22 2014.....SUNRISE   715 AM MDT   SUNSET   725 PM MDT
SEPTEMBER 23 2014.....SUNRISE   716 AM MDT   SUNSET   723 PM MDT


-  INDICATES NEGATIVE NUMBERS.
R  INDICATES RECORD WAS SET OR TIED.
MM INDICATES DATA IS MISSING.
T  INDICATES TRACE AMOUNT.




$$
