000
CDUS45 KSLC 031326 CCB
CLISLC

CLIMATE REPORT
NATIONAL WEATHER SERVICE SALT LAKE CITY UT
625 AM MST TUE MAR 3 2015


...................................

...THE SALT LAKE CITY UT CLIMATE SUMMARY FOR MARCH 2 2015...

CLIMATE NORMAL PERIOD 1981 TO 2010
CLIMATE RECORD PERIOD 1874 TO 2015


WEATHER ITEM   OBSERVED TIME   RECORD YEAR NORMAL DEPARTURE LAST
                VALUE   (LST)  VALUE       VALUE  FROM      YEAR
                                                  NORMAL
..................................................................
TEMPERATURE (F)
 YESTERDAY
  MAXIMUM         42    347 PM  66    1921  49     -7       57
  MINIMUM         32    800 PM   3    1971  30      2       44
  AVERAGE         37                        40     -3       51

PRECIPITATION (IN)
  YESTERDAY        0.30          1.11 1941   0.05   0.23     0.01
  MONTH TO DATE    0.30                      0.10   0.18     0.04
  SINCE OCT 1      3.48                      6.98  -3.52     5.82
  SINCE JAN 1      1.47                      2.60  -1.15     2.81

SNOWFALL (IN)
  YESTERDAY        0.3          10.1  1977   0.2   -0.2      0.0
  MONTH TO DATE    0.3                       0.5   -0.5      0.0
  SINCE OCT 1      7.1                      45.9  -39.1     35.0
  SINCE JUL 1      7.1                      45.9  -39.1     35.0
  SNOW DEPTH       0

DEGREE DAYS
 HEATING
  YESTERDAY       28                        25      3       14
  MONTH TO DATE   53                        51      2       28
  SINCE MAR 1     53                        51      2       28
  SINCE JUL 1   3400                      4307   -907     4015

 COOLING
  YESTERDAY        0                         0      0        0
  MONTH TO DATE    0                         0      0        0
  SINCE MAR 1      0                         0      0        0
  SINCE JAN 1      0                         0      0        0
..................................................................


WIND (MPH)
  RESULTANT WIND SPEED   1   RESULTANT WIND DIRECTION   W (290)
  HIGHEST WIND SPEED    14   HIGHEST WIND DIRECTION    NW (320)
  HIGHEST GUST SPEED    18   HIGHEST GUST DIRECTION     W (270)
  AVERAGE WIND SPEED     5.2


SKY COVER
  POSSIBLE SUNSHINE  MM
  AVERAGE SKY COVER 0.9


WEATHER CONDITIONS
 THE FOLLOWING WEATHER WAS RECORDED YESTERDAY.
  RAIN
  LIGHT RAIN
  LIGHT SNOW
  FOG


RELATIVE HUMIDITY (PERCENT)
 HIGHEST   100           700 PM
 LOWEST     70          1200 AM
 AVERAGE    85

..........................................................


THE SALT LAKE CITY UT CLIMATE NORMALS FOR TODAY
                         NORMAL    RECORD    YEAR
 MAXIMUM TEMPERATURE (F)   50        71      1921
 MINIMUM TEMPERATURE (F)   30         5      1952


SUNRISE AND SUNSET
MARCH  3 2015.........SUNRISE   659 AM MST   SUNSET   621 PM MST
MARCH  4 2015.........SUNRISE   657 AM MST   SUNSET   622 PM MST


-  INDICATES NEGATIVE NUMBERS.
R  INDICATES RECORD WAS SET OR TIED.
MM INDICATES DATA IS MISSING.
T  INDICATES TRACE AMOUNT.
$$
