492
CDUS45 KSLC 010025
CLISLC


CLIMATE REPORT
NATIONAL WEATHER SERVICE SALT LAKE CITY UT
625 PM MDT SAT APR 30 2016


...................................

...THE SALT LAKE CITY UT CLIMATE SUMMARY FOR APRIL 30 2016...
VALID TODAY AS OF 0500 PM LOCAL TIME.

CLIMATE NORMAL PERIOD 1981 TO 2010
CLIMATE RECORD PERIOD 1874 TO 2016


WEATHER ITEM   OBSERVED TIME   RECORD YEAR NORMAL DEPARTURE LAST
                VALUE   (LST)  VALUE       VALUE  FROM      YEAR
                                                  NORMAL
..................................................................
TEMPERATURE (F)
 TODAY
  MAXIMUM         62    359 PM  84    1959  66     -4       71
  MINIMUM         43    542 AM  28    1972  43      0       55
                                      1962
  AVERAGE         53                        55     -2       63

PRECIPITATION (IN)
  TODAY            0.00          0.61 1887   0.07  -0.07     0.00
  MONTH TO DATE    1.39                      1.99  -0.60     2.32
  SINCE OCT 1      9.32                     10.66  -1.34     6.21
  SINCE JAN 1      6.07                      6.28  -0.21     4.20

SNOWFALL (IN)
  TODAY            0.0           3.5  1970   0.1   -0.1      0.0
  MONTH TO DATE    T                         4.0   -4.0      5.8
  SINCE OCT 1     34.3                      55.9  -21.6     15.4
  SINCE JUL 1     34.3                      55.9  -21.6     15.4
  SNOW DEPTH       0

DEGREE DAYS
 HEATING
  TODAY           12                        11      1        2
  MONTH TO DATE  298                       438   -140      371
  SINCE MAR 1    844                      1100   -256      837
  SINCE JUL 1   4689                      5356   -667     4184

 COOLING
  TODAY            0                         0      0        0
  MONTH TO DATE   10                         4      6        0
  SINCE MAR 1     10                         4      6        0
  SINCE JAN 1     10                         4      6        0
..................................................................


WIND (MPH)
  RESULTANT WIND SPEED   5   RESULTANT WIND DIRECTION   N (350)
  HIGHEST WIND SPEED    20   HIGHEST WIND DIRECTION     N (20)
  HIGHEST GUST SPEED    26   HIGHEST GUST DIRECTION     N (350)
  AVERAGE WIND SPEED     7.4


SKY COVER
  POSSIBLE SUNSHINE  MM
  AVERAGE SKY COVER 0.7


WEATHER CONDITIONS
 THE FOLLOWING WEATHER WAS RECORDED TODAY.
  NO SIGNIFICANT WEATHER WAS OBSERVED.


RELATIVE HUMIDITY (PERCENT)
 HIGHEST    83           500 AM
 LOWEST     27           300 PM
 AVERAGE    55

..........................................................


THE SALT LAKE CITY UT CLIMATE NORMALS FOR TOMORROW
                         NORMAL    RECORD    YEAR
 MAXIMUM TEMPERATURE (F)   67        87      2007
                                             1981
 MINIMUM TEMPERATURE (F)   44        27      1967
                                             1946


SUNRISE AND SUNSET
APRIL 30 2016.........SUNRISE   627 AM MDT   SUNSET   824 PM MDT
MAY  1 2016...........SUNRISE   626 AM MDT   SUNSET   825 PM MDT


-  INDICATES NEGATIVE NUMBERS.
R  INDICATES RECORD WAS SET OR TIED.
MM INDICATES DATA IS MISSING.
T  INDICATES TRACE AMOUNT.




$$
