000
CDUS45 KSLC 221226
CLISLC


CLIMATE REPORT
NATIONAL WEATHER SERVICE SALT LAKE CITY UT
526 AM MST WED NOV 22 2017


...................................

...THE SALT LAKE CITY UT CLIMATE SUMMARY FOR NOVEMBER 21 2017...

CLIMATE NORMAL PERIOD 1981 TO 2010
CLIMATE RECORD PERIOD 1874 TO 2017


WEATHER ITEM   OBSERVED TIME   RECORD YEAR NORMAL DEPARTURE LAST
                VALUE   (LST)  VALUE       VALUE  FROM      YEAR
                                                  NORMAL
..................................................................
TEMPERATURE (F)
 YESTERDAY
  MAXIMUM         64    319 PM  65    1996  46     18       53
                                      1932
                                      1921
  MINIMUM         44    828 AM   5    1931  28     16       42
  AVERAGE         54                        37     17       48

PRECIPITATION (IN)
  YESTERDAY        0.00          0.92 2016   0.04  -0.04     0.92
  MONTH TO DATE    0.98                      1.03  -0.05     1.04
  SINCE OCT 1      1.16                      2.55  -1.39     1.94
  SINCE JAN 1     15.03                     14.27   0.76    12.14

SNOWFALL (IN)
  YESTERDAY        0.0           5.5  1999   0.3   -0.3      0.0
  MONTH TO DATE    T                         4.4   -4.4      0.3
  SINCE OCT 1      T                         5.8   -5.8      0.3
  SINCE JUL 1      T                         5.8   -5.8      0.3
  SNOW DEPTH       0

DEGREE DAYS
 HEATING
  YESTERDAY       11                        28    -17       17
  MONTH TO DATE  371                       482   -111      300
  SINCE SEP 1    882                       945    -63      568
  SINCE JUL 1    882                       950    -68      569

 COOLING
  YESTERDAY        0                         0      0        0
  MONTH TO DATE    0                         0      0        0
  SINCE SEP 1    196                       124     72      142
  SINCE JAN 1   1758                      1160    598     1619
..................................................................


WIND (MPH)
  RESULTANT WIND SPEED   1   RESULTANT WIND DIRECTION  NW (310)
  HIGHEST WIND SPEED    13   HIGHEST WIND DIRECTION     N (340)
  HIGHEST GUST SPEED    16   HIGHEST GUST DIRECTION     N (340)
  AVERAGE WIND SPEED     3.6


SKY COVER
  POSSIBLE SUNSHINE  MM
  AVERAGE SKY COVER 0.4


WEATHER CONDITIONS
 THE FOLLOWING WEATHER WAS RECORDED YESTERDAY.
  FOG
  HAZE


RELATIVE HUMIDITY (PERCENT)
 HIGHEST    83           800 AM
 LOWEST     43           200 PM
 AVERAGE    63

..........................................................


THE SALT LAKE CITY UT CLIMATE NORMALS FOR TODAY
                         NORMAL    RECORD    YEAR
 MAXIMUM TEMPERATURE (F)   46        66      1926
 MINIMUM TEMPERATURE (F)   28         3      1930


SUNRISE AND SUNSET
NOVEMBER 22 2017......SUNRISE   723 AM MST   SUNSET   505 PM MST
NOVEMBER 23 2017......SUNRISE   724 AM MST   SUNSET   504 PM MST


-  INDICATES NEGATIVE NUMBERS.
R  INDICATES RECORD WAS SET OR TIED.
MM INDICATES DATA IS MISSING.
T  INDICATES TRACE AMOUNT.




$$
