000
CDUS45 KSLC 181226
CLISLC


CLIMATE REPORT
NATIONAL WEATHER SERVICE SALT LAKE CITY UT
525 AM MST WED JAN 18 2017


...................................

...THE SALT LAKE CITY UT CLIMATE SUMMARY FOR JANUARY 17 2017...

CLIMATE NORMAL PERIOD 1981 TO 2010
CLIMATE RECORD PERIOD 1874 TO 2017


WEATHER ITEM   OBSERVED TIME   RECORD YEAR NORMAL DEPARTURE LAST
                VALUE   (LST)  VALUE       VALUE  FROM      YEAR
                                                  NORMAL
..................................................................
TEMPERATURE (F)
 YESTERDAY
  MAXIMUM         32    144 PM  56    1998  37     -5       45
                                      1923
  MINIMUM         19    746 AM  -9    1930  22     -3       32
  AVERAGE         26                        29     -3       39

PRECIPITATION (IN)
  YESTERDAY        0.00          0.73 1996   0.04  -0.04      T
  MONTH TO DATE    1.01                      0.71   0.30     0.40
  SINCE OCT 1      5.65                      5.09   0.56     3.65
  SINCE JAN 1      1.01                      0.71   0.30     0.40

SNOWFALL (IN)
  YESTERDAY        0.0          10.0  1996   0.4   -0.4      0.0
  MONTH TO DATE   12.6                       7.3    5.3      2.7
  SINCE OCT 1     29.4                      29.5   -0.1     20.0
  SINCE JUL 1     29.4                      29.5   -0.1     20.0
  SNOW DEPTH       0

DEGREE DAYS
 HEATING
  YESTERDAY       39                        36      3       26
  MONTH TO DATE  640                       612     28      623
  SINCE DEC 1   1733                      1688     45     1658
  SINCE JUL 1   2532                      2906   -374     2600

 COOLING
  YESTERDAY        0                         0      0        0
  MONTH TO DATE    0                         0      0        0
  SINCE DEC 1      0                         0      0        0
  SINCE JAN 1      0                         0      0        0
..................................................................


WIND (MPH)
  RESULTANT WIND SPEED   2   RESULTANT WIND DIRECTION  NW (330)
  HIGHEST WIND SPEED    12   HIGHEST WIND DIRECTION    NW (300)
  HIGHEST GUST SPEED    12   HIGHEST GUST DIRECTION    NW (330)
  AVERAGE WIND SPEED     2.8


SKY COVER
  POSSIBLE SUNSHINE  MM
  AVERAGE SKY COVER 0.0


WEATHER CONDITIONS
 THE FOLLOWING WEATHER WAS RECORDED YESTERDAY.
  FOG
  HAZE


RELATIVE HUMIDITY (PERCENT)
 HIGHEST    92           900 AM
 LOWEST     63           100 PM
 AVERAGE    78

..........................................................


THE SALT LAKE CITY UT CLIMATE NORMALS FOR TODAY
                         NORMAL    RECORD    YEAR
 MAXIMUM TEMPERATURE (F)   37        56      2000
 MINIMUM TEMPERATURE (F)   22        -6      1984
                                             1930


SUNRISE AND SUNSET
JANUARY 18 2017.......SUNRISE   748 AM MST   SUNSET   529 PM MST
JANUARY 19 2017.......SUNRISE   748 AM MST   SUNSET   530 PM MST


-  INDICATES NEGATIVE NUMBERS.
R  INDICATES RECORD WAS SET OR TIED.
MM INDICATES DATA IS MISSING.
T  INDICATES TRACE AMOUNT.




$$
