000
CDUS45 KSLC 190031
CLISLC


CLIMATE REPORT
NATIONAL WEATHER SERVICE SALT LAKE CITY UT
530 PM MST SUN FEB 18 2018


...................................

...THE SALT LAKE CITY UT CLIMATE SUMMARY FOR FEBRUARY 18 2018...
VALID TODAY AS OF 0500 PM LOCAL TIME.

CLIMATE NORMAL PERIOD 1981 TO 2010
CLIMATE RECORD PERIOD 1874 TO 2018


WEATHER ITEM   OBSERVED TIME   RECORD YEAR NORMAL DEPARTURE LAST
                VALUE   (LST)  VALUE       VALUE  FROM      YEAR
                                                  NORMAL
..................................................................
TEMPERATURE (F)
 TODAY
  MAXIMUM         56    200 AM  66    1958  44     12       56
                                      1930
  MINIMUM         40    359 PM   0    1942  26     14       44
  AVERAGE         48                        35     13       50

PRECIPITATION (IN)
  TODAY            0.01          0.78 1980   0.05  -0.04     0.00
  MONTH TO DATE    0.02                      0.77  -0.75     0.81
  SINCE OCT 1      2.97                      6.40  -3.43     7.42
  SINCE JAN 1      0.84                      2.02  -1.18     2.78

SNOWFALL (IN)
  TODAY            T             7.4  1961   0.4   -0.4      0.0
  MONTH TO DATE    0.2                       7.1   -6.9       T
  SINCE OCT 1     17.5                      41.8  -24.3     40.0
  SINCE JUL 1     17.5                      41.8  -24.3     40.0
  SNOW DEPTH       0

DEGREE DAYS
 HEATING
  TODAY           17                        30    -13       15
  MONTH TO DATE  367                       583   -216      406
  SINCE DEC 1   2149                      2759   -610     2666
  SINCE JUL 1   3171                      3977   -806     3465

 COOLING
  TODAY            0                         0      0        0
  MONTH TO DATE    0                         0      0        0
  SINCE DEC 1      0                         0      0        0
  SINCE JAN 1      0                         0      0        0
..................................................................


WIND (MPH)
  RESULTANT WIND SPEED  12   RESULTANT WIND DIRECTION   S (180)
  HIGHEST WIND SPEED    32   HIGHEST WIND DIRECTION     S (160)
  HIGHEST GUST SPEED    43   HIGHEST GUST DIRECTION     S (170)
  AVERAGE WIND SPEED    22.2


SKY COVER
  POSSIBLE SUNSHINE  MM
  AVERAGE SKY COVER 0.7


WEATHER CONDITIONS
 THE FOLLOWING WEATHER WAS RECORDED TODAY.
  LIGHT RAIN
  LIGHT SNOW
  FOG
  HAZE


RELATIVE HUMIDITY (PERCENT)
 HIGHEST    70           400 PM
 LOWEST     20           200 AM
 AVERAGE    45

..........................................................


THE SALT LAKE CITY UT CLIMATE NORMALS FOR TOMORROW
                         NORMAL    RECORD    YEAR
 MAXIMUM TEMPERATURE (F)   45        66      1958
 MINIMUM TEMPERATURE (F)   26         4      1956
                                             1955


SUNRISE AND SUNSET
FEBRUARY 18 2018......SUNRISE   718 AM MST   SUNSET   606 PM MST
FEBRUARY 19 2018......SUNRISE   716 AM MST   SUNSET   608 PM MST


-  INDICATES NEGATIVE NUMBERS.
R  INDICATES RECORD WAS SET OR TIED.
MM INDICATES DATA IS MISSING.
T  INDICATES TRACE AMOUNT.




$$
