000
CDUS45 KSLC 230026
CLISLC


CLIMATE REPORT
NATIONAL WEATHER SERVICE SALT LAKE CITY UT
625 PM MDT SAT JUL 22 2017


...................................

...THE SALT LAKE CITY UT CLIMATE SUMMARY FOR JULY 22 2017...
VALID TODAY AS OF 0500 PM LOCAL TIME.

CLIMATE NORMAL PERIOD 1981 TO 2010
CLIMATE RECORD PERIOD 1874 TO 2017


WEATHER ITEM   OBSERVED TIME   RECORD YEAR NORMAL DEPARTURE LAST
                VALUE   (LST)  VALUE       VALUE  FROM      YEAR
                                                  NORMAL
..................................................................
TEMPERATURE (F)
 TODAY
  MAXIMUM         99    315 PM 104    2006  94      5      102
                                      2003
  MINIMUM         76    606 AM  47    1954  66     10       77
  AVERAGE         88                        80      8       90

PRECIPITATION (IN)
  TODAY            0.00          0.31 1970   0.02  -0.02      T
  MONTH TO DATE    0.01                      0.42  -0.41      T
  SINCE OCT 1     15.90                     14.01   1.89    11.42
  SINCE JAN 1     11.26                      9.63   1.63     8.17

SNOWFALL (IN)
  TODAY            0.0          MM      MM   0.0    0.0      0.0
  MONTH TO DATE    0.0                       0.0    0.0      0.0
  SINCE OCT 1     51.4                      56.2   -4.8     34.3
  SINCE JUL 1      0.0                       0.0    0.0      0.0
  SNOW DEPTH       0

DEGREE DAYS
 HEATING
  TODAY            0                         0      0        0
  MONTH TO DATE    0                         0      0        1
  SINCE JUN 1      4                        46    -42        1
  SINCE JUL 1      0                         0      0        1

 COOLING
  TODAY           23                        15      8       25
  MONTH TO DATE  487                       291    196      378
  SINCE JUN 1    828                       478    350      758
  SINCE JAN 1    903                       528    375      805
..................................................................


WIND (MPH)
  RESULTANT WIND SPEED   4   RESULTANT WIND DIRECTION  SE (150)
  HIGHEST WIND SPEED    15   HIGHEST WIND DIRECTION     S (170)
  HIGHEST GUST SPEED    21   HIGHEST GUST DIRECTION    NW (320)
  AVERAGE WIND SPEED     8.3


SKY COVER
  POSSIBLE SUNSHINE  MM
  AVERAGE SKY COVER 0.1


WEATHER CONDITIONS
 THE FOLLOWING WEATHER WAS RECORDED TODAY.
  NO SIGNIFICANT WEATHER WAS OBSERVED.


RELATIVE HUMIDITY (PERCENT)
 HIGHEST    50           600 AM
 LOWEST     17           300 PM
 AVERAGE    34

..........................................................


THE SALT LAKE CITY UT CLIMATE NORMALS FOR TOMORROW
                         NORMAL    RECORD    YEAR
 MAXIMUM TEMPERATURE (F)   94       104      2003
 MINIMUM TEMPERATURE (F)   66        47      1954


SUNRISE AND SUNSET
JULY 22 2017..........SUNRISE   616 AM MDT   SUNSET   853 PM MDT
JULY 23 2017..........SUNRISE   616 AM MDT   SUNSET   852 PM MDT


-  INDICATES NEGATIVE NUMBERS.
R  INDICATES RECORD WAS SET OR TIED.
MM INDICATES DATA IS MISSING.
T  INDICATES TRACE AMOUNT.




$$
