000
CDUS45 KSLC 011232
CLISLC


CLIMATE REPORT
NATIONAL WEATHER SERVICE SALT LAKE CITY UT
632 AM MDT SAT OCT 1 2016


...................................

...THE SALT LAKE CITY UT CLIMATE SUMMARY FOR SEPTEMBER 30 2016...

CLIMATE NORMAL PERIOD 1981 TO 2010
CLIMATE RECORD PERIOD 1874 TO 2016


WEATHER ITEM   OBSERVED TIME   RECORD YEAR NORMAL DEPARTURE LAST
                VALUE   (LST)  VALUE       VALUE  FROM      YEAR
                                                  NORMAL
..................................................................
TEMPERATURE (F)
 YESTERDAY
  MAXIMUM         78    339 PM  91    2011  72      6       86
  MINIMUM         61    620 AM  30    1954  47     14       67
  AVERAGE         70                        60     10       77

PRECIPITATION (IN)
  YESTERDAY        0.00          1.39 1878   0.05  -0.05      T
  MONTH TO DATE    1.88                      1.21   0.67     1.74
  SINCE OCT 1     13.45                     16.10  -2.65    14.90
  SINCE JAN 1     10.20                     11.72  -1.52    12.89

SNOWFALL (IN)
  YESTERDAY        0.0           4.0  1971   0.0    0.0      0.0
  MONTH TO DATE    0.0                       0.0    0.0      0.0
  SINCE OCT 1     34.3                      56.2  -21.9     15.4
  SINCE JUL 1      0.0                       0.0    0.0      0.0
  SNOW DEPTH       0

DEGREE DAYS
 HEATING
  YESTERDAY        0                         6     -6        0
  MONTH TO DATE   51                        84    -33       33
  SINCE SEP 1     51                        84    -33       33
  SINCE JUL 1     52                        89    -37       33

 COOLING
  YESTERDAY        5                         1      4       12
  MONTH TO DATE  127                       117     10      215
  SINCE SEP 1    127                       117     10      215
  SINCE JAN 1   1604                      1153    451     1420
..................................................................


WIND (MPH)
  RESULTANT WIND SPEED   9   RESULTANT WIND DIRECTION  SE (150)
  HIGHEST WIND SPEED    22   HIGHEST WIND DIRECTION     S (170)
  HIGHEST GUST SPEED    28   HIGHEST GUST DIRECTION     S (170)
  AVERAGE WIND SPEED    10.3


SKY COVER
  POSSIBLE SUNSHINE  MM
  AVERAGE SKY COVER 0.4


WEATHER CONDITIONS
 THE FOLLOWING WEATHER WAS RECORDED YESTERDAY.
  NO SIGNIFICANT WEATHER WAS OBSERVED.


RELATIVE HUMIDITY (PERCENT)
 HIGHEST    65           500 AM
 LOWEST     35           500 PM
 AVERAGE    50

..........................................................


THE SALT LAKE CITY UT CLIMATE NORMALS FOR TODAY
                         NORMAL    RECORD    YEAR
 MAXIMUM TEMPERATURE (F)   72        89      2010
 MINIMUM TEMPERATURE (F)   47        31      1950


SUNRISE AND SUNSET
OCTOBER  1 2016.......SUNRISE   725 AM MDT   SUNSET   709 PM MDT
OCTOBER  2 2016.......SUNRISE   726 AM MDT   SUNSET   707 PM MDT


-  INDICATES NEGATIVE NUMBERS.
R  INDICATES RECORD WAS SET OR TIED.
MM INDICATES DATA IS MISSING.
T  INDICATES TRACE AMOUNT.




$$
