000
CDUS46 KPQR 230231
CLISLE


CLIMATE REPORT
NATIONAL WEATHER SERVICE PORTLAND OREGON
631 PM PST THU FEB 22 2018


...................................

...THE SALEM OR CLIMATE SUMMARY FOR FEBRUARY 22 2018...
VALID TODAY AS OF 0600 PM LOCAL TIME.

CLIMATE NORMAL PERIOD 1981 TO 2010
CLIMATE RECORD PERIOD 1892 TO 2018


WEATHER ITEM   OBSERVED TIME   RECORD YEAR NORMAL DEPARTURE LAST
                VALUE   (LST)  VALUE       VALUE  FROM      YEAR
                                                  NORMAL
..................................................................
TEMPERATURE (F)
 TODAY
  MAXIMUM         41    234 PM  65    2002  53    -12       45
  MINIMUM         33    853 AM  23    1894  35     -2       34
  AVERAGE         37                        44     -7       40

PRECIPITATION (IN)
  TODAY            0.02          1.40 1936   0.15  -0.13     0.16
  MONTH TO DATE    0.94                      3.63  -2.69    12.96
  SINCE OCT 1     23.37                     25.98  -2.61    41.66
  SINCE JAN 1      8.27                      9.59  -1.32    18.36

DEGREE DAYS
 HEATING
  TODAY           28                        21      7       25
  MONTH TO DATE  466                       489    -23      456
  SINCE DEC 1   1835                      1999   -164     2202
  SINCE JUL 1   2767                      3116   -349     3006

 COOLING
  TODAY            0                         0      0        0
  MONTH TO DATE    0                         0      0        0
  SINCE DEC 1      0                         0      0        0
  SINCE JAN 1      0                         0      0        0
..................................................................


WIND (MPH)
  HIGHEST WIND SPEED    20   HIGHEST WIND DIRECTION    NW (330)
  HIGHEST GUST SPEED    26   HIGHEST GUST DIRECTION     N (20)
  AVERAGE WIND SPEED    12.1


SKY COVER
  POSSIBLE SUNSHINE  MM
  AVERAGE SKY COVER 0.7


WEATHER CONDITIONS
 THE FOLLOWING WEATHER WAS RECORDED TODAY.
  LIGHT SNOW
  FOG


RELATIVE HUMIDITY (PERCENT)
 HIGHEST    89          1200 AM
 LOWEST     54           500 PM
 AVERAGE    72

..........................................................


THE SALEM OR CLIMATE NORMALS FOR TOMORROW
                         NORMAL    RECORD    YEAR
 MAXIMUM TEMPERATURE (F)   53        66      2005
 MINIMUM TEMPERATURE (F)   35        22      1920


SUNRISE AND SUNSET
FEBRUARY 22 2018......SUNRISE   701 AM PST   SUNSET   550 PM PST
FEBRUARY 23 2018......SUNRISE   700 AM PST   SUNSET   552 PM PST


-  INDICATES NEGATIVE NUMBERS.
R  INDICATES RECORD WAS SET OR TIED.
MM INDICATES DATA IS MISSING.
T  INDICATES TRACE AMOUNT.




$$
