000
CDUS46 KPQR 231144
CLISLE


CLIMATE REPORT
NATIONAL WEATHER SERVICE PORTLAND OREGON
443 AM PDT SUN APR 23 2017


...................................

...THE SALEM OR CLIMATE SUMMARY FOR APRIL 22 2017...

CLIMATE NORMAL PERIOD 1981 TO 2010
CLIMATE RECORD PERIOD 1892 TO 2017


WEATHER ITEM   OBSERVED TIME   RECORD YEAR NORMAL DEPARTURE LAST
                VALUE   (LST)  VALUE       VALUE  FROM      YEAR
                                                  NORMAL
..................................................................
TEMPERATURE (F)
 YESTERDAY
  MAXIMUM         64    228 PM  80    2012  62      2       66
                                      1982
                                      1910
  MINIMUM         47   1103 PM  27    1972  40      7       49
  AVERAGE         56                        51      5       58

PRECIPITATION (IN)
  YESTERDAY        0.11          0.96 1996   0.09   0.02     0.36
  MONTH TO DATE    2.61                      2.19   0.42     1.67
  SINCE OCT 1     52.41                     33.09  19.32    42.31
  SINCE JAN 1     29.11                     16.70  12.41    18.76

DEGREE DAYS
 HEATING
  YESTERDAY        9                        14     -5        7
  MONTH TO DATE  317                       336    -19      144
  SINCE MAR 1    836                       899    -63      622
  SINCE JUL 1   3994                      4139   -145     3278

 COOLING
  YESTERDAY        0                         0      0        0
  MONTH TO DATE    0                         0      0        7
  SINCE MAR 1      0                         0      0        7
  SINCE JAN 1      0                         0      0        7
..................................................................


WIND (MPH)
  HIGHEST WIND SPEED    28   HIGHEST WIND DIRECTION     S (200)
  HIGHEST GUST SPEED    37   HIGHEST GUST DIRECTION     S (190)
  AVERAGE WIND SPEED     9.1


SKY COVER
  POSSIBLE SUNSHINE  MM
  AVERAGE SKY COVER 0.6


WEATHER CONDITIONS
 THE FOLLOWING WEATHER WAS RECORDED YESTERDAY.
  LIGHT RAIN
  FOG


RELATIVE HUMIDITY (PERCENT)
 HIGHEST    80           400 AM
 LOWEST     51           400 PM
 AVERAGE    66

..........................................................


THE SALEM OR CLIMATE NORMALS FOR TODAY
                         NORMAL    RECORD    YEAR
 MAXIMUM TEMPERATURE (F)   63        84      1910
 MINIMUM TEMPERATURE (F)   40        30      1954
                                             1900


SUNRISE AND SUNSET
APRIL 23 2017.........SUNRISE   613 AM PDT   SUNSET   808 PM PDT
APRIL 24 2017.........SUNRISE   612 AM PDT   SUNSET   809 PM PDT


-  INDICATES NEGATIVE NUMBERS.
R  INDICATES RECORD WAS SET OR TIED.
MM INDICATES DATA IS MISSING.
T  INDICATES TRACE AMOUNT.




$$
