000
CDUS46 KPQR 291142
CLISLE


CLIMATE REPORT
NATIONAL WEATHER SERVICE PORTLAND OREGON
441 AM PDT TUE JUL 29 2014


...................................

...THE SALEM OR CLIMATE SUMMARY FOR JULY 28 2014...

CLIMATE NORMAL PERIOD 1981 TO 2010
CLIMATE RECORD PERIOD 1892 TO 2014


WEATHER ITEM   OBSERVED TIME   RECORD YEAR NORMAL DEPARTURE LAST
                VALUE   (LST)  VALUE       VALUE  FROM      YEAR
                                                  NORMAL
..................................................................
TEMPERATURE (F)
 YESTERDAY
  MAXIMUM         96    444 PM 107    2009  84     12       80
  MINIMUM         58    530 AM  42    1959  54      4       48
                                      1933
                                      1929
  AVERAGE         77                        69      8       64

PRECIPITATION (IN)
  YESTERDAY        0.00          0.27 1975   0.01  -0.01     0.00
  MONTH TO DATE    0.46                      0.43   0.03     0.00
  SINCE OCT 1     27.05                     37.91 -10.86    33.87
  SINCE JAN 1     22.47                     21.52   0.95    11.61

DEGREE DAYS
 HEATING
  YESTERDAY        0                         0      0        1
  MONTH TO DATE    3                        30    -27        2
  SINCE JUN 1     69                       160    -91       81
  SINCE JUL 1      3                        30    -27        2

 COOLING
  YESTERDAY       12                         4      8        0
  MONTH TO DATE  208                        93    115      168
  SINCE JUN 1    227                       121    106      221
  SINCE JAN 1    243                       130    113      231
..................................................................


WIND (MPH)
  HIGHEST WIND SPEED    15   HIGHEST WIND DIRECTION     N (10)
  HIGHEST GUST SPEED    20   HIGHEST GUST DIRECTION     N (20)
  AVERAGE WIND SPEED     5.9


SKY COVER
  POSSIBLE SUNSHINE  MM
  AVERAGE SKY COVER 0.0


WEATHER CONDITIONS
 THE FOLLOWING WEATHER WAS RECORDED YESTERDAY.
  NO SIGNIFICANT WEATHER WAS OBSERVED.


RELATIVE HUMIDITY (PERCENT)
 HIGHEST    87           500 AM
 LOWEST     20           500 PM
 AVERAGE    54

..........................................................


THE SALEM OR CLIMATE NORMALS FOR TODAY
                         NORMAL    RECORD    YEAR
 MAXIMUM TEMPERATURE (F)   84       106      2009
 MINIMUM TEMPERATURE (F)   54        42      1956
                                             1929


SUNRISE AND SUNSET
JULY 29 2014..........SUNRISE   554 AM PDT   SUNSET   842 PM PDT
JULY 30 2014..........SUNRISE   555 AM PDT   SUNSET   841 PM PDT


-  INDICATES NEGATIVE NUMBERS.
R  INDICATES RECORD WAS SET OR TIED.
MM INDICATES DATA IS MISSING.
T  INDICATES TRACE AMOUNT.




$$
