000
CDUS46 KPQR 241143
CLISLE


CLIMATE REPORT
NATIONAL WEATHER SERVICE PORTLAND OREGON
343 AM PST FRI FEB 24 2017


...................................

...THE SALEM OR CLIMATE SUMMARY FOR FEBRUARY 23 2017...

CLIMATE NORMAL PERIOD 1981 TO 2010
CLIMATE RECORD PERIOD 1892 TO 2017


WEATHER ITEM   OBSERVED TIME   RECORD YEAR NORMAL DEPARTURE LAST
                VALUE   (LST)  VALUE       VALUE  FROM      YEAR
                                                  NORMAL
..................................................................
TEMPERATURE (F)
 YESTERDAY
  MAXIMUM         45    349 PM  66    2005  53     -8       60
  MINIMUM         30   1017 PM  22    1920  35     -5       31
  AVERAGE         38                        44     -6       46

PRECIPITATION (IN)
  YESTERDAY        T             0.96 1996   0.16  -0.16     0.00
  MONTH TO DATE   12.96                      3.79   9.17     2.31
  SINCE OCT 1     41.66                     26.14  15.52    33.68
  SINCE JAN 1     18.36                      9.75   8.61    10.13

DEGREE DAYS
 HEATING
  YESTERDAY       27                        21      6       19
  MONTH TO DATE  483                       510    -27      382
  SINCE DEC 1   2229                      2020    209     1684
  SINCE JUL 1   3033                      3137   -104     2564

 COOLING
  YESTERDAY        0                         0      0        0
  MONTH TO DATE    0                         0      0        0
  SINCE DEC 1      0                         0      0        0
  SINCE JAN 1      0                         0      0        0
..................................................................


WIND (MPH)
  HIGHEST WIND SPEED    13   HIGHEST WIND DIRECTION     W (260)
  HIGHEST GUST SPEED    17   HIGHEST GUST DIRECTION     W (290)
  AVERAGE WIND SPEED     3.9


SKY COVER
  POSSIBLE SUNSHINE  MM
  AVERAGE SKY COVER 0.7


WEATHER CONDITIONS
 THE FOLLOWING WEATHER WAS RECORDED YESTERDAY.
  FOG
  FOG W/VISIBILITY <= 1/4 MILE
  HAZE


RELATIVE HUMIDITY (PERCENT)
 HIGHEST   100          1200 AM
 LOWEST     58           200 PM
 AVERAGE    79

..........................................................


THE SALEM OR CLIMATE NORMALS FOR TODAY
                         NORMAL    RECORD    YEAR
 MAXIMUM TEMPERATURE (F)   53        66      1970
                                             1905
 MINIMUM TEMPERATURE (F)   35        15      1962


SUNRISE AND SUNSET
FEBRUARY 24 2017......SUNRISE   658 AM PST   SUNSET   553 PM PST
FEBRUARY 25 2017......SUNRISE   656 AM PST   SUNSET   555 PM PST


-  INDICATES NEGATIVE NUMBERS.
R  INDICATES RECORD WAS SET OR TIED.
MM INDICATES DATA IS MISSING.
T  INDICATES TRACE AMOUNT.




$$
