000
CDUS46 KPQR 231149
CLISLE


CLIMATE REPORT
NATIONAL WEATHER SERVICE PORTLAND OREGON
448 AM PDT SUN JUL 23 2017


...................................

...THE SALEM OR CLIMATE SUMMARY FOR JULY 22 2017...

CLIMATE NORMAL PERIOD 1981 TO 2010
CLIMATE RECORD PERIOD 1892 TO 2017


WEATHER ITEM   OBSERVED TIME   RECORD YEAR NORMAL DEPARTURE LAST
                VALUE   (LST)  VALUE       VALUE  FROM      YEAR
                                                  NORMAL
..................................................................
TEMPERATURE (F)
 YESTERDAY
  MAXIMUM         93    516 PM 102    1978  84      9       77
                                      1928
  MINIMUM         57    515 AM  39    1920  54      3       59
  AVERAGE         75                        69      6       68

PRECIPITATION (IN)
  YESTERDAY        0.00          0.11 2014   0.01  -0.01      T
  MONTH TO DATE    0.00                      0.37  -0.37     0.45
  SINCE OCT 1     56.60                     37.85  18.75    45.31
  SINCE JAN 1     33.30                     21.46  11.84    21.76

DEGREE DAYS
 HEATING
  YESTERDAY        0                         1     -1        0
  MONTH TO DATE    0                        27    -27        5
  SINCE JUN 1     82                       157    -75       83
  SINCE JUL 1      0                        27    -27        5

 COOLING
  YESTERDAY       10                         4      6        3
  MONTH TO DATE   88                        69     19       53
  SINCE JUN 1    160                        97     63      144
  SINCE JAN 1    187                       106     81      165
..................................................................


WIND (MPH)
  HIGHEST WIND SPEED    18   HIGHEST WIND DIRECTION     N (10)
  HIGHEST GUST SPEED    23   HIGHEST GUST DIRECTION    NW (320)
  AVERAGE WIND SPEED     7.4


SKY COVER
  POSSIBLE SUNSHINE  MM
  AVERAGE SKY COVER 0.0


WEATHER CONDITIONS
 THE FOLLOWING WEATHER WAS RECORDED YESTERDAY.
  NO SIGNIFICANT WEATHER WAS OBSERVED.


RELATIVE HUMIDITY (PERCENT)
 HIGHEST    77           400 AM
 LOWEST     30           500 PM
 AVERAGE    54

..........................................................


THE SALEM OR CLIMATE NORMALS FOR TODAY
                         NORMAL    RECORD    YEAR
 MAXIMUM TEMPERATURE (F)   84       108      1927
 MINIMUM TEMPERATURE (F)   54        38      1920


SUNRISE AND SUNSET
JULY 23 2017..........SUNRISE   548 AM PDT   SUNSET   848 PM PDT
JULY 24 2017..........SUNRISE   549 AM PDT   SUNSET   847 PM PDT


-  INDICATES NEGATIVE NUMBERS.
R  INDICATES RECORD WAS SET OR TIED.
MM INDICATES DATA IS MISSING.
T  INDICATES TRACE AMOUNT.




$$
