000
CDUS46 KPQR 300227
CLISLE


CLIMATE REPORT
NATIONAL WEATHER SERVICE PORTLAND OREGON
727 PM PDT WED JUL 29 2015


...................................

...THE SALEM OR CLIMATE SUMMARY FOR JULY 29 2015...
VALID TODAY AS OF 0700 PM LOCAL TIME.

CLIMATE NORMAL PERIOD 1981 TO 2010
CLIMATE RECORD PERIOD 1892 TO 2015


WEATHER ITEM   OBSERVED TIME   RECORD YEAR NORMAL DEPARTURE LAST
                VALUE   (LST)  VALUE       VALUE  FROM      YEAR
                                                  NORMAL
..................................................................
TEMPERATURE (F)
 TODAY
  MAXIMUM         99    521 PM 106    2009  84     15       94
  MINIMUM         61    513 AM  42    1956  54      7       59
                                      1929
  AVERAGE         80                        69     11       77

PRECIPITATION (IN)
  TODAY            0.00          0.17 2001   0.01  -0.01     0.00
  MONTH TO DATE    0.01                      0.44  -0.43     0.46
  SINCE OCT 1     32.82                     37.92  -5.10    27.05
  SINCE JAN 1     15.28                     21.53  -6.25    22.47

DEGREE DAYS
 HEATING
  TODAY            0                         0      0        0
  MONTH TO DATE    2                        30    -28        3
  SINCE JUN 1     24                       160   -136       69
  SINCE JUL 1      2                        30    -28        3

 COOLING
  TODAY           15                         4     11       12
  MONTH TO DATE  225                        97    128      220
  SINCE JUN 1    385                       125    260      239
  SINCE JAN 1    398                       134    264      255
..................................................................


WIND (MPH)
  HIGHEST WIND SPEED    16   HIGHEST WIND DIRECTION    NE (30)
  HIGHEST GUST SPEED    23   HIGHEST GUST DIRECTION     N (10)
  AVERAGE WIND SPEED     7.8


SKY COVER
  POSSIBLE SUNSHINE  MM
  AVERAGE SKY COVER 0.0


WEATHER CONDITIONS
 THE FOLLOWING WEATHER WAS RECORDED TODAY.
  NO SIGNIFICANT WEATHER WAS OBSERVED.


RELATIVE HUMIDITY (PERCENT)
 HIGHEST    65           500 AM
 LOWEST     16           400 PM
 AVERAGE    41

..........................................................


THE SALEM OR CLIMATE NORMALS FOR TOMORROW
                         NORMAL    RECORD    YEAR
 MAXIMUM TEMPERATURE (F)   84       103      1965
 MINIMUM TEMPERATURE (F)   54        36      1920


SUNRISE AND SUNSET
JULY 29 2015..........SUNRISE   554 AM PDT   SUNSET   842 PM PDT
JULY 30 2015..........SUNRISE   555 AM PDT   SUNSET   841 PM PDT


-  INDICATES NEGATIVE NUMBERS.
R  INDICATES RECORD WAS SET OR TIED.
MM INDICATES DATA IS MISSING.
T  INDICATES TRACE AMOUNT.




$$
