000
CDUS46 KPQR 011141
CLISLE


CLIMATE REPORT
NATIONAL WEATHER SERVICE PORTLAND OREGON
340 AM PST SUN FEB 1 2015


...................................

...THE SALEM OR CLIMATE SUMMARY FOR JANUARY 31 2015...

CLIMATE NORMAL PERIOD 1981 TO 2010
CLIMATE RECORD PERIOD 1892 TO 2015


WEATHER ITEM   OBSERVED TIME   RECORD YEAR NORMAL DEPARTURE LAST
                VALUE   (LST)  VALUE       VALUE  FROM      YEAR
                                                  NORMAL
..................................................................
TEMPERATURE (F)
 YESTERDAY
  MAXIMUM         50    320 PM  62    1995  50      0       50
  MINIMUM         28    800 AM -10    1950  35     -7       40
  AVERAGE         39                        42     -3       45

PRECIPITATION (IN)
  YESTERDAY        0.00          1.73 1987   0.17  -0.17     0.01
  MONTH TO DATE    3.21                      5.96  -2.75     2.26
  SINCE OCT 1     20.75                     22.35  -1.60     6.84
  SINCE JAN 1      3.21                      5.96  -2.75     2.26

DEGREE DAYS
 HEATING
  YESTERDAY       26                        23      3       20
  MONTH TO DATE  641                       738    -97      728
  SINCE DEC 1   1255                      1510   -255     1615
  SINCE JUL 1   2021                      2627   -606     2658

 COOLING
  YESTERDAY        0                         0      0        0
  MONTH TO DATE    0                         0      0        0
  SINCE DEC 1      0                         0      0        0
  SINCE JAN 1      0                         0      0        0
..................................................................


WIND (MPH)
  HIGHEST WIND SPEED     8   HIGHEST WIND DIRECTION    SE (150)
  HIGHEST GUST SPEED    11   HIGHEST GUST DIRECTION    NW (300)
  AVERAGE WIND SPEED     3.5


SKY COVER
  POSSIBLE SUNSHINE  MM
  AVERAGE SKY COVER 0.0


WEATHER CONDITIONS
 THE FOLLOWING WEATHER WAS RECORDED YESTERDAY.
  FOG


RELATIVE HUMIDITY (PERCENT)
 HIGHEST   100           500 AM
 LOWEST     61           300 PM
 AVERAGE    81

..........................................................


THE SALEM OR CLIMATE NORMALS FOR TODAY
                         NORMAL    RECORD    YEAR
 MAXIMUM TEMPERATURE (F)   50        63      1934
 MINIMUM TEMPERATURE (F)   35         0      1950


SUNRISE AND SUNSET
FEBRUARY  1 2015......SUNRISE   732 AM PST   SUNSET   520 PM PST
FEBRUARY  2 2015......SUNRISE   731 AM PST   SUNSET   521 PM PST


-  INDICATES NEGATIVE NUMBERS.
R  INDICATES RECORD WAS SET OR TIED.
MM INDICATES DATA IS MISSING.
T  INDICATES TRACE AMOUNT.




$$
