000
CDUS46 KPQR 011142
CLISLE


CLIMATE REPORT
NATIONAL WEATHER SERVICE PORTLAND OREGON
441 AM PDT MON SEP 1 2014


...................................

...THE SALEM OR CLIMATE SUMMARY FOR AUGUST 31 2014...

CLIMATE NORMAL PERIOD 1981 TO 2010
CLIMATE RECORD PERIOD 1892 TO 2014


WEATHER ITEM   OBSERVED TIME   RECORD YEAR NORMAL DEPARTURE LAST
                VALUE   (LST)  VALUE       VALUE  FROM      YEAR
                                                  NORMAL
..................................................................
TEMPERATURE (F)
 YESTERDAY
  MAXIMUM         77    513 PM 100    1987  81     -4       91
  MINIMUM         56   1159 PM  37    1920  51      5       55
  AVERAGE         67                        66      1       73

PRECIPITATION (IN)
  YESTERDAY        0.00          1.14 1971   0.03  -0.03     0.00
  MONTH TO DATE    0.35                      0.45  -0.10     0.35
  SINCE OCT 1     27.40                     38.39 -10.99    34.22
  SINCE JAN 1     22.82                     22.00   0.82    11.96

DEGREE DAYS
 HEATING
  YESTERDAY        0                         1     -1        0
  MONTH TO DATE    1                        28    -27        3
  SINCE JUN 1     70                       186   -116       84
  SINCE JUL 1      4                        56    -52        5

 COOLING
  YESTERDAY        2                         2      0        8
  MONTH TO DATE  241                       106    135      188
  SINCE JUN 1    502                       243    259      417
  SINCE JAN 1    518                       252    266      427
..................................................................


WIND (MPH)
  HIGHEST WIND SPEED    13   HIGHEST WIND DIRECTION     W (280)
  HIGHEST GUST SPEED    19   HIGHEST GUST DIRECTION     W (260)
  AVERAGE WIND SPEED     5.5


SKY COVER
  POSSIBLE SUNSHINE  MM
  AVERAGE SKY COVER 0.5


WEATHER CONDITIONS
 THE FOLLOWING WEATHER WAS RECORDED YESTERDAY.
  NO SIGNIFICANT WEATHER WAS OBSERVED.


RELATIVE HUMIDITY (PERCENT)
 HIGHEST    93          1200 AM
 LOWEST     36           500 PM
 AVERAGE    65

..........................................................


THE SALEM OR CLIMATE NORMALS FOR TODAY
                         NORMAL    RECORD    YEAR
 MAXIMUM TEMPERATURE (F)   80       102      1988
 MINIMUM TEMPERATURE (F)   51        37      1973


SUNRISE AND SUNSET
SEPTEMBER  1 2014.....SUNRISE   634 AM PDT   SUNSET   749 PM PDT
SEPTEMBER  2 2014.....SUNRISE   635 AM PDT   SUNSET   747 PM PDT


-  INDICATES NEGATIVE NUMBERS.
R  INDICATES RECORD WAS SET OR TIED.
MM INDICATES DATA IS MISSING.
T  INDICATES TRACE AMOUNT.




$$
