000
CDUS46 KPQR 220022
CLISLE


CLIMATE REPORT
NATIONAL WEATHER SERVICE PORTLAND OREGON
422 PM PST TUE NOV 21 2017


...................................

...THE SALEM OR CLIMATE SUMMARY FOR NOVEMBER 21 2017...
VALID TODAY AS OF 0400 PM LOCAL TIME.

CLIMATE NORMAL PERIOD 1981 TO 2010
CLIMATE RECORD PERIOD 1892 TO 2017


WEATHER ITEM   OBSERVED TIME   RECORD YEAR NORMAL DEPARTURE LAST
                VALUE   (LST)  VALUE       VALUE  FROM      YEAR
                                                  NORMAL
..................................................................
TEMPERATURE (F)
 TODAY
  MAXIMUM         57    356 PM  61    1933  51      6       56
  MINIMUM         47    220 AM  20    1900  38      9       43
  AVERAGE         52                        44      8       50

PRECIPITATION (IN)
  TODAY            0.26          2.28 1921   0.23   0.03     0.03
  MONTH TO DATE    4.77                      4.31   0.46     2.86
  SINCE OCT 1     10.22                      7.34   2.88    14.11
  SINCE JAN 1     46.03                     30.62  15.41    37.82

DEGREE DAYS
 HEATING
  TODAY           13                        21     -8       15
  MONTH TO DATE  360                       387    -27      252
  SINCE SEP 1    777                       863    -86      631
  SINCE JUL 1    779                       919   -140      646

 COOLING
  TODAY            0                         0      0        0
  MONTH TO DATE    0                         0      0        0
  SINCE SEP 1    127                        38     89       19
  SINCE JAN 1    647                       290    357      465
..................................................................


WIND (MPH)
  HIGHEST WIND SPEED     8   HIGHEST WIND DIRECTION    SE (130)
  HIGHEST GUST SPEED     9   HIGHEST GUST DIRECTION    SE (140)
  AVERAGE WIND SPEED     1.6


SKY COVER
  POSSIBLE SUNSHINE  MM
  AVERAGE SKY COVER 0.9


WEATHER CONDITIONS
 THE FOLLOWING WEATHER WAS RECORDED TODAY.
  HEAVY RAIN
  LIGHT RAIN
  FOG


RELATIVE HUMIDITY (PERCENT)
 HIGHEST    93           200 AM
 LOWEST     86           300 AM
 AVERAGE    90

..........................................................


THE SALEM OR CLIMATE NORMALS FOR TOMORROW
                         NORMAL    RECORD    YEAR
 MAXIMUM TEMPERATURE (F)   51        65      1933
 MINIMUM TEMPERATURE (F)   37        20      1985
                                             1902


SUNRISE AND SUNSET
NOVEMBER 21 2017......SUNRISE   718 AM PST   SUNSET   438 PM PST
NOVEMBER 22 2017......SUNRISE   719 AM PST   SUNSET   437 PM PST


-  INDICATES NEGATIVE NUMBERS.
R  INDICATES RECORD WAS SET OR TIED.
MM INDICATES DATA IS MISSING.
T  INDICATES TRACE AMOUNT.




$$
