000
CDUS41 KBTV 310535
CLISLK


CLIMATE REPORT
NATIONAL WEATHER SERVICE BURLINGTON VT
133 AM EDT THU JUL 31 2014


...................................

...THE SARANAC LAKE NY CLIMATE SUMMARY FOR JULY 30 2014...

CLIMATE NORMAL PERIOD 1981 TO 2010
CLIMATE RECORD PERIOD 9999 TO 9999


WEATHER ITEM   OBSERVED TIME   NORMAL DEPARTURE LAST
                VALUE   (LST)  VALUE  FROM      YEAR
                                      NORMAL
......................................................
TEMPERATURE (F)
 YESTERDAY
  MAXIMUM         70    357 PM  75     -5       70
  MINIMUM         37    513 AM  51    -14       54
  AVERAGE         54            63     -9       62

PRECIPITATION (IN)
  YESTERDAY        0.00          0.14  -0.14     0.00
  MONTH TO DATE    3.63          4.06  -0.43     5.44
  SINCE JUN 1     10.41          7.91   2.50    14.72
  SINCE JAN 1     22.57         20.26   2.31    25.72

DEGREE DAYS
 HEATING
  YESTERDAY       11             3      8        3
  MONTH TO DATE  125            90     35       67
  SINCE JUN 1    292           274     18      287
  SINCE JUL 1    125            90     35       67

 COOLING
  YESTERDAY        0             1     -1        0
  MONTH TO DATE   38            45     -7      100
  SINCE JUN 1     59            71    -12      136
  SINCE JAN 1     60            74    -14      146
......................................................


WIND (MPH)
  HIGHEST WIND SPEED    15   HIGHEST WIND DIRECTION     S (200)
  HIGHEST GUST SPEED    21   HIGHEST GUST DIRECTION     S (200)
  AVERAGE WIND SPEED     3.7


SKY COVER
  AVERAGE SKY COVER 0.5


WEATHER CONDITIONS
 THE FOLLOWING WEATHER WAS RECORDED YESTERDAY.
  FOG
  FOG W/VISIBILITY <= 1/4 MILE


RELATIVE HUMIDITY (PERCENT)
 HIGHEST   100          1200 AM
 LOWEST     47           200 PM
 AVERAGE    74

..........................................................


THE SARANAC LAKE NY CLIMATE NORMALS FOR TODAY
                         NORMAL    RECORD    YEAR
 MAXIMUM TEMPERATURE (F)   75        MM        MM
 MINIMUM TEMPERATURE (F)   51        MM        MM


SUNRISE AND SUNSET
JULY 31 2014..........SUNRISE   543 AM EDT   SUNSET   823 PM EDT
AUGUST  1 2014........SUNRISE   544 AM EDT   SUNSET   822 PM EDT


-  INDICATES NEGATIVE NUMBERS.
R  INDICATES RECORD WAS SET OR TIED.
MM INDICATES DATA IS MISSING.
T  INDICATES TRACE AMOUNT.




$$
