000
CDUS41 KBTV 230615
CLISLK


CLIMATE REPORT
NATIONAL WEATHER SERVICE BURLINGTON VT
103 AM EST THU FEB 23 2017


...................................

...THE SARANAC LAKE NY CLIMATE SUMMARY FOR FEBRUARY 22 2017...

CLIMATE NORMAL PERIOD 1981 TO 2010
CLIMATE RECORD PERIOD 9999 TO 9999


WEATHER ITEM   OBSERVED TIME   NORMAL DEPARTURE LAST
                VALUE   (LST)  VALUE  FROM      YEAR
                                      NORMAL
......................................................
TEMPERATURE (F)
 YESTERDAY
  MAXIMUM         56        MM  30     26       23
  MINIMUM         31        MM   3     28        1
  AVERAGE         44            16     28       12

PRECIPITATION (IN)
  YESTERDAY        0.00          0.05  -0.05      T
  MONTH TO DATE    1.03          1.30  -0.27     1.45
  SINCE DEC 1      5.63          5.72  -0.09     6.09
  SINCE JAN 1      3.20          3.43  -0.23     2.14

DEGREE DAYS
 HEATING
  YESTERDAY       21            49    -28       53
  MONTH TO DATE  972          1117   -145     1024
  SINCE DEC 1   3683          4144   -461     3372
  SINCE JUL 1   5525          6419   -894     5322

 COOLING
  YESTERDAY        0             0      0        0
  MONTH TO DATE    0             0      0        0
  SINCE DEC 1      0             0      0        0
  SINCE JAN 1      0             0      0        0
......................................................


WIND (MPH)
  HIGHEST WIND SPEED    12   HIGHEST WIND DIRECTION    SW (240)
  HIGHEST GUST SPEED    20   HIGHEST GUST DIRECTION    SW (240)
  AVERAGE WIND SPEED     5.0


SKY COVER
  AVERAGE SKY COVER 0.6


WEATHER CONDITIONS
 THE FOLLOWING WEATHER WAS RECORDED YESTERDAY.
  NO SIGNIFICANT WEATHER WAS OBSERVED.


RELATIVE HUMIDITY (PERCENT)
 HIGHEST    96           800 AM
 LOWEST     43           400 PM
 AVERAGE    70

..........................................................


THE SARANAC LAKE NY CLIMATE NORMALS FOR TODAY
                         NORMAL    RECORD    YEAR
 MAXIMUM TEMPERATURE (F)   30        47      2000
 MINIMUM TEMPERATURE (F)    3       -23      2015


SUNRISE AND SUNSET
FEBRUARY 23 2017......SUNRISE   644 AM EST   SUNSET   537 PM EST
FEBRUARY 24 2017......SUNRISE   642 AM EST   SUNSET   538 PM EST


-  INDICATES NEGATIVE NUMBERS.
R  INDICATES RECORD WAS SET OR TIED.
MM INDICATES DATA IS MISSING.
T  INDICATES TRACE AMOUNT.




$$
