000
CDUS41 KBTV 080553
CLISLK


CLIMATE REPORT
NATIONAL WEATHER SERVICE BURLINGTON VT
1253 AM EST THU DEC 8 2016


...................................

...THE SARANAC LAKE NY CLIMATE SUMMARY FOR DECEMBER 7 2016...

CLIMATE NORMAL PERIOD 1981 TO 2010
CLIMATE RECORD PERIOD 9999 TO 9999


WEATHER ITEM   OBSERVED TIME   NORMAL DEPARTURE LAST
                VALUE   (LST)  VALUE  FROM      YEAR
                                      NORMAL
......................................................
TEMPERATURE (F)
 YESTERDAY
  MAXIMUM         35    113 PM  32      3       35
  MINIMUM         26    133 AM  13     13       21
  AVERAGE         31            22      9       28

PRECIPITATION (IN)
  YESTERDAY        0.11          0.09   0.02     0.00
  MONTH TO DATE    0.93          0.64   0.29     1.04
  SINCE DEC 1      0.93          0.64   0.29     1.04
  SINCE JAN 1     31.66         35.87  -4.21    33.17

DEGREE DAYS
 HEATING
  YESTERDAY       34            43     -9       37
  MONTH TO DATE  252           289    -37      225
  SINCE DEC 1    252           289    -37      225
  SINCE JUL 1   2094          2564   -470     2175

 COOLING
  YESTERDAY        0             0      0        0
  MONTH TO DATE    0             0      0        0
  SINCE DEC 1      0             0      0        0
  SINCE JAN 1    166           114     52      130
......................................................


WIND (MPH)
  HIGHEST WIND SPEED    15   HIGHEST WIND DIRECTION    SW (240)
  HIGHEST GUST SPEED    21   HIGHEST GUST DIRECTION     W (250)
  AVERAGE WIND SPEED     6.0


SKY COVER
  AVERAGE SKY COVER 1.0


WEATHER CONDITIONS
 THE FOLLOWING WEATHER WAS RECORDED YESTERDAY.
  LIGHT SNOW
  FOG


RELATIVE HUMIDITY (PERCENT)
 HIGHEST    92           100 AM
 LOWEST     72           600 PM
 AVERAGE    82

..........................................................


THE SARANAC LAKE NY CLIMATE NORMALS FOR TODAY
                         NORMAL    RECORD    YEAR
 MAXIMUM TEMPERATURE (F)   31        42      2004
 MINIMUM TEMPERATURE (F)   12       -22      2000


SUNRISE AND SUNSET
DECEMBER  8 2016......SUNRISE   720 AM EST   SUNSET   417 PM EST
DECEMBER  9 2016......SUNRISE   721 AM EST   SUNSET   417 PM EST


-  INDICATES NEGATIVE NUMBERS.
R  INDICATES RECORD WAS SET OR TIED.
MM INDICATES DATA IS MISSING.
T  INDICATES TRACE AMOUNT.




$$
