000
CDUS41 KBTV 010839
CLISLK


CLIMATE REPORT
NATIONAL WEATHER SERVICE BURLINGTON VT
437 AM EDT SUN MAY 1 2016


...................................

...THE SARANAC LAKE NY CLIMATE SUMMARY FOR APRIL 30 2016...

CLIMATE NORMAL PERIOD 1981 TO 2010
CLIMATE RECORD PERIOD 9999 TO 9999


WEATHER ITEM   OBSERVED TIME   NORMAL DEPARTURE LAST
                VALUE   (LST)  VALUE  FROM      YEAR
                                      NORMAL
......................................................
TEMPERATURE (F)
 YESTERDAY
  MAXIMUM         62    316 PM  58      4       60
  MINIMUM         23    527 AM  31     -8       26
  AVERAGE         43            44     -1       43

PRECIPITATION (IN)
  YESTERDAY        0.00          0.12  -0.12     0.00
  MONTH TO DATE    2.88          2.89  -0.01     2.46
  SINCE MAR 1      5.70          5.17   0.53     3.33
  SINCE JAN 1      9.58          8.91   0.67     4.20

DEGREE DAYS
 HEATING
  YESTERDAY       22            21      1       22
  MONTH TO DATE  901           810     91      813
  SINCE MAR 1   1932          2066   -134     2221
  SINCE JUL 1   7527          8771  -1244     9004

 COOLING
  YESTERDAY        0             0      0        0
  MONTH TO DATE    0             0      0        0
  SINCE MAR 1      0             0      0        0
  SINCE JAN 1      0             0      0        0
......................................................


WIND (MPH)
  HIGHEST WIND SPEED    16   HIGHEST WIND DIRECTION    NE (60)
  HIGHEST GUST SPEED    20   HIGHEST GUST DIRECTION     E (70)
  AVERAGE WIND SPEED     4.7


SKY COVER
  AVERAGE SKY COVER 0.0


WEATHER CONDITIONS
 THE FOLLOWING WEATHER WAS RECORDED YESTERDAY.
  NO SIGNIFICANT WEATHER WAS OBSERVED.


RELATIVE HUMIDITY (PERCENT)
 HIGHEST    81           500 AM
 LOWEST     14           100 PM
 AVERAGE    48

..........................................................


THE SARANAC LAKE NY CLIMATE NORMALS FOR TODAY
                         NORMAL    RECORD    YEAR
 MAXIMUM TEMPERATURE (F)   58        81      2001
 MINIMUM TEMPERATURE (F)   31        24      2011


SUNRISE AND SUNSET
MAY  1 2016...........SUNRISE   547 AM EDT   SUNSET   802 PM EDT
MAY  2 2016...........SUNRISE   545 AM EDT   SUNSET   803 PM EDT


-  INDICATES NEGATIVE NUMBERS.
R  INDICATES RECORD WAS SET OR TIED.
MM INDICATES DATA IS MISSING.
T  INDICATES TRACE AMOUNT.




$$
