527
CDUS41 KBTV 230538
CLISLK

CLIMATE REPORT
NATIONAL WEATHER SERVICE BURLINGTON VT
1236 AM EST FRI FEB 23 2018

...................................

...THE SARANAC LAKE NY CLIMATE SUMMARY FOR FEBRUARY 22 2018...

CLIMATE NORMAL PERIOD 1981 TO 2010
CLIMATE RECORD PERIOD 9999 TO 9999


WEATHER ITEM   OBSERVED TIME   NORMAL DEPARTURE LAST
                VALUE   (LST)  VALUE  FROM      YEAR
                                      NORMAL
......................................................
TEMPERATURE (F)
 YESTERDAY
  MAXIMUM         30    317 PM  30      0       56
  MINIMUM         15   1156 PM   3     12       31
  AVERAGE         23            16      7       44

PRECIPITATION (IN)
  YESTERDAY        T             0.05  -0.05     0.00
  MONTH TO DATE    1.59          1.30   0.29     1.03
  SINCE DEC 1      6.63          5.72   0.91     5.63
  SINCE JAN 1      4.87          3.43   1.44     3.20

DEGREE DAYS
 HEATING
  YESTERDAY       42            49     -7       21
  MONTH TO DATE  975          1117   -142      972
  SINCE DEC 1   4151          4144      7     3683
  SINCE JUL 1   6208          6419   -211     5525

 COOLING
  YESTERDAY        0             0      0        0
  MONTH TO DATE    0             0      0        0
  SINCE DEC 1      0             0      0        0
  SINCE JAN 1      0             0      0        0
......................................................


WIND (MPH)
  HIGHEST WIND SPEED     8   HIGHEST WIND DIRECTION    NE (50)
  HIGHEST GUST SPEED    10   HIGHEST GUST DIRECTION    NE (40)
  AVERAGE WIND SPEED     2.1


SKY COVER
  AVERAGE SKY COVER 0.4


WEATHER CONDITIONS
 THE FOLLOWING WEATHER WAS RECORDED YESTERDAY.
  LIGHT SNOW


RELATIVE HUMIDITY (PERCENT)
 HIGHEST    96           300 AM
 LOWEST     53           400 PM
 AVERAGE    75

..........................................................


THE SARANAC LAKE NY CLIMATE NORMALS FOR TODAY
                         NORMAL    RECORD    YEAR
 MAXIMUM TEMPERATURE (F)   30        58      2017
 MINIMUM TEMPERATURE (F)    3       -23      2015


SUNRISE AND SUNSET
FEBRUARY 23 2018......SUNRISE   644 AM EST   SUNSET   537 PM EST
FEBRUARY 24 2018......SUNRISE   642 AM EST   SUNSET   538 PM EST


-  INDICATES NEGATIVE NUMBERS.
R  INDICATES RECORD WAS SET OR TIED.
MM INDICATES DATA IS MISSING.
T  INDICATES TRACE AMOUNT.

$$
