000
CDUS41 KBTV 270551
CLISLK


CLIMATE REPORT
NATIONAL WEATHER SERVICE BURLINGTON VT
150 AM EDT FRI MAR 27 2015


...................................

...THE SARANAC LAKE NY CLIMATE SUMMARY FOR MARCH 26 2015...

CLIMATE NORMAL PERIOD 1981 TO 2010
CLIMATE RECORD PERIOD 9999 TO 9999


WEATHER ITEM   OBSERVED TIME   NORMAL DEPARTURE LAST
                VALUE   (LST)  VALUE  FROM      YEAR
                                      NORMAL
......................................................
TEMPERATURE (F)
 YESTERDAY
  MAXIMUM         39    541 AM  40     -1       19
  MINIMUM         32   1159 PM  17     15       -1
  AVERAGE         36            29      7        9

PRECIPITATION (IN)
  YESTERDAY        0.30          0.08   0.22      T
  MONTH TO DATE    0.75          1.83  -1.08     0.71
  SINCE MAR 1      0.75          1.83  -1.08     0.71
  SINCE JAN 1      1.62          5.57  -3.95     3.33

DEGREE DAYS
 HEATING
  YESTERDAY       29            36     -7       56
  MONTH TO DATE 1186          1083    103     1358
  SINCE MAR 1   1186          1083    103     1358
  SINCE JUL 1   7969          7788    181     8342

 COOLING
  YESTERDAY        0             0      0        0
  MONTH TO DATE    0             0      0        0
  SINCE MAR 1      0             0      0        0
  SINCE JAN 1      0             0      0        0
......................................................


WIND (MPH)
  HIGHEST WIND SPEED    18   HIGHEST WIND DIRECTION    SW (230)
  HIGHEST GUST SPEED    28   HIGHEST GUST DIRECTION    SW (230)
  AVERAGE WIND SPEED     5.7


SKY COVER
  AVERAGE SKY COVER 1.0


WEATHER CONDITIONS
 THE FOLLOWING WEATHER WAS RECORDED YESTERDAY.
  SNOW
  LIGHT SNOW
  FOG
  FOG W/VISIBILITY <= 1/4 MILE


RELATIVE HUMIDITY (PERCENT)
 HIGHEST   100          1200 AM
 LOWEST     82          1000 AM
 AVERAGE    91

..........................................................


THE SARANAC LAKE NY CLIMATE NORMALS FOR TODAY
                         NORMAL    RECORD    YEAR
 MAXIMUM TEMPERATURE (F)   41        53      2000
 MINIMUM TEMPERATURE (F)   18       -16      2014


SUNRISE AND SUNSET
MARCH 27 2015.........SUNRISE   648 AM EDT   SUNSET   718 PM EDT
MARCH 28 2015.........SUNRISE   646 AM EDT   SUNSET   719 PM EDT


-  INDICATES NEGATIVE NUMBERS.
R  INDICATES RECORD WAS SET OR TIED.
MM INDICATES DATA IS MISSING.
T  INDICATES TRACE AMOUNT.




$$
