668
CDUS41 KBTV 060531
CLISLK


CLIMATE REPORT
NATIONAL WEATHER SERVICE BURLINGTON VT
1228 AM EST SAT FEB 6 2016


...................................

...THE SARANAC LAKE NY CLIMATE SUMMARY FOR FEBRUARY 5 2016...

CLIMATE NORMAL PERIOD 1981 TO 2010
CLIMATE RECORD PERIOD 9999 TO 9999


WEATHER ITEM   OBSERVED TIME   NORMAL DEPARTURE LAST
                VALUE   (LST)  VALUE  FROM      YEAR
                                      NORMAL
......................................................
TEMPERATURE (F)
 YESTERDAY
  MAXIMUM         29   1233 AM  26      3       19
  MINIMUM         10   1140 PM   1      9      -24
  AVERAGE         20            13      7       -2

PRECIPITATION (IN)
  YESTERDAY        T             0.06  -0.06     0.02
  MONTH TO DATE    0.61          0.29   0.32     0.05
  SINCE DEC 1      5.25          4.71   0.54     2.60
  SINCE JAN 1      1.30          2.42  -1.12     0.66

DEGREE DAYS
 HEATING
  YESTERDAY       45            52     -7       67
  MONTH TO DATE  164           260    -96      317
  SINCE DEC 1   2512          3287   -775     3159
  SINCE JUL 1   4462          5562  -1100     5323

 COOLING
  YESTERDAY        0             0      0        0
  MONTH TO DATE    0             0      0        0
  SINCE DEC 1      0             0      0        0
  SINCE JAN 1      0             0      0        0
......................................................


WIND (MPH)
  HIGHEST WIND SPEED    10   HIGHEST WIND DIRECTION    NW (320)
  HIGHEST GUST SPEED    18   HIGHEST GUST DIRECTION    NW (310)
  AVERAGE WIND SPEED     4.7


SKY COVER
  AVERAGE SKY COVER 0.4


WEATHER CONDITIONS
 THE FOLLOWING WEATHER WAS RECORDED YESTERDAY.
  LIGHT SNOW
  HAZE


RELATIVE HUMIDITY (PERCENT)
 HIGHEST    92          1100 PM
 LOWEST     57           500 PM
 AVERAGE    75

..........................................................


THE SARANAC LAKE NY CLIMATE NORMALS FOR TODAY
                         NORMAL    RECORD    YEAR
 MAXIMUM TEMPERATURE (F)   26        55      2005
 MINIMUM TEMPERATURE (F)    1       -29      2015


SUNRISE AND SUNSET
FEBRUARY  6 2016......SUNRISE   710 AM EST   SUNSET   513 PM EST
FEBRUARY  7 2016......SUNRISE   708 AM EST   SUNSET   514 PM EST


-  INDICATES NEGATIVE NUMBERS.
R  INDICATES RECORD WAS SET OR TIED.
MM INDICATES DATA IS MISSING.
T  INDICATES TRACE AMOUNT.




$$
