000
CDUS41 KBTV 240614
CLISLK


CLIMATE REPORT
NATIONAL WEATHER SERVICE BURLINGTON VT
113 AM EST TUE JAN 24 2017


...................................

...THE SARANAC LAKE NY CLIMATE SUMMARY FOR JANUARY 23 2017...

CLIMATE NORMAL PERIOD 1981 TO 2010
CLIMATE RECORD PERIOD 9999 TO 9999


WEATHER ITEM   OBSERVED TIME   NORMAL DEPARTURE LAST
                VALUE   (LST)  VALUE  FROM      YEAR
                                      NORMAL
......................................................
TEMPERATURE (F)
 YESTERDAY
  MAXIMUM         35   1234 PM  25     10       19
  MINIMUM         28   1159 PM   1     27      -15
  AVERAGE         32            13     19        2

PRECIPITATION (IN)
  YESTERDAY        0.01          0.07  -0.06      T
  MONTH TO DATE    1.40          1.55  -0.15     0.51
  SINCE DEC 1      3.83          3.84  -0.01     4.46
  SINCE JAN 1      1.40          1.55  -0.15     0.51

DEGREE DAYS
 HEATING
  YESTERDAY       33            52    -19       63
  MONTH TO DATE 1002          1187   -185     1046
  SINCE DEC 1   2360          2611   -251     1997
  SINCE JUL 1   4202          4886   -684     3947

 COOLING
  YESTERDAY        0             0      0        0
  MONTH TO DATE    0             0      0        0
  SINCE DEC 1      0             0      0        0
  SINCE JAN 1      0             0      0        0
......................................................


WIND (MPH)
  HIGHEST WIND SPEED    16   HIGHEST WIND DIRECTION    NE (60)
  HIGHEST GUST SPEED    21   HIGHEST GUST DIRECTION    NE (50)
  AVERAGE WIND SPEED     9.2


SKY COVER
  AVERAGE SKY COVER 0.7


WEATHER CONDITIONS
 THE FOLLOWING WEATHER WAS RECORDED YESTERDAY.
  NO SIGNIFICANT WEATHER WAS OBSERVED.


RELATIVE HUMIDITY (PERCENT)
 HIGHEST    92          1200 AM
 LOWEST     69           700 PM
 AVERAGE    81

..........................................................


THE SARANAC LAKE NY CLIMATE NORMALS FOR TODAY
                         NORMAL    RECORD    YEAR
 MAXIMUM TEMPERATURE (F)   25        52      1999
 MINIMUM TEMPERATURE (F)    1       -37      2011


SUNRISE AND SUNSET
JANUARY 24 2017.......SUNRISE   723 AM EST   SUNSET   455 PM EST
JANUARY 25 2017.......SUNRISE   722 AM EST   SUNSET   457 PM EST


-  INDICATES NEGATIVE NUMBERS.
R  INDICATES RECORD WAS SET OR TIED.
MM INDICATES DATA IS MISSING.
T  INDICATES TRACE AMOUNT.




$$
