000
CDUS41 KBTV 230527
CLISLK


CLIMATE REPORT
NATIONAL WEATHER SERVICE BURLINGTON VT
125 AM EDT TUE MAY 23 2017


...................................

...THE SARANAC LAKE NY CLIMATE SUMMARY FOR MAY 22 2017...

CLIMATE NORMAL PERIOD 1981 TO 2010
CLIMATE RECORD PERIOD 9999 TO 9999


WEATHER ITEM   OBSERVED TIME   NORMAL DEPARTURE LAST
                VALUE   (LST)  VALUE  FROM      YEAR
                                      NORMAL
......................................................
TEMPERATURE (F)
 YESTERDAY
  MAXIMUM         54    420 PM  66    -12       72
  MINIMUM         46   1159 PM  39      7       42
  AVERAGE         50            52     -2       57

PRECIPITATION (IN)
  YESTERDAY        0.55          0.13   0.42      T
  MONTH TO DATE    4.89          2.32   2.57     1.81
  SINCE MAR 1     10.02          7.49   2.53     7.51
  SINCE JAN 1     14.56         11.23   3.33    11.39

DEGREE DAYS
 HEATING
  YESTERDAY       15            13      2        8
  MONTH TO DATE  385           362     23      395
  SINCE MAR 1   2418          2428    -10     2327
  SINCE JUL 1   8114          9133  -1019     7922

 COOLING
  YESTERDAY        0             0      0        0
  MONTH TO DATE    6             0      6        0
  SINCE MAR 1      6             0      6        0
  SINCE JAN 1      6             0      6        0
......................................................


WIND (MPH)
  HIGHEST WIND SPEED    14   HIGHEST WIND DIRECTION    SW (230)
  HIGHEST GUST SPEED    18   HIGHEST GUST DIRECTION    SW (220)
  AVERAGE WIND SPEED     7.2


SKY COVER
  AVERAGE SKY COVER 1.0


WEATHER CONDITIONS
 THE FOLLOWING WEATHER WAS RECORDED YESTERDAY.
  HEAVY RAIN
  RAIN
  LIGHT RAIN
  FOG


RELATIVE HUMIDITY (PERCENT)
 HIGHEST   100           100 AM
 LOWEST     93           200 AM
 AVERAGE    97

..........................................................


THE SARANAC LAKE NY CLIMATE NORMALS FOR TODAY
                         NORMAL    RECORD    YEAR
 MAXIMUM TEMPERATURE (F)   66        80      2010
 MINIMUM TEMPERATURE (F)   39        26      2015


SUNRISE AND SUNSET
MAY 23 2017...........SUNRISE   522 AM EDT   SUNSET   826 PM EDT
MAY 24 2017...........SUNRISE   521 AM EDT   SUNSET   827 PM EDT


-  INDICATES NEGATIVE NUMBERS.
R  INDICATES RECORD WAS SET OR TIED.
MM INDICATES DATA IS MISSING.
T  INDICATES TRACE AMOUNT.




$$
