000
CDUS41 KBTV 261834
CLISLK


CLIMATE REPORT
NATIONAL WEATHER SERVICE BURLINGTON VT
233 PM EDT TUE SEP 26 2017


...................................

...THE SARANAC LAKE NY CLIMATE SUMMARY FOR SEPTEMBER 25 2017...

CLIMATE NORMAL PERIOD 1981 TO 2010
CLIMATE RECORD PERIOD 9999 TO 9999


WEATHER ITEM   OBSERVED TIME   NORMAL DEPARTURE LAST
                VALUE   (LST)  VALUE  FROM      YEAR
                                      NORMAL
......................................................
TEMPERATURE (F)
 YESTERDAY
  MAXIMUM         88    403 PM  62     26       57
  MINIMUM         51    604 AM  38     13       25
  AVERAGE         70            50     20       41

PRECIPITATION (IN)
  YESTERDAY        0.00          0.11  -0.11     0.00
  MONTH TO DATE    1.65          2.82  -1.17     2.22
  SINCE SEP 1      1.65          2.82  -1.17     2.22
  SINCE JAN 1     33.31         27.36   5.95    24.14

DEGREE DAYS
 HEATING
  YESTERDAY        0            15    -15       24
  MONTH TO DATE  186           264    -78      191
  SINCE SEP 1    186           264    -78      191
  SINCE JUL 1    458           504    -46      312

 COOLING
  YESTERDAY        5             0      5        0
  MONTH TO DATE    9             7      2       15
  SINCE SEP 1      9             7      2       15
  SINCE JAN 1     62           114    -52      166
......................................................


WIND (MPH)
  HIGHEST WIND SPEED    13   HIGHEST WIND DIRECTION     W (260)
  HIGHEST GUST SPEED    33   HIGHEST GUST DIRECTION    NW (330)
  AVERAGE WIND SPEED     1.0


SKY COVER
  AVERAGE SKY COVER 0.4


WEATHER CONDITIONS
 THE FOLLOWING WEATHER WAS RECORDED YESTERDAY.
  FOG
  FOG W/VISIBILITY <= 1/4 MILE


RELATIVE HUMIDITY (PERCENT)
 HIGHEST   100          1200 AM
 LOWEST     40           300 PM
 AVERAGE    70

..........................................................


THE SARANAC LAKE NY CLIMATE NORMALS FOR TODAY
                         NORMAL    RECORD    YEAR
 MAXIMUM TEMPERATURE (F)   61        79      2011
 MINIMUM TEMPERATURE (F)   38        25      2009


SUNRISE AND SUNSET
SEPTEMBER 26 2017.....SUNRISE   649 AM EDT   SUNSET   646 PM EDT
SEPTEMBER 27 2017.....SUNRISE   650 AM EDT   SUNSET   644 PM EDT


-  INDICATES NEGATIVE NUMBERS.
R  INDICATES RECORD WAS SET OR TIED.
MM INDICATES DATA IS MISSING.
T  INDICATES TRACE AMOUNT.




$$
