000
CDUS41 KBTV 270536
CLISLK


CLIMATE REPORT
NATIONAL WEATHER SERVICE BURLINGTON VT
135 AM EDT WED AUG 27 2014


...................................

...THE SARANAC LAKE NY CLIMATE SUMMARY FOR AUGUST 26 2014...

CLIMATE NORMAL PERIOD 1981 TO 2010
CLIMATE RECORD PERIOD 9999 TO 9999


WEATHER ITEM   OBSERVED TIME   NORMAL DEPARTURE LAST
                VALUE   (LST)  VALUE  FROM      YEAR
                                      NORMAL
......................................................
TEMPERATURE (F)
 YESTERDAY
  MAXIMUM         80    343 PM  73      7       71
  MINIMUM         45    539 AM  47     -2       59
  AVERAGE         63            60      3       65

PRECIPITATION (IN)
  YESTERDAY        0.00          0.15  -0.15     0.13
  MONTH TO DATE    2.84          3.46  -0.62     3.00
  SINCE JUN 1     13.68         11.50   2.18    17.72
  SINCE JAN 1     25.84         23.85   1.99    28.72

DEGREE DAYS
 HEATING
  YESTERDAY        2             6     -4        0
  MONTH TO DATE  127           116     11      143
  SINCE JUN 1    429           394     35      433
  SINCE JUL 1    262           210     52      213

 COOLING
  YESTERDAY        0             1     -1        0
  MONTH TO DATE    3            26    -23       10
  SINCE JUN 1     62            98    -36      146
  SINCE JAN 1     63           101    -38      156
......................................................


WIND (MPH)
  HIGHEST WIND SPEED    17   HIGHEST WIND DIRECTION    SW (230)
  HIGHEST GUST SPEED    25   HIGHEST GUST DIRECTION    SW (210)
  AVERAGE WIND SPEED     6.6


SKY COVER
  AVERAGE SKY COVER 0.2


WEATHER CONDITIONS
 THE FOLLOWING WEATHER WAS RECORDED YESTERDAY.
  FOG
  FOG W/VISIBILITY <= 1/4 MILE


RELATIVE HUMIDITY (PERCENT)
 HIGHEST   100           100 AM
 LOWEST     48           200 PM
 AVERAGE    74

..........................................................


THE SARANAC LAKE NY CLIMATE NORMALS FOR TODAY
                         NORMAL    RECORD    YEAR
 MAXIMUM TEMPERATURE (F)   73        MM        MM
 MINIMUM TEMPERATURE (F)   47        MM        MM


SUNRISE AND SUNSET
AUGUST 27 2014........SUNRISE   614 AM EDT   SUNSET   742 PM EDT
AUGUST 28 2014........SUNRISE   615 AM EDT   SUNSET   740 PM EDT


-  INDICATES NEGATIVE NUMBERS.
R  INDICATES RECORD WAS SET OR TIED.
MM INDICATES DATA IS MISSING.
T  INDICATES TRACE AMOUNT.




$$
