130
CDUS43 KICT 130630
CLISLN

CLIMATE REPORT
NATIONAL WEATHER SERVICE WICHITA KS
1229 AM CST WED DEC 13 2017


...................................

...THE SALINA KS CLIMATE SUMMARY FOR DECEMBER 12 2017...

CLIMATE NORMAL PERIOD 1981 TO 2010
CLIMATE RECORD PERIOD 1894 TO 2017


WEATHER ITEM   OBSERVED TIME   RECORD YEAR NORMAL DEPARTURE LAST
                VALUE   (LST)  VALUE       VALUE  FROM      YEAR
                                                  NORMAL
..................................................................
TEMPERATURE (F)
 YESTERDAY
  MAXIMUM         54    359 PM  69    1925  43     11       37
  MINIMUM         25    611 AM -11    1961  23      2       18
  AVERAGE         40                        32      8       28

PRECIPITATION (IN)
  YESTERDAY        0.00          1.29 2015   0.03  -0.03     0.00
  MONTH TO DATE    0.00                      0.42  -0.42     0.53
  SINCE DEC 1      0.00                      0.42  -0.42     0.53
  SINCE JAN 1     25.38                     30.98  -5.60    27.05

DEGREE DAYS
 HEATING
  YESTERDAY       25                        32     -7       37
  MONTH TO DATE  275                       369    -94      397
  SINCE DEC 1    275                       369    -94      397
  SINCE JUL 1   1031                      1321   -290      940

 COOLING
  YESTERDAY        0                         0      0        0
  MONTH TO DATE    0                         0      0        0
  SINCE DEC 1      0                         0      0        0
  SINCE JAN 1   1965                      1647    318     2009
..................................................................


WIND (MPH)
  HIGHEST WIND SPEED    20   HIGHEST WIND DIRECTION     N (350)
  HIGHEST GUST SPEED    26   HIGHEST GUST DIRECTION     N (350)
  AVERAGE WIND SPEED     8.1


SKY COVER
  POSSIBLE SUNSHINE  MM
  AVERAGE SKY COVER 0.1


WEATHER CONDITIONS
 THE FOLLOWING WEATHER WAS RECORDED YESTERDAY.
  NO SIGNIFICANT WEATHER WAS OBSERVED.


RELATIVE HUMIDITY (PERCENT)
 HIGHEST    85           800 AM
 LOWEST     35           300 PM
 AVERAGE    60

..........................................................


THE SALINA KS CLIMATE NORMALS FOR TODAY
                         NORMAL    RECORD    YEAR
 MAXIMUM TEMPERATURE (F)   42        74      1921
 MINIMUM TEMPERATURE (F)   22       -10      1961


SUNRISE AND SUNSET
DECEMBER 13 2017......SUNRISE   740 AM CST   SUNSET   509 PM CST
DECEMBER 14 2017......SUNRISE   741 AM CST   SUNSET   510 PM CST


-  INDICATES NEGATIVE NUMBERS.
R  INDICATES RECORD WAS SET OR TIED.
MM INDICATES DATA IS MISSING.
T  INDICATES TRACE AMOUNT.




$$
