000
CDUS46 KLOX 250113
CLISMX


CLIMATE REPORT
NATIONAL WEATHER SERVICE LOS ANGELES/OXNARD CA
613 PM PDT MON APR 24 2017


...................................

...THE SANTA MARIA AIRPORT CA CLIMATE SUMMARY FOR APRIL 24 2017...
VALID TODAY AS OF 0600 PM LOCAL TIME.

CLIMATE NORMAL PERIOD 1981 TO 2010
CLIMATE RECORD PERIOD 1906 TO 2017


WEATHER ITEM   OBSERVED TIME   RECORD YEAR NORMAL DEPARTURE LAST
                VALUE   (LST)  VALUE       VALUE  FROM      YEAR
                                                  NORMAL
..................................................................
TEMPERATURE (F)
 TODAY
  MAXIMUM         65   1255 PM  87    1910  68     -3       72
  MINIMUM         48    538 AM  31    1971  45      3       50
                                      1921
  AVERAGE         57                        56      1       61

PRECIPITATION (IN)
  TODAY            0.00          1.06 1938   0.02  -0.02     0.00
  MONTH TO DATE    1.18                      0.85   0.33     0.52
  SINCE OCT 1     18.10                     13.28   4.82     8.76
  SINCE JAN 1     13.30                      9.23   4.07     6.88

SNOWFALL (IN)
  TODAY            0.0
  MONTH TO DATE    0.0
  SINCE MAR 1      0.0
  SINCE JUL 1      0.0

DEGREE DAYS
 HEATING
  TODAY            8                         9     -1
  MONTH TO DATE  164                       232    -68
  SINCE MAR 1    400                       572   -172
  SINCE JUL 1   2124                      2405   -281

 COOLING
  TODAY            0                         0      0
  MONTH TO DATE    4                         0      4
  SINCE MAR 1     10                         1      9
  SINCE JAN 1     10                         2      8
..................................................................


WIND (MPH)
  HIGHEST WIND SPEED    33   HIGHEST WIND DIRECTION     W (290)
  HIGHEST GUST SPEED    39   HIGHEST GUST DIRECTION    NW (300)
  AVERAGE WIND SPEED    17.1


SKY COVER
  POSSIBLE SUNSHINE  MM
  AVERAGE SKY COVER 0.3


WEATHER CONDITIONS
 THE FOLLOWING WEATHER WAS RECORDED TODAY.
  FOG


RELATIVE HUMIDITY (PERCENT)
 HIGHEST   100           200 AM
 LOWEST     56          1000 AM
 AVERAGE    78

..........................................................


THE SANTA MARIA AIRPORT CA CLIMATE NORMALS FOR TOMORROW
                         NORMAL    RECORD    YEAR
 MAXIMUM TEMPERATURE (F)   68        89      1996
 MINIMUM TEMPERATURE (F)   45        33      1974
                                             1964


SUNRISE AND SUNSET
APRIL 24 2017.........SUNRISE   618 AM PDT   SUNSET   742 PM PDT
APRIL 25 2017.........SUNRISE   617 AM PDT   SUNSET   743 PM PDT


-  INDICATES NEGATIVE NUMBERS.
R  INDICATES RECORD WAS SET OR TIED.
MM INDICATES DATA IS MISSING.
T  INDICATES TRACE AMOUNT.




$$
