000
CDUS46 KLOX 240125
CLISMX


CLIMATE REPORT
NATIONAL WEATHER SERVICE LOS ANGELES/OXNARD CA
625 PM PDT WED AUG 23 2017


...................................

...THE SANTA MARIA AIRPORT CA CLIMATE SUMMARY FOR AUGUST 23 2017...
VALID TODAY AS OF 0600 PM LOCAL TIME.

CLIMATE NORMAL PERIOD 1981 TO 2010
CLIMATE RECORD PERIOD 1906 TO 2017


WEATHER ITEM   OBSERVED TIME   RECORD YEAR NORMAL DEPARTURE LAST
                VALUE   (LST)  VALUE       VALUE  FROM      YEAR
                                                  NORMAL
..................................................................
TEMPERATURE (F)
 TODAY
  MAXIMUM         70    309 PM  94    2010  73     -3       69
  MINIMUM         58    641 AM  42    1922  54      4       55
  AVERAGE         64                        64      0       62

PRECIPITATION (IN)
  TODAY            0.00          T    1990   0.00   0.00     0.00
                                      1980
                                      1969
  MONTH TO DATE    T                         0.01  -0.01      T
  SINCE OCT 1     18.44                     13.80   4.64     9.00
  SINCE JAN 1     13.64                      9.75   3.89     7.12

SNOWFALL (IN)
  TODAY            0.0
  MONTH TO DATE    0.0
  SINCE JUN 1      0.0
  SINCE JUL 1      0.0

DEGREE DAYS
 HEATING
  TODAY            1                         2     -1
  MONTH TO DATE    9                        46    -37
  SINCE JUN 1    147                       262   -115
  SINCE JUL 1     40                       121    -81

 COOLING
  TODAY            0                         1     -1
  MONTH TO DATE   41                        23     18
  SINCE JUN 1     77                        48     29
  SINCE JAN 1     91                        58     33
..................................................................


WIND (MPH)
  HIGHEST WIND SPEED    14   HIGHEST WIND DIRECTION    NW (310)
  HIGHEST GUST SPEED    20   HIGHEST GUST DIRECTION     W (280)
  AVERAGE WIND SPEED     5.9


SKY COVER
  POSSIBLE SUNSHINE  MM
  AVERAGE SKY COVER 0.9


WEATHER CONDITIONS
 THE FOLLOWING WEATHER WAS RECORDED TODAY.
  FOG
  HAZE


RELATIVE HUMIDITY (PERCENT)
 HIGHEST   100           200 AM
 LOWEST     68           200 PM
 AVERAGE    84

..........................................................


THE SANTA MARIA AIRPORT CA CLIMATE NORMALS FOR TOMORROW
                         NORMAL    RECORD    YEAR
 MAXIMUM TEMPERATURE (F)   73        89      2010
                                             1945
                                             1926
 MINIMUM TEMPERATURE (F)   54        40      1925


SUNRISE AND SUNSET
AUGUST 23 2017........SUNRISE   628 AM PDT   SUNSET   740 PM PDT
AUGUST 24 2017........SUNRISE   629 AM PDT   SUNSET   738 PM PDT


-  INDICATES NEGATIVE NUMBERS.
R  INDICATES RECORD WAS SET OR TIED.
MM INDICATES DATA IS MISSING.
T  INDICATES TRACE AMOUNT.




$$
