818
CDUS46 KLOX 100904
CLISMX


CLIMATE REPORT
NATIONAL WEATHER SERVICE LOS ANGELES/OXNARD CA
104 AM PST WED FEB 10 2016


...................................

...THE SANTA MARIA AIRPORT CA CLIMATE SUMMARY FOR FEBRUARY 9 2016...

CLIMATE NORMAL PERIOD 1981 TO 2010
CLIMATE RECORD PERIOD 1906 TO 2016


WEATHER ITEM   OBSERVED TIME   RECORD YEAR NORMAL DEPARTURE LAST
                VALUE   (LST)  VALUE       VALUE  FROM      YEAR
                                                  NORMAL
..................................................................
TEMPERATURE (F)
 YESTERDAY
  MAXIMUM         87R   207 PM  83    2006  64     23       69
  MINIMUM         46    627 AM  27    1986  41      5       53
  AVERAGE         67                        53     14       61

PRECIPITATION (IN)
  YESTERDAY        0.00          1.90 1978   0.11  -0.11      T
  MONTH TO DATE    T                         0.94  -0.94     0.39
  SINCE OCT 1      4.81                      7.74  -2.93     6.27
  SINCE JAN 1      2.93                      3.69  -0.76     0.71

SNOWFALL (IN)
  YESTERDAY        0.0
  MONTH TO DATE    0.0
  SINCE DEC 1      0.0
  SINCE JUL 1      0.0

DEGREE DAYS
 HEATING
  YESTERDAY        0                        12    -12
  MONTH TO DATE   83                       116    -33
  SINCE DEC 1    791                       962   -171
  SINCE JUL 1   1039                      1608   -569

 COOLING
  YESTERDAY        2                         0      2
  MONTH TO DATE    2                         0      2
  SINCE DEC 1      2                         0      2
  SINCE JAN 1      2                         0      2
..................................................................


WIND (MPH)
  HIGHEST WIND SPEED    12   HIGHEST WIND DIRECTION     W (270)
  HIGHEST GUST SPEED    14   HIGHEST GUST DIRECTION     W (280)
  AVERAGE WIND SPEED     3.3


SKY COVER
  POSSIBLE SUNSHINE  MM
  AVERAGE SKY COVER 0.1


WEATHER CONDITIONS
 THE FOLLOWING WEATHER WAS RECORDED YESTERDAY.
  NO SIGNIFICANT WEATHER WAS OBSERVED.


RELATIVE HUMIDITY (PERCENT)
 HIGHEST    71           500 AM
 LOWEST     17           200 PM
 AVERAGE    44

..........................................................


THE SANTA MARIA AIRPORT CA CLIMATE NORMALS FOR TODAY
                         NORMAL    RECORD    YEAR
 MAXIMUM TEMPERATURE (F)   64        80      1971
 MINIMUM TEMPERATURE (F)   41        27      1965


SUNRISE AND SUNSET
FEBRUARY 10 2016......SUNRISE   653 AM PST   SUNSET   539 PM PST
FEBRUARY 11 2016......SUNRISE   652 AM PST   SUNSET   540 PM PST


-  INDICATES NEGATIVE NUMBERS.
R  INDICATES RECORD WAS SET OR TIED.
MM INDICATES DATA IS MISSING.
T  INDICATES TRACE AMOUNT.




$$
