000
CDUS46 KLOX 290113
CLISMX


CLIMATE REPORT
NATIONAL WEATHER SERVICE LOS ANGELES/OXNARD CA
613 PM PDT THU JUL 28 2016


...................................

...THE SANTA MARIA AIRPORT CA CLIMATE SUMMARY FOR JULY 28 2016...
VALID TODAY AS OF 0600 PM LOCAL TIME.

CLIMATE NORMAL PERIOD 1981 TO 2010
CLIMATE RECORD PERIOD 1906 TO 2016


WEATHER ITEM   OBSERVED TIME   RECORD YEAR NORMAL DEPARTURE LAST
                VALUE   (LST)  VALUE       VALUE  FROM      YEAR
                                                  NORMAL
..................................................................
TEMPERATURE (F)
 TODAY
  MAXIMUM         73    109 PM  90    1996  73      0       80
  MINIMUM         53    408 AM  43    1932  54     -1       58
                                      1930
  AVERAGE         63                        64     -1       69

PRECIPITATION (IN)
  TODAY            0.00          T    2014   0.00   0.00     0.00
                                      1993
                                      1975
  MONTH TO DATE    T                         0.03  -0.03     0.14
  SINCE OCT 1      9.00                     13.79  -4.79     7.78
  SINCE JAN 1      7.12                      9.74  -2.62     2.22

SNOWFALL (IN)
  TODAY            0.0
  MONTH TO DATE    0.0
  SINCE JUN 1      0.0
  SINCE JUL 1      0.0

DEGREE DAYS
 HEATING
  TODAY            2                         2      0
  MONTH TO DATE   60                        67     -7
  SINCE JUN 1    138                       208    -70
  SINCE JUL 1     60                        67     -7

 COOLING
  TODAY            0                         1     -1
  MONTH TO DATE    2                        23    -21
  SINCE JUN 1      8                        29    -21
  SINCE JAN 1     46                        39      7
..................................................................


WIND (MPH)
  HIGHEST WIND SPEED    13   HIGHEST WIND DIRECTION    NW (300)
  HIGHEST GUST SPEED    18   HIGHEST GUST DIRECTION     W (290)
  AVERAGE WIND SPEED     5.1


SKY COVER
  POSSIBLE SUNSHINE  MM
  AVERAGE SKY COVER 0.4


WEATHER CONDITIONS
 THE FOLLOWING WEATHER WAS RECORDED TODAY.
  FOG
  HAZE


RELATIVE HUMIDITY (PERCENT)
 HIGHEST   100          1200 AM
 LOWEST     57          1200 PM
 AVERAGE    79

..........................................................


THE SANTA MARIA AIRPORT CA CLIMATE NORMALS FOR TOMORROW
                         NORMAL    RECORD    YEAR
 MAXIMUM TEMPERATURE (F)   73        89      1996
 MINIMUM TEMPERATURE (F)   54        43      1932
                                             1927
                                             1920


SUNRISE AND SUNSET
JULY 28 2016..........SUNRISE   609 AM PDT   SUNSET   807 PM PDT
JULY 29 2016..........SUNRISE   610 AM PDT   SUNSET   806 PM PDT


-  INDICATES NEGATIVE NUMBERS.
R  INDICATES RECORD WAS SET OR TIED.
MM INDICATES DATA IS MISSING.
T  INDICATES TRACE AMOUNT.




$$
