000
CDUS46 KLOX 012212
CLISMX


CLIMATE REPORT
NATIONAL WEATHER SERVICE LOS ANGELES/OXNARD CA
312 PM PDT FRI AUG 1 2014


...................................

...THE SANTA MARIA AIRPORT CA CLIMATE SUMMARY FOR AUGUST 1 2014...
VALID AS OF 0300 PM LOCAL TIME.

CLIMATE NORMAL PERIOD 1981 TO 2010
CLIMATE RECORD PERIOD 1906 TO 2014


WEATHER ITEM   OBSERVED TIME   RECORD YEAR NORMAL DEPARTURE LAST
                VALUE   (LST)  VALUE       VALUE  FROM      YEAR
                                                  NORMAL
..................................................................
TEMPERATURE (F)
 TODAY
  MAXIMUM         77   1220 PM  89    1993  73      4       72
  MINIMUM         60    447 AM  47    1919  54      6       54
  AVERAGE         69                        64      5       63

PRECIPITATION (IN)
  TODAY            0.00          T    1991   0.00   0.00     0.00
  MONTH TO DATE    0.00                      0.00   0.00     0.00
  SINCE JUL 1      T                         0.03  -0.03     0.01
  SINCE JAN 1      4.01                      9.74  -5.73     2.50

SNOWFALL (IN)
  TODAY            0.0
  MONTH TO DATE    0.0
  SINCE JUN 1      0.0
  SINCE JUL 1      0.0

DEGREE DAYS
 HEATING
  TODAY            0                         2     -2
  MONTH TO DATE    0                         2     -2
  SINCE JUN 1     60                       218   -158
  SINCE JUL 1      0                        77    -77

 COOLING
  TODAY            4                         1      3
  MONTH TO DATE    4                         1      3
  SINCE JUN 1    128                        26    102
  SINCE JAN 1    234                        36    198
..................................................................


WIND (MPH)
  HIGHEST WIND SPEED    14   HIGHEST WIND DIRECTION    NW (310)
  HIGHEST GUST SPEED    20   HIGHEST GUST DIRECTION    NW (300)
  AVERAGE WIND SPEED     4.4


SKY COVER
  POSSIBLE SUNSHINE  MM
  AVERAGE SKY COVER 0.7


WEATHER CONDITIONS
 THE FOLLOWING WEATHER WAS RECORDED TODAY.
  FOG
  HAZE


RELATIVE HUMIDITY (PERCENT)
 HIGHEST    90           200 AM
 LOWEST     54          1200 PM
 AVERAGE    72

..........................................................


THE SANTA MARIA AIRPORT CA CLIMATE NORMALS FOR TOMORROW
                         NORMAL    RECORD    YEAR
 MAXIMUM TEMPERATURE (F)   73        89      1908
 MINIMUM TEMPERATURE (F)   54        45      1970


SUNRISE AND SUNSET
AUGUST  1 2014........SUNRISE   612 AM PDT   SUNSET   804 PM PDT
AUGUST  2 2014........SUNRISE   612 AM PDT   SUNSET   803 PM PDT


-  INDICATES NEGATIVE NUMBERS.
R  INDICATES RECORD WAS SET OR TIED.
MM INDICATES DATA IS MISSING.
T  INDICATES TRACE AMOUNT.




$$
