000
CDUS46 KLOX 230901
CLISMX


CLIMATE REPORT
NATIONAL WEATHER SERVICE LOS ANGELES/OXNARD CA
200 AM PDT MON OCT 23 2017


...................................

...THE SANTA MARIA AIRPORT CA CLIMATE SUMMARY FOR OCTOBER 22 2017...

CLIMATE NORMAL PERIOD 1981 TO 2010
CLIMATE RECORD PERIOD 1906 TO 2017


WEATHER ITEM   OBSERVED TIME   RECORD YEAR NORMAL DEPARTURE LAST
                VALUE   (LST)  VALUE       VALUE  FROM      YEAR
                                                  NORMAL
..................................................................
TEMPERATURE (F)
 YESTERDAY
  MAXIMUM         91    154 PM 101    1929  73     18       81
  MINIMUM         58   1135 PM  35    1949  48     10       46
                                      1917
  AVERAGE         75                        60     15       64

PRECIPITATION (IN)
  YESTERDAY        0.00          2.80 1907   0.02  -0.02     0.00
  MONTH TO DATE    0.03                      0.32  -0.29     0.21
  SINCE OCT 1      0.03                      0.32  -0.29     0.21
  SINCE JAN 1     14.14                     10.22   3.92     7.33

SNOWFALL (IN)
  YESTERDAY        0.0
  MONTH TO DATE    0.0
  SINCE SEP 1      0.0
  SINCE JUL 1      0.0

DEGREE DAYS
 HEATING
  YESTERDAY        0                         5     -5
  MONTH TO DATE   45                        95    -50
  SINCE SEP 1     71                       176   -105
  SINCE JUL 1    112                       312   -200

 COOLING
  YESTERDAY       10                         0     10
  MONTH TO DATE   40                        21     19
  SINCE SEP 1    166                        48    118
  SINCE JAN 1    266                       103    163
..................................................................


WIND (MPH)
  HIGHEST WIND SPEED    23   HIGHEST WIND DIRECTION     N (20)
  HIGHEST GUST SPEED    30   HIGHEST GUST DIRECTION     N (10)
  AVERAGE WIND SPEED    10.4


SKY COVER
  POSSIBLE SUNSHINE  MM
  AVERAGE SKY COVER 0.0


WEATHER CONDITIONS
 THE FOLLOWING WEATHER WAS RECORDED YESTERDAY.
  NO SIGNIFICANT WEATHER WAS OBSERVED.


RELATIVE HUMIDITY (PERCENT)
 HIGHEST    49          1100 PM
 LOWEST     18          1200 PM
 AVERAGE    34

..........................................................


THE SANTA MARIA AIRPORT CA CLIMATE NORMALS FOR TODAY
                         NORMAL    RECORD    YEAR
 MAXIMUM TEMPERATURE (F)   73        98      1965
                                             1959
 MINIMUM TEMPERATURE (F)   48        33      1918


SUNRISE AND SUNSET
OCTOBER 23 2017.......SUNRISE   715 AM PDT   SUNSET   617 PM PDT
OCTOBER 24 2017.......SUNRISE   716 AM PDT   SUNSET   616 PM PDT


-  INDICATES NEGATIVE NUMBERS.
R  INDICATES RECORD WAS SET OR TIED.
MM INDICATES DATA IS MISSING.
T  INDICATES TRACE AMOUNT.




$$
