000
CDUS46 KLOX 220906
CLISMX


CLIMATE REPORT
NATIONAL WEATHER SERVICE LOS ANGELES/OXNARD CA
206 AM PDT MON MAY 22 2017


...................................

...THE SANTA MARIA AIRPORT CA CLIMATE SUMMARY FOR MAY 21 2017...

CLIMATE NORMAL PERIOD 1981 TO 2010
CLIMATE RECORD PERIOD 1906 TO 2017


WEATHER ITEM   OBSERVED TIME   RECORD YEAR NORMAL DEPARTURE LAST
                VALUE   (LST)  VALUE       VALUE  FROM      YEAR
                                                  NORMAL
..................................................................
TEMPERATURE (F)
 YESTERDAY
  MAXIMUM         76   1258 PM  90    1911  69      7       67
  MINIMUM         49    628 AM  36    1933  48      1       43
  AVERAGE         63                        58      5       55

PRECIPITATION (IN)
  YESTERDAY        0.00          1.29 2006   0.01  -0.01     0.00
  MONTH TO DATE    0.34                      0.26   0.08     0.23
  SINCE OCT 1     18.44                     13.67   4.77     8.99
  SINCE JAN 1     13.64                      9.62   4.02     7.11

SNOWFALL (IN)
  YESTERDAY        0.0
  MONTH TO DATE    0.0
  SINCE MAR 1      0.0
  SINCE JUL 1      0.0

DEGREE DAYS
 HEATING
  YESTERDAY        2                         7     -5
  MONTH TO DATE  128                       157    -29
  SINCE MAR 1    568                       783   -215
  SINCE JUL 1   2292                      2616   -324

 COOLING
  YESTERDAY        0                         0      0
  MONTH TO DATE    4                         0      4
  SINCE MAR 1     14                         5      9
  SINCE JAN 1     14                         6      8
..................................................................


WIND (MPH)
  HIGHEST WIND SPEED    13   HIGHEST WIND DIRECTION    NW (310)
  HIGHEST GUST SPEED    17   HIGHEST GUST DIRECTION    NW (300)
  AVERAGE WIND SPEED     4.3


SKY COVER
  POSSIBLE SUNSHINE  MM
  AVERAGE SKY COVER 0.6


WEATHER CONDITIONS
 THE FOLLOWING WEATHER WAS RECORDED YESTERDAY.
  FOG
  FOG W/VISIBILITY <= 1/4 MILE
  HAZE


RELATIVE HUMIDITY (PERCENT)
 HIGHEST   100          1200 AM
 LOWEST     43           100 PM
 AVERAGE    72

..........................................................


THE SANTA MARIA AIRPORT CA CLIMATE NORMALS FOR TODAY
                         NORMAL    RECORD    YEAR
 MAXIMUM TEMPERATURE (F)   69        88      1930
 MINIMUM TEMPERATURE (F)   48        36      1927


SUNRISE AND SUNSET
MAY 22 2017...........SUNRISE   554 AM PDT   SUNSET   804 PM PDT
MAY 23 2017...........SUNRISE   553 AM PDT   SUNSET   805 PM PDT


-  INDICATES NEGATIVE NUMBERS.
R  INDICATES RECORD WAS SET OR TIED.
MM INDICATES DATA IS MISSING.
T  INDICATES TRACE AMOUNT.




$$
