000
CDUS46 KLOX 260901
CLISMX


CLIMATE REPORT
NATIONAL WEATHER SERVICE LOS ANGELES/OXNARD CA
101 AM PST FRI DEC 26 2014


...................................

...THE SANTA MARIA AIRPORT CA CLIMATE SUMMARY FOR DECEMBER 25 2014...

CLIMATE NORMAL PERIOD 1981 TO 2010
CLIMATE RECORD PERIOD 1906 TO 2014


WEATHER ITEM   OBSERVED TIME   RECORD YEAR NORMAL DEPARTURE LAST
                VALUE   (LST)  VALUE       VALUE  FROM      YEAR
                                                  NORMAL
..................................................................
TEMPERATURE (F)
 YESTERDAY
  MAXIMUM         61    252 PM  85    1980  63     -2       80
  MINIMUM         42   1159 PM  23    1987  39      3       39
  AVERAGE         52                        51      1       60

PRECIPITATION (IN)
  YESTERDAY        0.00          0.75 1927   0.08  -0.08     0.00
  MONTH TO DATE    4.24                      1.63   2.61     0.18
  SINCE JUL 1      5.56                      3.75   1.81     0.50
  SINCE JAN 1      9.57                     13.46  -3.89     2.99

SNOWFALL (IN)
  YESTERDAY       MM
  MONTH TO DATE    0.0
  SINCE DEC 1      0.0
  SINCE JUL 1      0.0

DEGREE DAYS
 HEATING
  YESTERDAY       13                        14     -1
  MONTH TO DATE  132                       340   -208
  SINCE DEC 1    132                       340   -208
  SINCE JUL 1    230                       986   -756

 COOLING
  YESTERDAY        0                         0      0
  MONTH TO DATE    2                         0      2
  SINCE DEC 1      2                         0      2
  SINCE JAN 1    568                       104    464
..................................................................


WIND (MPH)
  HIGHEST WIND SPEED    20   HIGHEST WIND DIRECTION    NW (320)
  HIGHEST GUST SPEED    25   HIGHEST GUST DIRECTION    NW (330)
  AVERAGE WIND SPEED    10.3


SKY COVER
  POSSIBLE SUNSHINE  MM
  AVERAGE SKY COVER 0.0


WEATHER CONDITIONS
 THE FOLLOWING WEATHER WAS RECORDED YESTERDAY.
  NO SIGNIFICANT WEATHER WAS OBSERVED.


RELATIVE HUMIDITY (PERCENT)
 HIGHEST    76           600 AM
 LOWEST     35           300 PM
 AVERAGE    56

..........................................................


THE SANTA MARIA AIRPORT CA CLIMATE NORMALS FOR TODAY
                         NORMAL    RECORD    YEAR
 MAXIMUM TEMPERATURE (F)   63        84      1980
 MINIMUM TEMPERATURE (F)   39        24      1962


SUNRISE AND SUNSET
DECEMBER 26 2014......SUNRISE   708 AM PST   SUNSET   457 PM PST
DECEMBER 27 2014......SUNRISE   708 AM PST   SUNSET   458 PM PST


-  INDICATES NEGATIVE NUMBERS.
R  INDICATES RECORD WAS SET OR TIED.
MM INDICATES DATA IS MISSING.
T  INDICATES TRACE AMOUNT.




$$
