000
CDUS46 KSGX 260119
CLISNA


CLIMATE REPORT
NATIONAL WEATHER SERVICE SAN DIEGO, CA
519 PM PST SAT FEB 25 2017


...................................

...THE JOHN WAYNE AIRPORT CA CLIMATE SUMMARY FOR FEBRUARY 25 2017...
VALID TODAY AS OF 0500 PM LOCAL TIME.

CLIMATE NORMAL PERIOD 1981 TO 2010
CLIMATE RECORD PERIOD 1999 TO 2017


WEATHER ITEM   OBSERVED TIME   RECORD YEAR NORMAL DEPARTURE LAST
                VALUE   (LST)  VALUE       VALUE  FROM      YEAR
                                                  NORMAL
..................................................................
TEMPERATURE (F)
 TODAY
  MAXIMUM         61   1248 PM  77    2016  67     -6       77
  MINIMUM         42R   644 AM  42    2013  50     -8       51
  AVERAGE         52                        58     -6       64

PRECIPITATION (IN)
  TODAY            0.00          1.19 2001   0.13  -0.13     0.00
  MONTH TO DATE    3.49                      2.64   0.85     0.32
  SINCE OCT 1     15.42                      9.63   5.79     3.58
  SINCE JAN 1      9.23                      5.55   3.68     2.36

DEGREE DAYS
 HEATING
  TODAY           13                         7      6        1
  MONTH TO DATE  154                       194    -40       86
  SINCE DEC 1    632                       733   -101      635
  SINCE JUL 1    710                       886   -176      765

 COOLING
  TODAY            0                         0      0        0
  MONTH TO DATE    0                         0      0       38
  SINCE DEC 1      0                         6     -6       38
  SINCE JAN 1      0                         5     -5       38
..................................................................


WIND (MPH)
  RESULTANT WIND SPEED   2   RESULTANT WIND DIRECTION   S (180)
  HIGHEST WIND SPEED    14   HIGHEST WIND DIRECTION     S (200)
  HIGHEST GUST SPEED    17   HIGHEST GUST DIRECTION    SW (220)
  AVERAGE WIND SPEED     3.5


SKY COVER
  POSSIBLE SUNSHINE  MM
  AVERAGE SKY COVER 0.2


WEATHER CONDITIONS
 THE FOLLOWING WEATHER WAS RECORDED TODAY.
  NO SIGNIFICANT WEATHER WAS OBSERVED.


RELATIVE HUMIDITY (PERCENT)
 HIGHEST    82           600 AM
 LOWEST     47          1100 AM
 AVERAGE    65

..........................................................


THE JOHN WAYNE AIRPORT CA CLIMATE NORMALS FOR TOMORROW
                         NORMAL    RECORD    YEAR
 MAXIMUM TEMPERATURE (F)   67        80      2002
 MINIMUM TEMPERATURE (F)   50        42      2013


SUNRISE AND SUNSET
FEBRUARY 25 2017......SUNRISE   624 AM PST   SUNSET   545 PM PST
FEBRUARY 26 2017......SUNRISE   623 AM PST   SUNSET   546 PM PST


-  INDICATES NEGATIVE NUMBERS.
R  INDICATES RECORD WAS SET OR TIED.
MM INDICATES DATA IS MISSING.
T  INDICATES TRACE AMOUNT.




$$
