000
CDUS46 KSGX 210017
CLISNA


CLIMATE REPORT
NATIONAL WEATHER SERVICE SAN DIEGO, CA
517 PM PDT SAT SEP 20 2014


...................................

...THE JOHN WAYNE AIRPORT CA CLIMATE SUMMARY FOR SEPTEMBER 20 2014...
VALID TODAY AS OF 0500 PM LOCAL TIME.

CLIMATE NORMAL PERIOD 1981 TO 2010
CLIMATE RECORD PERIOD 1999 TO 2014


WEATHER ITEM   OBSERVED TIME   RECORD YEAR NORMAL DEPARTURE LAST
                VALUE   (LST)  VALUE       VALUE  FROM      YEAR
                                                  NORMAL
..................................................................
TEMPERATURE (F)
 TODAY
  MAXIMUM         81    235 PM  88    2012  79      2       71
  MINIMUM         70    249 AM  57    1999  63      7       67
  AVERAGE         76                        71      5       69

PRECIPITATION (IN)
  TODAY            0.00          0.13 2005   0.01  -0.01     0.00
  MONTH TO DATE    0.00                      0.13  -0.13     0.00
  SINCE JUL 1      0.03                      0.20  -0.17     0.12
  SINCE JAN 1      2.62                      9.16  -6.54     2.09

SNOWFALL (IN)
  TODAY            0.0
  MONTH TO DATE    0.0
  SINCE JAN 1      0.0
  SINCE JUL 1      0.0
  SNOW DEPTH       0

DEGREE DAYS
 HEATING
  TODAY            0                         0      0        0
  MONTH TO DATE    0                         0      0        0
  SINCE SEP 1      0                         0      0        0
  SINCE JUL 1      0                         0      0        0

 COOLING
  TODAY           11                         6      5        4
  MONTH TO DATE  310                       145    165      270
  SINCE SEP 1    310                       145    165      270
  SINCE JAN 1   1554                       716    838      974
..................................................................


WIND (MPH)
  RESULTANT WIND SPEED   2   RESULTANT WIND DIRECTION   S (160)
  HIGHEST WIND SPEED    10   HIGHEST WIND DIRECTION    SW (210)
  HIGHEST GUST SPEED    16   HIGHEST GUST DIRECTION    SW (220)
  AVERAGE WIND SPEED     4.9


SKY COVER
  POSSIBLE SUNSHINE  MM
  AVERAGE SKY COVER 0.7


WEATHER CONDITIONS
 THE FOLLOWING WEATHER WAS RECORDED TODAY.
  NO SIGNIFICANT WEATHER WAS OBSERVED.


RELATIVE HUMIDITY (PERCENT)
 HIGHEST    73          1200 AM
 LOWEST     49           200 PM
 AVERAGE    61

..........................................................


THE JOHN WAYNE AIRPORT CA CLIMATE NORMALS FOR TOMORROW
                         NORMAL    RECORD    YEAR
 MAXIMUM TEMPERATURE (F)   79        92      2004
 MINIMUM TEMPERATURE (F)   63        56      2007


SUNRISE AND SUNSET
SEPTEMBER 20 2014.....SUNRISE   638 AM PDT   SUNSET   651 PM PDT
SEPTEMBER 21 2014.....SUNRISE   639 AM PDT   SUNSET   650 PM PDT


-  INDICATES NEGATIVE NUMBERS.
R  INDICATES RECORD WAS SET OR TIED.
MM INDICATES DATA IS MISSING.
T  INDICATES TRACE AMOUNT.




$$
