000
CDUS46 KSGX 041417
CLISNA


CLIMATE REPORT
NATIONAL WEATHER SERVICE SAN DIEGO, CA
617 AM PST WED MAR 4 2015


...................................

...THE JOHN WAYNE AIRPORT CA CLIMATE SUMMARY FOR MARCH 3 2015...

CLIMATE NORMAL PERIOD 1981 TO 2010
CLIMATE RECORD PERIOD 1999 TO 2015


WEATHER ITEM   OBSERVED TIME   RECORD YEAR NORMAL DEPARTURE LAST
                VALUE   (LST)  VALUE       VALUE  FROM      YEAR
                                                  NORMAL
..................................................................
TEMPERATURE (F)
 YESTERDAY
  MAXIMUM         69    100 PM  79    2012  67      2       69
                                      2007
  MINIMUM         50    653 AM  43    2002  50      0       52
  AVERAGE         60                        58      2       61

PRECIPITATION (IN)
  YESTERDAY        0.00          0.28 2006   0.13  -0.13     0.00
  MONTH TO DATE    0.77                      0.39   0.38     0.70
  SINCE OCT 1      5.74                     10.33  -4.59     3.20
  SINCE JAN 1      1.94                      6.25  -4.31     2.27

SNOWFALL (IN)
  YESTERDAY        0.0
  MONTH TO DATE    0.0
  SINCE JAN 1      0.0
  SINCE JUL 1      0.0
  SNOW DEPTH       0

DEGREE DAYS
 HEATING
  YESTERDAY        5                         7     -2        4
  MONTH TO DATE   19                        21     -2       14
  SINCE MAR 1     19                        21     -2       14
  SINCE JUL 1    244                       927   -683      504

 COOLING
  YESTERDAY        0                         0      0        0
  MONTH TO DATE    0                         0      0        0
  SINCE MAR 1      0                         0      0        0
  SINCE JAN 1     72                         8     64       27
..................................................................


WIND (MPH)
  RESULTANT WIND SPEED   1   RESULTANT WIND DIRECTION   W (260)
  HIGHEST WIND SPEED    14   HIGHEST WIND DIRECTION    SW (220)
  HIGHEST GUST SPEED    18   HIGHEST GUST DIRECTION    SW (220)
  AVERAGE WIND SPEED     3.2


SKY COVER
  POSSIBLE SUNSHINE  MM
  AVERAGE SKY COVER 0.2


WEATHER CONDITIONS
 THE FOLLOWING WEATHER WAS RECORDED YESTERDAY.
  NO SIGNIFICANT WEATHER WAS OBSERVED.


RELATIVE HUMIDITY (PERCENT)
 HIGHEST    66           500 AM
 LOWEST     31           100 PM
 AVERAGE    49

..........................................................


THE JOHN WAYNE AIRPORT CA CLIMATE NORMALS FOR TODAY
                         NORMAL    RECORD    YEAR
 MAXIMUM TEMPERATURE (F)   67        87      2012
 MINIMUM TEMPERATURE (F)   50        42      2002


SUNRISE AND SUNSET
MARCH  4 2015.........SUNRISE   616 AM PST   SUNSET   550 PM PST
MARCH  5 2015.........SUNRISE   615 AM PST   SUNSET   551 PM PST


-  INDICATES NEGATIVE NUMBERS.
R  INDICATES RECORD WAS SET OR TIED.
MM INDICATES DATA IS MISSING.
T  INDICATES TRACE AMOUNT.




$$
