000
CDUS46 KSGX 261420
CLISNA


CLIMATE REPORT
NATIONAL WEATHER SERVICE SAN DIEGO, CA
720 AM PDT TUE MAY 26 2015


...................................

...THE JOHN WAYNE AIRPORT CA CLIMATE SUMMARY FOR MAY 25 2015...

CLIMATE NORMAL PERIOD 1981 TO 2010
CLIMATE RECORD PERIOD 1999 TO 2015


WEATHER ITEM   OBSERVED TIME   RECORD YEAR NORMAL DEPARTURE LAST
                VALUE   (LST)  VALUE       VALUE  FROM      YEAR
                                                  NORMAL
..................................................................
TEMPERATURE (F)
 YESTERDAY
  MAXIMUM         67    350 PM  77    2014  72     -5       77
  MINIMUM         60    428 AM  51    2008  59      1       65
  AVERAGE         64                        66     -2       71

PRECIPITATION (IN)
  YESTERDAY        0.00          T    2012   0.01  -0.01     0.00
  MONTH TO DATE    1.07                      0.23   0.84     0.00
  SINCE OCT 1      6.85                     12.96  -6.11     3.52
  SINCE JAN 1      3.05                      8.88  -5.83     2.59

SNOWFALL (IN)
  YESTERDAY        0.0
  MONTH TO DATE    0.0
  SINCE MAR 1      0.0
  SINCE JUL 1      0.0
  SNOW DEPTH       0

DEGREE DAYS
 HEATING
  YESTERDAY        1                         1      0        0
  MONTH TO DATE   47                        36     11        1
  SINCE MAR 1    122                       337   -215      114
  SINCE JUL 1    347                      1243   -896      604

 COOLING
  YESTERDAY        0                         1     -1        6
  MONTH TO DATE   11                        25    -14      176
  SINCE MAR 1    163                        46    117      268
  SINCE JAN 1    235                        54    181      295
..................................................................


WIND (MPH)
  RESULTANT WIND SPEED   4   RESULTANT WIND DIRECTION   S (200)
  HIGHEST WIND SPEED    13   HIGHEST WIND DIRECTION     S (200)
  HIGHEST GUST SPEED    16   HIGHEST GUST DIRECTION    SW (210)
  AVERAGE WIND SPEED     4.7


SKY COVER
  POSSIBLE SUNSHINE  MM
  AVERAGE SKY COVER 1.0


WEATHER CONDITIONS
 THE FOLLOWING WEATHER WAS RECORDED YESTERDAY.
  NO SIGNIFICANT WEATHER WAS OBSERVED.


RELATIVE HUMIDITY (PERCENT)
 HIGHEST    78          1200 AM
 LOWEST     63           200 PM
 AVERAGE    71

..........................................................


THE JOHN WAYNE AIRPORT CA CLIMATE NORMALS FOR TODAY
                         NORMAL    RECORD    YEAR
 MAXIMUM TEMPERATURE (F)   72        78      2014
 MINIMUM TEMPERATURE (F)   60        56      2008


SUNRISE AND SUNSET
MAY 26 2015...........SUNRISE   544 AM PDT   SUNSET   753 PM PDT
MAY 27 2015...........SUNRISE   544 AM PDT   SUNSET   754 PM PDT


-  INDICATES NEGATIVE NUMBERS.
R  INDICATES RECORD WAS SET OR TIED.
MM INDICATES DATA IS MISSING.
T  INDICATES TRACE AMOUNT.




$$
