000
CDUS46 KSGX 301417
CLISNA


CLIMATE REPORT
NATIONAL WEATHER SERVICE SAN DIEGO, CA
716 AM PDT SAT APR 30 2016


...................................

...THE JOHN WAYNE AIRPORT CA CLIMATE SUMMARY FOR APRIL 29 2016...

CLIMATE NORMAL PERIOD 1981 TO 2010
CLIMATE RECORD PERIOD 1999 TO 2016


WEATHER ITEM   OBSERVED TIME   RECORD YEAR NORMAL DEPARTURE LAST
                VALUE   (LST)  VALUE       VALUE  FROM      YEAR
                                                  NORMAL
..................................................................
TEMPERATURE (F)
 YESTERDAY
  MAXIMUM         68    204 PM  97    2014  71     -3       90
  MINIMUM         55    453 AM  49    1999  56     -1       60
  AVERAGE         62                        63     -1       75

PRECIPITATION (IN)
  YESTERDAY        0.00          T    2007   0.02  -0.02     0.00
  MONTH TO DATE    0.18                      0.86  -0.68     0.04
  SINCE OCT 1      4.87                     12.70  -7.83     5.78
  SINCE JAN 1      3.65                      8.62  -4.97     1.98

DEGREE DAYS
 HEATING
  YESTERDAY        3                         3      0        0
  MONTH TO DATE   47                       118    -71       50
  SINCE MAR 1    167                       299   -132       75
  SINCE JUL 1    939                      1205   -266      300

 COOLING
  YESTERDAY        0                         1     -1       10
  MONTH TO DATE   44                        11     33       39
  SINCE MAR 1     47                        18     29      144
  SINCE JAN 1     85                        26     59      216
..................................................................


WIND (MPH)
  RESULTANT WIND SPEED   4   RESULTANT WIND DIRECTION   S (200)
  HIGHEST WIND SPEED    15   HIGHEST WIND DIRECTION     S (200)
  HIGHEST GUST SPEED    24   HIGHEST GUST DIRECTION    SW (230)
  AVERAGE WIND SPEED     6.4


SKY COVER
  POSSIBLE SUNSHINE  MM
  AVERAGE SKY COVER 0.6


WEATHER CONDITIONS
 THE FOLLOWING WEATHER WAS RECORDED YESTERDAY.
  NO SIGNIFICANT WEATHER WAS OBSERVED.


RELATIVE HUMIDITY (PERCENT)
 HIGHEST    80           800 PM
 LOWEST     53           200 PM
 AVERAGE    67

..........................................................


THE JOHN WAYNE AIRPORT CA CLIMATE NORMALS FOR TODAY
                         NORMAL    RECORD    YEAR
 MAXIMUM TEMPERATURE (F)   71        94      2014
 MINIMUM TEMPERATURE (F)   56        50      2010


SUNRISE AND SUNSET
APRIL 30 2016.........SUNRISE   603 AM PDT   SUNSET   734 PM PDT
MAY  1 2016...........SUNRISE   602 AM PDT   SUNSET   735 PM PDT


-  INDICATES NEGATIVE NUMBERS.
R  INDICATES RECORD WAS SET OR TIED.
MM INDICATES DATA IS MISSING.
T  INDICATES TRACE AMOUNT.




$$
