212
CDUS46 KSGX 081523
CLISNA


CLIMATE REPORT
NATIONAL WEATHER SERVICE SAN DIEGO, CA
723 AM PST THU DEC 8 2016


...................................

...THE JOHN WAYNE AIRPORT CA CLIMATE SUMMARY FOR DECEMBER 7 2016...

CLIMATE NORMAL PERIOD 1981 TO 2010
CLIMATE RECORD PERIOD 1999 TO 2016


WEATHER ITEM   OBSERVED TIME   RECORD YEAR NORMAL DEPARTURE LAST
                VALUE   (LST)  VALUE       VALUE  FROM      YEAR
                                                  NORMAL
..................................................................
TEMPERATURE (F)
 YESTERDAY
  MAXIMUM         64    119 PM  81    2001  66     -2       76
  MINIMUM         51    644 AM  38    2011  47      4       47
  AVERAGE         58                        57      1       62

PRECIPITATION (IN)
  YESTERDAY        0.00          1.26 2009   0.05  -0.05     0.00
  MONTH TO DATE    0.00                      0.27  -0.27     0.00
  SINCE OCT 1      2.24                      2.27  -0.03     0.19
  SINCE JAN 1      6.00                     11.52  -5.52     5.47

DEGREE DAYS
 HEATING
  YESTERDAY        7                         8     -1        3
  MONTH TO DATE   51                        54     -3       35
  SINCE DEC 1     51                        54     -3       35
  SINCE JUL 1    129                       207    -78      165

 COOLING
  YESTERDAY        0                         0      0        0
  MONTH TO DATE    0                         0      0        0
  SINCE DEC 1      0                         0      0        0
  SINCE JAN 1   1226                       876    350     1612
..................................................................


WIND (MPH)
  RESULTANT WIND SPEED   2   RESULTANT WIND DIRECTION   S (200)
  HIGHEST WIND SPEED    12   HIGHEST WIND DIRECTION    SW (210)
  HIGHEST GUST SPEED    14   HIGHEST GUST DIRECTION    SW (210)
  AVERAGE WIND SPEED     3.4


SKY COVER
  POSSIBLE SUNSHINE  MM
  AVERAGE SKY COVER 0.6


WEATHER CONDITIONS
 THE FOLLOWING WEATHER WAS RECORDED YESTERDAY.
  NO SIGNIFICANT WEATHER WAS OBSERVED.


RELATIVE HUMIDITY (PERCENT)
 HIGHEST    93          1100 PM
 LOWEST     64          1000 AM
 AVERAGE    79

..........................................................


THE JOHN WAYNE AIRPORT CA CLIMATE NORMALS FOR TODAY
                         NORMAL    RECORD    YEAR
 MAXIMUM TEMPERATURE (F)   66        80      2001
 MINIMUM TEMPERATURE (F)   47        37      2009


SUNRISE AND SUNSET
DECEMBER  8 2016......SUNRISE   644 AM PST   SUNSET   443 PM PST
DECEMBER  9 2016......SUNRISE   645 AM PST   SUNSET   443 PM PST


-  INDICATES NEGATIVE NUMBERS.
R  INDICATES RECORD WAS SET OR TIED.
MM INDICATES DATA IS MISSING.
T  INDICATES TRACE AMOUNT.




$$
