000
CDUS46 KSGX 030029
CLISNA


CLIMATE REPORT
NATIONAL WEATHER SERVICE SAN DIEGO, CA
519 PM PDT SUN AUG 2 2015


...................................

...THE JOHN WAYNE AIRPORT CA CLIMATE SUMMARY FOR AUGUST 2 2015...
VALID TODAY AS OF 0500 PM LOCAL TIME.

CLIMATE NORMAL PERIOD 1981 TO 2010
CLIMATE RECORD PERIOD 1999 TO 2015


WEATHER ITEM   OBSERVED TIME   RECORD YEAR NORMAL DEPARTURE LAST
                VALUE   (LST)  VALUE       VALUE  FROM      YEAR
                                                  NORMAL
..................................................................
TEMPERATURE (F)
 TODAY
  MAXIMUM         79    242 PM  88    2011  79      0       83
  MINIMUM         68    554 AM  62    2010  65      3       71
                                      1999
  AVERAGE         74                        72      2       77

PRECIPITATION (IN)
  TODAY            0.00          T    2014   0.00   0.00      T
  MONTH TO DATE    0.00                      0.00   0.00      T
  SINCE OCT 1      7.29                     13.08  -5.79     3.52
  SINCE JAN 1      3.49                      9.00  -5.51     2.59

DEGREE DAYS
 HEATING
  TODAY            0                         0      0        0
  MONTH TO DATE    0                         0      0        0
  SINCE JUN 1      0                         7     -7        0
  SINCE JUL 1      0                         0      0        0

 COOLING
  TODAY            9                         7      2       12
  MONTH TO DATE   18                        14      4       23
  SINCE JUN 1    404                       281    123      562
  SINCE JAN 1    645                       348    297      899
..................................................................


WIND (MPH)
  RESULTANT WIND SPEED   3   RESULTANT WIND DIRECTION  SW (210)
  HIGHEST WIND SPEED    14   HIGHEST WIND DIRECTION    SW (210)
  HIGHEST GUST SPEED    17   HIGHEST GUST DIRECTION    SW (230)
  AVERAGE WIND SPEED     3.9


SKY COVER
  POSSIBLE SUNSHINE  MM
  AVERAGE SKY COVER 0.7


WEATHER CONDITIONS
 THE FOLLOWING WEATHER WAS RECORDED TODAY.
  NO SIGNIFICANT WEATHER WAS OBSERVED.


RELATIVE HUMIDITY (PERCENT)
 HIGHEST    87           100 AM
 LOWEST     62           100 PM
 AVERAGE    75

..........................................................


THE JOHN WAYNE AIRPORT CA CLIMATE NORMALS FOR TOMORROW
                         NORMAL    RECORD    YEAR
 MAXIMUM TEMPERATURE (F)   79        88      2009
 MINIMUM TEMPERATURE (F)   65        62      2011


SUNRISE AND SUNSET
AUGUST  2 2015........SUNRISE   604 AM PDT   SUNSET   751 PM PDT
AUGUST  3 2015........SUNRISE   605 AM PDT   SUNSET   750 PM PDT


-  INDICATES NEGATIVE NUMBERS.
R  INDICATES RECORD WAS SET OR TIED.
MM INDICATES DATA IS MISSING.
T  INDICATES TRACE AMOUNT.




$$
