000
CDAK48 PASN 301114
CLISNP

CLIMATE REPORT
NATIONAL WEATHER SERVICE ST PAUL, AK
214 AM AKST FRI JAN 30 2015

...................................
...THE ST PAUL AIRPORT CLIMATE SUMMARY FOR JANUARY 29 2015...

CLIMATE NORMAL PERIOD  1981 TO  2010
CLIMATE RECORD PERIOD  1892 TO  2015

WEATHER ITEM   OBSERVED TIME    RECORD YEAR NORMAL DEPARTURE LAST
               VALUE    (LST)   VALUE       VALUE  FROM      YEAR
                                                   NORMAL
...................................................................
TEMPERATURE
YESTERDAY
 MAXIMUM            27  1156 PM    40  1979     28      -1     37
 MINIMUM            23  0118 AM   -14  1976     20       3     29
 AVERAGE            25                          24       1     33

PRECIPITATION
(INCHES)
 YESTERDAY        0.00           0.43  1985   0.05   -0.05   0.14
 MONTH TO DATE    1.20                        1.49   -0.29   3.28
 SINCE DEC 1      4.16                        3.74    0.42   6.47
 SINCE JAN 1      1.20                        1.49   -0.29   3.28

SNOWFALL
(INCHES)
 YESTERDAY         0.0            4.4  2012    0.4    -0.4    1.2
 MONTH TO DATE    14.2                        11.9     2.3   17.9
 SINCE DEC 1      18.5                        24.0    -5.5   23.4
 SINCE JUL 1      19.2                        34.3   -15.1   26.1
 SNOW DEPTH (IN)     7                                          8

DEGREE DAYS
 HEATING
  YESTERDAY         40                          41      -1     32
  MONTH TO DATE   1001                        1156    -155   1008
  SINCE DEC 1     1965                        2277    -312   1991
  SINCE JUL 1     4870                        5697    -827   5273

 COOLING
  YESTERDAY          0                           0       0      0
  MONTH TO DATE      0                           0       0      0
  SINCE DEC 1        0                           0       0      0
  SINCE JAN 1        0                           0       0      0
...................................................................

WIND (MPH)
 HIGHEST WIND SPEED    33     HIGHEST WIND DIRECTION     10
 HIGHEST GUST SPEED    40     HIGHEST GUST DIRECTION     20
 AVERAGE WIND SPEED  21.9

SKY COVER
  POSSIBLE SUNSHINE    MM          AVERAGE SKY COVER     MM

WEATHER CONDITIONS
 THE FOLLOWING WEATHER WAS RECORDED YESTERDAY.
  NO SIGNIFICANT WEATHER WAS OBSERVED.

RELATIVE HUMIDITY
 HIGHEST RH     MM PERCENT       MM
 LOWEST  RH     MM PERCENT       MM
 AVERAGE RH     MM PERCENT       MM
...................................................................

THE ST PAUL CLIMATE NORMALS FOR TODAY
                           NORMAL    RECORD   YEAR
 MAXIMUM TEMPERATURE (F)     28        39     1979
 MINIMUM TEMPERATURE (F)     20        -8     1993

SUNRISE AND SUNSET
 JAN 30 2015..........SUNRISE 10:25 AM      SUNSET  6:45 PM
 JAN 31 2015..........SUNRISE 10:23 AM      SUNSET  6:48 PM

-  INDICATES NEGATIVE NUMBERS.
R  INDICATES RECORD HAS BEEN SET OR TIED.
MM INDICATES DATA IS MISSING.
T  INDICATES TRACE OF PRECIPITATION.

&&
-------------------------------------------------------------------

AMOUNT OF DAYLIGHT TODAY  (HOUR:MIN)........8 HOURS 20 MINUTES
GAIN/LOSS SINCE YESTERDAY (HOUR:MIN:SEC)....+0:04:11

$$
HCH JAN 15
