901
CDAK48 PASN 280912
CLISNP

CLIMATE REPORT
NATIONAL WEATHER SERVICE ST PAUL, AK
112 AM AKDT THU JUL 28 2016

...................................
...THE ST PAUL AIRPORT CLIMATE SUMMARY FOR JULY 27 2016...

CLIMATE NORMAL PERIOD  1981 TO  2010
CLIMATE RECORD PERIOD  1892 TO  2016

WEATHER ITEM   OBSERVED TIME    RECORD YEAR NORMAL DEPARTURE LAST
               VALUE    (LST)   VALUE       VALUE  FROM      YEAR
                                                   NORMAL
...................................................................
TEMPERATURE
YESTERDAY
 MAXIMUM          R 60  0209 PM    58  2005     52       8     51
 MINIMUM            52  0930 AM    35  1973     45       7     48
 AVERAGE            56                          48       8     50

PRECIPITATION
(INCHES)
 YESTERDAY        0.01           1.00  1996   0.07   -0.06   0.05
 MONTH TO DATE    0.76                        1.56   -0.80   1.83
 SINCE JUN 1      2.45                        2.91   -0.46   2.75
 SINCE JAN 1      8.37                        9.07   -0.70   9.03

SNOWFALL
(INCHES)
 YESTERDAY         0.0            0.0  2016    0.0     0.0    0.0
 MONTH TO DATE     0.0                         0.0     0.0    0.0
 SINCE JUN 1       0.0                         0.0     0.0    0.0
 SINCE JUL 1       0.0                         0.0     0.0    0.0
 SNOW DEPTH (IN)     0                                          0

DEGREE DAYS
 HEATING
  YESTERDAY          9                          17      -8     15
  MONTH TO DATE    345                         485    -140    424
  SINCE JUN 1      877                        1164    -287   1044
  SINCE JUL 1      345                         485    -140    424

 COOLING
  YESTERDAY          0                           0       0      0
  MONTH TO DATE      0                           0       0      0
  SINCE JUN 1        0                           0       0      0
  SINCE JAN 1        0                           0       0      0
...................................................................

WIND (MPH)
 HIGHEST WIND SPEED    14     HIGHEST WIND DIRECTION    280
 HIGHEST GUST SPEED    18     HIGHEST GUST DIRECTION    280
 AVERAGE WIND SPEED   6.0

SKY COVER
  POSSIBLE SUNSHINE    MM          AVERAGE SKY COVER     MM

WEATHER CONDITIONS
 THE FOLLOWING WEATHER WAS RECORDED YESTERDAY.
  FOG
DRIZZLE
RAIN


RELATIVE HUMIDITY
 HIGHEST RH     MM PERCENT       MM
 LOWEST  RH     MM PERCENT       MM
 AVERAGE RH     MM PERCENT       MM
...................................................................

THE ST PAUL CLIMATE NORMALS FOR TODAY
                           NORMAL    RECORD   YEAR
 MAXIMUM TEMPERATURE (F)     52        63     1992
 MINIMUM TEMPERATURE (F)     45        39     1972

SUNRISE AND SUNSET
 JUL 28 2016..........SUNRISE  7:13 AM      SUNSET 11:41 PM
 JUL 29 2016..........SUNRISE  7:15 AM      SUNSET 11:39 PM

-  INDICATES NEGATIVE NUMBERS.
R  INDICATES RECORD HAS BEEN SET OR TIED.
MM INDICATES DATA IS MISSING.
T  INDICATES TRACE OF PRECIPITATION.

&&
-------------------------------------------------------------------

AMOUNT OF DAYLIGHT TODAY  (HOUR:MIN)........16 HOURS 28 MINUTES
GAIN/LOSS SINCE YESTERDAY (HOUR:MIN:SEC)....-0:03:56

$$
*** JUL 16
