000
CDAK48 PASN 101137
CLISNP

CLIMATE REPORT
NATIONAL WEATHER SERVICE ST PAUL, AK
338 AM AKDT THU JUL 10 2014

...................................
...THE ST PAUL AIRPORT CLIMATE SUMMARY FOR JULY 9 2014...

CLIMATE NORMAL PERIOD  1981 TO  2010
CLIMATE RECORD PERIOD  1949 TO  2014

WEATHER ITEM   OBSERVED TIME    RECORD YEAR NORMAL DEPARTURE LAST
               VALUE    (LST)   VALUE       VALUE  FROM      YEAR
                                                   NORMAL
...................................................................
TEMPERATURE
YESTERDAY
 MAXIMUM            56R 0403 PM    56  2004     50       6     45
 MINIMUM            43  0239 AM    31  2012     43       0     40
 AVERAGE            50                          47       3     43

PRECIPITATION
(INCHES)
 YESTERDAY        0.00           0.38  1992   0.06   -0.06   0.00
 MONTH TO DATE    0.53                        0.47    0.06   0.65
 SINCE JUN 1      1.55                        1.82   -0.27   2.20
 SINCE JAN 1      8.69                        7.98    0.71   9.38

SNOWFALL
(INCHES)
 YESTERDAY         0.0            0.0  2014    0.0     0.0    0.0
 MONTH TO DATE     0.0                         0.0     0.0    0.0
 SINCE JUN 1       0.0                         0.0     0.0    0.0
 SINCE JUL 1       0.0                         0.0     0.0    0.0
 SNOW DEPTH (IN)     0                                          0

DEGREE DAYS
 HEATING
  YESTERDAY         15                          18      -3     22
  MONTH TO DATE    144                         171     -27    196
  SINCE JUN 1      772                         850     -78    906
  SINCE JUL 1      144                         171     -27    196

 COOLING
  YESTERDAY          0                           0       0      0
  MONTH TO DATE      0                           0       0      0
  SINCE JUN 1        0                           0       0      0
  SINCE JAN 1        0                           0       0      0
...................................................................

WIND (MPH)
 HIGHEST WIND SPEED    12     HIGHEST WIND DIRECTION    210
 HIGHEST GUST SPEED    14     HIGHEST GUST DIRECTION    180
 AVERAGE WIND SPEED   5.5

SKY COVER
  POSSIBLE SUNSHINE    MM          AVERAGE SKY COVER     MM

WEATHER CONDITIONS
 THE FOLLOWING WEATHER WAS RECORDED YESTERDAY.
  FOG


RELATIVE HUMIDITY
 HIGHEST RH     MM PERCENT       MM
 LOWEST  RH     MM PERCENT       MM
 AVERAGE RH     MM PERCENT       MM
...................................................................

THE ST PAUL CLIMATE NORMALS FOR TODAY
                           NORMAL    RECORD   YEAR
 MAXIMUM TEMPERATURE (F)     50        55     2010
 MINIMUM TEMPERATURE (F)     43        34     1972

SUNRISE AND SUNSET
 JUL 10 2014..........SUNRISE  6:41 AM      SUNSET 12:11 AM
 JUL 11 2014..........SUNRISE  6:43 AM      SUNSET 12:10 AM

-  INDICATES NEGATIVE NUMBERS.
R  INDICATES RECORD HAS BEEN SET OR TIED.
MM INDICATES DATA IS MISSING.
T  INDICATES TRACE OF PRECIPITATION.

&&
-------------------------------------------------------------------

AMOUNT OF DAYLIGHT TODAY  (HOUR:MIN)........17 HOURS 30 MINUTES
GAIN/LOSS SINCE YESTERDAY (HOUR:MIN:SEC)....-0:02:25

$$
HLC JUL 14
