967
CDAK48 PASN 261309
CLISNP


CLIMATE REPORT
NATIONAL WEATHER SERVICE ANCHORAGE, AK
509 AM AKDT WED APR 26 2017


...................................

...THE SAINT PAUL ISLAND CLIMATE SUMMARY FOR APRIL 25 2017...

CLIMATE NORMAL PERIOD 1981 TO 2010
CLIMATE RECORD PERIOD 1892 TO 2017


WEATHER ITEM   OBSERVED TIME   RECORD YEAR NORMAL DEPARTURE LAST
                VALUE   (LST)  VALUE       VALUE  FROM      YEAR
                                                  NORMAL
..................................................................
TEMPERATURE (F)
 YESTERDAY
  MAXIMUM         39    555 PM  45    1979  36      3       46
  MINIMUM         33    616 AM   6    1976  28      5       36
  AVERAGE         36                        32      4       41

PRECIPITATION (IN)
  YESTERDAY        0.01          0.55 1958   0.03  -0.02      T
  MONTH TO DATE    0.96                      0.90   0.06     1.09
  SINCE MAR 1      1.06                      1.97  -0.91     2.11
  SINCE JAN 1      4.15                      4.85  -0.70     4.87

SNOWFALL (IN)
  YESTERDAY        T            MM      MM   0.1   -0.1     MM
  MONTH TO DATE    0.2                       5.1   -4.9      0.0
  SINCE MAR 1      0.6                      13.1  -12.5      0.0
  SINCE JUL 1     48.8                      58.1   -9.3     23.7
  SNOW DEPTH       0

DEGREE DAYS
 HEATING
  YESTERDAY       29                        33     -4       24
  MONTH TO DATE  836                       908    -72      594
  SINCE MAR 1   2045                      2153   -108     1546
  SINCE JUL 1   7920                      9070  -1150     6731

 COOLING
  YESTERDAY        0                         0      0        0
  MONTH TO DATE    0                         0      0        0
  SINCE MAR 1      0                         0      0        0
  SINCE JAN 1      0                         0      0        0
..................................................................


WIND (MPH)
  RESULTANT WIND SPEED  11   RESULTANT WIND DIRECTION   E (80)
  HIGHEST WIND SPEED    18   HIGHEST WIND DIRECTION     E (80)
  HIGHEST GUST SPEED    21   HIGHEST GUST DIRECTION     E (80)
  AVERAGE WIND SPEED    11.3



WEATHER CONDITIONS
 THE FOLLOWING WEATHER WAS RECORDED YESTERDAY.
  LIGHT RAIN
  FOG
  FOG W/VISIBILITY <= 1/4 MILE


..........................................................


THE SAINT PAUL ISLAND CLIMATE NORMALS FOR TODAY
                         NORMAL    RECORD    YEAR
 MAXIMUM TEMPERATURE (F)   36        43      2004
 MINIMUM TEMPERATURE (F)   28        -2      1976


SUNRISE AND SUNSET
APRIL 26 2017.........SUNRISE   743 AM AKDT  SUNSET  1056 PM AKDT
APRIL 27 2017.........SUNRISE   740 AM AKDT  SUNSET  1058 PM AKDT


-  INDICATES NEGATIVE NUMBERS.
R  INDICATES RECORD WAS SET OR TIED.
MM INDICATES DATA IS MISSING.
T  INDICATES TRACE AMOUNT.




$$
