000
CDAK48 PASN 271013
CLISNP

CLIMATE REPORT
NATIONAL WEATHER SERVICE ST PAUL, AK
113 AM AKST SAT DEC 27 2014

...................................
...THE ST PAUL AIRPORT CLIMATE SUMMARY FOR DECEMBER 26 2014...

CLIMATE NORMAL PERIOD  1981 TO  2010
CLIMATE RECORD PERIOD  1892 TO  2014

WEATHER ITEM   OBSERVED TIME    RECORD YEAR NORMAL DEPARTURE LAST
               VALUE    (LST)   VALUE       VALUE  FROM      YEAR
                                                   NORMAL
...................................................................
TEMPERATURE
YESTERDAY
 MAXIMUM            41  1159 PM    41  1951     32       9     37
 MINIMUM            29  0205 AM     7  1961     24       5     35
 AVERAGE            35                          28       7     36

PRECIPITATION
(INCHES)
 YESTERDAY        0.21           0.50  1990   0.06    0.15   0.01
 MONTH TO DATE    2.43                        1.92    0.51   3.09
 SINCE DEC 1      2.43                        1.92    0.51   3.09
 SINCE JAN 1     23.21                       23.34   -0.13  27.38

SNOWFALL
(INCHES)
 YESTERDAY         0.0            5.5  2006    0.5    -0.5      T
 MONTH TO DATE     2.7                        10.1    -7.4    5.4
 SINCE DEC 1       2.7                        10.1    -7.4    5.4
 SINCE JUL 1       3.4                        20.4   -17.0    8.1
 SNOW DEPTH (IN)     0                                          0

DEGREE DAYS
 HEATING
  YESTERDAY         30                          37      -7     29
  MONTH TO DATE    817                         931    -114    821
  SINCE DEC 1      817                         931    -114    821
  SINCE JUL 1     3722                        4351    -629   4103

 COOLING
  YESTERDAY          0                           0       0      0
  MONTH TO DATE      0                           0       0      0
  SINCE DEC 1        0                           0       0      0
  SINCE JAN 1        0                           0       0      0
...................................................................

WIND (MPH)
 HIGHEST WIND SPEED    45     HIGHEST WIND DIRECTION    170
 HIGHEST GUST SPEED    55     HIGHEST GUST DIRECTION    170
 AVERAGE WIND SPEED  24.9

SKY COVER
  POSSIBLE SUNSHINE    MM          AVERAGE SKY COVER     MM

WEATHER CONDITIONS
 THE FOLLOWING WEATHER WAS RECORDED YESTERDAY.
  HAZE
  FOG
  RAIN


RELATIVE HUMIDITY
 HIGHEST RH     MM PERCENT       MM
 LOWEST  RH     MM PERCENT       MM
 AVERAGE RH     MM PERCENT       MM
...................................................................

THE ST PAUL CLIMATE NORMALS FOR TODAY
                           NORMAL    RECORD   YEAR
 MAXIMUM TEMPERATURE (F)     32        41     1984
 MINIMUM TEMPERATURE (F)     24         4     1986

SUNRISE AND SUNSET
 DEC 27 2014..........SUNRISE 11:01 AM      SUNSET  5:44 PM
 DEC 28 2014..........SUNRISE 11:01 AM      SUNSET  5:45 PM

-  INDICATES NEGATIVE NUMBERS.
R  INDICATES RECORD HAS BEEN SET OR TIED.
MM INDICATES DATA IS MISSING.
T  INDICATES TRACE OF PRECIPITATION.

&&
-------------------------------------------------------------------

AMOUNT OF DAYLIGHT TODAY  (HOUR:MIN)........6 HOURS 43 MINUTES
GAIN/LOSS SINCE YESTERDAY (HOUR:MIN:SEC)....+0:00:49

$$
HCH DEC 14
