000
CDAK48 PAFC 041304
CLISNP

CLIMATE REPORT
NATIONAL WEATHER SERVICE ANCHORAGE, AK
403 AM AKST SUN DEC 4 2016


...................................

...THE SAINT PAUL ISLAND CLIMATE SUMMARY FOR DECEMBER 3 2016...

CLIMATE NORMAL PERIOD 1981 TO 2010
CLIMATE RECORD PERIOD 1892 TO 2016


WEATHER ITEM   OBSERVED TIME   RECORD YEAR NORMAL DEPARTURE LAST
                VALUE   (LST)  VALUE       VALUE  FROM      YEAR
                                                  NORMAL
..................................................................
TEMPERATURE (F)
 YESTERDAY
  MAXIMUM         42    958 PM  44    1979  35      7       34
  MINIMUM         14    338 AM   1    2009  26    -12       31
  AVERAGE         28                        30     -2       33

PRECIPITATION (IN)
  YESTERDAY        0.04          0.69 2013   0.09  -0.05     0.02
  MONTH TO DATE    0.17                      0.25  -0.08     0.13
  SINCE DEC 1      0.17                      0.25  -0.08     0.13
  SINCE JAN 1     24.24                     21.67   2.57    23.14

SNOWFALL (IN)
  YESTERDAY        T             2.1  2009   0.4   -0.4      0.3
  MONTH TO DATE    1.6                       1.1    0.5      1.3
  SINCE DEC 1      1.6                       1.1    0.5      1.3
  SINCE JUL 1      8.2                      11.4   -3.2     13.3
  SNOW DEPTH       0

DEGREE DAYS
 HEATING
  YESTERDAY       37                        35      2       32
  MONTH TO DATE  115                       103     12      109
  SINCE DEC 1    115                       103     12      109
  SINCE JUL 1   2684                      3524   -840     2657

 COOLING
  YESTERDAY        0                         0      0        0
  MONTH TO DATE    0                         0      0        0
  SINCE DEC 1      0                         0      0        0
  SINCE JAN 1      0                         0      0        0
..................................................................


WIND (MPH)
  RESULTANT WIND SPEED  11   RESULTANT WIND DIRECTION   S (170)
  HIGHEST WIND SPEED    35   HIGHEST WIND DIRECTION     S (160)
  HIGHEST GUST SPEED    40   HIGHEST GUST DIRECTION     S (160)
  AVERAGE WIND SPEED    13.7



WEATHER CONDITIONS
 THE FOLLOWING WEATHER WAS RECORDED YESTERDAY.
  LIGHT RAIN
  HAIL
  LIGHT SNOW
  FOG


..........................................................


THE SAINT PAUL ISLAND CLIMATE NORMALS FOR TODAY
                         NORMAL    RECORD    YEAR
 MAXIMUM TEMPERATURE (F)   35        43      1972
 MINIMUM TEMPERATURE (F)   26        11      1974


SUNRISE AND SUNSET
DECEMBER  4 2016......SUNRISE  1041 AM AKST  SUNSET   541 PM AKST
DECEMBER  5 2016......SUNRISE  1043 AM AKST  SUNSET   541 PM AKST

CIVIL TWILIGHT
DECEMBER 4 2016         START    954 AM GMT     END    630 PM GMT
DECEMBER 5 2016         START    955 AM GMT     END    630 PM GMT



-  INDICATES NEGATIVE NUMBERS.
R  INDICATES RECORD WAS SET OR TIED.
MM INDICATES DATA IS MISSING.
T  INDICATES TRACE AMOUNT.




$$
&&
------------------------------------------------------
AMOUNT OF DAYLIGHT TODAY  (HOUR:MIN)........ 7:00
GAIN/LOSS SINCE YESTERDAY (HOUR:MIN:SEC)....-0:02:20

$$
