000
CDAK48 PASN 241257
CLISNP


CLIMATE REPORT
NATIONAL WEATHER SERVICE ANCHORAGE, AK
456 AM AKDT SAT JUN 24 2017


...................................

...THE SAINT PAUL ISLAND CLIMATE SUMMARY FOR JUNE 23 2017...

CLIMATE NORMAL PERIOD 1981 TO 2010
CLIMATE RECORD PERIOD 1892 TO 2017


WEATHER ITEM   OBSERVED TIME   RECORD YEAR NORMAL DEPARTURE LAST
                VALUE   (LST)  VALUE       VALUE  FROM      YEAR
                                                  NORMAL
..................................................................
TEMPERATURE (F)
 YESTERDAY
  MAXIMUM         52        MM  54    1951  48      4       50
  MINIMUM         43        MM  30    1973  40      3       45
  AVERAGE         48                        44      4       48

PRECIPITATION (IN)
  YESTERDAY        0.00          1.28 1996   0.05  -0.05      T
  MONTH TO DATE    0.16                      1.00  -0.84     1.47
  SINCE JUN 1      0.16                      1.00  -0.84     1.47
  SINCE JAN 1      5.97                      7.16  -1.19     7.16

SNOWFALL (IN)
  YESTERDAY        0.0          MM      MM   0.0    0.0     MM
  MONTH TO DATE    0.0                       0.0    0.0      0.0
  SINCE JUN 1      0.0                       0.0    0.0      0.0
  SINCE JUL 1     48.8                      59.8  -11.0     23.7
  SNOW DEPTH       0

DEGREE DAYS
 HEATING
  YESTERDAY       17                        21     -4       17
  MONTH TO DATE  424                       537   -113      376
  SINCE JUN 1    424                       537   -113      376
  SINCE JUL 1   9292                     10666  -1374     7896

 COOLING
  YESTERDAY        0                         0      0        0
  MONTH TO DATE    0                         0      0        0
  SINCE JUN 1      0                         0      0        0
  SINCE JAN 1      0                         0      0        0
..................................................................


WIND (MPH)
  RESULTANT WIND SPEED  10   RESULTANT WIND DIRECTION  SE (150)
  HIGHEST WIND SPEED    17   HIGHEST WIND DIRECTION     S (160)
  HIGHEST GUST SPEED    MM   HIGHEST GUST DIRECTION    MM
  AVERAGE WIND SPEED    10.5



WEATHER CONDITIONS
 THE FOLLOWING WEATHER WAS RECORDED YESTERDAY.
  NO SIGNIFICANT WEATHER WAS OBSERVED.


..........................................................


THE SAINT PAUL ISLAND CLIMATE NORMALS FOR TODAY
                         NORMAL    RECORD    YEAR
 MAXIMUM TEMPERATURE (F)   48        57      1951
 MINIMUM TEMPERATURE (F)   40        30      1977


SUNRISE AND SUNSET
JUNE 24 2017..........SUNRISE   626 AM AKDT  SUNSET  1221 AM AKDT
JUNE 25 2017..........SUNRISE   626 AM AKDT  SUNSET  1221 AM AKDT


-  INDICATES NEGATIVE NUMBERS.
R  INDICATES RECORD WAS SET OR TIED.
MM INDICATES DATA IS MISSING.
T  INDICATES TRACE AMOUNT.




$$
