000
CDAK48 PASN 240052
CLISNP


CLIMATE REPORT
NATIONAL WEATHER SERVICE ANCHORAGE, AK
452 PM AKDT THU MAR 23 2017


...................................

...THE SAINT PAUL ISLAND CLIMATE SUMMARY FOR MARCH 23 2017...
VALID TODAY AS OF 0400 PM LOCAL TIME.

CLIMATE NORMAL PERIOD 1981 TO 2010
CLIMATE RECORD PERIOD 1892 TO 2017


WEATHER ITEM   OBSERVED TIME   RECORD YEAR NORMAL DEPARTURE LAST
                VALUE   (LST)  VALUE       VALUE  FROM      YEAR
                                                  NORMAL
..................................................................
TEMPERATURE (F)
 TODAY
  MAXIMUM         33    100 PM  42    1979  30      3       MM
  MINIMUM         16        MM -13    1975  20     -4       MM
  AVERAGE         25                        25      0       MM

PRECIPITATION (IN)
  TODAY            0.00          0.43 2005   0.03  -0.03     0.04
  MONTH TO DATE    0.10                      0.79  -0.69     0.91
  SINCE MAR 1      0.10                      0.79  -0.69     0.91
  SINCE JAN 1      3.19                      3.67  -0.48     3.67

SNOWFALL (IN)
  TODAY            0.0          MM      MM   0.3   -0.3     MM
  MONTH TO DATE    0.4                       6.0   -5.6      0.0
  SINCE MAR 1      0.4                       6.0   -5.6      0.0
  SINCE JUL 1     48.6                      51.0   -2.4     23.7
  SNOW DEPTH       0

DEGREE DAYS
 HEATING
  TODAY           40                        40      0       MM
  MONTH TO DATE  871                       920    -49      691
  SINCE MAR 1    871                       920    -49      691
  SINCE JUL 1   6746                      7837  -1091     5876

 COOLING
  TODAY            0                         0      0       MM
  MONTH TO DATE    0                         0      0        0
  SINCE MAR 1      0                         0      0        0
  SINCE JAN 1      0                         0      0        0
..................................................................


WIND (MPH)
  RESULTANT WIND SPEED  10   RESULTANT WIND DIRECTION   E (90)
  HIGHEST WIND SPEED    14   HIGHEST WIND DIRECTION     E (80)
  HIGHEST GUST SPEED    MM   HIGHEST GUST DIRECTION    MM
  AVERAGE WIND SPEED     9.9



WEATHER CONDITIONS
 THE FOLLOWING WEATHER WAS RECORDED TODAY.
  NO SIGNIFICANT WEATHER WAS OBSERVED.


..........................................................


THE SAINT PAUL ISLAND CLIMATE NORMALS FOR TOMORROW
                         NORMAL    RECORD    YEAR
 MAXIMUM TEMPERATURE (F)   30        41      1979
 MINIMUM TEMPERATURE (F)   21       -14      1975


SUNRISE AND SUNSET
MARCH 23 2017.........SUNRISE   913 AM AKDT  SUNSET   943 PM AKDT
MARCH 24 2017.........SUNRISE   910 AM AKDT  SUNSET   945 PM AKDT


-  INDICATES NEGATIVE NUMBERS.
R  INDICATES RECORD WAS SET OR TIED.
MM INDICATES DATA IS MISSING.
T  INDICATES TRACE AMOUNT.




$$
