809
CDAK48 PAFC 242235
CLISNP


CLIMATE REPORT
NATIONAL WEATHER SERVICE ANCHORAGE, AK
135 PM AKST TUE JAN 24 2017


...................................

...THE SAINT PAUL ISLAND CLIMATE SUMMARY FOR JANUARY 24 2017...
VALID TODAY AS OF 0100 PM LOCAL TIME.

CLIMATE NORMAL PERIOD 1981 TO 2010
CLIMATE RECORD PERIOD 1892 TO 2017


WEATHER ITEM   OBSERVED TIME   RECORD YEAR NORMAL DEPARTURE LAST
                VALUE   (LST)  VALUE       VALUE  FROM      YEAR
                                                  NORMAL
..................................................................
TEMPERATURE (F)
 TODAY
  MAXIMUM         22        MM  40    1991  28     -6       29
                                      1980
                                      1968
  MINIMUM         20        MM  -4    1956  20      0       25
  AVERAGE         21                        24     -3       27

PRECIPITATION (IN)
  TODAY            0.49R         0.29 1968   0.05   0.44     0.01
  MONTH TO DATE    6.38                      1.25   5.13     1.30
  SINCE DEC 1      9.58                      3.50   6.08     6.03
  SINCE JAN 1      6.38                      1.25   5.13     1.30

SNOWFALL (IN)
  TODAY           MM            MM      MM   0.4   MM       MM
  MONTH TO DATE   22.1                       9.9   12.2      0.2
  SINCE DEC 1     25.7                      22.0    3.7     11.7
  SINCE JUL 1     32.3                      32.3    0.0     23.7
  SNOW DEPTH       0

DEGREE DAYS
 HEATING
  TODAY           44                        41      3       38
  MONTH TO DATE  950                       951     -1      742
  SINCE DEC 1   1906                      2072   -166     1645
  SINCE JUL 1   4475                      5493  -1018     4193

 COOLING
  TODAY            0                         0      0        0
  MONTH TO DATE    0                         0      0        0
  SINCE DEC 1      0                         0      0        0
  SINCE JAN 1      0                         0      0        0
..................................................................


WIND (MPH)
  RESULTANT WIND SPEED  24   RESULTANT WIND DIRECTION   N (10)
  HIGHEST WIND SPEED    28   HIGHEST WIND DIRECTION     N (20)
  HIGHEST GUST SPEED    37   HIGHEST GUST DIRECTION     N (10)
  AVERAGE WIND SPEED    24.4



WEATHER CONDITIONS
 THE FOLLOWING WEATHER WAS RECORDED TODAY.
  LIGHT SNOW
  FOG
  BLOWING SNOW


..........................................................


THE SAINT PAUL ISLAND CLIMATE NORMALS FOR TOMORROW
                         NORMAL    RECORD    YEAR
 MAXIMUM TEMPERATURE (F)   28        41      1963
 MINIMUM TEMPERATURE (F)   20        -2      1989


SUNRISE AND SUNSET
JANUARY 24 2017.......SUNRISE  1034 AM AKST  SUNSET   632 PM AKST
JANUARY 25 2017.......SUNRISE  1033 AM AKST  SUNSET   635 PM AKST


-  INDICATES NEGATIVE NUMBERS.
R  INDICATES RECORD WAS SET OR TIED.
MM INDICATES DATA IS MISSING.
T  INDICATES TRACE AMOUNT.




$$
