000
CDAK48 PASN 231114
CLISNP

CLIMATE REPORT
NATIONAL WEATHER SERVICE ST PAUL, AK
314 AM AKDT SAT AUG 23 2014

...................................
...THE ST PAUL AIRPORT CLIMATE SUMMARY FOR AUGUST 22 2014...

CLIMATE NORMAL PERIOD  1981 TO  2010
CLIMATE RECORD PERIOD  1949 TO  2014

WEATHER ITEM   OBSERVED TIME    RECORD YEAR NORMAL DEPARTURE LAST
               VALUE    (LST)   VALUE       VALUE  FROM      YEAR
                                                   NORMAL
...................................................................
TEMPERATURE
YESTERDAY
 MAXIMUM            58  0601 PM    59  1969     52       6     51
 MINIMUM            49  0338 AM    35  1968     46       3     47
 AVERAGE            54                          49       5     49

PRECIPITATION
(INCHES)
 YESTERDAY        0.15           0.96  1959   0.10    0.05   0.25
 MONTH TO DATE    2.02                        2.11   -0.09   2.24
 SINCE JUN 1      4.11                        5.31   -1.20   5.41
 SINCE JAN 1     11.25                       11.47   -0.22  12.59

SNOWFALL
(INCHES)
 YESTERDAY         0.0            0.0  2014    0.0     0.0    0.0
 MONTH TO DATE     0.0                         0.0     0.0    0.0
 SINCE JUN 1       0.0                         0.0     0.0    0.0
 SINCE JUL 1       0.0                         0.0     0.0    0.0
 SNOW DEPTH (IN)     0                                          0

DEGREE DAYS
 HEATING
  YESTERDAY         11                          16      -5     16
  MONTH TO DATE    239                         353    -114    346
  SINCE JUN 1     1313                        1585    -272   1607
  SINCE JUL 1      685                         906    -221    897

 COOLING
  YESTERDAY          0                           0       0      0
  MONTH TO DATE      0                           0       0      0
  SINCE JUN 1        0                           0       0      0
  SINCE JAN 1        0                           0       0      0
...................................................................

WIND (MPH)
 HIGHEST WIND SPEED    18     HIGHEST WIND DIRECTION    110
 HIGHEST GUST SPEED    23     HIGHEST GUST DIRECTION    100
 AVERAGE WIND SPEED  10.6

SKY COVER
  POSSIBLE SUNSHINE    MM          AVERAGE SKY COVER     MM

WEATHER CONDITIONS
 THE FOLLOWING WEATHER WAS RECORDED YESTERDAY.
  FOG
DRIZZLE
RAIN


RELATIVE HUMIDITY
 HIGHEST RH     MM PERCENT       MM
 LOWEST  RH     MM PERCENT       MM
 AVERAGE RH     MM PERCENT       MM
...................................................................

THE ST PAUL CLIMATE NORMALS FOR TODAY
                           NORMAL    RECORD   YEAR
 MAXIMUM TEMPERATURE (F)     52        59     1977
 MINIMUM TEMPERATURE (F)     46        33     1988

SUNRISE AND SUNSET
 AUG 23 2014..........SUNRISE  8:05 AM      SUNSET 10:41 PM
 AUG 24 2014..........SUNRISE  8:07 AM      SUNSET 10:39 PM

-  INDICATES NEGATIVE NUMBERS.
R  INDICATES RECORD HAS BEEN SET OR TIED.
MM INDICATES DATA IS MISSING.
T  INDICATES TRACE OF PRECIPITATION.

&&
-------------------------------------------------------------------

AMOUNT OF DAYLIGHT TODAY  (HOUR:MIN)........14 HOURS 36 MINUTES
GAIN/LOSS SINCE YESTERDAY (HOUR:MIN:SEC)....-0:04:40

$$
HLC AUG 14
