000
CDAK48 PAFC 271309 RRA
CLISNP

CLIMATE REPORT
NATIONAL WEATHER SERVICE ANCHORAGE, AK
403 AM AKST MON FEB 27 2017


...................................

...THE SAINT PAUL ISLAND CLIMATE SUMMARY FOR FEBRUARY 26 2017...

CLIMATE NORMAL PERIOD 1981 TO 2010
CLIMATE RECORD PERIOD 1892 TO 2017


WEATHER ITEM   OBSERVED TIME   RECORD YEAR NORMAL DEPARTURE LAST
                VALUE   (LST)  VALUE       VALUE  FROM      YEAR
                                                  NORMAL
..................................................................
TEMPERATURE (F)
 YESTERDAY
  MAXIMUM         37    446 PM  38    2015  29      8       40
                                      2004
                                      2003
  MINIMUM         30   1115 PM -10    1954  20     10       35
  AVERAGE         34                        25      9       38

PRECIPITATION (IN)
  YESTERDAY        0.20          0.35 1991   0.04   0.16     0.01
  MONTH TO DATE    1.58                      1.22   0.36     0.97
  SINCE DEC 1      6.29                      5.05   1.24     7.32
  SINCE JAN 1      3.09                      2.80   0.29     2.59

SNOWFALL (IN)
  YESTERDAY        0.0          MM      MM   0.3   -0.3     MM
  MONTH TO DATE    9.9                       9.4    0.5      0.0
  SINCE DEC 1     41.4                      34.1    7.3     11.7
  SINCE JUL 1     48.0                      44.4    3.6     23.7
  SNOW DEPTH       0

DEGREE DAYS
 HEATING
  YESTERDAY       31                        40     -9       27
  MONTH TO DATE 1052                      1060     -8      706
  SINCE DEC 1   3227                      3418   -191     2580
  SINCE JUL 1   5796                      6839  -1043     5128

 COOLING
  YESTERDAY        0                         0      0        0
  MONTH TO DATE    0                         0      0        0
  SINCE DEC 1      0                         0      0        0
  SINCE JAN 1      0                         0      0        0
..................................................................


WIND (MPH)
  RESULTANT WIND SPEED   9   RESULTANT WIND DIRECTION   W (260)
  HIGHEST WIND SPEED    20   HIGHEST WIND DIRECTION    SW (220)
  HIGHEST GUST SPEED    26   HIGHEST GUST DIRECTION    SW (220)
  AVERAGE WIND SPEED    12.4



WEATHER CONDITIONS
 THE FOLLOWING WEATHER WAS RECORDED YESTERDAY.
  LIGHT RAIN
  SNOW
  LIGHT SNOW
  FOG


..........................................................


THE SAINT PAUL ISLAND CLIMATE NORMALS FOR TODAY
                         NORMAL    RECORD    YEAR
 MAXIMUM TEMPERATURE (F)   29        38      2015
                                             1981
                                             1979
 MINIMUM TEMPERATURE (F)   20       -13      1894


SUNRISE AND SUNSET
FEBRUARY 27 2017......SUNRISE   918 AM AKST  SUNSET   750 PM AKST
FEBRUARY 28 2017......SUNRISE   915 AM AKST  SUNSET   752 PM AKST

CIVIL TWILIGHT
FEBRUARY 27 2017        START    840 AM GMT     END    829 PM GMT
FEBRUARY 28 2017        START    837 AM GMT     END    832 PM GMT



-  INDICATES NEGATIVE NUMBERS.
R  INDICATES RECORD WAS SET OR TIED.
MM INDICATES DATA IS MISSING.
T  INDICATES TRACE AMOUNT.




$$
&&
------------------------------------------------------
AMOUNT OF DAYLIGHT TODAY  (HOUR:MIN)........10:32
GAIN/LOSS SINCE YESTERDAY (HOUR:MIN:SEC)....+0:04:50

$$
