000
CDUS46 KMTR 240025
CLISNS


CLIMATE REPORT
NATIONAL WEATHER SERVICE SAN FRANCISCO BAY AREA
525 PM PDT SUN APR 23 2017


...................................

...THE SALINAS AIRPORT CLIMATE SUMMARY FOR APRIL 23 2017...
VALID TODAY AS OF 0500 PM LOCAL TIME.

CLIMATE NORMAL PERIOD 1981 TO 2010
CLIMATE RECORD PERIOD 1930 TO 2017


WEATHER ITEM   OBSERVED TIME   RECORD YEAR NORMAL DEPARTURE LAST
                VALUE   (LST)  VALUE       VALUE  FROM      YEAR
                                                  NORMAL
..................................................................
TEMPERATURE (F)
 TODAY
  MAXIMUM         66    115 PM  91    1946  68     -2       65
  MINIMUM         51    537 AM  32    1937  47      4       50
  AVERAGE         59                        57      2       58

PRECIPITATION (IN)
  TODAY            0.00          0.69 1967   0.03  -0.03     0.00
  MONTH TO DATE    0.84                      0.79   0.05     0.45
  SINCE OCT 1     16.36                     12.05   4.31    13.29
  SINCE JAN 1     12.36                      8.14   4.22     8.39

DEGREE DAYS
 HEATING
  TODAY            6                         8     -2        7
  MONTH TO DATE  152                       202    -50      112
  SINCE MAR 1    391                       522   -131      348
  SINCE JUL 1   2153                      2336   -183     1739

 COOLING
  TODAY            0                         0      0        0
  MONTH TO DATE    3                         0      3       18
  SINCE MAR 1      4                         1      3       18
  SINCE JAN 1      4                         1      3       21
..................................................................


WIND (MPH)
  RESULTANT WIND SPEED  10   RESULTANT WIND DIRECTION   W (250)
  HIGHEST WIND SPEED    21   HIGHEST WIND DIRECTION     W (250)
  HIGHEST GUST SPEED    25   HIGHEST GUST DIRECTION    SW (240)
  AVERAGE WIND SPEED    10.9


SKY COVER
  POSSIBLE SUNSHINE  MM
  AVERAGE SKY COVER 0.1


WEATHER CONDITIONS
 THE FOLLOWING WEATHER WAS RECORDED TODAY.
  NO SIGNIFICANT WEATHER WAS OBSERVED.


RELATIVE HUMIDITY (PERCENT)
 HIGHEST    89           500 AM
 LOWEST     55          1000 AM
 AVERAGE    72

..........................................................


THE SALINAS AIRPORT CLIMATE NORMALS FOR TOMORROW
                         NORMAL    RECORD    YEAR
 MAXIMUM TEMPERATURE (F)   68        84      1992
 MINIMUM TEMPERATURE (F)   47        34      1937


SUNRISE AND SUNSET
APRIL 23 2017.........SUNRISE   622 AM PDT   SUNSET   748 PM PDT
APRIL 24 2017.........SUNRISE   620 AM PDT   SUNSET   749 PM PDT


-  INDICATES NEGATIVE NUMBERS.
R  INDICATES RECORD WAS SET OR TIED.
MM INDICATES DATA IS MISSING.
T  INDICATES TRACE AMOUNT.




$$
