000
CDUS46 KMTR 260838
CLISNS


CLIMATE REPORT
NATIONAL WEATHER SERVICE SAN FRANCISCO BAY AREA
1238 AM PST FRI DEC 26 2014


...................................

...THE SALINAS AIRPORT CLIMATE SUMMARY FOR DECEMBER 25 2014...

CLIMATE NORMAL PERIOD 1981 TO 2010
CLIMATE RECORD PERIOD 1930 TO 2014


WEATHER ITEM   OBSERVED TIME   RECORD YEAR NORMAL DEPARTURE LAST
                VALUE   (LST)  VALUE       VALUE  FROM      YEAR
                                                  NORMAL
..................................................................
TEMPERATURE (F)
 YESTERDAY
  MAXIMUM         61    324 PM  80    1947  61      0       78
  MINIMUM         40    602 AM  27    1987  40      0       43
  AVERAGE         51                        50      1       61

PRECIPITATION (IN)
  YESTERDAY        0.00          1.04 1969   0.07  -0.07     0.00
  MONTH TO DATE    6.01                      1.51   4.50     0.21
  SINCE JUL 1      8.10                      3.69   4.41     0.94
  SINCE JAN 1     13.07                     12.41   0.66     3.27

DEGREE DAYS
 HEATING
  YESTERDAY       14                        15     -1        4
  MONTH TO DATE  156                       350   -194      353
  SINCE DEC 1    156                       350   -194      353
  SINCE JUL 1    370                       968   -598      879

 COOLING
  YESTERDAY        0                         0      0        0
  MONTH TO DATE    1                         0      1        0
  SINCE DEC 1      1                         0      1        0
  SINCE JAN 1    270                       130    140      155
..................................................................


WIND (MPH)
  RESULTANT WIND SPEED   5   RESULTANT WIND DIRECTION   W (280)
  HIGHEST WIND SPEED    17   HIGHEST WIND DIRECTION    NW (310)
  HIGHEST GUST SPEED    23   HIGHEST GUST DIRECTION    NW (310)
  AVERAGE WIND SPEED     5.8


SKY COVER
  POSSIBLE SUNSHINE  MM
  AVERAGE SKY COVER 0.0


WEATHER CONDITIONS
 THE FOLLOWING WEATHER WAS RECORDED YESTERDAY.
  NO SIGNIFICANT WEATHER WAS OBSERVED.


RELATIVE HUMIDITY (PERCENT)
 HIGHEST    82           600 AM
 LOWEST     27           200 PM
 AVERAGE    55

..........................................................


THE SALINAS AIRPORT CLIMATE NORMALS FOR TODAY
                         NORMAL    RECORD    YEAR
 MAXIMUM TEMPERATURE (F)   61        80      2013
                                             1980
 MINIMUM TEMPERATURE (F)   40        27      1954


SUNRISE AND SUNSET
DECEMBER 26 2014......SUNRISE   717 AM PST   SUNSET   457 PM PST
DECEMBER 27 2014......SUNRISE   718 AM PST   SUNSET   458 PM PST


-  INDICATES NEGATIVE NUMBERS.
R  INDICATES RECORD WAS SET OR TIED.
MM INDICATES DATA IS MISSING.
T  INDICATES TRACE AMOUNT.




$$
