000
CDUS46 KMTR 300037
CLISNS


CLIMATE REPORT
NATIONAL WEATHER SERVICE SAN FRANCISCO BAY AREA
537 PM PDT SUN MAR 29 2015


...................................

...THE SALINAS AIRPORT CLIMATE SUMMARY FOR MARCH 29 2015...
VALID TODAY AS OF 0500 PM LOCAL TIME.

CLIMATE NORMAL PERIOD 1981 TO 2010
CLIMATE RECORD PERIOD 1930 TO 2015


WEATHER ITEM   OBSERVED TIME   RECORD YEAR NORMAL DEPARTURE LAST
                VALUE   (LST)  VALUE       VALUE  FROM      YEAR
                                                  NORMAL
..................................................................
TEMPERATURE (F)
 TODAY
  MAXIMUM         76    119 PM  80    1997  66     10       69
  MINIMUM         48    552 AM  34    1975  45      3       48
  AVERAGE         62                        55      7       59

PRECIPITATION (IN)
  TODAY            0.00          0.45 1946   0.06  -0.06     0.38
  MONTH TO DATE    0.19                      2.15  -1.96     0.97
  SINCE OCT 1      8.82                     11.15  -2.33     5.00
  SINCE JAN 1      0.83                      7.24  -6.41     4.17

DEGREE DAYS
 HEATING
  TODAY            3                        10     -7        6
  MONTH TO DATE  101                       302   -201      176
  SINCE MAR 1    101                       302   -201      176
  SINCE JUL 1    950                      2116  -1166     1608

 COOLING
  TODAY            0                         0      0        0
  MONTH TO DATE   17                         0     17        1
  SINCE MAR 1     17                         0     17        1
  SINCE JAN 1     25                         0     25        3
..................................................................


WIND (MPH)
  RESULTANT WIND SPEED   4   RESULTANT WIND DIRECTION   W (280)
  HIGHEST WIND SPEED    17   HIGHEST WIND DIRECTION     W (270)
  HIGHEST GUST SPEED    22   HIGHEST GUST DIRECTION     W (260)
  AVERAGE WIND SPEED     5.9


SKY COVER
  POSSIBLE SUNSHINE  MM
  AVERAGE SKY COVER 0.3


WEATHER CONDITIONS
 THE FOLLOWING WEATHER WAS RECORDED TODAY.
  FOG
  FOG W/VISIBILITY <= 1/4 MILE
  HAZE


RELATIVE HUMIDITY (PERCENT)
 HIGHEST    89           800 AM
 LOWEST     43           100 PM
 AVERAGE    66

..........................................................


THE SALINAS AIRPORT CLIMATE NORMALS FOR TOMORROW
                         NORMAL    RECORD    YEAR
 MAXIMUM TEMPERATURE (F)   66        86      2001
 MINIMUM TEMPERATURE (F)   45        33      1967


SUNRISE AND SUNSET
MARCH 29 2015.........SUNRISE   557 AM PST   SUNSET   626 PM PST
MARCH 30 2015.........SUNRISE   555 AM PST   SUNSET   627 PM PST


-  INDICATES NEGATIVE NUMBERS.
R  INDICATES RECORD WAS SET OR TIED.
MM INDICATES DATA IS MISSING.
T  INDICATES TRACE AMOUNT.




$$
