000
CDUS46 KMTR 290829
CLISNS


CLIMATE REPORT
NATIONAL WEATHER SERVICE SAN FRANCISCO BAY AREA
129 AM PDT MON JUN 29 2015


...................................

...THE SALINAS AIRPORT CLIMATE SUMMARY FOR JUNE 28 2015...

CLIMATE NORMAL PERIOD 1981 TO 2010
CLIMATE RECORD PERIOD 1930 TO 2015


WEATHER ITEM   OBSERVED TIME   RECORD YEAR NORMAL DEPARTURE LAST
                VALUE   (LST)  VALUE       VALUE  FROM      YEAR
                                                  NORMAL
..................................................................
TEMPERATURE (F)
 YESTERDAY
  MAXIMUM         70    110 PM  92    1942  71     -1       72
  MINIMUM         59    516 AM  43    1936  54      5       58
  AVERAGE         65                        63      2       65

PRECIPITATION (IN)
  YESTERDAY        0.00          0.14 2011   0.00   0.00     0.00
  MONTH TO DATE    0.15                      0.09   0.06     0.02
  SINCE OCT 1      9.81                     12.63  -2.82     5.80
  SINCE JAN 1      1.82                      8.72  -6.90     4.97

DEGREE DAYS
 HEATING
  YESTERDAY        0                         3     -3        0
  MONTH TO DATE   81                       107    -26      110
  SINCE JUN 1     81                       107    -26      110
  SINCE JUL 1   1391                      2680  -1289     2055

 COOLING
  YESTERDAY        0                         1     -1        0
  MONTH TO DATE   11                         3      8        0
  SINCE JUN 1     11                         3      8        0
  SINCE JAN 1     42                        19     23       50
..................................................................


WIND (MPH)
  RESULTANT WIND SPEED   8   RESULTANT WIND DIRECTION   W (290)
  HIGHEST WIND SPEED    17   HIGHEST WIND DIRECTION    NW (300)
  HIGHEST GUST SPEED    23   HIGHEST GUST DIRECTION     W (270)
  AVERAGE WIND SPEED     8.8


SKY COVER
  POSSIBLE SUNSHINE  MM
  AVERAGE SKY COVER 0.5


WEATHER CONDITIONS
 THE FOLLOWING WEATHER WAS RECORDED YESTERDAY.
  NO SIGNIFICANT WEATHER WAS OBSERVED.


RELATIVE HUMIDITY (PERCENT)
 HIGHEST    90          1200 AM
 LOWEST     61          1200 PM
 AVERAGE    76

..........................................................


THE SALINAS AIRPORT CLIMATE NORMALS FOR TODAY
                         NORMAL    RECORD    YEAR
 MAXIMUM TEMPERATURE (F)   71       101      1934
 MINIMUM TEMPERATURE (F)   54        44      1963


SUNRISE AND SUNSET
JUNE 29 2015..........SUNRISE   451 AM PST   SUNSET   729 PM PST
JUNE 30 2015..........SUNRISE   451 AM PST   SUNSET   729 PM PST


-  INDICATES NEGATIVE NUMBERS.
R  INDICATES RECORD WAS SET OR TIED.
MM INDICATES DATA IS MISSING.
T  INDICATES TRACE AMOUNT.




$$
