000
CDUS46 KMTR 310028
CLISNS


CLIMATE REPORT
NATIONAL WEATHER SERVICE SAN FRANCISCO BAY AREA
527 PM PDT SAT JUL 30 2016


...................................

...THE SALINAS AIRPORT CLIMATE SUMMARY FOR JULY 30 2016...
VALID TODAY AS OF 0500 PM LOCAL TIME.

CLIMATE NORMAL PERIOD 1981 TO 2010
CLIMATE RECORD PERIOD 1930 TO 2016


WEATHER ITEM   OBSERVED TIME   RECORD YEAR NORMAL DEPARTURE LAST
                VALUE   (LST)  VALUE       VALUE  FROM      YEAR
                                                  NORMAL
..................................................................
TEMPERATURE (F)
 TODAY
  MAXIMUM         66   1120 AM  84    1977  71     -5       74
  MINIMUM         55    724 AM  46    1930  56     -1       60
  AVERAGE         61                        63     -2       67

PRECIPITATION (IN)
  TODAY            0.00          0.22 1966   0.00   0.00      T
  MONTH TO DATE    T                         0.00   0.00     0.01
  SINCE OCT 1     13.47                     12.63   0.84     9.82
  SINCE JAN 1      8.57                      8.72  -0.15     1.83

DEGREE DAYS
 HEATING
  TODAY            4                         2      2        0
  MONTH TO DATE   90                        80     10        2
  SINCE JUN 1    166                       193    -27       83
  SINCE JUL 1     90                        80     10        2

 COOLING
  TODAY            0                         0      0        2
  MONTH TO DATE    0                        26    -26       52
  SINCE JUN 1      8                        38    -30       64
  SINCE JAN 1     31                        54    -23       95
..................................................................


WIND (MPH)
  RESULTANT WIND SPEED   6   RESULTANT WIND DIRECTION   W (290)
  HIGHEST WIND SPEED    20   HIGHEST WIND DIRECTION     W (280)
  HIGHEST GUST SPEED    23   HIGHEST GUST DIRECTION    NW (300)
  AVERAGE WIND SPEED     6.7


SKY COVER
  POSSIBLE SUNSHINE  MM
  AVERAGE SKY COVER 0.8


WEATHER CONDITIONS
 THE FOLLOWING WEATHER WAS RECORDED TODAY.
  FOG


RELATIVE HUMIDITY (PERCENT)
 HIGHEST    93          1200 AM
 LOWEST     63          1100 AM
 AVERAGE    78

..........................................................


THE SALINAS AIRPORT CLIMATE NORMALS FOR TOMORROW
                         NORMAL    RECORD    YEAR
 MAXIMUM TEMPERATURE (F)   71        96      1993
 MINIMUM TEMPERATURE (F)   56        47      1982


SUNRISE AND SUNSET
JULY 30 2016..........SUNRISE   511 AM PST   SUNSET   714 PM PST
JULY 31 2016..........SUNRISE   512 AM PST   SUNSET   713 PM PST


-  INDICATES NEGATIVE NUMBERS.
R  INDICATES RECORD WAS SET OR TIED.
MM INDICATES DATA IS MISSING.
T  INDICATES TRACE AMOUNT.




$$
