000
CDUS46 KMTR 260837
CLISNS


CLIMATE REPORT
NATIONAL WEATHER SERVICE SAN FRANCISCO BAY AREA
137 AM PDT TUE SEP 26 2017


...................................

...THE SALINAS AIRPORT CLIMATE SUMMARY FOR SEPTEMBER 25 2017...

CLIMATE NORMAL PERIOD 1981 TO 2010
CLIMATE RECORD PERIOD 1930 TO 2017


WEATHER ITEM   OBSERVED TIME   RECORD YEAR NORMAL DEPARTURE LAST
                VALUE   (LST)  VALUE       VALUE  FROM      YEAR
                                                  NORMAL
..................................................................
TEMPERATURE (F)
 YESTERDAY
  MAXIMUM         84   1231 PM  99    1937  74     10       93
  MINIMUM         49    246 AM  38    1934  53     -4       54
  AVERAGE         67                        64      3       74

PRECIPITATION (IN)
  YESTERDAY        0.00          0.42 1982   0.01  -0.01     0.00
  MONTH TO DATE    0.04                      0.12  -0.08     0.00
  SINCE OCT 1     16.49                     12.78   3.71    13.47
  SINCE JAN 1     12.49                      8.87   3.62     8.57

DEGREE DAYS
 HEATING
  YESTERDAY        0                         2     -2        0
  MONTH TO DATE   27                        50    -23       63
  SINCE SEP 1     27                        50    -23       63
  SINCE JUL 1    118                       185    -67      211

 COOLING
  YESTERDAY        2                         1      1        9
  MONTH TO DATE  127                        25    102       28
  SINCE SEP 1    127                        25    102       28
  SINCE JAN 1    195                        94    101       61
..................................................................


WIND (MPH)
  RESULTANT WIND SPEED   1   RESULTANT WIND DIRECTION   N (350)
  HIGHEST WIND SPEED    18   HIGHEST WIND DIRECTION     W (270)
  HIGHEST GUST SPEED    22   HIGHEST GUST DIRECTION     W (260)
  AVERAGE WIND SPEED     6.1


SKY COVER
  POSSIBLE SUNSHINE  MM
  AVERAGE SKY COVER 0.0


WEATHER CONDITIONS
 THE FOLLOWING WEATHER WAS RECORDED YESTERDAY.
  NO SIGNIFICANT WEATHER WAS OBSERVED.


RELATIVE HUMIDITY (PERCENT)
 HIGHEST    74           300 AM
 LOWEST     20          1200 PM
 AVERAGE    47

..........................................................


THE SALINAS AIRPORT CLIMATE NORMALS FOR TODAY
                         NORMAL    RECORD    YEAR
 MAXIMUM TEMPERATURE (F)   74       101      2016
 MINIMUM TEMPERATURE (F)   53        36      1934


SUNRISE AND SUNSET
SEPTEMBER 26 2017.....SUNRISE   658 AM PDT   SUNSET   657 PM PDT
SEPTEMBER 27 2017.....SUNRISE   659 AM PDT   SUNSET   655 PM PDT


-  INDICATES NEGATIVE NUMBERS.
R  INDICATES RECORD WAS SET OR TIED.
MM INDICATES DATA IS MISSING.
T  INDICATES TRACE AMOUNT.




$$
