000
CDUS46 KMTR 280026
CLISNS


CLIMATE REPORT
NATIONAL WEATHER SERVICE SAN FRANCISCO BAY AREA
526 PM PDT WED AUG 27 2014


...................................

...THE SALINAS AIRPORT CLIMATE SUMMARY FOR AUGUST 27 2014...
VALID TODAY AS OF 0500 PM LOCAL TIME.

CLIMATE NORMAL PERIOD 1981 TO 2010
CLIMATE RECORD PERIOD 1930 TO 2014


WEATHER ITEM   OBSERVED TIME   RECORD YEAR NORMAL DEPARTURE LAST
                VALUE   (LST)  VALUE       VALUE  FROM      YEAR
                                                  NORMAL
..................................................................
TEMPERATURE (F)
 TODAY
  MAXIMUM         83   1137 AM  95    1962  73     10       73
  MINIMUM         54    609 AM  43    1938  56     -2       56
  AVERAGE         69                        64      5       65

PRECIPITATION (IN)
  TODAY            0.00          0.03 1949   0.00   0.00     0.00
  MONTH TO DATE    T                         0.03  -0.03     0.02
  SINCE JUL 1      0.01                      0.03  -0.02     0.02
  SINCE JAN 1      4.98                      8.75  -3.77     2.35

DEGREE DAYS
 HEATING
  TODAY            0                         2     -2        0
  MONTH TO DATE    3                        54    -51       35
  SINCE JUN 1    155                       245    -90      203
  SINCE JUL 1     41                       132    -91      105

 COOLING
  TODAY            4                         1      3        0
  MONTH TO DATE   28                        24      4       22
  SINCE JUN 1     71                        54     17       59
  SINCE JAN 1    121                        70     51       69
..................................................................


WIND (MPH)
  RESULTANT WIND SPEED   4   RESULTANT WIND DIRECTION   W (280)
  HIGHEST WIND SPEED    17   HIGHEST WIND DIRECTION     W (270)
  HIGHEST GUST SPEED    22   HIGHEST GUST DIRECTION     W (280)
  AVERAGE WIND SPEED     5.3


SKY COVER
  POSSIBLE SUNSHINE  MM
  AVERAGE SKY COVER 0.0


WEATHER CONDITIONS
 THE FOLLOWING WEATHER WAS RECORDED TODAY.
  NO SIGNIFICANT WEATHER WAS OBSERVED.


RELATIVE HUMIDITY (PERCENT)
 HIGHEST    93           400 AM
 LOWEST     42          1100 AM
 AVERAGE    68

..........................................................


THE SALINAS AIRPORT CLIMATE NORMALS FOR TOMORROW
                         NORMAL    RECORD    YEAR
 MAXIMUM TEMPERATURE (F)   73        97      2009
 MINIMUM TEMPERATURE (F)   56        45      1939


SUNRISE AND SUNSET
AUGUST 27 2014........SUNRISE   534 AM PST   SUNSET   641 PM PST
AUGUST 28 2014........SUNRISE   534 AM PST   SUNSET   640 PM PST


-  INDICATES NEGATIVE NUMBERS.
R  INDICATES RECORD WAS SET OR TIED.
MM INDICATES DATA IS MISSING.
T  INDICATES TRACE AMOUNT.




$$
