000
CDUS46 KMTR 010826
CLISNS


CLIMATE REPORT
NATIONAL WEATHER SERVICE SAN FRANCISCO BAY AREA
126 AM PDT MON SEP 1 2014


...................................

...THE SALINAS AIRPORT CLIMATE SUMMARY FOR AUGUST 31 2014...

CLIMATE NORMAL PERIOD 1981 TO 2010
CLIMATE RECORD PERIOD 1930 TO 2014


WEATHER ITEM   OBSERVED TIME   RECORD YEAR NORMAL DEPARTURE LAST
                VALUE   (LST)  VALUE       VALUE  FROM      YEAR
                                                  NORMAL
..................................................................
TEMPERATURE (F)
 YESTERDAY
  MAXIMUM         73    116 PM  92    1947  74     -1       79
  MINIMUM         62   1159 PM  44    1932  56      6       58
  AVERAGE         68                        65      3       69

PRECIPITATION (IN)
  YESTERDAY        0.00          0.19 1964   0.00   0.00     0.00
  MONTH TO DATE    T                         0.03  -0.03     0.02
  SINCE JUL 1      0.01                      0.03  -0.02     0.02
  SINCE JAN 1      4.98                      8.75  -3.77     2.35

DEGREE DAYS
 HEATING
  YESTERDAY        0                         2     -2        0
  MONTH TO DATE    3                        62    -59       35
  SINCE JUN 1    155                       248    -93      203
  SINCE JUL 1     41                       135    -94      105

 COOLING
  YESTERDAY        3                         1      2        4
  MONTH TO DATE   40                        23     17       37
  SINCE JUN 1     83                        53     30       74
  SINCE JAN 1    133                        69     64       84
..................................................................


WIND (MPH)
  RESULTANT WIND SPEED   9   RESULTANT WIND DIRECTION   W (290)
  HIGHEST WIND SPEED    18   HIGHEST WIND DIRECTION    NW (300)
  HIGHEST GUST SPEED    23   HIGHEST GUST DIRECTION     W (290)
  AVERAGE WIND SPEED     9.6


SKY COVER
  POSSIBLE SUNSHINE  MM
  AVERAGE SKY COVER 0.3


WEATHER CONDITIONS
 THE FOLLOWING WEATHER WAS RECORDED YESTERDAY.
  NO SIGNIFICANT WEATHER WAS OBSERVED.


RELATIVE HUMIDITY (PERCENT)
 HIGHEST    90           200 AM
 LOWEST     61          1100 AM
 AVERAGE    76

..........................................................


THE SALINAS AIRPORT CLIMATE NORMALS FOR TODAY
                         NORMAL    RECORD    YEAR
 MAXIMUM TEMPERATURE (F)   74        96      1952
 MINIMUM TEMPERATURE (F)   56        45      2008


SUNRISE AND SUNSET
SEPTEMBER  1 2014.....SUNRISE   538 AM PST   SUNSET   634 PM PST
SEPTEMBER  2 2014.....SUNRISE   538 AM PST   SUNSET   633 PM PST


-  INDICATES NEGATIVE NUMBERS.
R  INDICATES RECORD WAS SET OR TIED.
MM INDICATES DATA IS MISSING.
T  INDICATES TRACE AMOUNT.




$$
