000
CDUS45 KPIH 290735
CLISNT


CLIMATE REPORT
NATIONAL WEATHER SERVICE POCATELLO ID
133 AM MDT SAT APR 29 2017


...................................

...THE STANLEY ID CLIMATE SUMMARY FOR APRIL 28 2017...

CLIMATE NORMAL PERIOD 1981 TO 2010
CLIMATE RECORD PERIOD 1916 TO 2017


WEATHER ITEM   OBSERVED TIME   RECORD YEAR NORMAL DEPARTURE LAST
                VALUE   (LST)  VALUE       VALUE  FROM      YEAR
                                                  NORMAL
..................................................................
TEMPERATURE (F)
 YESTERDAY
  MAXIMUM         43    427 PM  77    1987  52     -9       49
  MINIMUM         15    433 AM   7    1921  23     -8       32
                                      1984
  AVERAGE         29                        37     -8       41

PRECIPITATION (IN)
  YESTERDAY        0.00          1.16 1990   0.06  -0.06     0.00
  MONTH TO DATE    2.06                      1.62   0.44     1.18
  SINCE OCT 1     25.52                     11.59  13.93    15.38
  SINCE JAN 1     14.19                      6.74   7.45     7.81

SNOWFALL (IN)
  YESTERDAY       MM
  MONTH TO DATE   MM
  SINCE MAR 1     MM
  SINCE JUL 1     MM
  SNOW DEPTH      MM

DEGREE DAYS
 HEATING
  YESTERDAY       36                        28      8       24
  MONTH TO DATE  889                       889      0      692
  SINCE MAR 1   1894                      2073   -179     1768
  SINCE JUL 1   9151                      9607   -456     8718

 COOLING
  YESTERDAY        0                         0      0        0
  MONTH TO DATE    0                         0      0        0
  SINCE MAR 1      0                         0      0        0
  SINCE JAN 1      0                         0      0        0
..................................................................


WIND (MPH)
  HIGHEST WIND SPEED    13   HIGHEST WIND DIRECTION    NW (310)
  HIGHEST GUST SPEED    20   HIGHEST GUST DIRECTION    NW (330)
  AVERAGE WIND SPEED     4.3


SKY COVER
  POSSIBLE SUNSHINE  MM
  AVERAGE SKY COVER 0.0


WEATHER CONDITIONS
 THE FOLLOWING WEATHER WAS RECORDED YESTERDAY.
  NO SIGNIFICANT WEATHER WAS OBSERVED.


RELATIVE HUMIDITY (PERCENT)
 HIGHEST    92           200 AM
 LOWEST     34           400 PM
 AVERAGE    63

..........................................................


THE STANLEY ID CLIMATE NORMALS FOR TODAY
                         NORMAL    RECORD    YEAR
 MAXIMUM TEMPERATURE (F)   52        77      1987
 MINIMUM TEMPERATURE (F)   23         5      2011


SUNRISE AND SUNSET
APRIL 29 2017.........SUNRISE   633 AM MDT   SUNSET   841 PM MDT
APRIL 30 2017.........SUNRISE   632 AM MDT   SUNSET   843 PM MDT


-  INDICATES NEGATIVE NUMBERS.
R  INDICATES RECORD WAS SET OR TIED.
MM INDICATES DATA IS MISSING.
T  INDICATES TRACE AMOUNT.




$$
