000
CDUS45 KPIH 062322
CLISNT


CLIMATE REPORT
NATIONAL WEATHER SERVICE POCATELLO ID
520 PM MDT MON JUL 6 2015


...................................

...THE STANLEY ID CLIMATE SUMMARY FOR JULY 6 2015...
VALID TODAY AS OF 0500 PM LOCAL TIME.

CLIMATE NORMAL PERIOD 1981 TO 2010
CLIMATE RECORD PERIOD 1916 TO 2015


WEATHER ITEM   OBSERVED TIME   RECORD YEAR NORMAL DEPARTURE LAST
                VALUE   (LST)  VALUE       VALUE  FROM      YEAR
                                                  NORMAL
..................................................................
TEMPERATURE (F)
 TODAY
  MAXIMUM         79    207 PM  92    2007  75      4       87
  MINIMUM         42    415 AM  23    1918  36      6       38
  AVERAGE         61                        55      6       63

PRECIPITATION (IN)
  TODAY            0.00          0.50 1969   0.02  -0.02     0.00
  MONTH TO DATE    0.00                      0.17  -0.17     0.00
  SINCE OCT 1     15.52                     14.94   0.58    16.87
  SINCE JAN 1      8.81                     10.09  -1.28    13.26

SNOWFALL (IN)
  TODAY           MM
  MONTH TO DATE   MM
  SINCE JUN 1     MM
  SINCE JUL 1     MM
  SNOW DEPTH      MM

DEGREE DAYS
 HEATING
  TODAY            4                        10     -6        2
  MONTH TO DATE    9                        63    -54       24
  SINCE JUN 1    243                       517   -274      494
  SINCE JUL 1      9                        63    -54       24

 COOLING
  TODAY            0                         0      0        0
  MONTH TO DATE    1                         0      1        0
  SINCE JUN 1     18                         0     18        0
  SINCE JAN 1     18                         0     18        0
..................................................................


WIND (MPH)
  HIGHEST WIND SPEED    15   HIGHEST WIND DIRECTION    NE (40)
  HIGHEST GUST SPEED    23   HIGHEST GUST DIRECTION    NW (320)
  AVERAGE WIND SPEED     3.7


SKY COVER
  POSSIBLE SUNSHINE  MM
  AVERAGE SKY COVER 0.0


WEATHER CONDITIONS
 THE FOLLOWING WEATHER WAS RECORDED TODAY.
  NO SIGNIFICANT WEATHER WAS OBSERVED.


RELATIVE HUMIDITY (PERCENT)
 HIGHEST    83           300 AM
 LOWEST     29          1200 PM
 AVERAGE    56

..........................................................


THE STANLEY ID CLIMATE NORMALS FOR TOMORROW
                         NORMAL    RECORD    YEAR
 MAXIMUM TEMPERATURE (F)   76        88      1968
 MINIMUM TEMPERATURE (F)   36        18      1969


SUNRISE AND SUNSET
JULY  6 2015..........SUNRISE   603 AM MDT   SUNSET   926 PM MDT
JULY  7 2015..........SUNRISE   604 AM MDT   SUNSET   925 PM MDT


-  INDICATES NEGATIVE NUMBERS.
R  INDICATES RECORD WAS SET OR TIED.
MM INDICATES DATA IS MISSING.
T  INDICATES TRACE AMOUNT.




$$
