000
CDUS45 KPIH 170731
CLISNT


CLIMATE REPORT
NATIONAL WEATHER SERVICE POCATELLO ID
1230 AM MST WED JAN 17 2018


...................................

...THE STANLEY ID CLIMATE SUMMARY FOR JANUARY 16 2018...

CLIMATE NORMAL PERIOD 1981 TO 2010
CLIMATE RECORD PERIOD 1916 TO 2018


WEATHER ITEM   OBSERVED TIME   RECORD YEAR NORMAL DEPARTURE LAST
                VALUE   (LST)  VALUE       VALUE  FROM      YEAR
                                                  NORMAL
..................................................................
TEMPERATURE (F)
 YESTERDAY
  MAXIMUM         31    432 PM  42    1973  27      4        9
  MINIMUM          6   1203 AM -44    1917   2      4      -26
  AVERAGE         19                        14      5       -8

PRECIPITATION (IN)
  YESTERDAY        0.00          0.54 2000   0.05  -0.05    MM
  MONTH TO DATE    1.13                      0.85   0.28     0.00
  SINCE OCT 1      9.37                      5.70   3.67    11.33
  SINCE JAN 1      1.13                      0.85   0.28     0.00

SNOWFALL (IN)
  YESTERDAY       MM
  MONTH TO DATE   MM
  SINCE DEC 1     MM
  SINCE JUL 1     MM
  SNOW DEPTH      MM

DEGREE DAYS
 HEATING
  YESTERDAY       46                        51     -5       73
  MONTH TO DATE  681                       816   -135     1013
  SINCE DEC 1   2131                      2381   -250     2758
  SINCE JUL 1   4772                      5478   -706     5375

 COOLING
  YESTERDAY        0                         0      0        0
  MONTH TO DATE    0                         0      0        0
  SINCE DEC 1      0                         0      0        0
  SINCE JAN 1      0                         0      0        0
..................................................................


WIND (MPH)
  HIGHEST WIND SPEED     8   HIGHEST WIND DIRECTION     E (100)
  HIGHEST GUST SPEED    10   HIGHEST GUST DIRECTION     E (90)
  AVERAGE WIND SPEED     1.5


SKY COVER
  POSSIBLE SUNSHINE  MM
  AVERAGE SKY COVER 0.0


WEATHER CONDITIONS
 THE FOLLOWING WEATHER WAS RECORDED YESTERDAY.
  NO SIGNIFICANT WEATHER WAS OBSERVED.


RELATIVE HUMIDITY (PERCENT)
 HIGHEST    96           800 PM
 LOWEST     75           400 PM
 AVERAGE    86

..........................................................


THE STANLEY ID CLIMATE NORMALS FOR TODAY
                         NORMAL    RECORD    YEAR
 MAXIMUM TEMPERATURE (F)   27        45      1920
 MINIMUM TEMPERATURE (F)    2       -39      1917


SUNRISE AND SUNSET
JANUARY 17 2018.......SUNRISE   810 AM MST   SUNSET   530 PM MST
JANUARY 18 2018.......SUNRISE   810 AM MST   SUNSET   531 PM MST


-  INDICATES NEGATIVE NUMBERS.
R  INDICATES RECORD WAS SET OR TIED.
MM INDICATES DATA IS MISSING.
T  INDICATES TRACE AMOUNT.




$$
