000
CDUS45 KPIH 240746
CLISNT


CLIMATE REPORT
NATIONAL WEATHER SERVICE POCATELLO ID
144 AM MDT FRI MAR 24 2017


...................................

...THE STANLEY ID CLIMATE SUMMARY FOR MARCH 23 2017...

CLIMATE NORMAL PERIOD 1981 TO 2010
CLIMATE RECORD PERIOD 1916 TO 2017


WEATHER ITEM   OBSERVED TIME   RECORD YEAR NORMAL DEPARTURE LAST
                VALUE   (LST)  VALUE       VALUE  FROM      YEAR
                                                  NORMAL
..................................................................
TEMPERATURE (F)
 YESTERDAY
  MAXIMUM         45    536 PM  56    2004  43      2       40
                                      1996
  MINIMUM         20   1126 PM -17    1966  14      6       14
  AVERAGE         33                        28      5       27

PRECIPITATION (IN)
  YESTERDAY        0.00          0.40 2005   0.07  -0.07     0.00
  MONTH TO DATE    3.60                      1.29   2.31     2.86
  SINCE OCT 1     22.03                      9.45  12.58    14.04
  SINCE JAN 1     10.70                      4.60   6.10     6.47

SNOWFALL (IN)
  YESTERDAY       MM
  MONTH TO DATE   MM
  SINCE MAR 1     MM
  SINCE JUL 1     MM
  SNOW DEPTH      MM

DEGREE DAYS
 HEATING
  YESTERDAY       32                        36     -4       38
  MONTH TO DATE  730                       898   -168      784
  SINCE MAR 1    730                       898   -168      784
  SINCE JUL 1   7987                      8432   -445     7734

 COOLING
  YESTERDAY        0                         0      0        0
  MONTH TO DATE    0                         0      0        0
  SINCE MAR 1      0                         0      0        0
  SINCE JAN 1      0                         0      0        0
..................................................................


WIND (MPH)
  HIGHEST WIND SPEED     9   HIGHEST WIND DIRECTION     N (350)
  HIGHEST GUST SPEED    16   HIGHEST GUST DIRECTION     N (20)
  AVERAGE WIND SPEED     2.5


SKY COVER
  POSSIBLE SUNSHINE  MM
  AVERAGE SKY COVER 0.0


WEATHER CONDITIONS
 THE FOLLOWING WEATHER WAS RECORDED YESTERDAY.
  NO SIGNIFICANT WEATHER WAS OBSERVED.


RELATIVE HUMIDITY (PERCENT)
 HIGHEST    92          1200 AM
 LOWEST     36           300 PM
 AVERAGE    64

..........................................................


THE STANLEY ID CLIMATE NORMALS FOR TODAY
                         NORMAL    RECORD    YEAR
 MAXIMUM TEMPERATURE (F)   43        58      1922
 MINIMUM TEMPERATURE (F)   15       -19      1965


SUNRISE AND SUNSET
MARCH 24 2017.........SUNRISE   735 AM MDT   SUNSET   758 PM MDT
MARCH 25 2017.........SUNRISE   733 AM MDT   SUNSET   759 PM MDT


-  INDICATES NEGATIVE NUMBERS.
R  INDICATES RECORD WAS SET OR TIED.
MM INDICATES DATA IS MISSING.
T  INDICATES TRACE AMOUNT.




$$
