000
CDUS45 KPIH 302328
CLISNT


CLIMATE REPORT
NATIONAL WEATHER SERVICE POCATELLO ID
527 PM MDT MON MAY 30 2016


...................................

...THE STANLEY ID CLIMATE SUMMARY FOR MAY 30 2016...
VALID TODAY AS OF 0500 PM LOCAL TIME.

CLIMATE NORMAL PERIOD 1981 TO 2010
CLIMATE RECORD PERIOD 1916 TO 2016


WEATHER ITEM   OBSERVED TIME   RECORD YEAR NORMAL DEPARTURE LAST
                VALUE   (LST)  VALUE       VALUE  FROM      YEAR
                                                  NORMAL
..................................................................
TEMPERATURE (F)
 TODAY
  MAXIMUM         66    359 PM  84    1986  62      4       67
  MINIMUM         28    537 AM  18    1977  31     -3       41
  AVERAGE         47                        46      1       54

PRECIPITATION (IN)
  TODAY            0.00          0.36 1990   0.04  -0.04     0.00
  MONTH TO DATE    1.17                      1.65  -0.48     2.23
  SINCE OCT 1     16.59                     13.34   3.25    14.48
  SINCE JAN 1      9.02                      8.49   0.53     7.77

SNOWFALL (IN)
  TODAY           MM
  MONTH TO DATE   MM
  SINCE MAR 1     MM
  SINCE JUL 1     MM
  SNOW DEPTH      MM

DEGREE DAYS
 HEATING
  TODAY           18                        19     -1       11
  MONTH TO DATE  596                       665    -69      553
  SINCE MAR 1   2412                      2791   -379     2318
  SINCE JUL 1   9362                     10325   -963     8696

 COOLING
  TODAY            0                         0      0        0
  MONTH TO DATE    0                         0      0        0
  SINCE MAR 1      0                         0      0        0
  SINCE JAN 1      0                         0      0        0
..................................................................


WIND (MPH)
  HIGHEST WIND SPEED    14   HIGHEST WIND DIRECTION    NW (300)
  HIGHEST GUST SPEED    21   HIGHEST GUST DIRECTION    NW (330)
  AVERAGE WIND SPEED     3.9


SKY COVER
  POSSIBLE SUNSHINE  MM
  AVERAGE SKY COVER 0.0


WEATHER CONDITIONS
 THE FOLLOWING WEATHER WAS RECORDED TODAY.
  NO SIGNIFICANT WEATHER WAS OBSERVED.


RELATIVE HUMIDITY (PERCENT)
 HIGHEST    85           400 AM
 LOWEST     13           400 PM
 AVERAGE    49

..........................................................


THE STANLEY ID CLIMATE NORMALS FOR TOMORROW
                         NORMAL    RECORD    YEAR
 MAXIMUM TEMPERATURE (F)   62        84      1986
 MINIMUM TEMPERATURE (F)   31        16      1920


SUNRISE AND SUNSET
MAY 30 2016...........SUNRISE   600 AM MDT   SUNSET   915 PM MDT
MAY 31 2016...........SUNRISE   600 AM MDT   SUNSET   916 PM MDT


-  INDICATES NEGATIVE NUMBERS.
R  INDICATES RECORD WAS SET OR TIED.
MM INDICATES DATA IS MISSING.
T  INDICATES TRACE AMOUNT.




$$
