000
CDUS45 KPIH 242331
CLISNT


CLIMATE REPORT
NATIONAL WEATHER SERVICE POCATELLO ID
428 PM MST MON NOV 24 2014


...................................

...THE STANLEY ID CLIMATE SUMMARY FOR NOVEMBER 24 2014...
VALID TODAY AS OF 0400 PM LOCAL TIME.

CLIMATE NORMAL PERIOD 1981 TO 2010
CLIMATE RECORD PERIOD 1916 TO 2014


WEATHER ITEM   OBSERVED TIME   RECORD YEAR NORMAL DEPARTURE LAST
                VALUE   (LST)  VALUE       VALUE  FROM      YEAR
                                                  NORMAL
..................................................................
TEMPERATURE (F)
 TODAY
  MAXIMUM         33    259 PM  54    1922  30      3       33
  MINIMUM          7    818 AM -26    1982   9     -2        1
  AVERAGE         20                        20      0       17

PRECIPITATION (IN)
  TODAY            0.00          0.87 1970   0.04  -0.04     0.00
  MONTH TO DATE    2.12                      1.82   0.30     1.69
  SINCE OCT 1      3.43                      3.29   0.14     2.06
  SINCE JAN 1     19.34                     15.50   3.84    12.56

SNOWFALL (IN)
  TODAY           MM
  MONTH TO DATE   MM
  SINCE SEP 1     MM
  SINCE JUL 1     MM
  SNOW DEPTH      MM

DEGREE DAYS
 HEATING
  TODAY           45                        46     -1       48
  MONTH TO DATE  972                       953     19      920
  SINCE SEP 1   2059                      2297   -238     2221
  SINCE JUL 1   2398                      2817   -419     2548

 COOLING
  TODAY            0                         0      0        0
  MONTH TO DATE    0                         0      0        0
  SINCE SEP 1      0                         0      0        0
  SINCE JAN 1     16                         3     13       19
..................................................................


WIND (MPH)
  HIGHEST WIND SPEED    16   HIGHEST WIND DIRECTION    NW (330)
  HIGHEST GUST SPEED    23   HIGHEST GUST DIRECTION    NW (330)
  AVERAGE WIND SPEED     3.5


SKY COVER
  POSSIBLE SUNSHINE  MM
  AVERAGE SKY COVER 0.0


WEATHER CONDITIONS
 THE FOLLOWING WEATHER WAS RECORDED TODAY.
  NO SIGNIFICANT WEATHER WAS OBSERVED.


RELATIVE HUMIDITY (PERCENT)
 HIGHEST    88          1200 AM
 LOWEST     39           300 PM
 AVERAGE    64

..........................................................


THE STANLEY ID CLIMATE NORMALS FOR TOMORROW
                         NORMAL    RECORD    YEAR
 MAXIMUM TEMPERATURE (F)   30        59      1922
 MINIMUM TEMPERATURE (F)    9       -24      1993


SUNRISE AND SUNSET
NOVEMBER 24 2014......SUNRISE   747 AM MST   SUNSET   506 PM MST
NOVEMBER 25 2014......SUNRISE   748 AM MST   SUNSET   505 PM MST


-  INDICATES NEGATIVE NUMBERS.
R  INDICATES RECORD WAS SET OR TIED.
MM INDICATES DATA IS MISSING.
T  INDICATES TRACE AMOUNT.




$$
