000
CDUS45 KPIH 270745
CLISNT


CLIMATE REPORT
NATIONAL WEATHER SERVICE POCATELLO ID
136 AM MDT WED AUG 27 2014


...................................

...THE STANLEY ID CLIMATE SUMMARY FOR AUGUST 26 2014...

CLIMATE NORMAL PERIOD 1981 TO 2010
CLIMATE RECORD PERIOD 1916 TO 2014


WEATHER ITEM   OBSERVED TIME   RECORD YEAR NORMAL DEPARTURE LAST
                VALUE   (LST)  VALUE       VALUE  FROM      YEAR
                                                  NORMAL
..................................................................
TEMPERATURE (F)
 YESTERDAY
  MAXIMUM         72    333 PM  91    1922  75     -3       77
  MINIMUM         36    202 AM  16    1992  32      4       38
  AVERAGE         54                        54      0       58

PRECIPITATION (IN)
  YESTERDAY        0.00          0.26 1977   0.03  -0.03     0.00
  MONTH TO DATE    0.98                      0.53   0.45     0.21
  SINCE OCT 1     18.21                     15.99   2.22    14.63
  SINCE JAN 1     14.60                     11.14   3.46     6.44

SNOWFALL (IN)
  YESTERDAY       MM
  MONTH TO DATE   MM
  SINCE JUN 1     MM
  SINCE JUL 1     MM
  SNOW DEPTH      MM

DEGREE DAYS
 HEATING
  YESTERDAY       11                        12     -1        7
  MONTH TO DATE  180                       217    -37      160
  SINCE JUN 1    762                       912   -150      672
  SINCE JUL 1    292                       458   -166      303

 COOLING
  YESTERDAY        0                         0      0        0
  MONTH TO DATE    4                         0      4        0
  SINCE JUN 1     16                         3     13       19
  SINCE JAN 1     16                         3     13       19
..................................................................


WIND (MPH)
  HIGHEST WIND SPEED     9   HIGHEST WIND DIRECTION     N (360)
  HIGHEST GUST SPEED    13   HIGHEST GUST DIRECTION     N (10)
  AVERAGE WIND SPEED     2.5


SKY COVER
  POSSIBLE SUNSHINE  MM
  AVERAGE SKY COVER 0.0


WEATHER CONDITIONS
 THE FOLLOWING WEATHER WAS RECORDED YESTERDAY.
  NO SIGNIFICANT WEATHER WAS OBSERVED.


RELATIVE HUMIDITY (PERCENT)
 HIGHEST   100           300 AM
 LOWEST     27           200 PM
 AVERAGE    64

..........................................................


THE STANLEY ID CLIMATE NORMALS FOR TODAY
                         NORMAL    RECORD    YEAR
 MAXIMUM TEMPERATURE (F)   74        91      1924
 MINIMUM TEMPERATURE (F)   32        19      1980


SUNRISE AND SUNSET
AUGUST 27 2014........SUNRISE   657 AM MDT   SUNSET   824 PM MDT
AUGUST 28 2014........SUNRISE   658 AM MDT   SUNSET   823 PM MDT


-  INDICATES NEGATIVE NUMBERS.
R  INDICATES RECORD WAS SET OR TIED.
MM INDICATES DATA IS MISSING.
T  INDICATES TRACE AMOUNT.




$$
