000
CDUS45 KPIH 230732
CLISNT


CLIMATE REPORT
NATIONAL WEATHER SERVICE POCATELLO ID
132 AM MDT MON OCT 23 2017


...................................

...THE STANLEY ID CLIMATE SUMMARY FOR OCTOBER 22 2017...

CLIMATE NORMAL PERIOD 1981 TO 2010
CLIMATE RECORD PERIOD 1916 TO 2017


WEATHER ITEM   OBSERVED TIME   RECORD YEAR NORMAL DEPARTURE LAST
                VALUE   (LST)  VALUE       VALUE  FROM      YEAR
                                                  NORMAL
..................................................................
TEMPERATURE (F)
 YESTERDAY
  MAXIMUM         48    139 PM  75    2003  51     -3       58
  MINIMUM         33   1155 PM   7    2008  22     11       29
                                      1984
  AVERAGE         41                        36      5       44

PRECIPITATION (IN)
  YESTERDAY        0.20          0.88 1989   0.06   0.14     0.00
  MONTH TO DATE    1.39                      0.82   0.57     2.70
  SINCE OCT 1      1.39                      0.82   0.57     2.70
  SINCE JAN 1     21.44                     13.03   8.41    13.69

SNOWFALL (IN)
  YESTERDAY       MM
  MONTH TO DATE   MM
  SINCE SEP 1     MM
  SINCE JUL 1     MM
  SNOW DEPTH      MM

DEGREE DAYS
 HEATING
  YESTERDAY       24                        29     -5       21
  MONTH TO DATE  630                       544     86      552
  SINCE SEP 1   1063                      1065     -2     1010
  SINCE JUL 1   1278                      1585   -307     1488

 COOLING
  YESTERDAY        0                         0      0        0
  MONTH TO DATE    0                         0      0        0
  SINCE SEP 1      0                         0      0        0
  SINCE JAN 1     25                         3     22        4
..................................................................


WIND (MPH)
  HIGHEST WIND SPEED    15   HIGHEST WIND DIRECTION     S (170)
  HIGHEST GUST SPEED    27   HIGHEST GUST DIRECTION    NW (300)
  AVERAGE WIND SPEED     6.1


SKY COVER
  POSSIBLE SUNSHINE  MM
  AVERAGE SKY COVER 0.0


WEATHER CONDITIONS
 THE FOLLOWING WEATHER WAS RECORDED YESTERDAY.
  NO SIGNIFICANT WEATHER WAS OBSERVED.


RELATIVE HUMIDITY (PERCENT)
 HIGHEST    92          1200 AM
 LOWEST     65          1200 PM
 AVERAGE    79

..........................................................


THE STANLEY ID CLIMATE NORMALS FOR TODAY
                         NORMAL    RECORD    YEAR
 MAXIMUM TEMPERATURE (F)   50        68      2005
 MINIMUM TEMPERATURE (F)   22         3      1916


SUNRISE AND SUNSET
OCTOBER 23 2017.......SUNRISE   805 AM MDT   SUNSET   642 PM MDT
OCTOBER 24 2017.......SUNRISE   806 AM MDT   SUNSET   641 PM MDT


-  INDICATES NEGATIVE NUMBERS.
R  INDICATES RECORD WAS SET OR TIED.
MM INDICATES DATA IS MISSING.
T  INDICATES TRACE AMOUNT.




$$
