000
CDUS45 KPIH 290744
CLISNT


CLIMATE REPORT
NATIONAL WEATHER SERVICE POCATELLO ID
1234 AM MST THU JAN 29 2015


...................................

...THE STANLEY ID CLIMATE SUMMARY FOR JANUARY 28 2015...

CLIMATE NORMAL PERIOD 1981 TO 2010
CLIMATE RECORD PERIOD 1916 TO 2015


WEATHER ITEM   OBSERVED TIME   RECORD YEAR NORMAL DEPARTURE LAST
                VALUE   (LST)  VALUE       VALUE  FROM      YEAR
                                                  NORMAL
..................................................................
TEMPERATURE (F)
 YESTERDAY
  MAXIMUM         42    308 PM  46    1987  29     13       26
  MINIMUM         14   1153 PM -43    1980   1     13       -9
  AVERAGE         28                        15     13        9

PRECIPITATION (IN)
  YESTERDAY        0.01          0.71 2008   0.04  -0.03     0.00
  MONTH TO DATE    1.44                      1.40   0.04     1.20
  SINCE OCT 1      8.15                      6.25   1.90     4.81
  SINCE JAN 1      1.44                      1.40   0.04     1.20

SNOWFALL (IN)
  YESTERDAY       MM
  MONTH TO DATE   MM
  SINCE DEC 1     MM
  SINCE JUL 1     MM
  SNOW DEPTH      MM

DEGREE DAYS
 HEATING
  YESTERDAY       37                        50    -13       56
  MONTH TO DATE 1266                      1420   -154     1374
  SINCE DEC 1   2628                      2985   -357     3010
  SINCE JUL 1   5221                      6082   -861     5799

 COOLING
  YESTERDAY        0                         0      0        0
  MONTH TO DATE    0                         0      0        0
  SINCE DEC 1      0                         0      0        0
  SINCE JAN 1      0                         0      0        0
..................................................................


WIND (MPH)
  HIGHEST WIND SPEED     7   HIGHEST WIND DIRECTION    SE (130)
  HIGHEST GUST SPEED     9   HIGHEST GUST DIRECTION    SE (120)
  AVERAGE WIND SPEED     1.8


SKY COVER
  POSSIBLE SUNSHINE  MM
  AVERAGE SKY COVER 0.0


WEATHER CONDITIONS
 THE FOLLOWING WEATHER WAS RECORDED YESTERDAY.
  NO SIGNIFICANT WEATHER WAS OBSERVED.


RELATIVE HUMIDITY (PERCENT)
 HIGHEST    96          1200 AM
 LOWEST     60           300 PM
 AVERAGE    78

..........................................................


THE STANLEY ID CLIMATE NORMALS FOR TODAY
                         NORMAL    RECORD    YEAR
 MAXIMUM TEMPERATURE (F)   29        42      2011
                                             1986
 MINIMUM TEMPERATURE (F)    1       -44      1979


SUNRISE AND SUNSET
JANUARY 29 2015.......SUNRISE   801 AM MST   SUNSET   545 PM MST
JANUARY 30 2015.......SUNRISE   800 AM MST   SUNSET   547 PM MST


-  INDICATES NEGATIVE NUMBERS.
R  INDICATES RECORD WAS SET OR TIED.
MM INDICATES DATA IS MISSING.
T  INDICATES TRACE AMOUNT.




$$
