000
CDUS45 KPIH 282322
CLISNT


CLIMATE REPORT
NATIONAL WEATHER SERVICE POCATELLO ID
521 PM MDT SUN AUG 28 2016


...................................

...THE STANLEY ID CLIMATE SUMMARY FOR AUGUST 28 2016...
VALID TODAY AS OF 0500 PM LOCAL TIME.

CLIMATE NORMAL PERIOD 1981 TO 2010
CLIMATE RECORD PERIOD 1916 TO 2016


WEATHER ITEM   OBSERVED TIME   RECORD YEAR NORMAL DEPARTURE LAST
                VALUE   (LST)  VALUE       VALUE  FROM      YEAR
                                                  NORMAL
..................................................................
TEMPERATURE (F)
 TODAY
  MAXIMUM         79    355 PM  90    1922  74      5       84
  MINIMUM         32    626 AM  17    1980  32      0       34
  AVERAGE         56                        53      3       59

PRECIPITATION (IN)
  TODAY            0.00          0.33 1999   0.03  -0.03     0.00
  MONTH TO DATE    0.02                      0.59  -0.57     0.42
  SINCE OCT 1     17.15                     16.05   1.10    17.08
  SINCE JAN 1      9.58                     11.20  -1.62    10.37

SNOWFALL (IN)
  TODAY           MM
  MONTH TO DATE   MM
  SINCE JUN 1     MM
  SINCE JUL 1     MM
  SNOW DEPTH      MM

DEGREE DAYS
 HEATING
  TODAY            9                        12     -3        6
  MONTH TO DATE  231                       241    -10      173
  SINCE JUN 1    771                       936   -165      623
  SINCE JUL 1    467                       482    -15      389

 COOLING
  TODAY            0                         0      0        0
  MONTH TO DATE    0                         0      0        6
  SINCE JUN 1      3                         3      0       24
  SINCE JAN 1      3                         3      0       24
..................................................................


WIND (MPH)
  HIGHEST WIND SPEED    15   HIGHEST WIND DIRECTION    NW (320)
  HIGHEST GUST SPEED    21   HIGHEST GUST DIRECTION    NW (300)
  AVERAGE WIND SPEED     3.9


SKY COVER
  POSSIBLE SUNSHINE  MM
  AVERAGE SKY COVER 0.0


WEATHER CONDITIONS
 THE FOLLOWING WEATHER WAS RECORDED TODAY.
  NO SIGNIFICANT WEATHER WAS OBSERVED.


RELATIVE HUMIDITY (PERCENT)
 HIGHEST    70           700 AM
 LOWEST     17           200 PM
 AVERAGE    44

..........................................................


THE STANLEY ID CLIMATE NORMALS FOR TOMORROW
                         NORMAL    RECORD    YEAR
 MAXIMUM TEMPERATURE (F)   74        88      1998
 MINIMUM TEMPERATURE (F)   32        18      1928


SUNRISE AND SUNSET
AUGUST 28 2016........SUNRISE   659 AM MDT   SUNSET   822 PM MDT
AUGUST 29 2016........SUNRISE   700 AM MDT   SUNSET   820 PM MDT


-  INDICATES NEGATIVE NUMBERS.
R  INDICATES RECORD WAS SET OR TIED.
MM INDICATES DATA IS MISSING.
T  INDICATES TRACE AMOUNT.




$$
