000
CDUS45 KCYS 160731
CLISNY


CLIMATE REPORT
NATIONAL WEATHER SERVICE CHEYENNE WY
130 AM MDT WED APR 16 2014


...................................

...THE SIDNEY NE AIRPORT CLIMATE SUMMARY FOR APRIL 15 2014...

CLIMATE NORMAL PERIOD 1981 TO 2010
CLIMATE RECORD PERIOD 1948 TO 2014


WEATHER ITEM   OBSERVED TIME   RECORD YEAR NORMAL DEPARTURE LAST
                VALUE   (LST)  VALUE       VALUE  FROM      YEAR
                                                  NORMAL
..................................................................
TEMPERATURE (F)
 YESTERDAY
  MAXIMUM         67    422 PM  85    1985  62      5       33
  MINIMUM         23    525 AM  12    1951  33    -10       23
  AVERAGE         45                        47     -2       28

PRECIPITATION (IN)
  YESTERDAY        0.00          0.60 1977   0.07  -0.07     0.16
  MONTH TO DATE    0.20                      0.87  -0.67     1.55
  SINCE JAN 1      1.71                      2.49  -0.78     2.50

DEGREE DAYS
 HEATING
  YESTERDAY       20                        18      2       37
  MONTH TO DATE  307                       303      4      396
  SINCE MAR 1   1120                      1106     14     1273
  SINCE JUL 1   6109                      5688    421     6003

 COOLING
  YESTERDAY        0                         0      0        0
  MONTH TO DATE    0                         0      0        0
  SINCE MAR 1      0                         0      0        0
  SINCE JAN 1      0                         0      0        0
..................................................................


WIND (MPH)
  HIGHEST WIND SPEED    26   HIGHEST WIND DIRECTION    NW (300)
  HIGHEST GUST SPEED    32   HIGHEST GUST DIRECTION     W (270)
  AVERAGE WIND SPEED    13.0


SKY COVER
  AVERAGE SKY COVER 0.0


WEATHER CONDITIONS
 THE FOLLOWING WEATHER WAS RECORDED YESTERDAY.
  NO SIGNIFICANT WEATHER WAS OBSERVED.


RELATIVE HUMIDITY (PERCENT)
 HIGHEST    75           600 AM
 LOWEST     13           400 PM
 AVERAGE    44

..........................................................


THE SIDNEY NE AIRPORT CLIMATE NORMALS FOR TODAY
                         NORMAL    RECORD    YEAR
 MAXIMUM TEMPERATURE (F)   62        85      1985
 MINIMUM TEMPERATURE (F)   33        11      1951


SUNRISE AND SUNSET
APRIL 16 2014.........SUNRISE   611 AM MDT   SUNSET   733 PM MDT
APRIL 17 2014.........SUNRISE   610 AM MDT   SUNSET   734 PM MDT


-  INDICATES NEGATIVE NUMBERS.
R  INDICATES RECORD WAS SET OR TIED.
MM INDICATES DATA IS MISSING.
T  INDICATES TRACE AMOUNT.




$$
