000
CDUS45 KCYS 142137
CLISNY


CLIMATE REPORT
NATIONAL WEATHER SERVICE CHEYENNE WY
337 PM MDT SUN SEP 14 2014


...................................

...THE SIDNEY NE AIRPORT CLIMATE SUMMARY FOR SEPTEMBER 14 2014...
VALID AS OF 0300 PM LOCAL TIME.

CLIMATE NORMAL PERIOD 1981 TO 2010
CLIMATE RECORD PERIOD 1948 TO 2014


WEATHER ITEM   OBSERVED TIME   RECORD YEAR NORMAL DEPARTURE LAST
                VALUE   (LST)  VALUE       VALUE  FROM      YEAR
                                                  NORMAL
..................................................................
TEMPERATURE (F)
 TODAY
  MAXIMUM         79    216 PM  94    1955  80     -1       82
  MINIMUM         43    450 AM  27    1993  49     -6       57
  AVERAGE         61                        64     -3       70

PRECIPITATION (IN)
  TODAY            0.00          2.43 2013   0.04  -0.04     2.43
  MONTH TO DATE    0.67                      0.70  -0.03     3.92
  SINCE JAN 1     12.35                     15.86  -3.51    12.09

DEGREE DAYS
 HEATING
  TODAY            4                         3      1        0
  MONTH TO DATE   85                        27     58        5
  SINCE SEP 1     85                        27     58        5
  SINCE JUL 1     97                        38     59       14

 COOLING
  TODAY            0                         3     -3        5
  MONTH TO DATE   27                        60    -33      130
  SINCE SEP 1     27                        60    -33      130
  SINCE JAN 1    585                       802   -217      893
..................................................................


WIND (MPH)
  HIGHEST WIND SPEED    13   HIGHEST WIND DIRECTION     S (170)
  HIGHEST GUST SPEED    17   HIGHEST GUST DIRECTION     S (200)
  AVERAGE WIND SPEED     5.1


SKY COVER
  AVERAGE SKY COVER 0.5


WEATHER CONDITIONS
 THE FOLLOWING WEATHER WAS RECORDED TODAY.
  FOG
  FOG W/VISIBILITY <= 1/4 MILE


RELATIVE HUMIDITY (PERCENT)
 HIGHEST   100           800 AM
 LOWEST     36           200 PM
 AVERAGE    68

..........................................................


THE SIDNEY NE AIRPORT CLIMATE NORMALS FOR TOMORROW
                         NORMAL    RECORD    YEAR
 MAXIMUM TEMPERATURE (F)   79        94      1955
                                             1948
 MINIMUM TEMPERATURE (F)   48        28      1993


SUNRISE AND SUNSET
SEPTEMBER 14 2014.....SUNRISE   631 AM MDT   SUNSET   703 PM MDT
SEPTEMBER 15 2014.....SUNRISE   632 AM MDT   SUNSET   701 PM MDT


-  INDICATES NEGATIVE NUMBERS.
R  INDICATES RECORD WAS SET OR TIED.
MM INDICATES DATA IS MISSING.
T  INDICATES TRACE AMOUNT.




$$
