000
CDUS45 KCYS 010732
CLISNY


CLIMATE REPORT
NATIONAL WEATHER SERVICE CHEYENNE WY
1231 AM MST SUN FEB 1 2015


...................................

...THE SIDNEY NE AIRPORT CLIMATE SUMMARY FOR JANUARY 31 2015...

CLIMATE NORMAL PERIOD 1981 TO 2010
CLIMATE RECORD PERIOD 1948 TO 2015


WEATHER ITEM   OBSERVED TIME   RECORD YEAR NORMAL DEPARTURE LAST
                VALUE   (LST)  VALUE       VALUE  FROM      YEAR
                                                  NORMAL
..................................................................
TEMPERATURE (F)
 YESTERDAY
  MAXIMUM         34   1119 AM  65    1954  42     -8       21
  MINIMUM         20   1159 PM -23    1951  17      3       10
  AVERAGE         27                        30     -3       16

PRECIPITATION (IN)
  YESTERDAY        0.13          0.14 2014   0.01   0.12     0.14
  MONTH TO DATE    0.16                      0.20  -0.04     0.22
  SINCE JAN 1      0.16                      0.20  -0.04     0.22

DEGREE DAYS
 HEATING
  YESTERDAY       38                        35      3       49
  MONTH TO DATE 1116                      1113      3     1107
  SINCE DEC 1   2319                      2235     84     2249
  SINCE JUL 1   3809                      3657    152     3741

 COOLING
  YESTERDAY        0                         0      0        0
  MONTH TO DATE    0                         0      0        0
  SINCE DEC 1      0                         0      0        0
  SINCE JAN 1      0                         0      0        0
..................................................................


WIND (MPH)
  HIGHEST WIND SPEED    24   HIGHEST WIND DIRECTION     N (360)
  HIGHEST GUST SPEED    28   HIGHEST GUST DIRECTION     N (360)
  AVERAGE WIND SPEED     9.8


SKY COVER
  AVERAGE SKY COVER 0.9


WEATHER CONDITIONS
 THE FOLLOWING WEATHER WAS RECORDED YESTERDAY.
  LIGHT SNOW
  FOG


RELATIVE HUMIDITY (PERCENT)
 HIGHEST    92           100 AM
 LOWEST     75           400 AM
 AVERAGE    84

..........................................................


THE SIDNEY NE AIRPORT CLIMATE NORMALS FOR TODAY
                         NORMAL    RECORD    YEAR
 MAXIMUM TEMPERATURE (F)   43        75      2003
 MINIMUM TEMPERATURE (F)   17       -23      1951


SUNRISE AND SUNSET
FEBRUARY  1 2015......SUNRISE   703 AM MST   SUNSET   509 PM MST
FEBRUARY  2 2015......SUNRISE   702 AM MST   SUNSET   510 PM MST


-  INDICATES NEGATIVE NUMBERS.
R  INDICATES RECORD WAS SET OR TIED.
MM INDICATES DATA IS MISSING.
T  INDICATES TRACE AMOUNT.




$$
