000
CDUS45 KPUB 031141
CLISPD


CLIMATE REPORT
NATIONAL WEATHER SERVICE PUEBLO
440 AM MST TUE MAR 3 2015


...................................

...THE SPRINGFIELD CO CLIMATE SUMMARY FOR MARCH 2 2015...

CLIMATE NORMAL PERIOD 1981 TO 2010
CLIMATE RECORD PERIOD 9999 TO 9999


WEATHER ITEM   OBSERVED TIME   NORMAL DEPARTURE LAST
                VALUE   (LST)  VALUE  FROM      YEAR
                                      NORMAL
......................................................
TEMPERATURE (F)
 YESTERDAY
  MAXIMUM         46   1145 PM  54     -8        9
  MINIMUM         23    655 AM  24     -1       -6
  AVERAGE         35                             2

PRECIPITATION (IN)
  YESTERDAY        0.00          0.02  -0.02     0.03
  MONTH TO DATE    0.00          0.04  -0.04     0.07
  SINCE MAR 1      0.00          0.04  -0.04     0.07
  SINCE JAN 1      1.84          0.85   0.99     0.40

DEGREE DAYS
 HEATING
  YESTERDAY       30            26      4       63
  MONTH TO DATE   75            52     23      110
  SINCE MAR 1     75            52     23      110
  SINCE JUL 1   3979          4058    -79     4107

 COOLING
  YESTERDAY        0             0      0        0
  MONTH TO DATE    0             0      0        0
  SINCE MAR 1      0             0      0        0
  SINCE JAN 1      0             0      0        0
......................................................


WIND (MPH)
  HIGHEST WIND SPEED    33   HIGHEST WIND DIRECTION    SW (220)
  HIGHEST GUST SPEED    41   HIGHEST GUST DIRECTION    SW (230)
  AVERAGE WIND SPEED    20.6


SKY COVER
  POSSIBLE SUNSHINE  MM



RELATIVE HUMIDITY (PERCENT)
 HIGHEST    96           600 AM
 LOWEST     70          1100 PM
 AVERAGE    83

..........................................................


THE SPRINGFIELD CO CLIMATE NORMALS FOR TODAY
                         NORMAL    RECORD    YEAR
 MAXIMUM TEMPERATURE (F)   54        MM        MM
 MINIMUM TEMPERATURE (F)   24        MM        MM


SUNRISE AND SUNSET
MARCH  3 2015.........SUNRISE   619 AM MST   SUNSET   546 PM MST
MARCH  4 2015.........SUNRISE   618 AM MST   SUNSET   547 PM MST


-  INDICATES NEGATIVE NUMBERS.
R  INDICATES RECORD WAS SET OR TIED.
MM INDICATES DATA IS MISSING.
T  INDICATES TRACE AMOUNT.




$$
