000
CDUS45 KPUB 181146
CLISPD


CLIMATE REPORT
NATIONAL WEATHER SERVICE PUEBLO
446 AM MST THU DEC 18 2014


...................................

...THE SPRINGFIELD CO CLIMATE SUMMARY FOR DECEMBER 17 2014...

CLIMATE NORMAL PERIOD 1981 TO 2010
CLIMATE RECORD PERIOD 9999 TO 9999


WEATHER ITEM   OBSERVED TIME   NORMAL DEPARTURE LAST
                VALUE   (LST)  VALUE  FROM      YEAR
                                      NORMAL
......................................................
TEMPERATURE (F)
 YESTERDAY
  MAXIMUM         37   1251 PM  46     -9       57
  MINIMUM         22    646 AM  18      4       24
  AVERAGE         30                            41

PRECIPITATION (IN)
  YESTERDAY        0.00          0.02  -0.02     0.00
  MONTH TO DATE    0.55          0.32   0.23     0.00
  SINCE DEC 1      0.55          0.32   0.23     0.00
  SINCE JAN 1     13.91         17.36  -3.45    14.25

DEGREE DAYS
 HEATING
  YESTERDAY       35            33      2       24
  MONTH TO DATE  454           540    -86      595
  SINCE DEC 1    454           540    -86      595
  SINCE JUL 1   1586          1686   -100     1707

 COOLING
  YESTERDAY        0             0      0        0
  MONTH TO DATE    0             0      0        0
  SINCE DEC 1      0             0      0        0
  SINCE JAN 1   1042          1028     14     1358
......................................................


WIND (MPH)
  HIGHEST WIND SPEED    15   HIGHEST WIND DIRECTION     N (340)
  HIGHEST GUST SPEED    22   HIGHEST GUST DIRECTION     S (200)
  AVERAGE WIND SPEED     7.1


SKY COVER
  POSSIBLE SUNSHINE  MM



RELATIVE HUMIDITY (PERCENT)
 HIGHEST   100           700 PM
 LOWEST     64          1200 AM
 AVERAGE    82

..........................................................


THE SPRINGFIELD CO CLIMATE NORMALS FOR TODAY
                         NORMAL    RECORD    YEAR
 MAXIMUM TEMPERATURE (F)   45        MM        MM
 MINIMUM TEMPERATURE (F)   18        MM        MM


SUNRISE AND SUNSET
DECEMBER 18 2014......SUNRISE   659 AM MST   SUNSET   435 PM MST
DECEMBER 19 2014......SUNRISE   700 AM MST   SUNSET   436 PM MST


-  INDICATES NEGATIVE NUMBERS.
R  INDICATES RECORD WAS SET OR TIED.
MM INDICATES DATA IS MISSING.
T  INDICATES TRACE AMOUNT.




$$
