000
CDUS45 KPUB 311031
CLISPD


CLIMATE REPORT
NATIONAL WEATHER SERVICE PUEBLO
431 AM MDT FRI JUL 31 2015


...................................

...THE SPRINGFIELD CO CLIMATE SUMMARY FOR JULY 30 2015...

CLIMATE NORMAL PERIOD 1981 TO 2010
CLIMATE RECORD PERIOD 9999 TO 9999


WEATHER ITEM   OBSERVED TIME   NORMAL DEPARTURE LAST
                VALUE   (LST)  VALUE  FROM      YEAR
                                      NORMAL
......................................................
TEMPERATURE (F)
 YESTERDAY
  MAXIMUM         80   1101 AM  90    -10       65
  MINIMUM         62   1232 AM  62      0       55
  AVERAGE         71                            60

PRECIPITATION (IN)
  YESTERDAY        0.00          0.10  -0.10     0.11
  MONTH TO DATE    3.15          2.73   0.42     3.59
  SINCE JUN 1      4.01          5.23  -1.22     5.52
  SINCE JAN 1     11.58         10.80   0.78     9.41

DEGREE DAYS
 HEATING
  YESTERDAY        0             0      0        5
  MONTH TO DATE    0             0      0        6
  SINCE JUN 1      0            21    -21       28
  SINCE JUL 1      0             0      0        6

 COOLING
  YESTERDAY        6            11     -5        0
  MONTH TO DATE  324           339    -15      318
  SINCE JUN 1    571           547     24      537
  SINCE JAN 1    572           601    -29      595
......................................................


WIND (MPH)
  HIGHEST WIND SPEED    17   HIGHEST WIND DIRECTION    SE (120)
  HIGHEST GUST SPEED    20   HIGHEST GUST DIRECTION    SE (120)
  AVERAGE WIND SPEED     7.7


SKY COVER
  POSSIBLE SUNSHINE  MM



RELATIVE HUMIDITY (PERCENT)
 HIGHEST   100           100 AM
 LOWEST     42          1100 AM
 AVERAGE    71

..........................................................


THE SPRINGFIELD CO CLIMATE NORMALS FOR TODAY
                         NORMAL    RECORD    YEAR
 MAXIMUM TEMPERATURE (F)   90        MM        MM
 MINIMUM TEMPERATURE (F)   62        MM        MM


SUNRISE AND SUNSET
JULY 31 2015..........SUNRISE   554 AM MDT   SUNSET   759 PM MDT
AUGUST  1 2015........SUNRISE   555 AM MDT   SUNSET   758 PM MDT


-  INDICATES NEGATIVE NUMBERS.
R  INDICATES RECORD WAS SET OR TIED.
MM INDICATES DATA IS MISSING.
T  INDICATES TRACE AMOUNT.




$$
