000
CDUS45 KPUB 021023
CLISPD


CLIMATE REPORT
NATIONAL WEATHER SERVICE PUEBLO
423 AM MDT THU OCT 2 2014


...................................

...THE SPRINGFIELD CO CLIMATE SUMMARY FOR OCTOBER 1 2014...

CLIMATE NORMAL PERIOD 1981 TO 2010
CLIMATE RECORD PERIOD 9999 TO 9999


WEATHER ITEM   OBSERVED TIME   NORMAL DEPARTURE LAST
                VALUE   (LST)  VALUE  FROM      YEAR
                                      NORMAL
......................................................
TEMPERATURE (F)
 YESTERDAY
  MAXIMUM         78    311 PM  75      3       79
  MINIMUM         45    447 AM  45      0       51
  AVERAGE         62                            65

PRECIPITATION (IN)
  YESTERDAY        0.00          0.06  -0.06     0.00
  MONTH TO DATE    0.00          0.06  -0.06     0.00
  SINCE SEP 1      1.25          1.39  -0.14     3.50
  SINCE JAN 1     11.89         15.13  -3.24    13.24

DEGREE DAYS
 HEATING
  YESTERDAY        3             6     -3        0
  MONTH TO DATE    3             6     -3        0
  SINCE SEP 1     66            89    -23       27
  SINCE JUL 1     72            96    -24       28

 COOLING
  YESTERDAY        0             1     -1        0
  MONTH TO DATE    0             1     -1        0
  SINCE SEP 1    125           117      8      192
  SINCE JAN 1   1040          1018     22     1356
......................................................


WIND (MPH)
  HIGHEST WIND SPEED    25   HIGHEST WIND DIRECTION     N (340)
  HIGHEST GUST SPEED    33   HIGHEST GUST DIRECTION    NW (320)
  AVERAGE WIND SPEED    11.1


SKY COVER
  POSSIBLE SUNSHINE  MM



RELATIVE HUMIDITY (PERCENT)
 HIGHEST    77          1200 AM
 LOWEST     21           300 PM
 AVERAGE    49

..........................................................


THE SPRINGFIELD CO CLIMATE NORMALS FOR TODAY
                         NORMAL    RECORD    YEAR
 MAXIMUM TEMPERATURE (F)   74        MM        MM
 MINIMUM TEMPERATURE (F)   44        MM        MM


SUNRISE AND SUNSET
OCTOBER  2 2014.......SUNRISE   647 AM MDT   SUNSET   632 PM MDT
OCTOBER  3 2014.......SUNRISE   648 AM MDT   SUNSET   631 PM MDT


-  INDICATES NEGATIVE NUMBERS.
R  INDICATES RECORD WAS SET OR TIED.
MM INDICATES DATA IS MISSING.
T  INDICATES TRACE AMOUNT.




$$
