000
CDUS43 KILX 010640
CLISPI


CLIMATE REPORT
NATIONAL WEATHER SERVICE LINCOLN IL
1240 AM CST SUN FEB 1 2015


...................................

...THE SPRINGFIELD IL CLIMATE SUMMARY FOR JANUARY 31 2015...

CLIMATE NORMAL PERIOD 1981 TO 2010
CLIMATE RECORD PERIOD 1879 TO 2015


WEATHER ITEM   OBSERVED TIME   RECORD YEAR NORMAL DEPARTURE LAST
                VALUE   (LST)  VALUE       VALUE  FROM      YEAR
                                                  NORMAL
..................................................................
TEMPERATURE (F)
 YESTERDAY
  MAXIMUM         39    230 PM  69    1989  36      3       28
  MINIMUM         25    136 AM -14    2004  19      6       21
                                      1996
  AVERAGE         32                        28      4       25

PRECIPITATION (IN)
  YESTERDAY        0.21          0.88 2002   0.06   0.15     0.13
  MONTH TO DATE    1.40                      1.82  -0.42     2.24
  SINCE DEC 1      3.35                      4.34  -0.99     3.84
  SINCE JAN 1      1.40                      1.82  -0.42     2.24

SNOWFALL (IN)
  YESTERDAY        0.0           7.0  1914   0.2   -0.2      1.5
  MONTH TO DATE    3.4                       6.4   -3.0     17.4
  SINCE DEC 1      3.9                      12.0   -8.1     25.6
  SINCE JUL 1      7.6                      12.6   -5.0     26.3
  SNOW DEPTH       0

DEGREE DAYS
 HEATING
  YESTERDAY       33                        37     -4       40
  MONTH TO DATE 1157                      1184    -27     1350
  SINCE DEC 1   2093                      2258   -165     2514
  SINCE JUL 1   3329                      3326      3     3696

 COOLING
  YESTERDAY        0                         0      0        0
  MONTH TO DATE    0                         0      0        0
  SINCE DEC 1      0                         0      0        0
  SINCE JAN 1      0                         0      0        0
..................................................................


WIND (MPH)
  HIGHEST WIND SPEED    13   HIGHEST WIND DIRECTION     E (70)
  HIGHEST GUST SPEED    15   HIGHEST GUST DIRECTION     E (80)
  AVERAGE WIND SPEED     6.9


SKY COVER
  POSSIBLE SUNSHINE  MM
  AVERAGE SKY COVER 0.6


WEATHER CONDITIONS
 THE FOLLOWING WEATHER WAS RECORDED YESTERDAY.
  LIGHT RAIN
  FOG


RELATIVE HUMIDITY (PERCENT)
 HIGHEST    92           500 PM
 LOWEST     59          1100 AM
 AVERAGE    76

..........................................................


THE SPRINGFIELD IL CLIMATE NORMALS FOR TODAY
                         NORMAL    RECORD    YEAR
 MAXIMUM TEMPERATURE (F)   36        67      1911
 MINIMUM TEMPERATURE (F)   19       -13      1951


SUNRISE AND SUNSET
FEBRUARY  1 2015......SUNRISE   707 AM CST   SUNSET   518 PM CST
FEBRUARY  2 2015......SUNRISE   706 AM CST   SUNSET   519 PM CST


-  INDICATES NEGATIVE NUMBERS.
R  INDICATES RECORD WAS SET OR TIED.
MM INDICATES DATA IS MISSING.
T  INDICATES TRACE AMOUNT.




$$
