000
CDUS43 KILX 240628
CLISPI


CLIMATE REPORT
NATIONAL WEATHER SERVICE LINCOLN IL
127 AM CDT FRI OCT 24 2014


...................................

...THE SPRINGFIELD IL CLIMATE SUMMARY FOR OCTOBER 23 2014...

CLIMATE NORMAL PERIOD 1981 TO 2010
CLIMATE RECORD PERIOD 1879 TO 2014


WEATHER ITEM   OBSERVED TIME   RECORD YEAR NORMAL DEPARTURE LAST
                VALUE   (LST)  VALUE       VALUE  FROM      YEAR
                                                  NORMAL
..................................................................
TEMPERATURE (F)
 YESTERDAY
  MAXIMUM         63    250 PM  85    1963  64     -1       48
  MINIMUM         36    301 AM  24    1981  42     -6       32
  AVERAGE         50                        53     -3       40

PRECIPITATION (IN)
  YESTERDAY        0.00          1.54 1951   0.10  -0.10     0.00
  MONTH TO DATE    3.72                      2.32   1.40     1.33
  SINCE SEP 1      8.90                      5.22   3.68     2.58
  SINCE JAN 1     41.23                     30.87  10.36    33.25

SNOWFALL (IN)
  YESTERDAY        0.0           1.7  1929   0.0    0.0      0.0
  MONTH TO DATE    0.0                       0.0    0.0      0.0
  SINCE SEP 1      0.0                       0.0    0.0      0.0
  SINCE JUL 1      0.0                       0.0    0.0      0.0
  SNOW DEPTH       0

DEGREE DAYS
 HEATING
  YESTERDAY       15                        12      3       25
  MONTH TO DATE  214                       217     -3      211
  SINCE SEP 1    291                       293     -2      250
  SINCE JUL 1    294                       298     -4      261

 COOLING
  YESTERDAY        0                         0      0        0
  MONTH TO DATE    6                        19    -13       45
  SINCE SEP 1    122                       148    -26      205
  SINCE JAN 1   1155                      1118     37     1145
..................................................................


WIND (MPH)
  HIGHEST WIND SPEED    12   HIGHEST WIND DIRECTION     S (180)
  HIGHEST GUST SPEED    17   HIGHEST GUST DIRECTION     S (190)
  AVERAGE WIND SPEED     6.2


SKY COVER
  POSSIBLE SUNSHINE  MM
  AVERAGE SKY COVER 0.3


WEATHER CONDITIONS
 THE FOLLOWING WEATHER WAS RECORDED YESTERDAY.
  NO SIGNIFICANT WEATHER WAS OBSERVED.


RELATIVE HUMIDITY (PERCENT)
 HIGHEST    92           300 AM
 LOWEST     48           200 PM
 AVERAGE    70

..........................................................


THE SPRINGFIELD IL CLIMATE NORMALS FOR TODAY
                         NORMAL    RECORD    YEAR
 MAXIMUM TEMPERATURE (F)   63        83      1963
 MINIMUM TEMPERATURE (F)   42        23      1999
                                             1981


SUNRISE AND SUNSET
OCTOBER 24 2014.......SUNRISE   719 AM CDT   SUNSET   607 PM CDT
OCTOBER 25 2014.......SUNRISE   720 AM CDT   SUNSET   605 PM CDT


-  INDICATES NEGATIVE NUMBERS.
R  INDICATES RECORD WAS SET OR TIED.
MM INDICATES DATA IS MISSING.
T  INDICATES TRACE AMOUNT.




$$
