000
CDUS43 KILX 112313
CLISPI


CLIMATE REPORT
NATIONAL WEATHER SERVICE LINCOLN IL
512 PM CST THU FEB 11 2016


...................................

...THE SPRINGFIELD IL CLIMATE SUMMARY FOR FEBRUARY 11 2016...
VALID TODAY AS OF 0400 PM LOCAL TIME.

CLIMATE NORMAL PERIOD 1981 TO 2010
CLIMATE RECORD PERIOD 1879 TO 2016


WEATHER ITEM   OBSERVED TIME   RECORD YEAR NORMAL DEPARTURE LAST
                VALUE   (LST)  VALUE       VALUE  FROM      YEAR
                                                  NORMAL
..................................................................
TEMPERATURE (F)
 TODAY
  MAXIMUM         28    333 PM  69    1999  38    -10       38
  MINIMUM         11    704 AM -13    2014  21    -10       24
  AVERAGE         20                        30    -10       31

PRECIPITATION (IN)
  TODAY            0.00          0.81 1998   0.06  -0.06     0.00
  MONTH TO DATE    0.55                      0.64  -0.09     0.47
  SINCE DEC 1      8.20                      4.98   3.22     3.82
  SINCE JAN 1      1.64                      2.46  -0.82     1.87

SNOWFALL (IN)
  TODAY            0.0           4.5  1975   0.2   -0.2      0.0
  MONTH TO DATE    1.5                       2.4   -0.9      3.0
  SINCE DEC 1      8.3                      14.4   -6.1      6.9
  SINCE JUL 1      8.8                      15.0   -6.2     10.6
  SNOW DEPTH       1

DEGREE DAYS
 HEATING
  TODAY           45                        35     10       34
  MONTH TO DATE  372                       399    -27      397
  SINCE DEC 1   2177                      2657   -480     2490
  SINCE JUL 1   2947                      3725   -778     3726

 COOLING
  TODAY            0                         0      0        0
  MONTH TO DATE    0                         0      0        0
  SINCE DEC 1      0                         0      0        0
  SINCE JAN 1      0                         0      0        0
..................................................................


WIND (MPH)
  HIGHEST WIND SPEED    12   HIGHEST WIND DIRECTION     N (20)
  HIGHEST GUST SPEED    14   HIGHEST GUST DIRECTION     N (20)
  AVERAGE WIND SPEED     5.6


SKY COVER
  POSSIBLE SUNSHINE  MM
  AVERAGE SKY COVER 0.3


WEATHER CONDITIONS
 THE FOLLOWING WEATHER WAS RECORDED TODAY.
  NO SIGNIFICANT WEATHER WAS OBSERVED.


RELATIVE HUMIDITY (PERCENT)
 HIGHEST    77          1200 AM
 LOWEST     42           100 PM
 AVERAGE    60

..........................................................


THE SPRINGFIELD IL CLIMATE NORMALS FOR TOMORROW
                         NORMAL    RECORD    YEAR
 MAXIMUM TEMPERATURE (F)   39        73      1938
 MINIMUM TEMPERATURE (F)   22       -19      1899


SUNRISE AND SUNSET
FEBRUARY 11 2016......SUNRISE   657 AM CST   SUNSET   530 PM CST
FEBRUARY 12 2016......SUNRISE   656 AM CST   SUNSET   531 PM CST


-  INDICATES NEGATIVE NUMBERS.
R  INDICATES RECORD WAS SET OR TIED.
MM INDICATES DATA IS MISSING.
T  INDICATES TRACE AMOUNT.




$$
