000
CDUS43 KILX 230636
CLISPI


CLIMATE REPORT
NATIONAL WEATHER SERVICE LINCOLN IL
135 AM CDT SUN APR 23 2017


...................................

...THE SPRINGFIELD IL CLIMATE SUMMARY FOR APRIL 22 2017...

CLIMATE NORMAL PERIOD 1981 TO 2010
CLIMATE RECORD PERIOD 1879 TO 2017


WEATHER ITEM   OBSERVED TIME   RECORD YEAR NORMAL DEPARTURE LAST
                VALUE   (LST)  VALUE       VALUE  FROM      YEAR
                                                  NORMAL
..................................................................
TEMPERATURE (F)
 YESTERDAY
  MAXIMUM         66    145 PM  89    1925  67     -1       72
  MINIMUM         44   1159 PM  30    1986  45     -1       51
                                      1959
  AVERAGE         55                        56     -1       62

PRECIPITATION (IN)
  YESTERDAY        0.00          1.94 1944   0.12  -0.12     0.00
  MONTH TO DATE    2.79                      2.47   0.32     1.52
  SINCE MAR 1      7.05                      5.10   1.95     7.11
  SINCE JAN 1      8.52                      8.73  -0.21     9.44

SNOWFALL (IN)
  YESTERDAY        0.0           T    1893   0.0    0.0      0.0
  MONTH TO DATE    0.0                       0.3   -0.3      0.0
  SINCE MAR 1      4.6                       2.8    1.8      0.1
  SINCE JUL 1     10.3                      20.9  -10.6     15.7
  SNOW DEPTH       0

DEGREE DAYS
 HEATING
  YESTERDAY       10                        10      0        3
  MONTH TO DATE  149                       297   -148      269
  SINCE MAR 1    746                      1008   -262      733
  SINCE JUL 1   4001                      5279  -1278     4159

 COOLING
  YESTERDAY        0                         1     -1        0
  MONTH TO DATE   33                        11     22        8
  SINCE MAR 1     33                        13     20        8
  SINCE JAN 1     33                        13     20        8
..................................................................


WIND (MPH)
  HIGHEST WIND SPEED    25   HIGHEST WIND DIRECTION    NE (50)
  HIGHEST GUST SPEED    34   HIGHEST GUST DIRECTION    NE (60)
  AVERAGE WIND SPEED    14.2


SKY COVER
  POSSIBLE SUNSHINE  MM
  AVERAGE SKY COVER 0.0


WEATHER CONDITIONS
 THE FOLLOWING WEATHER WAS RECORDED YESTERDAY.
  NO SIGNIFICANT WEATHER WAS OBSERVED.


RELATIVE HUMIDITY (PERCENT)
 HIGHEST    70           400 AM
 LOWEST     31           400 PM
 AVERAGE    51

..........................................................


THE SPRINGFIELD IL CLIMATE NORMALS FOR TODAY
                         NORMAL    RECORD    YEAR
 MAXIMUM TEMPERATURE (F)   68        89      1925
 MINIMUM TEMPERATURE (F)   45        23      1956


SUNRISE AND SUNSET
APRIL 23 2017.........SUNRISE   609 AM CDT   SUNSET   745 PM CDT
APRIL 24 2017.........SUNRISE   608 AM CDT   SUNSET   746 PM CDT


-  INDICATES NEGATIVE NUMBERS.
R  INDICATES RECORD WAS SET OR TIED.
MM INDICATES DATA IS MISSING.
T  INDICATES TRACE AMOUNT.




$$
