000
CDUS43 KILX 240629
CLISPI


CLIMATE REPORT
NATIONAL WEATHER SERVICE LINCOLN IL
129 AM CDT WED AUG 24 2016


...................................

...THE SPRINGFIELD IL CLIMATE SUMMARY FOR AUGUST 23 2016...

CLIMATE NORMAL PERIOD 1981 TO 2010
CLIMATE RECORD PERIOD 1879 TO 2016


WEATHER ITEM   OBSERVED TIME   RECORD YEAR NORMAL DEPARTURE LAST
                VALUE   (LST)  VALUE       VALUE  FROM      YEAR
                                                  NORMAL
..................................................................
TEMPERATURE (F)
 YESTERDAY
  MAXIMUM         82    104 PM 101    1936  85     -3       78
  MINIMUM         62    547 AM  48    1890  63     -1       58
                                      1888
  AVERAGE         72                        74     -2       68

PRECIPITATION (IN)
  YESTERDAY        T             1.44 2002   0.10  -0.10     0.03
  MONTH TO DATE    8.14                      2.42   5.72     1.54
  SINCE JUN 1     19.58                     10.82   8.76    14.84
  SINCE JAN 1     33.17                     24.83   8.34    27.75

SNOWFALL (IN)
  YESTERDAY        0.0           0.0    MM   0.0    0.0      0.0
  MONTH TO DATE    0.0                       0.0    0.0      0.0
  SINCE JUN 1      0.0                       0.0    0.0      0.0
  SINCE JUL 1      0.0                       0.0    0.0      0.0
  SNOW DEPTH       0

DEGREE DAYS
 HEATING
  YESTERDAY        0                         0      0        0
  MONTH TO DATE    0                         0      0        0
  SINCE JUN 1      1                        16    -15        7
  SINCE JUL 1      1                         1      0        4

 COOLING
  YESTERDAY        7                         9     -2        3
  MONTH TO DATE  279                       224     55      224
  SINCE JUN 1   1039                       799    240      886
  SINCE JAN 1   1164                       903    261     1052
..................................................................


WIND (MPH)
  HIGHEST WIND SPEED    21   HIGHEST WIND DIRECTION     S (180)
  HIGHEST GUST SPEED    26   HIGHEST GUST DIRECTION     S (160)
  AVERAGE WIND SPEED     9.7


SKY COVER
  POSSIBLE SUNSHINE  MM
  AVERAGE SKY COVER 0.3


WEATHER CONDITIONS
 THE FOLLOWING WEATHER WAS RECORDED YESTERDAY.
  LIGHT RAIN


RELATIVE HUMIDITY (PERCENT)
 HIGHEST    93           400 AM
 LOWEST     58          1100 AM
 AVERAGE    76

..........................................................


THE SPRINGFIELD IL CLIMATE NORMALS FOR TODAY
                         NORMAL    RECORD    YEAR
 MAXIMUM TEMPERATURE (F)   85       101      1947
                                             1936
 MINIMUM TEMPERATURE (F)   63        49      1966
                                             1952
                                             1887


SUNRISE AND SUNSET
AUGUST 24 2016........SUNRISE   620 AM CDT   SUNSET   742 PM CDT
AUGUST 25 2016........SUNRISE   621 AM CDT   SUNSET   740 PM CDT


-  INDICATES NEGATIVE NUMBERS.
R  INDICATES RECORD WAS SET OR TIED.
MM INDICATES DATA IS MISSING.
T  INDICATES TRACE AMOUNT.




$$
