000
CDUS43 KILX 242239
CLISPI


CLIMATE REPORT
NATIONAL WEATHER SERVICE LINCOLN IL
429 PM CST SAT FEB 24 2018


...................................

...THE SPRINGFIELD IL CLIMATE SUMMARY FOR FEBRUARY 24 2018...
VALID TODAY AS OF 0400 PM LOCAL TIME.

CLIMATE NORMAL PERIOD 1981 TO 2010
CLIMATE RECORD PERIOD 1879 TO 2018


WEATHER ITEM   OBSERVED TIME   RECORD YEAR NORMAL DEPARTURE LAST
                VALUE   (LST)  VALUE       VALUE  FROM      YEAR
                                                  NORMAL
..................................................................
TEMPERATURE (F)
 TODAY
  MAXIMUM         49    359 PM  78    1930  43      6       64
  MINIMUM         37    608 AM  -8    2015  25     12       33
  AVERAGE         43                        34      9       49

PRECIPITATION (IN)
  TODAY            0.40          1.93 2001   0.08   0.32     0.01
  MONTH TO DATE    3.85                      1.51   2.34     0.33
  SINCE DEC 1      4.75                      5.85  -1.10     2.26
  SINCE JAN 1      4.38                      3.33   1.05     1.35

SNOWFALL (IN)
  TODAY            0.0           8.2  1965   0.2   -0.2       T
  MONTH TO DATE    1.3                       4.9   -3.6      2.1
  SINCE DEC 1      7.0                      16.9   -9.9      5.7
  SINCE JUL 1      7.0                      17.5  -10.5      5.7
  SNOW DEPTH       0

DEGREE DAYS
 HEATING
  TODAY           22                        31     -9       16
  MONTH TO DATE  799                       827    -28      524
  SINCE DEC 1   3050                      3085    -35     2519
  SINCE JUL 1   3915                      4153   -238     3170

 COOLING
  TODAY            0                         0      0        0
  MONTH TO DATE    0                         0      0        0
  SINCE DEC 1      0                         0      0        0
  SINCE JAN 1      0                         0      0        0
..................................................................


WIND (MPH)
  HIGHEST WIND SPEED    18   HIGHEST WIND DIRECTION    SE (130)
  HIGHEST GUST SPEED    21   HIGHEST GUST DIRECTION     E (110)
  AVERAGE WIND SPEED    10.9


SKY COVER
  POSSIBLE SUNSHINE  MM
  AVERAGE SKY COVER 1.0


WEATHER CONDITIONS
 THE FOLLOWING WEATHER WAS RECORDED TODAY.
  RAIN
  LIGHT RAIN
  FOG
  FOG W/VISIBILITY <= 1/4 MILE


RELATIVE HUMIDITY (PERCENT)
 HIGHEST   100          1000 AM
 LOWEST     85          1200 AM
 AVERAGE    93

..........................................................


THE SPRINGFIELD IL CLIMATE NORMALS FOR TOMORROW
                         NORMAL    RECORD    YEAR
 MAXIMUM TEMPERATURE (F)   44        72      2000
 MINIMUM TEMPERATURE (F)   26        -4      1963


SUNRISE AND SUNSET
FEBRUARY 24 2018......SUNRISE   639 AM CST   SUNSET   545 PM CST
FEBRUARY 25 2018......SUNRISE   638 AM CST   SUNSET   546 PM CST


-  INDICATES NEGATIVE NUMBERS.
R  INDICATES RECORD WAS SET OR TIED.
MM INDICATES DATA IS MISSING.
T  INDICATES TRACE AMOUNT.




$$
