000
CDUS43 KILX 220638
CLISPI


CLIMATE REPORT
NATIONAL WEATHER SERVICE LINCOLN IL
137 AM CDT WED OCT 22 2014


...................................

...THE SPRINGFIELD IL CLIMATE SUMMARY FOR OCTOBER 21 2014...

CLIMATE NORMAL PERIOD 1981 TO 2010
CLIMATE RECORD PERIOD 1879 TO 2014


WEATHER ITEM   OBSERVED TIME   RECORD YEAR NORMAL DEPARTURE LAST
                VALUE   (LST)  VALUE       VALUE  FROM      YEAR
                                                  NORMAL
..................................................................
TEMPERATURE (F)
 YESTERDAY
  MAXIMUM         63    238 PM  89    1979  64     -1       56
  MINIMUM         39    604 AM  25    1930  43     -4       29
  AVERAGE         51                        54     -3       43

PRECIPITATION (IN)
  YESTERDAY        0.00          1.99 1983   0.11  -0.11     0.00
  MONTH TO DATE    3.72                      2.11   1.61     1.24
  SINCE SEP 1      8.90                      5.01   3.89     2.49
  SINCE JAN 1     41.23                     30.66  10.57    33.16

SNOWFALL (IN)
  YESTERDAY        0.0           T    1937   0.0    0.0      0.0
                                      1916
  MONTH TO DATE    0.0                       0.0    0.0      0.0
  SINCE SEP 1      0.0                       0.0    0.0      0.0
  SINCE JUL 1      0.0                       0.0    0.0      0.0
  SNOW DEPTH       0

DEGREE DAYS
 HEATING
  YESTERDAY       14                        12      2       22
  MONTH TO DATE  183                       193    -10      159
  SINCE SEP 1    260                       269     -9      198
  SINCE JUL 1    263                       274    -11      209

 COOLING
  YESTERDAY        0                         0      0        0
  MONTH TO DATE    6                        19    -13       45
  SINCE SEP 1    122                       148    -26      205
  SINCE JAN 1   1155                      1118     37     1145
..................................................................


WIND (MPH)
  HIGHEST WIND SPEED    16   HIGHEST WIND DIRECTION     N (20)
  HIGHEST GUST SPEED    23   HIGHEST GUST DIRECTION    NE (40)
  AVERAGE WIND SPEED     6.7


SKY COVER
  POSSIBLE SUNSHINE  MM
  AVERAGE SKY COVER 0.0


WEATHER CONDITIONS
 THE FOLLOWING WEATHER WAS RECORDED YESTERDAY.
  FOG


RELATIVE HUMIDITY (PERCENT)
 HIGHEST    93           500 AM
 LOWEST     43           200 PM
 AVERAGE    68

..........................................................


THE SPRINGFIELD IL CLIMATE NORMALS FOR TODAY
                         NORMAL    RECORD    YEAR
 MAXIMUM TEMPERATURE (F)   64        85      1963
                                             1947
 MINIMUM TEMPERATURE (F)   42        23      1997
                                             1976


SUNRISE AND SUNSET
OCTOBER 22 2014.......SUNRISE   716 AM CDT   SUNSET   609 PM CDT
OCTOBER 23 2014.......SUNRISE   718 AM CDT   SUNSET   608 PM CDT


-  INDICATES NEGATIVE NUMBERS.
R  INDICATES RECORD WAS SET OR TIED.
MM INDICATES DATA IS MISSING.
T  INDICATES TRACE AMOUNT.




$$
