000
CDUS44 KOUN 120628
CLISPS

CLIMATE REPORT
NATIONAL WEATHER SERVICE NORMAN OK
126 AM CDT SAT JUL 12 2014


...................................

...THE WICHITA FALLS CLIMATE SUMMARY FOR JULY 11 2014...

CLIMATE NORMAL PERIOD 1981 TO 2010
CLIMATE RECORD PERIOD 1897 TO 2014


WEATHER ITEM   OBSERVED TIME   RECORD YEAR NORMAL DEPARTURE LAST
                VALUE   (LST)  VALUE       VALUE  FROM      YEAR
                                                  NORMAL
..................................................................
TEMPERATURE (F)
 YESTERDAY
  MAXIMUM         96    429 PM 110    1933  97     -1      105
  MINIMUM         71    518 AM  62    1999  72     -1       77
  AVERAGE         84                        84      0       91

PRECIPITATION (IN)
  YESTERDAY        0.00          0.70 1990   0.05  -0.05     0.00
  MONTH TO DATE    2.13                      0.64   1.49     0.00
  SINCE JAN 1     10.37                     16.28  -5.91    10.12

DEGREE DAYS
 COOLING
  YESTERDAY       19                        19      0       26
  MONTH TO DATE  192                       203    -11      213
  SINCE JAN 1   1082                       958    124     1100
..................................................................


WIND (MPH)
  HIGHEST WIND SPEED    24   HIGHEST WIND DIRECTION     S (180)
  HIGHEST GUST SPEED    32   HIGHEST GUST DIRECTION    SE (150)
  AVERAGE WIND SPEED    14.8


SKY COVER
  AVERAGE SKY COVER 0.1


WEATHER CONDITIONS
 THE FOLLOWING WEATHER WAS RECORDED YESTERDAY.
  NO SIGNIFICANT WEATHER WAS OBSERVED.


RELATIVE HUMIDITY (PERCENT)
 HIGHEST    73           500 AM
 LOWEST     28           600 PM
 AVERAGE    51

..........................................................


THE WICHITA FALLS CLIMATE NORMALS FOR TODAY
                         NORMAL    RECORD    YEAR
 MAXIMUM TEMPERATURE (F)   97       109      1969
 MINIMUM TEMPERATURE (F)   72        64      1953


SUNRISE AND SUNSET
JULY 12 2014..........SUNRISE   632 AM CDT   SUNSET   847 PM CDT
JULY 13 2014..........SUNRISE   633 AM CDT   SUNSET   846 PM CDT


-  INDICATES NEGATIVE NUMBERS.
R  INDICATES RECORD WAS SET OR TIED.
MM INDICATES DATA IS MISSING.
T  INDICATES TRACE AMOUNT.




$$
