000
CDUS44 KOUN 170636 RRA
CLISPS

CLIMATE REPORT
NATIONAL WEATHER SERVICE NORMAN OK
1234 AM CST WED DEC 17 2014


...................................

...THE WICHITA FALLS CLIMATE SUMMARY FOR DECEMBER 16 2014...

CLIMATE NORMAL PERIOD 1981 TO 2010
CLIMATE RECORD PERIOD 1897 TO 2014


WEATHER ITEM   OBSERVED TIME   RECORD YEAR NORMAL DEPARTURE LAST
                VALUE   (LST)  VALUE       VALUE  FROM      YEAR
                                                  NORMAL
..................................................................
TEMPERATURE (F)
 YESTERDAY
  MAXIMUM         51    227 PM  79    2006  54     -3       66
  MINIMUM         32    752 AM  11    1989  30      2       32
  AVERAGE         42                        42      0       49

PRECIPITATION (IN)
  YESTERDAY        0.00          1.00 1898   0.05  -0.05     0.00
  MONTH TO DATE    0.13                      0.88  -0.75     0.39
  SINCE JAN 1     22.95                     28.18  -5.23    20.43

SNOWFALL (IN)
  YESTERDAY        0.0                       0.0    0.0      0.0
  MONTH TO DATE    0.0                       0.4   -0.4      0.5
  SINCE JUL 1      0.3                       0.7   -0.4      0.7
  SNOW DEPTH       0

DEGREE DAYS
 HEATING
  YESTERDAY       23                        23      0       16
  MONTH TO DATE  238                       338   -100      451
  SINCE JUL 1    750                       845    -95     1009
..................................................................


WIND (MPH)
  HIGHEST WIND SPEED    24   HIGHEST WIND DIRECTION     N (340)
  HIGHEST GUST SPEED    29   HIGHEST GUST DIRECTION     N (340)
  AVERAGE WIND SPEED     7.4


SKY COVER
  AVERAGE SKY COVER 0.3


WEATHER CONDITIONS
 THE FOLLOWING WEATHER WAS RECORDED YESTERDAY.
  NO SIGNIFICANT WEATHER WAS OBSERVED.


RELATIVE HUMIDITY (PERCENT)
 HIGHEST    79          1100 PM
 LOWEST     42           400 PM
 AVERAGE    61

..........................................................


THE WICHITA FALLS CLIMATE NORMALS FOR TODAY
                         NORMAL    RECORD    YEAR
 MAXIMUM TEMPERATURE (F)   54        79      2002
 MINIMUM TEMPERATURE (F)   30        14      1979
                                             1964
                                             1932


SUNRISE AND SUNSET
DECEMBER 17 2014......SUNRISE   733 AM CST   SUNSET   527 PM CST
DECEMBER 18 2014......SUNRISE   734 AM CST   SUNSET   527 PM CST


-  INDICATES NEGATIVE NUMBERS.
R  INDICATES RECORD WAS SET OR TIED.
MM INDICATES DATA IS MISSING.
T  INDICATES TRACE AMOUNT.




$$
