000
CDUS44 KOUN 050631
CLISPS

CLIMATE REPORT
NATIONAL WEATHER SERVICE NORMAN OK
131 AM CDT SAT SEP 5 2015


...................................

...THE WICHITA FALLS CLIMATE SUMMARY FOR SEPTEMBER 4 2015...

CLIMATE NORMAL PERIOD 1981 TO 2010
CLIMATE RECORD PERIOD 1897 TO 2015


WEATHER ITEM   OBSERVED TIME   RECORD YEAR NORMAL DEPARTURE LAST
                VALUE   (LST)  VALUE       VALUE  FROM      YEAR
                                                  NORMAL
..................................................................
TEMPERATURE (F)
 YESTERDAY
  MAXIMUM         97    405 PM 111    2000  92      5       98
  MINIMUM         69    603 AM  49    1974  68      1       75
  AVERAGE         83                        80      3       87

PRECIPITATION (IN)
  YESTERDAY        0.00          2.30 1986   0.10  -0.10     0.00
  MONTH TO DATE    0.00                      0.40  -0.40     0.00
  SINCE JAN 1     33.58                     20.13  13.45    15.81

DEGREE DAYS
 HEATING
  YESTERDAY        0                         0      0        0
  MONTH TO DATE    0                         0      0        0
  SINCE JUL 1      0                         0      0        0

 COOLING
  YESTERDAY       18                        15      3       22
  MONTH TO DATE   72                        62     10       93
  SINCE JAN 1   1957                      2007    -50     2087
..................................................................


WIND (MPH)
  HIGHEST WIND SPEED    17   HIGHEST WIND DIRECTION    SE (130)
  HIGHEST GUST SPEED    23   HIGHEST GUST DIRECTION     S (160)
  AVERAGE WIND SPEED    10.0


SKY COVER
  AVERAGE SKY COVER 0.1


WEATHER CONDITIONS
 THE FOLLOWING WEATHER WAS RECORDED YESTERDAY.
  NO SIGNIFICANT WEATHER WAS OBSERVED.


RELATIVE HUMIDITY (PERCENT)
 HIGHEST    84           600 AM
 LOWEST     35           200 PM
 AVERAGE    60

..........................................................


THE WICHITA FALLS CLIMATE NORMALS FOR TODAY
                         NORMAL    RECORD    YEAR
 MAXIMUM TEMPERATURE (F)   92       108      1998
 MINIMUM TEMPERATURE (F)   67        51      1974


SUNRISE AND SUNSET
SEPTEMBER  5 2015.....SUNRISE   710 AM CDT   SUNSET   755 PM CDT
SEPTEMBER  6 2015.....SUNRISE   711 AM CDT   SUNSET   753 PM CDT


-  INDICATES NEGATIVE NUMBERS.
R  INDICATES RECORD WAS SET OR TIED.
MM INDICATES DATA IS MISSING.
T  INDICATES TRACE AMOUNT.




$$
