234
CDUS44 KOUN 292226
CLISPS

CLIMATE REPORT
NATIONAL WEATHER SERVICE NORMAN OK
523 PM CDT SAT APR 29 2017


...................................

...THE WICHITA FALLS CLIMATE SUMMARY FOR APRIL 29 2017...
VALID TODAY AS OF 0500 PM LOCAL TIME.

CLIMATE NORMAL PERIOD 1981 TO 2010
CLIMATE RECORD PERIOD 1897 TO 2017


WEATHER ITEM   OBSERVED TIME   RECORD YEAR NORMAL DEPARTURE LAST
                VALUE   (LST)  VALUE       VALUE  FROM      YEAR
                                                  NORMAL
..................................................................
TEMPERATURE (F)
 TODAY
  MAXIMUM         75    434 AM  98    1936  79     -4       87
  MINIMUM         51   1230 PM  40    1982  54     -3       56
                                      1956
  AVERAGE         63                        67     -4       72

PRECIPITATION (IN)
  TODAY            0.12          5.20 2009   0.12   0.00     0.01
  MONTH TO DATE    1.03                      2.49  -1.46     7.31
  SINCE JAN 1      5.75                      7.58  -1.83    10.36

SNOWFALL (IN)
  TODAY            0.0                       0.0    0.0      0.0
  MONTH TO DATE    0.0                       0.0    0.0       T
  SINCE JUL 1      T                         3.9   -3.9      2.6
  SNOW DEPTH       0

DEGREE DAYS
 HEATING
  TODAY            2                         2      0        0
  MONTH TO DATE   85                       141    -56       78
  SINCE JUL 1   2133                      2944   -811     2268

 COOLING
  TODAY            0                         4     -4        7
  MONTH TO DATE   74                        66      8       47
  SINCE JAN 1    149                        88     61       68
..................................................................


WIND (MPH)
  HIGHEST WIND SPEED    32   HIGHEST WIND DIRECTION     N (10)
  HIGHEST GUST SPEED    38   HIGHEST GUST DIRECTION     N (20)
  AVERAGE WIND SPEED    18.5


SKY COVER
  AVERAGE SKY COVER 0.7


WEATHER CONDITIONS
 THE FOLLOWING WEATHER WAS RECORDED TODAY.
  RAIN
  LIGHT RAIN
  FOG


RELATIVE HUMIDITY (PERCENT)
 HIGHEST    96          1100 AM
 LOWEST     77           700 AM
 AVERAGE    87

..........................................................


THE WICHITA FALLS CLIMATE NORMALS FOR TOMORROW
                         NORMAL    RECORD    YEAR
 MAXIMUM TEMPERATURE (F)   80        98      1948
 MINIMUM TEMPERATURE (F)   54        37      1984


SUNRISE AND SUNSET
APRIL 29 2017.........SUNRISE   647 AM CDT   SUNSET   816 PM CDT
APRIL 30 2017.........SUNRISE   646 AM CDT   SUNSET   817 PM CDT


-  INDICATES NEGATIVE NUMBERS.
R  INDICATES RECORD WAS SET OR TIED.
MM INDICATES DATA IS MISSING.
T  INDICATES TRACE AMOUNT.




$$
