000
CDUS44 KOUN 020645
CLISPS

CLIMATE REPORT
NATIONAL WEATHER SERVICE NORMAN OK
143 AM CDT SUN AUG 2 2015


...................................

...THE WICHITA FALLS CLIMATE SUMMARY FOR AUGUST 1 2015...

CLIMATE NORMAL PERIOD 1981 TO 2010
CLIMATE RECORD PERIOD 1897 TO 2015


WEATHER ITEM   OBSERVED TIME   RECORD YEAR NORMAL DEPARTURE LAST
                VALUE   (LST)  VALUE       VALUE  FROM      YEAR
                                                  NORMAL
..................................................................
TEMPERATURE (F)
 YESTERDAY
  MAXIMUM         86   1020 AM 112    2012  98    -12       84
  MINIMUM         73    601 AM  61    1936  73      0       65
  AVERAGE         80                        85     -5       75

PRECIPITATION (IN)
  YESTERDAY        0.86          3.07 1995   0.06   0.80     0.00
  MONTH TO DATE    0.86                      0.06   0.80     0.00
  SINCE JAN 1     32.95                     17.29  15.66    13.77

DEGREE DAYS
 COOLING
  YESTERDAY       15                        20     -5       10
  MONTH TO DATE   15                        20     -5       10
  SINCE JAN 1   1312                      1376    -64     1400
..................................................................


WIND (MPH)
  HIGHEST WIND SPEED    14   HIGHEST WIND DIRECTION     S (170)
  HIGHEST GUST SPEED    21   HIGHEST GUST DIRECTION     W (270)
  AVERAGE WIND SPEED     4.7


SKY COVER
  AVERAGE SKY COVER 0.3


WEATHER CONDITIONS
 THE FOLLOWING WEATHER WAS RECORDED YESTERDAY.
  THUNDERSTORM
  HEAVY RAIN
  RAIN
  LIGHT RAIN
  FOG


RELATIVE HUMIDITY (PERCENT)
 HIGHEST    93          1200 AM
 LOWEST     61           400 PM
 AVERAGE    77

..........................................................


THE WICHITA FALLS CLIMATE NORMALS FOR TODAY
                         NORMAL    RECORD    YEAR
 MAXIMUM TEMPERATURE (F)   98       112      2012
 MINIMUM TEMPERATURE (F)   73        60      1965


SUNRISE AND SUNSET
AUGUST  2 2015........SUNRISE   646 AM CDT   SUNSET   834 PM CDT
AUGUST  3 2015........SUNRISE   647 AM CDT   SUNSET   833 PM CDT


-  INDICATES NEGATIVE NUMBERS.
R  INDICATES RECORD WAS SET OR TIED.
MM INDICATES DATA IS MISSING.
T  INDICATES TRACE AMOUNT.




$$
