000
CDUS44 KOUN 250638
CLISPS

CLIMATE REPORT
NATIONAL WEATHER SERVICE NORMAN OK
137 AM CDT SUN JUN 25 2017


...................................

...THE WICHITA FALLS CLIMATE SUMMARY FOR JUNE 24 2017...

CLIMATE NORMAL PERIOD 1981 TO 2010
CLIMATE RECORD PERIOD 1897 TO 2017


WEATHER ITEM   OBSERVED TIME   RECORD YEAR NORMAL DEPARTURE LAST
                VALUE   (LST)  VALUE       VALUE  FROM      YEAR
                                                  NORMAL
..................................................................
TEMPERATURE (F)
 YESTERDAY
  MAXIMUM         83    444 PM 112    1980  94    -11       94
  MINIMUM         65    421 AM  58    1957  69     -4       73
  AVERAGE         74                        81     -7       84

PRECIPITATION (IN)
  YESTERDAY        0.68          4.00 1961   0.11   0.57     0.00
  MONTH TO DATE    2.40                      3.62  -1.22     3.29
  SINCE JUN 1      2.40                      3.62  -1.22     3.29
  SINCE JAN 1     12.72                     15.11  -2.39    19.78

SNOWFALL (IN)
  YESTERDAY        0.0

DEGREE DAYS
 HEATING
  YESTERDAY        0                         0      0        0
  MONTH TO DATE    0                         0      0        0
  SINCE JUN 1      0                         0      0        0
  SINCE JUL 1   2162                      2968   -806     2312

 COOLING
  YESTERDAY        9                        16     -7       19
  MONTH TO DATE  326                       332     -6      355
  SINCE JUN 1    326                       332     -6      355
  SINCE JAN 1    675                       651     24      608
..................................................................


WIND (MPH)
  HIGHEST WIND SPEED    44   HIGHEST WIND DIRECTION     N (10)
  HIGHEST GUST SPEED    53   HIGHEST GUST DIRECTION     N (360)
  AVERAGE WIND SPEED    11.2


SKY COVER
  AVERAGE SKY COVER 0.8


WEATHER CONDITIONS
 THE FOLLOWING WEATHER WAS RECORDED YESTERDAY.
  THUNDERSTORM
  HEAVY RAIN
  RAIN
  LIGHT RAIN
  FOG


RELATIVE HUMIDITY (PERCENT)
 HIGHEST    87           500 AM
 LOWEST     52           100 AM
 AVERAGE    70

..........................................................


THE WICHITA FALLS CLIMATE NORMALS FOR TODAY
                         NORMAL    RECORD    YEAR
 MAXIMUM TEMPERATURE (F)   94       114      1980
 MINIMUM TEMPERATURE (F)   70        54      1974


SUNRISE AND SUNSET
JUNE 25 2017..........SUNRISE   624 AM CDT   SUNSET   849 PM CDT
JUNE 26 2017..........SUNRISE   625 AM CDT   SUNSET   849 PM CDT


-  INDICATES NEGATIVE NUMBERS.
R  INDICATES RECORD WAS SET OR TIED.
MM INDICATES DATA IS MISSING.
T  INDICATES TRACE AMOUNT.




$$
