000
CDUS44 KOUN 300631 RRA
CLISPS

CLIMATE REPORT
NATIONAL WEATHER SERVICE NORMAN OK
130 AM CDT FRI SEP 30 2016


...................................

...THE WICHITA FALLS CLIMATE SUMMARY FOR SEPTEMBER 29 2016...

CLIMATE NORMAL PERIOD 1981 TO 2010
CLIMATE RECORD PERIOD 1897 TO 2016


WEATHER ITEM   OBSERVED TIME   RECORD YEAR NORMAL DEPARTURE LAST
                VALUE   (LST)  VALUE       VALUE  FROM      YEAR
                                                  NORMAL
..................................................................
TEMPERATURE (F)
 YESTERDAY
  MAXIMUM         75    359 PM 104    1977  83     -8       90
  MINIMUM         52    622 AM  43    1984  58     -6       60
  AVERAGE         64                        70     -6       75

PRECIPITATION (IN)
  YESTERDAY        0.00          2.58 1945   0.08  -0.08     0.00
  MONTH TO DATE    9.82                      2.74   7.08     1.60
  SINCE JAN 1     32.20                     22.47   9.73    35.18

DEGREE DAYS
 HEATING
  YESTERDAY        1                         1      0        0
  MONTH TO DATE    1                        11    -10        0
  SINCE JUL 1      1                        11    -10        0

 COOLING
  YESTERDAY        0                         7     -7       10
  MONTH TO DATE  400                       329     71      451
  SINCE JAN 1   2336                      2274     62     2336
..................................................................


WIND (MPH)
  HIGHEST WIND SPEED    16   HIGHEST WIND DIRECTION    NE (30)
  HIGHEST GUST SPEED    27   HIGHEST GUST DIRECTION    NE (40)
  AVERAGE WIND SPEED     9.2


SKY COVER
  AVERAGE SKY COVER 0.1


WEATHER CONDITIONS
 THE FOLLOWING WEATHER WAS RECORDED YESTERDAY.
  NO SIGNIFICANT WEATHER WAS OBSERVED.


RELATIVE HUMIDITY (PERCENT)
 HIGHEST    89           700 AM
 LOWEST     38           300 PM
 AVERAGE    64

..........................................................


THE WICHITA FALLS CLIMATE NORMALS FOR TODAY
                         NORMAL    RECORD    YEAR
 MAXIMUM TEMPERATURE (F)   83       108      1977
 MINIMUM TEMPERATURE (F)   58        38      1984


SUNRISE AND SUNSET
SEPTEMBER 30 2016.....SUNRISE   728 AM CDT   SUNSET   719 PM CDT
OCTOBER  1 2016.......SUNRISE   729 AM CDT   SUNSET   717 PM CDT


-  INDICATES NEGATIVE NUMBERS.
R  INDICATES RECORD WAS SET OR TIED.
MM INDICATES DATA IS MISSING.
T  INDICATES TRACE AMOUNT.

$$
