000
CDUS44 KOUN 270631
CLISPS

CLIMATE REPORT
NATIONAL WEATHER SERVICE NORMAN OK
128 AM CDT MON MAR 27 2017


...................................

...THE WICHITA FALLS CLIMATE SUMMARY FOR MARCH 26 2017...

CLIMATE NORMAL PERIOD 1981 TO 2010
CLIMATE RECORD PERIOD 1897 TO 2017


WEATHER ITEM   OBSERVED TIME   RECORD YEAR NORMAL DEPARTURE LAST
                VALUE   (LST)  VALUE       VALUE  FROM      YEAR
                                                  NORMAL
..................................................................
TEMPERATURE (F)
 YESTERDAY
  MAXIMUM         83    333 PM  92    1956  70     13       76
  MINIMUM         45    552 AM  19    1955  44      1       43
  AVERAGE         64                        57      7       60

PRECIPITATION (IN)
  YESTERDAY        0.00          2.10 1898   0.06  -0.06     0.00
  MONTH TO DATE    0.11                      1.88  -1.77     0.82
  SINCE JAN 1      4.08                      4.77  -0.69     2.52

SNOWFALL (IN)
  YESTERDAY        0.0                       0.0    0.0      0.0
  MONTH TO DATE    0.0                       0.5   -0.5      0.0
  SINCE JUL 1      T                         3.9   -3.9      2.6
  SNOW DEPTH       0

DEGREE DAYS
 HEATING
  YESTERDAY        1                         9     -8        5
  MONTH TO DATE  182                       316   -134      194
  SINCE JUL 1   2026                      2762   -736     2156

 COOLING
  YESTERDAY        0                         1     -1        0
  MONTH TO DATE   57                        12     45        3
  SINCE JAN 1     75                        15     60       12
..................................................................


WIND (MPH)
  HIGHEST WIND SPEED    26   HIGHEST WIND DIRECTION     S (180)
  HIGHEST GUST SPEED    32   HIGHEST GUST DIRECTION     S (180)
  AVERAGE WIND SPEED    12.4


SKY COVER
  AVERAGE SKY COVER 0.2


WEATHER CONDITIONS
 THE FOLLOWING WEATHER WAS RECORDED YESTERDAY.
  NO SIGNIFICANT WEATHER WAS OBSERVED.


RELATIVE HUMIDITY (PERCENT)
 HIGHEST    92           600 AM
 LOWEST     28           600 PM
 AVERAGE    60

..........................................................


THE WICHITA FALLS CLIMATE NORMALS FOR TODAY
                         NORMAL    RECORD    YEAR
 MAXIMUM TEMPERATURE (F)   71       100      1971
 MINIMUM TEMPERATURE (F)   44        19      1931


SUNRISE AND SUNSET
MARCH 27 2017.........SUNRISE   728 AM CDT   SUNSET   751 PM CDT
MARCH 28 2017.........SUNRISE   726 AM CDT   SUNSET   752 PM CDT


-  INDICATES NEGATIVE NUMBERS.
R  INDICATES RECORD WAS SET OR TIED.
MM INDICATES DATA IS MISSING.
T  INDICATES TRACE AMOUNT.




$$
