000
CDUS44 KOUN 280022 AAA
CLISPS

CLIMATE REPORT...UPDATED SNOWFALL
NATIONAL WEATHER SERVICE NORMAN OK
517 PM CST FRI FEB 27 2015


...................................

...THE WICHITA FALLS CLIMATE SUMMARY FOR FEBRUARY 27 2015...
VALID TODAY AS OF 0500 PM LOCAL TIME.

CLIMATE NORMAL PERIOD 1981 TO 2010
CLIMATE RECORD PERIOD 1897 TO 2015


WEATHER ITEM   OBSERVED TIME   RECORD YEAR NORMAL DEPARTURE LAST
                VALUE   (LST)  VALUE       VALUE  FROM      YEAR
                                                  NORMAL
..................................................................
TEMPERATURE (F)
 TODAY
  MAXIMUM         27   1227 AM  91    2011  61    -34       58
  MINIMUM         19    152 PM  15    2002  37    -18       21
  AVERAGE         23                        49    -26       40

PRECIPITATION (IN)
  TODAY            0.05          1.30 1990   0.08  -0.03     0.00
  MONTH TO DATE    0.35                      1.67  -1.32     0.35
  SINCE JAN 1      2.52                      2.81  -0.29     0.35

SNOWFALL (IN)
  TODAY            1.8                       0.0    1.5      0.0
  MONTH TO DATE    2.1                       0.7    1.4      4.3
  SINCE JUL 1      4.4                       3.4    1.0      5.0
  SNOW DEPTH       0

DEGREE DAYS
 HEATING
  TODAY           42                        16     26       25
  MONTH TO DATE  583                       521     62      666
  SINCE JUL 1   2399                      2431    -32     2763
..................................................................


WIND (MPH)
  HIGHEST WIND SPEED    22   HIGHEST WIND DIRECTION    NE (50)
  HIGHEST GUST SPEED    25   HIGHEST GUST DIRECTION    NE (50)
  AVERAGE WIND SPEED    14.3


SKY COVER
  AVERAGE SKY COVER 0.9


WEATHER CONDITIONS
 THE FOLLOWING WEATHER WAS RECORDED TODAY.
  SNOW
  LIGHT SNOW
  FOG
  HAZE


RELATIVE HUMIDITY (PERCENT)
 HIGHEST    77          1000 AM
 LOWEST     42          1200 AM
 AVERAGE    60

..........................................................


THE WICHITA FALLS CLIMATE NORMALS FOR TOMORROW
                         NORMAL    RECORD    YEAR
 MAXIMUM TEMPERATURE (F)   62        87      2006
 MINIMUM TEMPERATURE (F)   37        13      1962


SUNRISE AND SUNSET
FEBRUARY 27 2015......SUNRISE   705 AM CST   SUNSET   628 PM CST
FEBRUARY 28 2015......SUNRISE   704 AM CST   SUNSET   629 PM CST


-  INDICATES NEGATIVE NUMBERS.
R  INDICATES RECORD WAS SET OR TIED.
MM INDICATES DATA IS MISSING.
T  INDICATES TRACE AMOUNT.

$$
