000
CDUS44 KOUN 230630 RRA
CLISPS

CLIMATE REPORT
NATIONAL WEATHER SERVICE NORMAN OK
129 AM CDT MON OCT 23 2017


...................................

...THE WICHITA FALLS CLIMATE SUMMARY FOR OCTOBER 22 2017...

CLIMATE NORMAL PERIOD 1981 TO 2010
CLIMATE RECORD PERIOD 1897 TO 2017


WEATHER ITEM   OBSERVED TIME   RECORD YEAR NORMAL DEPARTURE LAST
                VALUE   (LST)  VALUE       VALUE  FROM      YEAR
                                                  NORMAL
..................................................................
TEMPERATURE (F)
 YESTERDAY
  MAXIMUM         72    334 PM  93    1939  75     -3       79
  MINIMUM         48   1159 PM  32    1990  50     -2       45
  AVERAGE         60                        62     -2       62

PRECIPITATION (IN)
  YESTERDAY        0.00          1.75 1953   0.11  -0.11     0.00
  MONTH TO DATE    1.36                      2.24  -0.88     2.32
  SINCE SEP 1      4.43                      5.05  -0.62    12.14
  SINCE JAN 1     24.51                     24.78  -0.27    34.52

SNOWFALL (IN)
  YESTERDAY        0.0

DEGREE DAYS
 HEATING
  YESTERDAY        5                         4      1        3
  MONTH TO DATE   35                        59    -24       31
  SINCE SEP 1     39                        72    -33       33
  SINCE JUL 1     39                        72    -33       33

 COOLING
  YESTERDAY        0                         2     -2        0
  MONTH TO DATE  123                        83     40      121
  SINCE SEP 1    456                       417     39      521
  SINCE JAN 1   2298                      2362    -64     2457
..................................................................


WIND (MPH)
  HIGHEST WIND SPEED    25   HIGHEST WIND DIRECTION     N (20)
  HIGHEST GUST SPEED    32   HIGHEST GUST DIRECTION     N (20)
  AVERAGE WIND SPEED    10.2


SKY COVER
  AVERAGE SKY COVER 0.0


WEATHER CONDITIONS
 THE FOLLOWING WEATHER WAS RECORDED YESTERDAY.
  THUNDERSTORM


RELATIVE HUMIDITY (PERCENT)
 HIGHEST    93           500 AM
 LOWEST     25           200 PM
 AVERAGE    59

..........................................................


THE WICHITA FALLS CLIMATE NORMALS FOR TODAY
                         NORMAL    RECORD    YEAR
 MAXIMUM TEMPERATURE (F)   75        92      2003
 MINIMUM TEMPERATURE (F)   50        33      1981


SUNRISE AND SUNSET
OCTOBER 23 2017.......SUNRISE   746 AM CDT   SUNSET   650 PM CDT
OCTOBER 24 2017.......SUNRISE   747 AM CDT   SUNSET   649 PM CDT


-  INDICATES NEGATIVE NUMBERS.
R  INDICATES RECORD WAS SET OR TIED.
MM INDICATES DATA IS MISSING.
T  INDICATES TRACE AMOUNT.




$$
