000
CDUS44 KOUN 272206 RRA
CLISPS

CLIMATE REPORT
NATIONAL WEATHER SERVICE NORMAN OK
505 PM CDT WED MAY 27 2015


...................................

...THE WICHITA FALLS CLIMATE SUMMARY FOR MAY 27 2015...
VALID TODAY AS OF 0500 PM LOCAL TIME.

CLIMATE NORMAL PERIOD 1981 TO 2010
CLIMATE RECORD PERIOD 1897 TO 2015


WEATHER ITEM   OBSERVED TIME   RECORD YEAR NORMAL DEPARTURE LAST
                VALUE   (LST)  VALUE       VALUE  FROM      YEAR
                                                  NORMAL
..................................................................
TEMPERATURE (F)
 TODAY
  MAXIMUM         87    347 PM 106    2011  87      0       79
                                      1927
  MINIMUM         62    544 AM  45    1961  63     -1       62
  AVERAGE         75                        75      0       71

PRECIPITATION (IN)
  TODAY            0.00          2.39 1905   0.14  -0.14     0.21
  MONTH TO DATE   14.53                      3.22  11.31     1.08
  SINCE JAN 1     22.64                     10.92  11.72     5.10

DEGREE DAYS
 COOLING
  TODAY           10                        10      0        6
  MONTH TO DATE  134                       184    -50      237
  SINCE JAN 1    214                       276    -62      343
..................................................................


WIND (MPH)
  HIGHEST WIND SPEED    17   HIGHEST WIND DIRECTION    SW (210)
  HIGHEST GUST SPEED    21   HIGHEST GUST DIRECTION    SW (210)
  AVERAGE WIND SPEED     6.9


SKY COVER
  AVERAGE SKY COVER 0.4


WEATHER CONDITIONS
 THE FOLLOWING WEATHER WAS RECORDED TODAY.
  NO SIGNIFICANT WEATHER WAS OBSERVED.


RELATIVE HUMIDITY (PERCENT)
 HIGHEST    93           200 AM
 LOWEST     65           300 PM
 AVERAGE    79

..........................................................


THE WICHITA FALLS CLIMATE NORMALS FOR TOMORROW
                         NORMAL    RECORD    YEAR
 MAXIMUM TEMPERATURE (F)   87       110      2011
 MINIMUM TEMPERATURE (F)   63        48      1947


SUNRISE AND SUNSET
MAY 27 2015...........SUNRISE   626 AM CDT   SUNSET   837 PM CDT
MAY 28 2015...........SUNRISE   625 AM CDT   SUNSET   837 PM CDT


-  INDICATES NEGATIVE NUMBERS.
R  INDICATES RECORD WAS SET OR TIED.
MM INDICATES DATA IS MISSING.
T  INDICATES TRACE AMOUNT.

$$
