000
CDUS44 KOUN 092340
CLISPS

CLIMATE REPORT
NATIONAL WEATHER SERVICE NORMAN OK
538 PM CST TUE FEB 9 2016


...................................

...THE WICHITA FALLS CLIMATE SUMMARY FOR FEBRUARY 9 2016...
VALID TODAY AS OF 0500 PM LOCAL TIME.

CLIMATE NORMAL PERIOD 1981 TO 2010
CLIMATE RECORD PERIOD 1897 TO 2016


WEATHER ITEM   OBSERVED TIME   RECORD YEAR NORMAL DEPARTURE LAST
                VALUE   (LST)  VALUE       VALUE  FROM      YEAR
                                                  NORMAL
..................................................................
TEMPERATURE (F)
 TODAY
  MAXIMUM         62    350 PM  89    1976  57      5       74
  MINIMUM         32    653 AM   8    2011  32      0       43
  AVERAGE         47                        44      3       59

PRECIPITATION (IN)
  TODAY            0.00          0.80 1927   0.06  -0.06     0.00
  MONTH TO DATE    0.01                      0.44  -0.43      T
  SINCE JAN 1      0.44                      1.58  -1.14     2.17

SNOWFALL (IN)
  TODAY            0.0                       0.0    0.0      0.0
  MONTH TO DATE    0.0                       0.2   -0.2      0.0
  SINCE JUL 1      2.6                       2.9   -0.3      2.3
  SNOW DEPTH       0

DEGREE DAYS
 HEATING
  TODAY           18                        21     -3        6
  MONTH TO DATE  186                       191     -5      177
  SINCE JUL 1   1755                      2101   -346     1993
..................................................................


WIND (MPH)
  HIGHEST WIND SPEED    18   HIGHEST WIND DIRECTION    NE (30)
  HIGHEST GUST SPEED    22   HIGHEST GUST DIRECTION     N (20)
  AVERAGE WIND SPEED    11.1


SKY COVER
  AVERAGE SKY COVER 0.1


WEATHER CONDITIONS
 THE FOLLOWING WEATHER WAS RECORDED TODAY.
  NO SIGNIFICANT WEATHER WAS OBSERVED.


RELATIVE HUMIDITY (PERCENT)
 HIGHEST    56           800 AM
 LOWEST     26           200 PM
 AVERAGE    41

..........................................................


THE WICHITA FALLS CLIMATE NORMALS FOR TOMORROW
                         NORMAL    RECORD    YEAR
 MAXIMUM TEMPERATURE (F)   57        87      1976
 MINIMUM TEMPERATURE (F)   32         3      2011


SUNRISE AND SUNSET
FEBRUARY  9 2016......SUNRISE   725 AM CST   SUNSET   612 PM CST
FEBRUARY 10 2016......SUNRISE   724 AM CST   SUNSET   613 PM CST


-  INDICATES NEGATIVE NUMBERS.
R  INDICATES RECORD WAS SET OR TIED.
MM INDICATES DATA IS MISSING.
T  INDICATES TRACE AMOUNT.




$$
