000
CDUS44 KOUN 192314 RRA
CLISPS

CLIMATE REPORT
NATIONAL WEATHER SERVICE NORMAN OK
513 PM CST FRI JAN 19 2018


...................................

...THE WICHITA FALLS CLIMATE SUMMARY FOR JANUARY 19 2018...
VALID TODAY AS OF 0500 PM LOCAL TIME.

CLIMATE NORMAL PERIOD 1981 TO 2010
CLIMATE RECORD PERIOD 1897 TO 2018


WEATHER ITEM   OBSERVED TIME   RECORD YEAR NORMAL DEPARTURE LAST
                VALUE   (LST)  VALUE       VALUE  FROM      YEAR
                                                  NORMAL
..................................................................
TEMPERATURE (F)
 TODAY
  MAXIMUM         66    401 PM  79    1951  54     12       69
  MINIMUM         22    343 AM   3    1943  30     -8       38
  AVERAGE         44                        42      2       54

PRECIPITATION (IN)
  TODAY            0.00          0.84 1990   0.04  -0.04     0.00
  MONTH TO DATE    0.01                      0.67  -0.66     1.87
  SINCE DEC 1      0.98                      2.29  -1.31     2.70
  SINCE JAN 1      0.01                      0.67  -0.66     1.87

SNOWFALL (IN)
  TODAY            0.0           3.0  1966   0.0    0.0      0.0
  MONTH TO DATE    0.0                       0.9   -0.9       T
  SINCE DEC 1      T                         1.9   -1.9       T
  SINCE JUL 1      T                         2.2   -2.2       T

DEGREE DAYS
 HEATING
  TODAY           21                        23     -2       11
  MONTH TO DATE  553                       445    108      432
  SINCE DEC 1   1213                      1135     78     1100
  SINCE JUL 1   1627                      1642    -15     1351

 COOLING
  TODAY            0                         0      0        0
  MONTH TO DATE    0                         0      0        0
  SINCE DEC 1      1                         1      0        3
  SINCE JAN 1      0                         0      0        0
..................................................................


WIND (MPH)
  HIGHEST WIND SPEED    26   HIGHEST WIND DIRECTION     S (180)
  HIGHEST GUST SPEED    30   HIGHEST GUST DIRECTION     S (190)
  AVERAGE WIND SPEED    14.1


SKY COVER
  AVERAGE SKY COVER 0.3


WEATHER CONDITIONS
 THE FOLLOWING WEATHER WAS RECORDED TODAY.
  NO SIGNIFICANT WEATHER WAS OBSERVED.


RELATIVE HUMIDITY (PERCENT)
 HIGHEST    78           700 AM
 LOWEST     26           300 PM
 AVERAGE    52

..........................................................


THE WICHITA FALLS CLIMATE NORMALS FOR TOMORROW
                         NORMAL    RECORD    YEAR
 MAXIMUM TEMPERATURE (F)   55        85      1986
 MINIMUM TEMPERATURE (F)   30         7      1962


SUNRISE AND SUNSET
JANUARY 19 2018.......SUNRISE   738 AM CST   SUNSET   552 PM CST
JANUARY 20 2018.......SUNRISE   737 AM CST   SUNSET   553 PM CST


-  INDICATES NEGATIVE NUMBERS.
R  INDICATES RECORD WAS SET OR TIED.
MM INDICATES DATA IS MISSING.
T  INDICATES TRACE AMOUNT.




$$
