000
CDUS42 KTBW 212115
CLISRQ


CLIMATE REPORT
NATIONAL WEATHER SERVICE TAMPA BAY FL
512 PM EDT MON AUG 21 2017


...................................

...THE SARASOTA BRADENTON CLIMATE SUMMARY FOR AUGUST 21 2017...
VALID TODAY AS OF 0500 PM LOCAL TIME.

CLIMATE NORMAL PERIOD 1981 TO 2010
CLIMATE RECORD PERIOD 1911 TO 2017


WEATHER ITEM   OBSERVED TIME   RECORD YEAR NORMAL DEPARTURE LAST
                VALUE   (LST)  VALUE       VALUE  FROM      YEAR
                                                  NORMAL
..................................................................
TEMPERATURE (F)
 TODAY
  MAXIMUM         93   1222 PM  97    1919  90      3       93
  MINIMUM         77    648 AM  68    1927  74      3       78
                                      1916
                                      1915
  AVERAGE         85                        82      3       86

PRECIPITATION (IN)
  TODAY            0.00          2.85 1981   0.32  -0.32     0.00
  MONTH TO DATE    2.09                      6.20  -4.11     4.74
  SINCE JUN 1     22.35                     21.69   0.66    17.68
  SINCE JAN 1     30.63                     35.39  -4.76    29.96

DEGREE DAYS
 HEATING
  TODAY            0                         0      0        0
  MONTH TO DATE    0                         0      0        0
  SINCE JUN 1      0                         0      0        0
  SINCE JUL 1      0                         0      0        0

 COOLING
  TODAY           20                        17      3       21
  MONTH TO DATE  397                       357     40      411
  SINCE JUN 1   1446                      1368     78     1608
  SINCE JAN 1   2483                      2119    364     2572
..................................................................


WIND (MPH)
  RESULTANT WIND SPEED   8   RESULTANT WIND DIRECTION   E (100)
  HIGHEST WIND SPEED    16   HIGHEST WIND DIRECTION     E (110)
  HIGHEST GUST SPEED    21   HIGHEST GUST DIRECTION    SE (140)
  AVERAGE WIND SPEED     8.8


SKY COVER
  POSSIBLE SUNSHINE  MM
  AVERAGE SKY COVER 0.1


WEATHER CONDITIONS
 THE FOLLOWING WEATHER WAS RECORDED TODAY.
  NO SIGNIFICANT WEATHER WAS OBSERVED.


RELATIVE HUMIDITY (PERCENT)
 HIGHEST    94           500 AM
 LOWEST     49           300 PM

..........................................................


THE SARASOTA BRADENTON CLIMATE NORMALS FOR TOMORROW
                         NORMAL    RECORD    YEAR
 MAXIMUM TEMPERATURE (F)   90        97      1919
 MINIMUM TEMPERATURE (F)   74        65      1973


SUNRISE AND SUNSET
AUGUST 21 2017........SUNRISE   704 AM EDT   SUNSET   802 PM EDT
AUGUST 22 2017........SUNRISE   705 AM EDT   SUNSET   801 PM EDT


-  INDICATES NEGATIVE NUMBERS.
R  INDICATES RECORD WAS SET OR TIED.
MM INDICATES DATA IS MISSING.
T  INDICATES TRACE AMOUNT.




$$


&&
------------------------------------------------------------------
******************** SUPPLEMENTAL DATA ***************************

...GULF WATER TEMPERATURE AT VENICE 89 DEGREES.
