000
CDUS42 KTBW 292115
CLISRQ


CLIMATE REPORT
NATIONAL WEATHER SERVICE TAMPA BAY FL
512 PM EDT MON JUN 29 2015


...................................

...THE SARASOTA BRADENTON CLIMATE SUMMARY FOR JUNE 29 2015...
VALID TODAY AS OF 0500 PM LOCAL TIME.

CLIMATE NORMAL PERIOD 1981 TO 2010
CLIMATE RECORD PERIOD 1911 TO 2015


WEATHER ITEM   OBSERVED TIME   RECORD YEAR NORMAL DEPARTURE LAST
                VALUE   (LST)  VALUE       VALUE  FROM      YEAR
                                                  NORMAL
..................................................................
TEMPERATURE (F)
 TODAY
  MAXIMUM         92    317 PM  96    2014  89      3       96
                                      1998
                                      1924
  MINIMUM         81    302 AM  67    1928  75      6       79
  AVERAGE         87                        82      5       88

PRECIPITATION (IN)
  TODAY            0.00          1.68 1986   0.34  -0.34     0.01
  MONTH TO DATE    3.73                      7.16  -3.43     6.38
  SINCE JUN 1      3.73                      7.16  -3.43     6.38
  SINCE JAN 1     16.05                     20.86  -4.81    24.76

DEGREE DAYS
 HEATING
  TODAY            0                         0      0        0
  MONTH TO DATE    0                         0      0        0
  SINCE JUN 1      0                         0      0        0
  SINCE JUL 1    470                       477     -7      345

 COOLING
  TODAY           22                        17      5       23
  MONTH TO DATE  481                       456     25      489
  SINCE JUN 1    481                       456     25      489
  SINCE JAN 1   1521                      1207    314     1301
..................................................................


WIND (MPH)
  RESULTANT WIND SPEED   9   RESULTANT WIND DIRECTION   W (280)
  HIGHEST WIND SPEED    24   HIGHEST WIND DIRECTION    NW (310)
  HIGHEST GUST SPEED    29   HIGHEST GUST DIRECTION    NW (300)
  AVERAGE WIND SPEED     9.7


SKY COVER
  POSSIBLE SUNSHINE  MM
  AVERAGE SKY COVER 0.1


WEATHER CONDITIONS
 THE FOLLOWING WEATHER WAS RECORDED TODAY.
  NO SIGNIFICANT WEATHER WAS OBSERVED.


RELATIVE HUMIDITY (PERCENT)
 HIGHEST    79           300 AM
 LOWEST     52           300 PM

..........................................................


THE SARASOTA BRADENTON CLIMATE NORMALS FOR TOMORROW
                         NORMAL    RECORD    YEAR
 MAXIMUM TEMPERATURE (F)   89       100      1998
 MINIMUM TEMPERATURE (F)   75        67      1973


SUNRISE AND SUNSET
JUNE 29 2015..........SUNRISE   638 AM EDT   SUNSET   829 PM EDT
JUNE 30 2015..........SUNRISE   638 AM EDT   SUNSET   829 PM EDT


-  INDICATES NEGATIVE NUMBERS.
R  INDICATES RECORD WAS SET OR TIED.
MM INDICATES DATA IS MISSING.
T  INDICATES TRACE AMOUNT.




$$


&&
------------------------------------------------------------------
******************** SUPPLEMENTAL DATA ***************************

...GULF WATER TEMPERATURE AT VENICE 89
