862
CDUS42 KTBW 292120
CLISRQ


CLIMATE REPORT
NATIONAL WEATHER SERVICE TAMPA BAY FL
514 PM EDT SAT APR 29 2017


...................................

...THE SARASOTA BRADENTON CLIMATE SUMMARY FOR APRIL 29 2017...
VALID TODAY AS OF 0500 PM LOCAL TIME.

CLIMATE NORMAL PERIOD 1981 TO 2010
CLIMATE RECORD PERIOD 1911 TO 2017


WEATHER ITEM   OBSERVED TIME   RECORD YEAR NORMAL DEPARTURE LAST
                VALUE   (LST)  VALUE       VALUE  FROM      YEAR
                                                  NORMAL
..................................................................
TEMPERATURE (F)
 TODAY
  MAXIMUM         96R   136 PM  92    2016  83     13       92
  MINIMUM         73    700 AM  41    1928  64      9       68
  AVERAGE         85                        73     12       80

PRECIPITATION (IN)
  TODAY            0.00          1.50 1997   0.06  -0.06     0.00
  MONTH TO DATE    T                         2.38  -2.38     0.91
  SINCE MAR 1      0.74                      6.24  -5.50     1.83
  SINCE JAN 1      3.23                     11.43  -8.20     7.51

DEGREE DAYS
 HEATING
  TODAY            0                         0      0        0
  MONTH TO DATE    1                         8     -7        0
  SINCE MAR 1     54                        57     -3       14
  SINCE JUL 1    202                       475   -273      320

 COOLING
  TODAY           20                         8     12       15
  MONTH TO DATE  289                       185    104      262
  SINCE MAR 1    406                       285    121      465
  SINCE JAN 1    580                       389    191      531
..................................................................


WIND (MPH)
  RESULTANT WIND SPEED  12   RESULTANT WIND DIRECTION  SE (130)
  HIGHEST WIND SPEED    23   HIGHEST WIND DIRECTION    SE (140)
  HIGHEST GUST SPEED    30   HIGHEST GUST DIRECTION    SE (140)
  AVERAGE WIND SPEED    13.7


SKY COVER
  POSSIBLE SUNSHINE  MM
  AVERAGE SKY COVER 0.3


WEATHER CONDITIONS
 THE FOLLOWING WEATHER WAS RECORDED TODAY.
  NO SIGNIFICANT WEATHER WAS OBSERVED.


RELATIVE HUMIDITY (PERCENT)
 HIGHEST    93           700 AM
 LOWEST     33           100 PM

..........................................................


THE SARASOTA BRADENTON CLIMATE NORMALS FOR TOMORROW
                         NORMAL    RECORD    YEAR
 MAXIMUM TEMPERATURE (F)   83        93      1970
 MINIMUM TEMPERATURE (F)   64        46      1916


SUNRISE AND SUNSET
APRIL 29 2017.........SUNRISE   653 AM EDT   SUNSET   803 PM EDT
APRIL 30 2017.........SUNRISE   652 AM EDT   SUNSET   803 PM EDT


-  INDICATES NEGATIVE NUMBERS.
R  INDICATES RECORD WAS SET OR TIED.
MM INDICATES DATA IS MISSING.
T  INDICATES TRACE AMOUNT.




$$


&&
------------------------------------------------------------------
******************** SUPPLEMENTAL DATA ***************************

...GULF WATER TEMPERATURE AT VENICE 82 DEGREES
